Results for 4.8.0 20120504 (experimental) [trunk revision 187168] (GCC) testsuite on powerpc-unknown-freebsd10.0
Andreas Tobler
andreast-list@fgznet.ch
Sat May 5 18:09:00 GMT 2012
LAST_UPDATED: Fri May 4 16:52:03 UTC 2012 (revision 187168)
Native configuration is powerpc-unknown-freebsd10.0
=== g++ tests ===
Running target unix
FAIL: tmpdir-g++.dg-struct-layout-1/t003 cp_compat_x_tst.o-cp_compat_y_tst.o execute
FAIL: g++.old-deja/g++.other/init18.C -std=c++98 execution test
FAIL: g++.old-deja/g++.other/init18.C -std=c++11 execution test
FAIL: g++.old-deja/g++.other/init19.C -std=c++98 execution test
FAIL: g++.old-deja/g++.other/init19.C -std=c++11 execution test
=== g++ Summary ===
# of expected passes 46939
# of unexpected failures 5
# of expected failures 284
# of unsupported tests 684
/export/devel/src/gcc/head/objdir_net/gcc/testsuite/g++/../../g++ version 4.8.0 20120504 (experimental) [trunk revision 187168] (GCC)
=== gcc tests ===
Running target unix
FAIL: gcc.c-torture/compile/pr46534.c -O0 (test for excess errors)
FAIL: gcc.c-torture/compile/pr46534.c -O1 (test for excess errors)
FAIL: gcc.c-torture/compile/pr46534.c -O2 (test for excess errors)
FAIL: gcc.c-torture/compile/pr46534.c -O3 -fomit-frame-pointer (test for excess errors)
FAIL: gcc.c-torture/compile/pr46534.c -O3 -g (test for excess errors)
FAIL: gcc.c-torture/compile/pr46534.c -Os (test for excess errors)
FAIL: gcc.c-torture/compile/pr46534.c -O2 -flto -fno-use-linker-plugin -flto-partition=none (test for excess errors)
FAIL: gcc.c-torture/compile/pr46534.c -O2 -flto -fuse-linker-plugin -fno-fat-lto-objects (test for excess errors)
WARNING: program timed out.
WARNING: program timed out.
WARNING: program timed out.
WARNING: program timed out.
WARNING: program timed out.
WARNING: program timed out.
WARNING: program timed out.
WARNING: program timed out.
FAIL: gcc.c-torture/execute/20000822-1.c execution, -O0
FAIL: gcc.c-torture/execute/20000822-1.c execution, -O1
FAIL: gcc.c-torture/execute/20000822-1.c execution, -O2
FAIL: gcc.c-torture/execute/20000822-1.c execution, -O3 -fomit-frame-pointer
FAIL: gcc.c-torture/execute/20000822-1.c execution, -O3 -g
FAIL: gcc.c-torture/execute/20000822-1.c execution, -Os
FAIL: gcc.c-torture/execute/20000822-1.c execution, -O2 -flto -fno-use-linker-plugin -flto-partition=none
FAIL: gcc.c-torture/execute/20000822-1.c execution, -O2 -flto -fuse-linker-plugin -fno-fat-lto-objects
FAIL: gcc.c-torture/execute/20020227-1.c execution, -O0
FAIL: gcc.c-torture/execute/20020227-1.c execution, -O1
FAIL: gcc.c-torture/execute/20020227-1.c execution, -O2
FAIL: gcc.c-torture/execute/20020227-1.c execution, -Os
FAIL: gcc.c-torture/execute/20020227-1.c execution, -O2 -flto -fno-use-linker-plugin -flto-partition=none
FAIL: gcc.c-torture/execute/nestfunc-3.c execution, -O0
FAIL: gcc.c-torture/execute/nestfunc-3.c execution, -O1
FAIL: gcc.c-torture/execute/nestfunc-3.c execution, -O2
FAIL: gcc.c-torture/execute/nestfunc-3.c execution, -O3 -fomit-frame-pointer
FAIL: gcc.c-torture/execute/nestfunc-3.c execution, -O3 -fomit-frame-pointer -funroll-loops
FAIL: gcc.c-torture/execute/nestfunc-3.c execution, -O3 -fomit-frame-pointer -funroll-all-loops -finline-functions
FAIL: gcc.c-torture/execute/nestfunc-3.c execution, -O3 -g
FAIL: gcc.c-torture/execute/nestfunc-3.c execution, -Os
FAIL: gcc.c-torture/execute/nestfunc-3.c execution, -O2 -flto -fno-use-linker-plugin -flto-partition=none
FAIL: gcc.c-torture/execute/nestfunc-3.c execution, -O2 -flto -fuse-linker-plugin -fno-fat-lto-objects
FAIL: gcc.c-torture/execute/nestfunc-5.c execution, -O0
FAIL: gcc.c-torture/execute/nestfunc-5.c execution, -O1
FAIL: gcc.c-torture/execute/nestfunc-5.c execution, -O2
FAIL: gcc.c-torture/execute/nestfunc-5.c execution, -O3 -fomit-frame-pointer
FAIL: gcc.c-torture/execute/nestfunc-5.c execution, -O3 -g
FAIL: gcc.c-torture/execute/nestfunc-5.c execution, -Os
FAIL: gcc.c-torture/execute/nestfunc-5.c execution, -O2 -flto -fno-use-linker-plugin -flto-partition=none
FAIL: gcc.c-torture/execute/nestfunc-5.c execution, -O2 -flto -fuse-linker-plugin -fno-fat-lto-objects
FAIL: gcc.c-torture/execute/nestfunc-6.c execution, -O0
FAIL: gcc.c-torture/execute/nestfunc-6.c execution, -O1
FAIL: gcc.c-torture/execute/nestfunc-6.c execution, -O2
FAIL: gcc.c-torture/execute/nestfunc-6.c execution, -O3 -fomit-frame-pointer
FAIL: gcc.c-torture/execute/nestfunc-6.c execution, -O3 -g
FAIL: gcc.c-torture/execute/nestfunc-6.c execution, -Os
FAIL: gcc.c-torture/execute/nestfunc-6.c execution, -O2 -flto -fno-use-linker-plugin -flto-partition=none
FAIL: gcc.c-torture/execute/nestfunc-6.c execution, -O2 -flto -fuse-linker-plugin -fno-fat-lto-objects
FAIL: gcc.c-torture/execute/ieee/rbug.c execution, -O2 -flto -fuse-linker-plugin -fno-fat-lto-objects
FAIL: tmpdir-gcc.dg-struct-layout-1/t020 c_compat_x_tst.o-c_compat_y_tst.o execute
XPASS: gcc.dg/Wstrict-overflow-18.c (test for bogus messages, line 20)
FAIL: gcc.dg/and-1.c scan-assembler-not nand
FAIL: gcc.dg/atomic-compare-exchange-4.c (test for excess errors)
UNRESOLVED: gcc.dg/atomic-compare-exchange-4.c compilation failed to produce executable
FAIL: gcc.dg/atomic-exchange-4.c (test for excess errors)
UNRESOLVED: gcc.dg/atomic-exchange-4.c compilation failed to produce executable
FAIL: gcc.dg/atomic-op-4.c (test for excess errors)
UNRESOLVED: gcc.dg/atomic-op-4.c compilation failed to produce executable
FAIL: gcc.dg/builtins-20.c (test for excess errors)
FAIL: gcc.dg/builtins-57.c (test for excess errors)
FAIL: gcc.dg/builtins-58.c scan-assembler-not pow
FAIL: gcc.dg/builtins-59.c scan-tree-dump gimple "__builtin_cexpi"
FAIL: gcc.dg/builtins-59.c scan-tree-dump-not gimple "sincos"
FAIL: gcc.dg/builtins-61.c scan-tree-dump optimized "cexpi"
FAIL: gcc.dg/builtins-61.c scan-tree-dump optimized "sin"
FAIL: gcc.dg/builtins-61.c scan-tree-dump optimized "cos"
FAIL: gcc.dg/builtins-61.c scan-tree-dump optimized "return 0.0"
FAIL: gcc.dg/builtins-62.c scan-tree-dump-times optimized "cexpi" 3
FAIL: gcc.dg/builtins-65.c (test for excess errors)
FAIL: gcc.dg/c99-tgmath-2.c (test for excess errors)
FAIL: gcc.dg/c99-tgmath-3.c (test for excess errors)
FAIL: gcc.dg/c99-tgmath-4.c (test for excess errors)
UNRESOLVED: gcc.dg/c99-tgmath-4.c scan-assembler cpowf
FAIL: gcc.dg/di-longlong64-sync-1.c (test for excess errors)
UNRESOLVED: gcc.dg/di-longlong64-sync-1.c compilation failed to produce executable
FAIL: gcc.dg/di-sync-multithread.c (test for excess errors)
UNRESOLVED: gcc.dg/di-sync-multithread.c compilation failed to produce executable
FAIL: gcc.dg/lower-subreg-1.c scan-rtl-dump subreg1 "Splitting reg"
FAIL: gcc.dg/misaligned-expand-3.c execution test
FAIL: gcc.dg/pr53060.c (test for excess errors)
FAIL: gcc.dg/scal-to-vec2.c (test for excess errors)
FAIL: gcc.dg/trampoline-1.c execution test
FAIL: gcc.dg/utf-array-short-wchar.c (test for errors, line 39)
FAIL: gcc.dg/utf-array-short-wchar.c (test for errors, line 41)
FAIL: gcc.dg/utf-array-short-wchar.c (test for excess errors)
FAIL: gcc.dg/vector-compare-1.c (test for excess errors)
FAIL: gcc.dg/vector-compare-2.c (test for excess errors)
FAIL: gcc.dg/simulate-thread/atomic-other-longlong.c -O0 -g (test for excess errors)
FAIL: gcc.dg/simulate-thread/atomic-other-longlong.c -O2 -g (test for excess errors)
FAIL: gcc.dg/simulate-thread/atomic-other-longlong.c -O3 -g (test for excess errors)
FAIL: gcc.dg/torture/builtin-convert-1.c -O1 (test for excess errors)
FAIL: gcc.dg/torture/builtin-convert-1.c -O2 (test for excess errors)
FAIL: gcc.dg/torture/builtin-convert-1.c -O3 -fomit-frame-pointer (test for excess errors)
FAIL: gcc.dg/torture/builtin-convert-1.c -O3 -g (test for excess errors)
FAIL: gcc.dg/torture/builtin-convert-1.c -Os (test for excess errors)
FAIL: gcc.dg/torture/builtin-convert-1.c -O2 -flto -fno-use-linker-plugin -flto-partition=none (test for excess errors)
FAIL: gcc.dg/torture/builtin-convert-2.c -O1 (test for excess errors)
FAIL: gcc.dg/torture/builtin-convert-2.c -O2 (test for excess errors)
FAIL: gcc.dg/torture/builtin-convert-2.c -O3 -fomit-frame-pointer (test for excess errors)
FAIL: gcc.dg/torture/builtin-convert-2.c -O3 -g (test for excess errors)
FAIL: gcc.dg/torture/builtin-convert-2.c -Os (test for excess errors)
FAIL: gcc.dg/torture/builtin-convert-2.c -O2 -flto -fno-use-linker-plugin -flto-partition=none (test for excess errors)
FAIL: gcc.dg/torture/builtin-convert-3.c -O1 (test for excess errors)
FAIL: gcc.dg/torture/builtin-convert-3.c -O2 (test for excess errors)
FAIL: gcc.dg/torture/builtin-convert-3.c -O3 -fomit-frame-pointer (test for excess errors)
FAIL: gcc.dg/torture/builtin-convert-3.c -O3 -g (test for excess errors)
FAIL: gcc.dg/torture/builtin-convert-3.c -Os (test for excess errors)
FAIL: gcc.dg/torture/builtin-convert-3.c -O2 -flto -fno-use-linker-plugin -flto-partition=none (test for excess errors)
FAIL: gcc.dg/torture/builtin-power-1.c -O1 (test for excess errors)
FAIL: gcc.dg/torture/builtin-power-1.c -O2 (test for excess errors)
FAIL: gcc.dg/torture/builtin-power-1.c -O3 -fomit-frame-pointer (test for excess errors)
FAIL: gcc.dg/torture/builtin-power-1.c -O3 -g (test for excess errors)
FAIL: gcc.dg/torture/builtin-power-1.c -Os (test for excess errors)
FAIL: gcc.dg/torture/builtin-power-1.c -O2 -flto -fno-use-linker-plugin -flto-partition=none (test for excess errors)
FAIL: gcc.dg/torture/fp-int-convert-double.c -O2 -flto -fuse-linker-plugin -fno-fat-lto-objects execution test
FAIL: gcc.dg/torture/fp-int-convert-float.c -O2 -flto -fuse-linker-plugin -fno-fat-lto-objects execution test
FAIL: gcc.dg/torture/fp-int-convert-long-double.c -O2 -flto -fuse-linker-plugin -fno-fat-lto-objects execution test
FAIL: gcc.dg/torture/pr51106-2.c -O0 (test for excess errors)
FAIL: gcc.dg/torture/pr51106-2.c -O1 (test for excess errors)
FAIL: gcc.dg/torture/pr51106-2.c -O2 (test for excess errors)
FAIL: gcc.dg/torture/pr51106-2.c -O3 -fomit-frame-pointer (test for excess errors)
FAIL: gcc.dg/torture/pr51106-2.c -O3 -g (test for excess errors)
FAIL: gcc.dg/torture/pr51106-2.c -Os (test for excess errors)
FAIL: gcc.dg/torture/pr51106-2.c -O2 -flto -fno-use-linker-plugin -flto-partition=none (test for excess errors)
FAIL: gcc.dg/torture/stackalign/nested-5.c -O0 execution test
FAIL: gcc.dg/torture/stackalign/nested-5.c -O1 execution test
FAIL: gcc.dg/torture/stackalign/nested-5.c -O2 execution test
FAIL: gcc.dg/torture/stackalign/nested-5.c -O3 -fomit-frame-pointer execution test
FAIL: gcc.dg/torture/stackalign/nested-5.c -O3 -g execution test
FAIL: gcc.dg/torture/stackalign/nested-5.c -Os execution test
FAIL: gcc.dg/torture/stackalign/nested-5.c -O2 -flto -fno-use-linker-plugin -flto-partition=none execution test
FAIL: gcc.dg/torture/stackalign/nested-5.c -O2 -flto -fuse-linker-plugin -fno-fat-lto-objects execution test
FAIL: gcc.dg/torture/stackalign/nested-6.c -O0 execution test
FAIL: gcc.dg/torture/stackalign/nested-6.c -O1 execution test
FAIL: gcc.dg/torture/stackalign/nested-6.c -O2 execution test
FAIL: gcc.dg/torture/stackalign/nested-6.c -O3 -fomit-frame-pointer execution test
FAIL: gcc.dg/torture/stackalign/nested-6.c -O3 -g execution test
FAIL: gcc.dg/torture/stackalign/nested-6.c -Os execution test
FAIL: gcc.dg/torture/stackalign/nested-6.c -O2 -flto -fno-use-linker-plugin -flto-partition=none execution test
FAIL: gcc.dg/torture/stackalign/nested-6.c -O2 -flto -fuse-linker-plugin -fno-fat-lto-objects execution test
FAIL: gcc.dg/tree-ssa/sra-12.c scan-tree-dump-times release_ssa "l;" 0
FAIL: gcc.dg/tree-ssa/ssa-dom-thread-4.c scan-tree-dump-times dom1 "Threaded" 3
FAIL: gcc.dg/tree-ssa/vrp47.c scan-tree-dump-times vrp1 "[xy][^ ]* !=" 0
FAIL: gcc.dg/tree-ssa/vrp47.c scan-tree-dump-times dom2 "x[^ ]* & y" 1
FAIL: gcc.dg/vect/pr48765.c (test for excess errors)
FAIL: gcc.dg/vect/slp-widen-mult-half.c execution test
FAIL: gcc.dg/vect/pr48765.c -flto (test for excess errors)
FAIL: gcc.dg/vect/vect-outer-5.c -flto execution test
FAIL: gcc.dg/vect/vect-reduc-2char.c -flto execution test
FAIL: gcc.dg/vect/slp-widen-mult-half.c -flto execution test
FAIL: gcc.target/powerpc/405-dlmzb-strlen-1.c scan-assembler dlmzb\\\\.
FAIL: gcc.target/powerpc/440-dlmzb-strlen-1.c scan-assembler dlmzb\\\\.
FAIL: gcc.target/powerpc/ppc-vector-memcpy.c scan-assembler lvx
FAIL: gcc.target/powerpc/pr46728-4.c scan-assembler-times cbrt 2
FAIL: gcc.target/powerpc/pr46728-4.c scan-assembler-not pow
FAIL: gcc.target/powerpc/pr46728-5.c scan-assembler-times cbrt 2
FAIL: gcc.target/powerpc/pr46728-8.c scan-assembler-times cbrt 5
FAIL: gcc.target/powerpc/pr46728-8.c scan-assembler-not pow
FAIL: gcc.target/powerpc/vsx-mass-1.c (internal compiler error)
FAIL: gcc.target/powerpc/vsx-mass-1.c (test for excess errors)
UNRESOLVED: gcc.target/powerpc/vsx-mass-1.c scan-assembler bl atan2d2
UNRESOLVED: gcc.target/powerpc/vsx-mass-1.c scan-assembler bl atan2f4
UNRESOLVED: gcc.target/powerpc/vsx-mass-1.c scan-assembler bl hypotd2
UNRESOLVED: gcc.target/powerpc/vsx-mass-1.c scan-assembler bl hypotf4
UNRESOLVED: gcc.target/powerpc/vsx-mass-1.c scan-assembler bl powd2
UNRESOLVED: gcc.target/powerpc/vsx-mass-1.c scan-assembler bl powf4
UNRESOLVED: gcc.target/powerpc/vsx-mass-1.c scan-assembler bl acosd2
UNRESOLVED: gcc.target/powerpc/vsx-mass-1.c scan-assembler bl acosf4
UNRESOLVED: gcc.target/powerpc/vsx-mass-1.c scan-assembler bl acoshd2
UNRESOLVED: gcc.target/powerpc/vsx-mass-1.c scan-assembler bl acoshf4
UNRESOLVED: gcc.target/powerpc/vsx-mass-1.c scan-assembler bl asind2
UNRESOLVED: gcc.target/powerpc/vsx-mass-1.c scan-assembler bl asinf4
UNRESOLVED: gcc.target/powerpc/vsx-mass-1.c scan-assembler bl asinhd2
UNRESOLVED: gcc.target/powerpc/vsx-mass-1.c scan-assembler bl asinhf4
UNRESOLVED: gcc.target/powerpc/vsx-mass-1.c scan-assembler bl atand2
UNRESOLVED: gcc.target/powerpc/vsx-mass-1.c scan-assembler bl atanf4
UNRESOLVED: gcc.target/powerpc/vsx-mass-1.c scan-assembler bl atanhd2
UNRESOLVED: gcc.target/powerpc/vsx-mass-1.c scan-assembler bl atanhf4
UNRESOLVED: gcc.target/powerpc/vsx-mass-1.c scan-assembler bl cbrtd2
UNRESOLVED: gcc.target/powerpc/vsx-mass-1.c scan-assembler bl cbrtf4
UNRESOLVED: gcc.target/powerpc/vsx-mass-1.c scan-assembler bl cosd2
UNRESOLVED: gcc.target/powerpc/vsx-mass-1.c scan-assembler bl cosf4
UNRESOLVED: gcc.target/powerpc/vsx-mass-1.c scan-assembler bl coshd2
UNRESOLVED: gcc.target/powerpc/vsx-mass-1.c scan-assembler bl coshf4
UNRESOLVED: gcc.target/powerpc/vsx-mass-1.c scan-assembler bl erfd2
UNRESOLVED: gcc.target/powerpc/vsx-mass-1.c scan-assembler bl erff4
UNRESOLVED: gcc.target/powerpc/vsx-mass-1.c scan-assembler bl erfcd2
UNRESOLVED: gcc.target/powerpc/vsx-mass-1.c scan-assembler bl erfcf4
UNRESOLVED: gcc.target/powerpc/vsx-mass-1.c scan-assembler bl exp2d2
UNRESOLVED: gcc.target/powerpc/vsx-mass-1.c scan-assembler bl exp2f4
UNRESOLVED: gcc.target/powerpc/vsx-mass-1.c scan-assembler bl expd2
UNRESOLVED: gcc.target/powerpc/vsx-mass-1.c scan-assembler bl expf4
UNRESOLVED: gcc.target/powerpc/vsx-mass-1.c scan-assembler bl expm1d2
UNRESOLVED: gcc.target/powerpc/vsx-mass-1.c scan-assembler bl expm1f4
UNRESOLVED: gcc.target/powerpc/vsx-mass-1.c scan-assembler bl lgamma
UNRESOLVED: gcc.target/powerpc/vsx-mass-1.c scan-assembler bl lgammaf
UNRESOLVED: gcc.target/powerpc/vsx-mass-1.c scan-assembler bl log10d2
UNRESOLVED: gcc.target/powerpc/vsx-mass-1.c scan-assembler bl log10f4
UNRESOLVED: gcc.target/powerpc/vsx-mass-1.c scan-assembler bl log1pd2
UNRESOLVED: gcc.target/powerpc/vsx-mass-1.c scan-assembler bl log1pf4
UNRESOLVED: gcc.target/powerpc/vsx-mass-1.c scan-assembler bl log2d2
UNRESOLVED: gcc.target/powerpc/vsx-mass-1.c scan-assembler bl log2f4
UNRESOLVED: gcc.target/powerpc/vsx-mass-1.c scan-assembler bl logd2
UNRESOLVED: gcc.target/powerpc/vsx-mass-1.c scan-assembler bl logf4
UNRESOLVED: gcc.target/powerpc/vsx-mass-1.c scan-assembler bl sind2
UNRESOLVED: gcc.target/powerpc/vsx-mass-1.c scan-assembler bl sinf4
UNRESOLVED: gcc.target/powerpc/vsx-mass-1.c scan-assembler bl sinhd2
UNRESOLVED: gcc.target/powerpc/vsx-mass-1.c scan-assembler bl sinhf4
UNRESOLVED: gcc.target/powerpc/vsx-mass-1.c scan-assembler bl tand2
UNRESOLVED: gcc.target/powerpc/vsx-mass-1.c scan-assembler bl tanf4
UNRESOLVED: gcc.target/powerpc/vsx-mass-1.c scan-assembler bl tanhd2
UNRESOLVED: gcc.target/powerpc/vsx-mass-1.c scan-assembler bl tanhf4
=== gcc Summary ===
# of expected passes 78891
# of unexpected failures 152
# of unexpected successes 1
# of expected failures 221
# of unresolved testcases 58
# of unsupported tests 1336
/export/devel/src/gcc/head/objdir_net/gcc/xgcc version 4.8.0 20120504 (experimental) [trunk revision 187168] (GCC)
=== gfortran tests ===
Running target unix
FAIL: gfortran.dg/realloc_on_assign_5.f03 -O0 execution test
FAIL: gfortran.dg/realloc_on_assign_5.f03 -O1 execution test
FAIL: gfortran.dg/realloc_on_assign_5.f03 -O2 execution test
FAIL: gfortran.dg/realloc_on_assign_5.f03 -O3 -fomit-frame-pointer execution test
FAIL: gfortran.dg/realloc_on_assign_5.f03 -O3 -fomit-frame-pointer -funroll-loops execution test
FAIL: gfortran.dg/realloc_on_assign_5.f03 -O3 -fomit-frame-pointer -funroll-all-loops -finline-functions execution test
FAIL: gfortran.dg/realloc_on_assign_5.f03 -O3 -g execution test
FAIL: gfortran.dg/realloc_on_assign_5.f03 -Os execution test
FAIL: gfortran.dg/vect/fast-math-pr38968.f90 execution test
=== gfortran Summary ===
# of expected passes 40618
# of unexpected failures 9
# of expected failures 43
# of unsupported tests 390
/export/devel/src/gcc/head/objdir_net/gcc/testsuite/gfortran/../../gfortran version 4.8.0 20120504 (experimental) [trunk revision 187168] (GCC)
=== libatomic tests ===
Running target unix
=== libatomic Summary ===
# of expected passes 44
# of unsupported tests 5
=== libgomp tests ===
Running target unix
FAIL: libgomp.c/pr52547.c execution test
FAIL: libgomp.fortran/threadprivate2.f90 -O0 execution test
FAIL: libgomp.fortran/threadprivate2.f90 -O1 execution test
FAIL: libgomp.fortran/threadprivate2.f90 -O2 execution test
FAIL: libgomp.fortran/threadprivate2.f90 -O3 -fomit-frame-pointer execution test
FAIL: libgomp.fortran/threadprivate2.f90 -O3 -fomit-frame-pointer -funroll-loops execution test
FAIL: libgomp.fortran/threadprivate2.f90 -O3 -fomit-frame-pointer -funroll-all-loops -finline-functions execution test
FAIL: libgomp.fortran/threadprivate2.f90 -O3 -g execution test
FAIL: libgomp.fortran/threadprivate2.f90 -Os execution test
FAIL: libgomp.fortran/threadprivate3.f90 -O0 execution test
FAIL: libgomp.fortran/threadprivate3.f90 -O1 execution test
FAIL: libgomp.fortran/threadprivate3.f90 -O2 execution test
FAIL: libgomp.fortran/threadprivate3.f90 -O3 -fomit-frame-pointer execution test
FAIL: libgomp.fortran/threadprivate3.f90 -O3 -fomit-frame-pointer -funroll-loops execution test
FAIL: libgomp.fortran/threadprivate3.f90 -O3 -fomit-frame-pointer -funroll-all-loops -finline-functions execution test
FAIL: libgomp.fortran/threadprivate3.f90 -O3 -g execution test
FAIL: libgomp.fortran/threadprivate3.f90 -Os execution test
FAIL: libgomp.fortran/vla3.f90 -O3 -fomit-frame-pointer execution test
FAIL: libgomp.fortran/vla3.f90 -O3 -fomit-frame-pointer -funroll-loops execution test
FAIL: libgomp.fortran/vla3.f90 -O3 -fomit-frame-pointer -funroll-all-loops -finline-functions execution test
FAIL: libgomp.fortran/vla3.f90 -O3 -g execution test
=== libgomp Summary ===
# of expected passes 2925
# of unexpected failures 21
# of unsupported tests 3
=== libitm tests ===
Running target unix
=== libitm Summary ===
# of expected passes 26
# of expected failures 3
# of unsupported tests 1
=== libmudflap tests ===
Running target unix
FAIL: libmudflap.c++/pass55-frag.cxx execution test
FAIL: libmudflap.c++/pass55-frag.cxx (-static) execution test
FAIL: libmudflap.c++/pass55-frag.cxx ( -O) execution test
FAIL: libmudflap.c++/pass55-frag.cxx (-O2) execution test
FAIL: libmudflap.c++/pass55-frag.cxx (-O3) execution test
=== libmudflap Summary ===
# of expected passes 1901
# of unexpected failures 5
=== libstdc++ tests ===
Running target unix
FAIL: 22_locale/locale/cons/12438.cc execution test
FAIL: 26_numerics/headers/cmath/c99_classification_macros_c.cc (test for excess errors)
FAIL: 30_threads/async/42819.cc execution test
FAIL: 30_threads/async/49668.cc execution test
FAIL: 30_threads/async/any.cc execution test
FAIL: 30_threads/async/async.cc execution test
FAIL: 30_threads/async/sync.cc execution test
FAIL: 30_threads/call_once/39909.cc execution test
FAIL: 30_threads/call_once/49668.cc execution test
FAIL: 30_threads/call_once/call_once1.cc execution test
FAIL: 30_threads/future/members/45133.cc execution test
FAIL: 30_threads/future/members/get.cc execution test
FAIL: 30_threads/future/members/get2.cc execution test
FAIL: 30_threads/future/members/share.cc execution test
FAIL: 30_threads/future/members/valid.cc execution test
FAIL: 30_threads/future/members/wait.cc execution test
FAIL: 30_threads/future/members/wait_for.cc execution test
FAIL: 30_threads/future/members/wait_until.cc execution test
FAIL: 30_threads/packaged_task/49668.cc execution test
FAIL: 30_threads/packaged_task/cons/3.cc execution test
FAIL: 30_threads/packaged_task/cons/alloc.cc execution test
FAIL: 30_threads/packaged_task/members/get_future.cc execution test
FAIL: 30_threads/packaged_task/members/invoke.cc execution test
FAIL: 30_threads/packaged_task/members/invoke2.cc execution test
FAIL: 30_threads/packaged_task/members/invoke3.cc execution test
FAIL: 30_threads/packaged_task/members/invoke4.cc execution test
FAIL: 30_threads/packaged_task/members/invoke5.cc execution test
FAIL: 30_threads/packaged_task/members/reset2.cc execution test
FAIL: 30_threads/promise/cons/alloc.cc execution test
FAIL: 30_threads/promise/cons/move.cc execution test
FAIL: 30_threads/promise/cons/move_assign.cc execution test
FAIL: 30_threads/promise/members/get_future.cc execution test
FAIL: 30_threads/promise/members/set_exception.cc execution test
FAIL: 30_threads/promise/members/set_exception2.cc execution test
FAIL: 30_threads/promise/members/set_value.cc execution test
FAIL: 30_threads/promise/members/set_value2.cc execution test
FAIL: 30_threads/promise/members/set_value3.cc execution test
FAIL: 30_threads/promise/members/swap.cc execution test
FAIL: 30_threads/shared_future/members/get.cc execution test
FAIL: 30_threads/shared_future/members/get2.cc execution test
FAIL: 30_threads/shared_future/members/valid.cc execution test
FAIL: 30_threads/shared_future/members/wait.cc execution test
FAIL: 30_threads/shared_future/members/wait_for.cc execution test
FAIL: 30_threads/shared_future/members/wait_until.cc execution test
=== libstdc++ Summary ===
# of expected passes 7771
# of unexpected failures 44
# of expected failures 42
# of unsupported tests 578
Compiler version: 4.8.0 20120504 (experimental) [trunk revision 187168] (GCC)
Platform: powerpc-unknown-freebsd10.0
configure flags: --prefix=/export/devel/src/gcc/head/testbin_net --with-as=/usr/local/bin/as --with-ld=/usr/local/bin/ld --enable-languages=c,c++,fortran --disable-nls --disable-multilib --disable-checking
More information about the Gcc-testresults
mailing list