Results for 4.8.0 20120430 (experimental) [trunk revision 187002] (GCC) gcc testsuite on mips-unknown-elf
Mike Stein
mstein.lists@googlemail.com
Tue May 1 21:55:00 GMT 2012
Debian 5 on x86_64
cross tool versions:
GNU assembler (GNU Binutils) 2.18.50.20080419
GNU gdb 6.8.50.20080419-cvs
GNU ld (GNU Binutils) 2.18.50.20080419
GNU Make 3.81
expect version 5.43.0
host gcc version: gcc (GCC) 4.8.0 20120430 (experimental) [trunk revision 187002]
LAST_UPDATED: Mon Apr 30 22:08:27 UTC 2012 (revision 187002)
Target is mips-unknown-elf
Host is x86_64-unknown-linux-gnu
=== gcc tests ===
Running target mips-sim
FAIL: gcc.c-torture/compile/mipscop-1.c -O3 -g (internal compiler error)
FAIL: gcc.c-torture/compile/mipscop-1.c -O3 -g (test for excess errors)
FAIL: gcc.c-torture/compile/mipscop-2.c -O3 -g (internal compiler error)
FAIL: gcc.c-torture/compile/mipscop-2.c -O3 -g (test for excess errors)
FAIL: gcc.c-torture/compile/mipscop-3.c -O3 -g (internal compiler error)
FAIL: gcc.c-torture/compile/mipscop-3.c -O3 -g (test for excess errors)
FAIL: gcc.c-torture/compile/mipscop-4.c -O3 -g (internal compiler error)
FAIL: gcc.c-torture/compile/mipscop-4.c -O3 -g (test for excess errors)
WARNING: program timed out.
FAIL: gcc.c-torture/execute/vector-compare-1.c compilation, -O3 -fomit-frame-pointer
UNRESOLVED: gcc.c-torture/execute/vector-compare-1.c execution, -O3 -fomit-frame-pointer
WARNING: program timed out.
FAIL: gcc.c-torture/execute/vector-compare-1.c compilation, -O3 -fomit-frame-pointer -funroll-loops
UNRESOLVED: gcc.c-torture/execute/vector-compare-1.c execution, -O3 -fomit-frame-pointer -funroll-loops
WARNING: program timed out.
FAIL: gcc.c-torture/execute/vector-compare-1.c compilation, -O3 -fomit-frame-pointer -funroll-all-loops -finline-functions
UNRESOLVED: gcc.c-torture/execute/vector-compare-1.c execution, -O3 -fomit-frame-pointer -funroll-all-loops -finline-functions
WARNING: program timed out.
FAIL: gcc.c-torture/execute/vector-compare-1.c compilation, -O3 -g
UNRESOLVED: gcc.c-torture/execute/vector-compare-1.c execution, -O3 -g
XPASS: gcc.dg/Wstrict-overflow-18.c (test for bogus messages, line 20)
FAIL: gcc.dg/c99-stdint-7.c (test for excess errors)
FAIL: gcc.dg/fixed-point/composite-type.c (test for errors, line 35)
FAIL: gcc.dg/fixed-point/composite-type.c (test for errors, line 36)
FAIL: gcc.dg/fixed-point/composite-type.c (test for errors, line 37)
FAIL: gcc.dg/fixed-point/composite-type.c (test for errors, line 38)
FAIL: gcc.dg/fixed-point/composite-type.c (test for errors, line 39)
FAIL: gcc.dg/fixed-point/composite-type.c (test for errors, line 40)
FAIL: gcc.dg/fixed-point/composite-type.c (test for errors, line 41)
FAIL: gcc.dg/fixed-point/composite-type.c (test for errors, line 42)
FAIL: gcc.dg/fixed-point/composite-type.c (test for errors, line 43)
FAIL: gcc.dg/fixed-point/composite-type.c (test for errors, line 44)
FAIL: gcc.dg/fixed-point/composite-type.c (test for errors, line 45)
FAIL: gcc.dg/fixed-point/composite-type.c (test for errors, line 46)
FAIL: gcc.dg/fixed-point/composite-type.c (test for errors, line 47)
FAIL: gcc.dg/fixed-point/composite-type.c (test for errors, line 48)
FAIL: gcc.dg/fixed-point/composite-type.c (test for errors, line 49)
FAIL: gcc.dg/fixed-point/composite-type.c (test for errors, line 50)
FAIL: gcc.dg/fixed-point/composite-type.c (test for errors, line 52)
FAIL: gcc.dg/fixed-point/composite-type.c (test for errors, line 53)
FAIL: gcc.dg/fixed-point/composite-type.c (test for errors, line 54)
FAIL: gcc.dg/fixed-point/composite-type.c (test for errors, line 55)
FAIL: gcc.dg/fixed-point/composite-type.c (test for errors, line 56)
FAIL: gcc.dg/fixed-point/composite-type.c (test for errors, line 57)
FAIL: gcc.dg/fixed-point/composite-type.c (test for errors, line 58)
FAIL: gcc.dg/fixed-point/composite-type.c (test for errors, line 59)
FAIL: gcc.dg/fixed-point/composite-type.c (test for errors, line 60)
FAIL: gcc.dg/fixed-point/composite-type.c (test for errors, line 61)
FAIL: gcc.dg/fixed-point/composite-type.c (test for errors, line 62)
FAIL: gcc.dg/fixed-point/composite-type.c (test for errors, line 63)
FAIL: gcc.dg/fixed-point/composite-type.c (test for errors, line 64)
FAIL: gcc.dg/fixed-point/composite-type.c (test for errors, line 65)
FAIL: gcc.dg/fixed-point/composite-type.c (test for errors, line 66)
FAIL: gcc.dg/fixed-point/composite-type.c (test for errors, line 67)
FAIL: gcc.dg/fixed-point/composite-type.c (test for excess errors)
FAIL: gcc.dg/pch/save-temps-1.c -O0 -g assembly comparison
FAIL: gcc.dg/pch/save-temps-1.c -O3 -g assembly comparison
FAIL: gcc.dg/torture/pr47917.c -O0 (test for excess errors)
FAIL: gcc.dg/torture/pr47917.c -O1 (test for excess errors)
FAIL: gcc.dg/torture/pr47917.c -O2 (test for excess errors)
FAIL: gcc.dg/torture/pr47917.c -O3 -fomit-frame-pointer (test for excess errors)
FAIL: gcc.dg/torture/pr47917.c -O3 -g (test for excess errors)
FAIL: gcc.dg/torture/pr47917.c -Os (test for excess errors)
FAIL: gcc.dg/torture/pr47917.c -O2 -flto -flto-partition=none (test for excess errors)
FAIL: gcc.dg/torture/pr47917.c -O2 -flto (test for excess errors)
FAIL: gcc.dg/torture/pr51106-2.c -O0 (internal compiler error)
FAIL: gcc.dg/torture/pr51106-2.c -O0 (test for excess errors)
FAIL: gcc.dg/torture/pr51106-2.c -O1 (internal compiler error)
FAIL: gcc.dg/torture/pr51106-2.c -O1 (test for excess errors)
FAIL: gcc.dg/torture/pr51106-2.c -O2 (internal compiler error)
FAIL: gcc.dg/torture/pr51106-2.c -O2 (test for excess errors)
FAIL: gcc.dg/torture/pr51106-2.c -O3 -fomit-frame-pointer (internal compiler error)
FAIL: gcc.dg/torture/pr51106-2.c -O3 -fomit-frame-pointer (test for excess errors)
FAIL: gcc.dg/torture/pr51106-2.c -O3 -g (internal compiler error)
FAIL: gcc.dg/torture/pr51106-2.c -O3 -g (test for excess errors)
FAIL: gcc.dg/torture/pr51106-2.c -Os (internal compiler error)
FAIL: gcc.dg/torture/pr51106-2.c -Os (test for excess errors)
FAIL: gcc.dg/torture/pr51106-2.c -O2 -flto -flto-partition=none (internal compiler error)
FAIL: gcc.dg/torture/pr51106-2.c -O2 -flto -flto-partition=none (test for excess errors)
FAIL: gcc.dg/torture/pr51106-2.c -O2 -flto (internal compiler error)
FAIL: gcc.dg/torture/pr51106-2.c -O2 -flto (test for excess errors)
FAIL: gcc.target/mips/interrupt_handler-2.c scan-assembler \\t\\\\.cfi_restore 64\\n
FAIL: gcc.target/mips/interrupt_handler-2.c scan-assembler \\t\\\\.cfi_restore 65\\n
FAIL: gcc.target/mips/interrupt_handler-3.c scan-assembler \\t\\\\.cfi_restore 1\\n
FAIL: gcc.target/mips/interrupt_handler-3.c scan-assembler \\t\\\\.cfi_restore 2\\n
FAIL: gcc.target/mips/interrupt_handler-3.c scan-assembler \\t\\\\.cfi_restore 3\\n
FAIL: gcc.target/mips/interrupt_handler-3.c scan-assembler \\t\\\\.cfi_restore 4\\n
FAIL: gcc.target/mips/interrupt_handler-3.c scan-assembler \\t\\\\.cfi_restore 5\\n
FAIL: gcc.target/mips/interrupt_handler-3.c scan-assembler \\t\\\\.cfi_restore 6\\n
FAIL: gcc.target/mips/interrupt_handler-3.c scan-assembler \\t\\\\.cfi_restore 7\\n
FAIL: gcc.target/mips/interrupt_handler-3.c scan-assembler \\t\\\\.cfi_restore 8\\n
FAIL: gcc.target/mips/interrupt_handler-3.c scan-assembler \\t\\\\.cfi_restore 9\\n
FAIL: gcc.target/mips/interrupt_handler-3.c scan-assembler \\t\\\\.cfi_restore 10\\n
FAIL: gcc.target/mips/interrupt_handler-3.c scan-assembler \\t\\\\.cfi_restore 11\\n
FAIL: gcc.target/mips/interrupt_handler-3.c scan-assembler \\t\\\\.cfi_restore 12\\n
FAIL: gcc.target/mips/interrupt_handler-3.c scan-assembler \\t\\\\.cfi_restore 13\\n
FAIL: gcc.target/mips/interrupt_handler-3.c scan-assembler \\t\\\\.cfi_restore 14\\n
FAIL: gcc.target/mips/interrupt_handler-3.c scan-assembler \\t\\\\.cfi_restore 15\\n
FAIL: gcc.target/mips/interrupt_handler-3.c scan-assembler \\t\\\\.cfi_restore 24\\n
FAIL: gcc.target/mips/interrupt_handler-3.c scan-assembler \\t\\\\.cfi_restore 25\\n
FAIL: gcc.target/mips/interrupt_handler-3.c scan-assembler \\t\\\\.cfi_restore 31\\n
FAIL: gcc.target/mips/interrupt_handler-3.c scan-assembler \\t\\\\.cfi_restore 64\\n
FAIL: gcc.target/mips/interrupt_handler-3.c scan-assembler \\t\\\\.cfi_restore 65\\n
FAIL: gcc.target/mips/interrupt_handler-3.c scan-assembler \\t\\\\.cfi_def_cfa_offset 0\\n
=== gcc Summary ===
# of expected passes 73589
# of unexpected failures 95
# of unexpected successes 1
# of expected failures 101
# of unresolved testcases 4
# of unsupported tests 1408
/home/mstein/sim/trunk/mips-elf/build/gcc/xgcc version 4.8.0 20120430 (experimental) [trunk revision 187002] (GCC)
Compiler version: 4.8.0 20120430 (experimental) [trunk revision 187002] (GCC) gcc
Platform: mips-unknown-elf
configure flags: --target=mips-elf --prefix=/home/mstein/cross-local/mips-elf --enable-languages=c --disable-nls --disable-build-warnings --with-sysroot=/home/mstein/cross-local/mips-elf --with-build-sysroot=/home/mstein/cross-local/mips-elf --with-ld=/home/mstein/cross-local/mips-elf/usr/bin/ld --with-as=/home/mstein/cross-local/mips-elf/usr/bin/as --disable-libssp --with-mpfr=/opt/cfarm/mpfr-2.4.1 --with-gmp=/opt/cfarm/gmp-4.2.4 --with-libelf=/opt/cfarm/libelf-0.8.12 --with-mpc=/opt/cfarm/mpc-0.8
More information about the Gcc-testresults
mailing list