Results for 4.8.0 20120321 (experimental) [trunk revision 185603] (GCC) testsuite on mips-unknown-elf
stevenb@gcc1-power7.osuosl.org
stevenb@gcc1-power7.osuosl.org
Thu Mar 22 22:56:00 GMT 2012
LAST_UPDATED: Wed Mar 21 12:32:21 UTC 2012 (revision 185603)
Target is mips-unknown-elf
Host is powerpc64-unknown-linux-gnu
=== binutils tests ===
Running target mips-sim
FAIL: simple objcopy of debug data
=== binutils Summary ===
# of expected passes 80
# of unexpected failures 1
# of expected failures 2
# of unsupported tests 6
Host is powerpc64-unknown-linux-gnu
=== gas tests ===
Running target mips-sim
=== gas Summary ===
# of expected passes 1896
# of expected failures 1
=== gcc tests ===
Running target mips-sim
FAIL: gcc.dg/graphite/id-pr46845.c (internal compiler error)
FAIL: gcc.dg/graphite/id-pr46845.c (test for excess errors)
WARNING: program timed out.
FAIL: gcc.dg/graphite/interchange-1.c execution test
WARNING: program timed out.
FAIL: gcc.dg/graphite/interchange-10.c execution test
FAIL: gcc.dg/graphite/interchange-11.c execution test
FAIL: gcc.dg/graphite/interchange-15.c execution test
FAIL: gcc.dg/graphite/interchange-2.c execution test
WARNING: program timed out.
FAIL: gcc.dg/graphite/interchange-3.c execution test
FAIL: gcc.dg/graphite/interchange-4.c execution test
FAIL: gcc.dg/graphite/interchange-mvt.c execution test
FAIL: gcc.dg/graphite/pr46185.c execution test
FAIL: gcc.dg/torture/pr51106-2.c -O0 (internal compiler error)
FAIL: gcc.dg/torture/pr51106-2.c -O0 (test for excess errors)
FAIL: gcc.dg/torture/pr51106-2.c -O1 (internal compiler error)
FAIL: gcc.dg/torture/pr51106-2.c -O1 (test for excess errors)
FAIL: gcc.dg/torture/pr51106-2.c -O2 (internal compiler error)
FAIL: gcc.dg/torture/pr51106-2.c -O2 (test for excess errors)
FAIL: gcc.dg/torture/pr51106-2.c -O3 -fomit-frame-pointer (internal compiler error)
FAIL: gcc.dg/torture/pr51106-2.c -O3 -fomit-frame-pointer (test for excess errors)
FAIL: gcc.dg/torture/pr51106-2.c -O3 -g (internal compiler error)
FAIL: gcc.dg/torture/pr51106-2.c -O3 -g (test for excess errors)
FAIL: gcc.dg/torture/pr51106-2.c -Os (internal compiler error)
FAIL: gcc.dg/torture/pr51106-2.c -Os (test for excess errors)
=== gcc Summary ===
# of expected passes 61962
# of unexpected failures 23
# of expected failures 106
# of unsupported tests 1237
/home/stevenb/devel/cross/build/gcc/xgcc version 4.8.0 20120321 (experimental) [trunk revision 185603] (GCC)
Host is powerpc64-unknown-linux-gnu
=== ld tests ===
Running target mips-sim
FAIL: MIPS eh-frame 3
FAIL: MIPS eh-frame 4
FAIL: Global calls from mips16
FAIL: ld-mips-elf/attr-gnu-4-00
FAIL: ld-mips-elf/attr-gnu-4-01
FAIL: ld-mips-elf/attr-gnu-4-02
FAIL: ld-mips-elf/attr-gnu-4-03
FAIL: ld-mips-elf/attr-gnu-4-04
FAIL: ld-mips-elf/attr-gnu-4-05
FAIL: ld-mips-elf/attr-gnu-4-10
FAIL: ld-mips-elf/attr-gnu-4-11
FAIL: ld-mips-elf/attr-gnu-4-12
FAIL: ld-mips-elf/attr-gnu-4-13
FAIL: ld-mips-elf/attr-gnu-4-14
FAIL: ld-mips-elf/attr-gnu-4-15
FAIL: ld-mips-elf/attr-gnu-4-20
FAIL: ld-mips-elf/attr-gnu-4-21
FAIL: ld-mips-elf/attr-gnu-4-22
FAIL: ld-mips-elf/attr-gnu-4-23
FAIL: ld-mips-elf/attr-gnu-4-24
FAIL: ld-mips-elf/attr-gnu-4-25
FAIL: ld-mips-elf/attr-gnu-4-30
FAIL: ld-mips-elf/attr-gnu-4-31
FAIL: ld-mips-elf/attr-gnu-4-32
FAIL: ld-mips-elf/attr-gnu-4-33
FAIL: ld-mips-elf/attr-gnu-4-34
FAIL: ld-mips-elf/attr-gnu-4-35
FAIL: ld-mips-elf/attr-gnu-4-40
FAIL: ld-mips-elf/attr-gnu-4-41
FAIL: ld-mips-elf/attr-gnu-4-42
FAIL: ld-mips-elf/attr-gnu-4-43
FAIL: ld-mips-elf/attr-gnu-4-44
FAIL: ld-mips-elf/attr-gnu-4-45
FAIL: ld-mips-elf/attr-gnu-4-51
=== ld Summary ===
# of expected passes 265
# of unexpected failures 34
# of expected failures 6
# of untested testcases 7
# of unsupported tests 1
Host is powerpc64-unknown-linux-gnu
=== newlib tests ===
Running target mips-sim
ERROR: (DejaGnu) proc "newlib_target_compile /home/stevenb/devel/cross/combined/newlib/testsuite/newlib.iconv/iconvnm.c /home/stevenb/devel/cross/build/mips-elf/el/newlib/testsuite/iconvnm.x executable {}" does not exist.
=== newlib Summary ===
Host is powerpc64-unknown-linux-gnu
=== newlib tests ===
Running target mips-sim
ERROR: (DejaGnu) proc "newlib_target_compile /home/stevenb/devel/cross/combined/newlib/testsuite/newlib.iconv/iconvnm.c /home/stevenb/devel/cross/build/mips-elf/newlib/testsuite/iconvnm.x executable {}" does not exist.
=== newlib Summary ===
Host is powerpc64-unknown-linux-gnu
=== newlib tests ===
Running target mips-sim
ERROR: (DejaGnu) proc "newlib_target_compile /home/stevenb/devel/cross/combined/newlib/testsuite/newlib.iconv/iconvnm.c /home/stevenb/devel/cross/build/mips-elf/soft-float/el/newlib/testsuite/iconvnm.x executable {}" does not exist.
=== newlib Summary ===
Host is powerpc64-unknown-linux-gnu
=== newlib tests ===
Running target mips-sim
ERROR: (DejaGnu) proc "newlib_target_compile /home/stevenb/devel/cross/combined/newlib/testsuite/newlib.iconv/iconvnm.c /home/stevenb/devel/cross/build/mips-elf/soft-float/newlib/testsuite/iconvnm.x executable {}" does not exist.
=== newlib Summary ===
Host is powerpc64-unknown-linux-gnu
=== sim tests ===
Running target mips-sim
=== sim Summary ===
# of expected passes 19
Compiler version: 4.8.0 20120321 (experimental) [trunk revision 185603] (GCC)
Platform: mips-unknown-elf
configure flags: --target=mips-elf --enable-languages=c --with-mpfr=/opt/cfarm/mpfr-2.4.1-64 --with-gmp=/opt/cfarm/gmp-4.2.4-64 --with-mpc=/opt/cfarm/mpc-0.8-64 --disable-libssp --disable-libmudflap --disable-nls --disable-lto
More information about the Gcc-testresults
mailing list