Results for 4.7.0 (GCC) testsuite on i386-pc-solaris2.10
Rainer Orth
ro@CeBiTec.Uni-Bielefeld.DE
Thu Mar 22 18:05:00 GMT 2012
LAST_UPDATED: Obtained from SVN: tags/gcc_4_7_0_release revision 185675
=== acats tests ===
=== acats Summary ===
# of expected passes 2320
# of unexpected failures 0
Native configuration is i386-pc-solaris2.10
=== g++ tests ===
Running target unix
=== g++ Summary for unix ===
# of expected passes 47028
# of expected failures 288
# of unsupported tests 379
Running target unix/-m64
=== g++ Summary for unix/-m64 ===
# of expected passes 47809
# of expected failures 288
# of unsupported tests 619
=== g++ Summary ===
# of expected passes 94837
# of expected failures 576
# of unsupported tests 998
/var/gcc/gcc-4.7.0/10-gcc-gas/gcc/testsuite/g++/../../g++ version 4.7.0 (GCC)
=== gcc tests ===
Running target unix
FAIL: gcc.dg/lto/20090210 c_lto_20090210_0.o-c_lto_20090210_1.o execute -O2 -flto -flto-partition=none
FAIL: gcc.dg/lto/20090210 c_lto_20090210_0.o-c_lto_20090210_1.o execute -O2 -flto -flto-partition=1to1
FAIL: gcc.dg/lto/20090210 c_lto_20090210_0.o-c_lto_20090210_1.o execute -O2 -flto
FAIL: gcc.dg/torture/tls/run-ld.c -O1 execution test
FAIL: gcc.dg/torture/tls/run-ld.c -O2 execution test
FAIL: gcc.dg/torture/tls/run-ld.c -O3 -fomit-frame-pointer execution test
FAIL: gcc.dg/torture/tls/run-ld.c -O3 -g execution test
FAIL: gcc.dg/torture/tls/run-ld.c -Os execution test
FAIL: gcc.dg/torture/tls/run-ld.c -O1 -fpic execution test
FAIL: gcc.dg/torture/tls/run-ld.c -O2 -fpic execution test
FAIL: gcc.dg/torture/tls/run-ld.c -O3 -fomit-frame-pointer -fpic execution test
FAIL: gcc.dg/torture/tls/run-ld.c -O3 -g -fpic execution test
FAIL: gcc.dg/torture/tls/run-ld.c -Os -fpic execution test
FAIL: gcc.dg/torture/tls/run-ld.c -O1 -fPIC execution test
FAIL: gcc.dg/torture/tls/run-ld.c -O2 -fPIC execution test
FAIL: gcc.dg/torture/tls/run-ld.c -O3 -fomit-frame-pointer -fPIC execution test
FAIL: gcc.dg/torture/tls/run-ld.c -O3 -g -fPIC execution test
FAIL: gcc.dg/torture/tls/run-ld.c -Os -fPIC execution test
FAIL: gcc.dg/torture/tls/run-ld.c -O2 -flto -flto-partition=none execution test
FAIL: gcc.dg/torture/tls/run-ld.c -O2 -flto execution test
FAIL: gcc.dg/torture/tls/thr-init-2.c -O2 -fpic execution test
FAIL: gcc.dg/torture/tls/thr-init-2.c -O3 -fomit-frame-pointer -fpic execution test
FAIL: gcc.dg/torture/tls/thr-init-2.c -O3 -g -fpic execution test
FAIL: gcc.dg/torture/tls/thr-init-2.c -O2 -fPIC execution test
FAIL: gcc.dg/torture/tls/thr-init-2.c -O3 -fomit-frame-pointer -fPIC execution test
FAIL: gcc.dg/torture/tls/thr-init-2.c -O3 -g -fPIC execution test
=== gcc Summary for unix ===
# of expected passes 83675
# of unexpected failures 26
# of expected failures 260
# of unsupported tests 1030
Running target unix/-m64
=== gcc Summary for unix/-m64 ===
# of expected passes 83964
# of expected failures 260
# of unsupported tests 1389
=== gcc Summary ===
# of expected passes 167639
# of unexpected failures 26
# of expected failures 520
# of unsupported tests 2419
/var/gcc/gcc-4.7.0/10-gcc-gas/gcc/xgcc version 4.7.0 (GCC)
=== gfortran tests ===
Running target unix
=== gfortran Summary for unix ===
# of expected passes 40599
# of expected failures 56
# of unsupported tests 227
Running target unix/-m64
=== gfortran Summary for unix/-m64 ===
# of expected passes 40902
# of expected failures 56
# of unsupported tests 81
=== gfortran Summary ===
# of expected passes 81501
# of expected failures 112
# of unsupported tests 308
/var/gcc/gcc-4.7.0/10-gcc-gas/gcc/testsuite/gfortran/../../gfortran version 4.7.0 (GCC)
=== gnat tests ===
Running target unix
=== gnat Summary for unix ===
# of expected passes 1078
# of expected failures 13
# of unsupported tests 5
Running target unix/-m64
=== gnat Summary for unix/-m64 ===
# of expected passes 1078
# of expected failures 13
# of unsupported tests 5
=== gnat Summary ===
# of expected passes 2156
# of expected failures 26
# of unsupported tests 10
/var/gcc/gcc-4.7.0/10-gcc-gas/gcc/gnatmake version 4.7.0
=== go tests ===
Running target unix
=== go Summary for unix ===
# of expected passes 3292
# of expected failures 4
# of untested testcases 6
Running target unix/-m64
=== go Summary for unix/-m64 ===
# of expected passes 3292
# of expected failures 4
# of untested testcases 6
=== go Summary ===
# of expected passes 6584
# of expected failures 8
# of untested testcases 12
/var/gcc/gcc-4.7.0/10-gcc-gas/gcc/testsuite/go/../../gccgo version 4.7.0 (GCC)
=== obj-c++ tests ===
Running target unix
=== obj-c++ Summary for unix ===
# of expected passes 1450
# of expected failures 2
# of unsupported tests 86
Running target unix/-m64
=== obj-c++ Summary for unix/-m64 ===
# of expected passes 1442
# of expected failures 10
# of unsupported tests 86
=== obj-c++ Summary ===
# of expected passes 2892
# of expected failures 12
# of unsupported tests 172
/var/gcc/gcc-4.7.0/10-gcc-gas/gcc/testsuite/obj-c++/../../g++ version 4.7.0 (GCC)
=== objc tests ===
Running target unix
=== objc Summary for unix ===
# of expected passes 2988
# of expected failures 6
# of unsupported tests 74
Running target unix/-m64
=== objc Summary for unix/-m64 ===
# of expected passes 2988
# of expected failures 6
# of unsupported tests 74
=== objc Summary ===
# of expected passes 5976
# of expected failures 12
# of unsupported tests 148
/var/gcc/gcc-4.7.0/10-gcc-gas/gcc/xgcc version 4.7.0 (GCC)
=== boehm-gc tests ===
Running target unix
=== boehm-gc Summary for unix ===
# of expected passes 12
# of unsupported tests 1
Running target unix/-m64
=== boehm-gc Summary for unix/-m64 ===
# of expected passes 12
# of unsupported tests 1
=== boehm-gc Summary ===
# of expected passes 24
# of unsupported tests 2
=== libffi tests ===
Running target unix
=== libffi Summary for unix ===
# of expected passes 1634
# of expected failures 10
# of unsupported tests 55
Running target unix/-m64
=== libffi Summary for unix/-m64 ===
# of expected passes 1634
# of expected failures 10
# of unsupported tests 55
=== libffi Summary ===
# of expected passes 3268
# of expected failures 20
# of unsupported tests 110
=== libgo tests ===
Running target unix
FAIL: log
FAIL: net
FAIL: crypto/rand
FAIL: net/http
FAIL: net/http/httputil
=== libgo Summary for unix ===
# of expected passes 118
# of unexpected failures 5
Running target unix/-m64
FAIL: log
FAIL: net
FAIL: crypto/rand
FAIL: net/http
FAIL: net/http/httputil
=== libgo Summary for unix/-m64 ===
# of expected passes 118
# of unexpected failures 5
=== libgo Summary ===
# of expected passes 236
# of unexpected failures 10
/var/gcc/gcc-4.7.0/10-gcc-gas/./gcc/gccgo version 4.7.0 (GCC)
=== libgomp tests ===
Running target unix
=== libgomp Summary for unix ===
# of expected passes 2990
# of unsupported tests 3
Running target unix/-m64
=== libgomp Summary for unix/-m64 ===
# of expected passes 2990
# of unsupported tests 3
=== libgomp Summary ===
# of expected passes 5980
# of unsupported tests 6
=== libitm tests ===
Running target unix
=== libitm Summary for unix ===
# of expected passes 26
# of expected failures 3
# of unsupported tests 1
Running target unix/-m64
=== libitm Summary for unix/-m64 ===
# of expected passes 26
# of expected failures 3
# of unsupported tests 1
=== libitm Summary ===
# of expected passes 52
# of expected failures 6
# of unsupported tests 2
=== libjava tests ===
Running target unix
=== libjava Summary for unix ===
# of expected passes 2574
Running target unix/-m64
=== libjava Summary for unix/-m64 ===
# of expected passes 2574
=== libjava Summary ===
# of expected passes 5148
=== libstdc++ tests ===
Running target unix
=== libstdc++ Summary for unix ===
# of expected passes 7919
# of expected failures 44
# of unsupported tests 503
Running target unix/-m64
=== libstdc++ Summary for unix/-m64 ===
# of expected passes 7919
# of expected failures 44
# of unsupported tests 503
=== libstdc++ Summary ===
# of expected passes 15838
# of expected failures 88
# of unsupported tests 1006
Compiler version: 4.7.0 (GCC)
Platform: i386-pc-solaris2.10
configure flags: --prefix=/vol/gcc-4.7 --enable-objc-gc --with-host-libstdcxx='-L/vol/gcc-4.4/lib -Wl,-Bstatic -lstdc++ -Wl,-Bdynamic -lm' --with-boot-ldflags='-static-libstdc++ -static-libgcc -L/vol/gcc-4.4/lib' --with-as=/vol/gcc/bin/gas-2.22 --with-gnu-as --with-gmp-include=/vol/gcc/include --with-gmp-lib=/vol/gcc/lib --with-mpfr-include=/vol/gcc/include --with-mpfr-lib=/vol/gcc/lib --with-mpc-include=/vol/gcc/include --with-mpc-lib=/vol/gcc/lib --enable-languages=all,ada,obj-c++,go --with-ppl-include=/vol/gcc/include --with-ppl-lib=/vol/gcc/lib --with-cloog-include=/vol/gcc/include --with-cloog-lib=/vol/gcc/lib --enable-cloog-backend=ppl
BOOT_CFLAGS=-g -O2
More information about the Gcc-testresults
mailing list