Results for 4.8.0 20120320 (experimental) [trunk revision 185557] (GCC) testsuite on hppa2.0w-hp-hpux11.11
John David Anglin
dave@hiauly3.hia.nrc.ca
Wed Mar 21 22:56:00 GMT 2012
=== acats tests ===
FAIL: c974013
FAIL: c9a011b
FAIL: cdd1001
=== acats Summary ===
# of expected passes 2317
# of unexpected failures 3
Native configuration is hppa2.0w-hp-hpux11.11
=== g++ tests ===
Running target unix
UNRESOLVED: g++.dg/ext/label13.C -std=gnu++98 compilation failed to produce executable
UNRESOLVED: g++.dg/ext/label13.C -std=gnu++11 compilation failed to produce executable
WARNING: program timed out.
FAIL: c-c++-common/simulate-thread/bitfields-2.c -Os -g thread simulation test
=== g++ Summary ===
# of expected passes 42431
# of unexpected failures 1
# of expected failures 290
# of unresolved testcases 2
# of unsupported tests 942
/test/gnu/gcc/objdir/gcc/testsuite/g++/../../g++ version 4.8.0 20120320 (experimental) [trunk revision 185557] (GCC)
=== gcc tests ===
Running target unix
WARNING: program timed out.
XPASS: gcc.dg/torture/pr52402.c -O0 execution test
XPASS: gcc.dg/torture/pr52402.c -O1 execution test
XPASS: gcc.dg/torture/pr52402.c -O2 execution test
XPASS: gcc.dg/torture/pr52402.c -O3 -fomit-frame-pointer execution test
XPASS: gcc.dg/torture/pr52402.c -O3 -g execution test
XPASS: gcc.dg/torture/pr52402.c -Os execution test
=== gcc Summary ===
# of expected passes 59119
# of unexpected successes 6
# of expected failures 114
# of unsupported tests 1390
/test/gnu/gcc/objdir/gcc/xgcc version 4.8.0 20120320 (experimental) [trunk revision 185557] (GCC)
=== gfortran tests ===
Running target unix
FAIL: gfortran.dg/pr45636.f90 -O scan-tree-dump-times forwprop2 "memset" 0
=== gfortran Summary ===
# of expected passes 39603
# of unexpected failures 1
# of expected failures 42
# of unsupported tests 396
/test/gnu/gcc/objdir/gcc/testsuite/gfortran/../../gfortran version 4.8.0 20120320 (experimental) [trunk revision 185557] (GCC)
=== gnat tests ===
Running target unix
=== gnat Summary ===
# of expected passes 1067
# of expected failures 13
# of unsupported tests 11
/test/gnu/gcc/objdir/gcc/gnatmake version 4.8.0 20120320 (experimental) [trunk revision 185557]
=== obj-c++ tests ===
Running target unix
=== obj-c++ Summary ===
# of expected passes 1408
# of expected failures 2
# of unsupported tests 69
/test/gnu/gcc/objdir/gcc/testsuite/obj-c++/../../g++ version 4.8.0 20120320 (experimental) [trunk revision 185557] (GCC)
=== objc tests ===
Running target unix
=== objc Summary ===
# of expected passes 2920
# of unsupported tests 65
/test/gnu/gcc/objdir/gcc/xgcc version 4.8.0 20120320 (experimental) [trunk revision 185557] (GCC)
=== boehm-gc tests ===
Running target unix
WARNING: program timed out.
FAIL: boehm-gc.c/thread_leak_test.c -O2 execution test
=== boehm-gc Summary ===
# of expected passes 11
# of unexpected failures 1
# of unsupported tests 1
=== libffi tests ===
Running target unix
=== libffi Summary ===
# of expected passes 1659
# of unsupported tests 55
=== libgomp tests ===
Running target unix
WARNING: Line 30 includes unreadable file \`/test/gnu/gcc/gcc/libgomp/testsuite/libgomp.fortran/omp_lib.h'
=== libgomp Summary ===
# of expected passes 2930
# of unsupported tests 10
=== libjava tests ===
Running target unix
FAIL: LargeFile execution - source compiled test
FAIL: LargeFile -findirect-dispatch execution - source compiled test
FAIL: LargeFile -O3 execution - source compiled test
FAIL: LargeFile -O3 -findirect-dispatch execution - source compiled test
=== libjava Summary ===
# of expected passes 2566
# of unexpected failures 4
# of untested testcases 4
=== libstdc++ tests ===
Running target unix
=== libstdc++ Summary ===
# of expected passes 7299
# of expected failures 43
# of unsupported tests 827
Compiler version: 4.8.0 20120320 (experimental) [trunk revision 185557] (GCC)
Platform: hppa2.0w-hp-hpux11.11
configure flags:Test Run By dave on Tue Mar 20 09:44:28 EDT 2012
More information about the Gcc-testresults
mailing list