Results for 4.8.0 20120313 (experimental) [trunk revision 185328p3] (GCC) testsuite on powerpc-apple-darwin9.8.0
Dominique Dhumieres
dominiq@lps.ens.fr
Thu Mar 15 21:03:00 GMT 2012
LAST_UPDATED: Updated Tue Mar 13 12:09:16 CET 2012 to revision 185328
with gdb 7.3.1 and the patches at
http://gcc.gnu.org/bugzilla/attachment.cgi?id=26370
http://gcc.gnu.org/ml/gcc-patches/2011-11/txt00412.txt and
http://gcc.gnu.org/ml/gcc-patches/2012-03/txt00062.txt .
=== acats tests ===
FAIL: c52103x
FAIL: c52104x
FAIL: c52104y
=== acats Summary ===
# of expected passes 2317
# of unexpected failures 3
Native configuration is powerpc-apple-darwin9.8.0
=== g++ tests ===
Running target unix/-m32
FAIL: g++.dg/ext/alignof2.C -std=c++98 execution test
FAIL: g++.dg/ext/alignof2.C -std=c++11 execution test
WARNING: g++.dg/ext/label13.C -std=gnu++98 compilation failed to produce executable
WARNING: g++.dg/ext/label13.C -std=gnu++11 compilation failed to produce executable
=== g++ Summary for unix/-m32 ===
# of expected passes 46630
# of unexpected failures 2
# of expected failures 288
# of unsupported tests 622
Running target unix/-m64
WARNING: g++.dg/ext/label13.C -std=gnu++98 compilation failed to produce executable
WARNING: g++.dg/ext/label13.C -std=gnu++11 compilation failed to produce executable
=== g++ Summary for unix/-m64 ===
# of expected passes 47869
# of expected failures 288
# of unsupported tests 615
=== g++ Summary ===
# of expected passes 94499
# of unexpected failures 2
# of expected failures 576
# of unsupported tests 1237
/opt/gcc/darwin_buildw/gcc/testsuite/g++/../../g++ version 4.8.0 20120313 (experimental) [trunk revision 185328p3] (GCC)
=== gcc tests ===
Running target unix/-m32
FAIL: gcc.dg/20020103-1.c scan-assembler-not LC[0-9]
FAIL: gcc.dg/and-1.c scan-assembler-not nand
FAIL: gcc.dg/atomic-flag.c execution test
FAIL: gcc.dg/torture/pr52402.c -O2 execution test
FAIL: gcc.dg/torture/pr52402.c -O3 -fomit-frame-pointer execution test
FAIL: gcc.dg/torture/pr52402.c -O3 -g execution test
FAIL: gcc.dg/torture/pr52402.c -Os execution test
FAIL: gcc.dg/torture/pr52402.c -O2 -flto -flto-partition=none execution test
FAIL: gcc.dg/torture/pr52402.c -O2 -flto execution test
FAIL: gcc.dg/tree-ssa/sra-12.c scan-tree-dump-times release_ssa "l;" 0
FAIL: gcc.dg/tree-ssa/ssa-dom-thread-4.c scan-tree-dump-times dom1 "Threaded" 3
FAIL: gcc.dg/tree-ssa/vector-3.c scan-tree-dump-times optimized "0.0" 1
FAIL: gcc.dg/tree-ssa/vrp47.c scan-tree-dump-times vrp1 "[xy][^ ]* !=" 0
FAIL: gcc.dg/tree-ssa/vrp47.c scan-tree-dump-times dom2 "x[^ ]* & y" 1
FAIL: gcc.target/powerpc/405-dlmzb-strlen-1.c scan-assembler dlmzb\\\\.
FAIL: gcc.target/powerpc/440-dlmzb-strlen-1.c scan-assembler dlmzb\\\\.
FAIL: gcc.target/powerpc/ppc-vector-memcpy.c scan-assembler lvx
=== gcc Summary for unix/-m32 ===
# of expected passes 78570
# of unexpected failures 17
# of expected failures 225
# of unsupported tests 1421
Running target unix/-m64
FAIL: gcc.dg/and-1.c scan-assembler-not nand
FAIL: gcc.dg/torture/pr52402.c -O2 execution test
FAIL: gcc.dg/torture/pr52402.c -O3 -fomit-frame-pointer execution test
FAIL: gcc.dg/torture/pr52402.c -O3 -g execution test
FAIL: gcc.dg/torture/pr52402.c -Os execution test
FAIL: gcc.dg/torture/pr52402.c -O2 -flto -flto-partition=none execution test
FAIL: gcc.dg/torture/pr52402.c -O2 -flto execution test
FAIL: gcc.dg/tree-ssa/scev-3.c scan-tree-dump-times optimized "&a" 1
FAIL: gcc.dg/tree-ssa/scev-4.c scan-tree-dump-times optimized "&a" 1
FAIL: gcc.dg/tree-ssa/ssa-dom-thread-4.c scan-tree-dump-times dom1 "Threaded" 3
FAIL: gcc.dg/tree-ssa/vrp47.c scan-tree-dump-times vrp1 "[xy][^ ]* !=" 0
FAIL: gcc.dg/tree-ssa/vrp47.c scan-tree-dump-times dom2 "x[^ ]* & y" 1
FAIL: gcc.dg/vect/costmodel/ppc/costmodel-pr37194.c scan-tree-dump-times vect "vectorization not profitable" 1
FAIL: gcc.dg/vect/costmodel/ppc/costmodel-pr37194.c scan-tree-dump-times vect "vectorized 1 loops" 1
FAIL: gcc.target/powerpc/optimize-bswapdi-3.c scan-assembler ldbrx
FAIL: gcc.target/powerpc/optimize-bswapdi-3.c scan-assembler stdbrx
FAIL: gcc.target/powerpc/ppc-vector-memcpy.c scan-assembler lvx
=== gcc Summary for unix/-m64 ===
# of expected passes 79102
# of unexpected failures 17
# of expected failures 239
# of unsupported tests 1476
=== gcc Summary ===
# of expected passes 157672
# of unexpected failures 34
# of expected failures 464
# of unsupported tests 2897
/opt/gcc/darwin_buildw/gcc/xgcc version 4.8.0 20120313 (experimental) [trunk revision 185328p3] (GCC)
=== gfortran tests ===
Running target unix/-m32
FAIL: gfortran.dg/large_real_kind_3.F90 -O0 execution test
FAIL: gfortran.dg/lto/pr45586-2 f_lto_pr45586-2_0.o-f_lto_pr45586-2_0.o link, -O0 -flto -flto-partition=none (internal compiler error)
UNRESOLVED: gfortran.dg/lto/pr45586-2 f_lto_pr45586-2_0.o-f_lto_pr45586-2_0.o execute -O0 -flto -flto-partition=none
FAIL: gfortran.dg/lto/pr45586-2 f_lto_pr45586-2_0.o-f_lto_pr45586-2_0.o link, -O0 -flto -flto-partition=1to1 (internal compiler error)
UNRESOLVED: gfortran.dg/lto/pr45586-2 f_lto_pr45586-2_0.o-f_lto_pr45586-2_0.o execute -O0 -flto -flto-partition=1to1
FAIL: gfortran.dg/lto/pr45586-2 f_lto_pr45586-2_0.o-f_lto_pr45586-2_0.o link, -O0 -flto (internal compiler error)
UNRESOLVED: gfortran.dg/lto/pr45586-2 f_lto_pr45586-2_0.o-f_lto_pr45586-2_0.o execute -O0 -flto
FAIL: gfortran.dg/lto/pr45586 f_lto_pr45586_0.o-f_lto_pr45586_0.o link, -O0 -flto -flto-partition=none (internal compiler error)
UNRESOLVED: gfortran.dg/lto/pr45586 f_lto_pr45586_0.o-f_lto_pr45586_0.o execute -O0 -flto -flto-partition=none
FAIL: gfortran.dg/lto/pr45586 f_lto_pr45586_0.o-f_lto_pr45586_0.o link, -O0 -flto -flto-partition=1to1 (internal compiler error)
UNRESOLVED: gfortran.dg/lto/pr45586 f_lto_pr45586_0.o-f_lto_pr45586_0.o execute -O0 -flto -flto-partition=1to1
FAIL: gfortran.dg/lto/pr45586 f_lto_pr45586_0.o-f_lto_pr45586_0.o link, -O0 -flto (internal compiler error)
UNRESOLVED: gfortran.dg/lto/pr45586 f_lto_pr45586_0.o-f_lto_pr45586_0.o execute -O0 -flto
=== gfortran Summary for unix/-m32 ===
# of expected passes 40780
# of unexpected failures 7
# of expected failures 89
# of unresolved testcases 6
# of unsupported tests 244
Running target unix/-m64
FAIL: gfortran.dg/large_real_kind_3.F90 -O0 execution test
FAIL: gfortran.dg/lto/pr45586-2 f_lto_pr45586-2_0.o-f_lto_pr45586-2_0.o link, -O0 -flto -flto-partition=none (internal compiler error)
UNRESOLVED: gfortran.dg/lto/pr45586-2 f_lto_pr45586-2_0.o-f_lto_pr45586-2_0.o execute -O0 -flto -flto-partition=none
FAIL: gfortran.dg/lto/pr45586-2 f_lto_pr45586-2_0.o-f_lto_pr45586-2_0.o link, -O0 -flto -flto-partition=1to1 (internal compiler error)
UNRESOLVED: gfortran.dg/lto/pr45586-2 f_lto_pr45586-2_0.o-f_lto_pr45586-2_0.o execute -O0 -flto -flto-partition=1to1
FAIL: gfortran.dg/lto/pr45586-2 f_lto_pr45586-2_0.o-f_lto_pr45586-2_0.o link, -O0 -flto (internal compiler error)
UNRESOLVED: gfortran.dg/lto/pr45586-2 f_lto_pr45586-2_0.o-f_lto_pr45586-2_0.o execute -O0 -flto
FAIL: gfortran.dg/lto/pr45586 f_lto_pr45586_0.o-f_lto_pr45586_0.o link, -O0 -flto -flto-partition=none (internal compiler error)
UNRESOLVED: gfortran.dg/lto/pr45586 f_lto_pr45586_0.o-f_lto_pr45586_0.o execute -O0 -flto -flto-partition=none
FAIL: gfortran.dg/lto/pr45586 f_lto_pr45586_0.o-f_lto_pr45586_0.o link, -O0 -flto -flto-partition=1to1 (internal compiler error)
UNRESOLVED: gfortran.dg/lto/pr45586 f_lto_pr45586_0.o-f_lto_pr45586_0.o execute -O0 -flto -flto-partition=1to1
FAIL: gfortran.dg/lto/pr45586 f_lto_pr45586_0.o-f_lto_pr45586_0.o link, -O0 -flto (internal compiler error)
UNRESOLVED: gfortran.dg/lto/pr45586 f_lto_pr45586_0.o-f_lto_pr45586_0.o execute -O0 -flto
=== gfortran Summary for unix/-m64 ===
# of expected passes 41106
# of unexpected failures 7
# of expected failures 95
# of unresolved testcases 6
# of unsupported tests 83
=== gfortran Summary ===
# of expected passes 81886
# of unexpected failures 14
# of expected failures 184
# of unresolved testcases 12
# of unsupported tests 327
/opt/gcc/darwin_buildw/gcc/testsuite/gfortran/../../gfortran version 4.8.0 20120313 (experimental) [trunk revision 185328p3] (GCC)
=== gnat tests ===
Running target unix/-m32
FAIL: gnat.dg/alignment8.adb execution test
=== gnat Summary for unix/-m32 ===
# of expected passes 1064
# of unexpected failures 1
# of expected failures 13
# of unsupported tests 11
Running target unix/-m64
=== gnat Summary for unix/-m64 ===
# of expected passes 1065
# of expected failures 13
# of unsupported tests 11
=== gnat Summary ===
# of expected passes 2129
# of unexpected failures 1
# of expected failures 26
# of unsupported tests 22
/opt/gcc/darwin_buildw/gcc/gnatmake version 4.8.0 20120313 (experimental) [trunk revision 185328p3]
=== obj-c++ tests ===
Running target unix/-m32
=== obj-c++ Summary for unix/-m32 ===
# of expected passes 3159
# of expected failures 2
# of unsupported tests 68
Running target unix/-m64
=== obj-c++ Summary for unix/-m64 ===
# of expected passes 3109
# of expected failures 19
# of unsupported tests 73
=== obj-c++ Summary ===
# of expected passes 6268
# of expected failures 21
# of unsupported tests 141
/opt/gcc/darwin_buildw/gcc/testsuite/obj-c++/../../g++ version 4.8.0 20120313 (experimental) [trunk revision 185328p3] (GCC)
=== objc tests ===
Running target unix/-m32
=== objc Summary for unix/-m32 ===
# of expected passes 6105
# of expected failures 4
# of unsupported tests 84
Running target unix/-m64
=== objc Summary for unix/-m64 ===
# of expected passes 6059
# of expected failures 8
# of unsupported tests 91
=== objc Summary ===
# of expected passes 12164
# of expected failures 12
# of unsupported tests 175
/opt/gcc/darwin_buildw/gcc/xgcc version 4.8.0 20120313 (experimental) [trunk revision 185328p3] (GCC)
=== boehm-gc tests ===
Running target unix/-m32
=== boehm-gc Summary for unix/-m32 ===
# of expected passes 12
# of unsupported tests 1
Running target unix/-m64
=== boehm-gc Summary for unix/-m64 ===
# of expected passes 12
# of unsupported tests 1
=== boehm-gc Summary ===
# of expected passes 24
# of unsupported tests 2
=== libffi tests ===
Running target unix/-m32
FAIL: libffi.call/err_bad_abi.c -O0 -W -Wall execution test
FAIL: libffi.call/nested_struct5.c -O0 -W -Wall execution test
FAIL: libffi.call/err_bad_abi.c -O2 execution test
FAIL: libffi.call/nested_struct5.c -O2 execution test
FAIL: libffi.call/err_bad_abi.c -O3 execution test
FAIL: libffi.call/nested_struct5.c -O3 execution test
FAIL: libffi.call/err_bad_abi.c -Os execution test
FAIL: libffi.call/nested_struct5.c -Os execution test
FAIL: libffi.call/err_bad_abi.c -O2 -fomit-frame-pointer execution test
FAIL: libffi.call/nested_struct5.c -O2 -fomit-frame-pointer execution test
=== libffi Summary for unix/-m32 ===
# of expected passes 1644
# of unexpected failures 10
# of unsupported tests 55
Running target unix/-m64
FAIL: libffi.call/err_bad_abi.c -O0 -W -Wall execution test
FAIL: libffi.call/err_bad_abi.c -O2 execution test
FAIL: libffi.call/err_bad_abi.c -O3 execution test
FAIL: libffi.call/err_bad_abi.c -Os execution test
FAIL: libffi.call/err_bad_abi.c -O2 -fomit-frame-pointer execution test
=== libffi Summary for unix/-m64 ===
# of expected passes 1654
# of unexpected failures 5
# of unsupported tests 55
=== libffi Summary ===
# of expected passes 3298
# of unexpected failures 15
# of unsupported tests 110
=== libgomp tests ===
Running target unix/-m32
=== libgomp Summary for unix/-m32 ===
# of expected passes 2990
# of unsupported tests 3
Running target unix/-m64
=== libgomp Summary for unix/-m64 ===
# of expected passes 2990
# of unsupported tests 3
=== libgomp Summary ===
# of expected passes 5980
# of unsupported tests 6
=== libitm tests ===
Running target unix/-m32
=== libitm Summary for unix/-m32 ===
# of expected passes 26
# of expected failures 3
# of unsupported tests 1
Running target unix/-m64
=== libitm Summary for unix/-m64 ===
# of expected passes 26
# of expected failures 3
# of unsupported tests 1
=== libitm Summary ===
# of expected passes 52
# of expected failures 6
# of unsupported tests 2
=== libjava tests ===
Running target unix/-m32
FAIL: Thread_Sleep_2 output - source compiled test
FAIL: Thread_Sleep_2 -findirect-dispatch output - source compiled test
FAIL: Thread_Sleep_2 -O3 output - source compiled test
FAIL: Thread_Sleep_2 -O3 -findirect-dispatch output - source compiled test
=== libjava Summary for unix/-m32 ===
# of expected passes 2570
# of unexpected failures 4
Running target unix/-m64
FAIL: PR16923 output
FAIL: Thread_Sleep_2 output - source compiled test
FAIL: Thread_Sleep_2 -findirect-dispatch output - source compiled test
FAIL: Thread_Sleep_2 -O3 output - source compiled test
FAIL: Thread_Sleep_2 -O3 -findirect-dispatch output - source compiled test
=== libjava Summary for unix/-m64 ===
# of expected passes 2569
# of unexpected failures 5
=== libjava Summary ===
# of expected passes 5139
# of unexpected failures 9
=== libstdc++ tests ===
Running target unix/-m32
FAIL: ext/mt_allocator/deallocate_global_thread-1.cc execution test
FAIL: ext/mt_allocator/deallocate_global_thread-3.cc execution test
=== libstdc++ Summary for unix/-m32 ===
# of expected passes 7730
# of unexpected failures 2
# of expected failures 43
# of unsupported tests 596
Running target unix/-m64
FAIL: ext/mt_allocator/deallocate_global_thread-1.cc execution test
FAIL: ext/mt_allocator/deallocate_global_thread-3.cc execution test
=== libstdc++ Summary for unix/-m64 ===
# of expected passes 7728
# of unexpected failures 2
# of expected failures 43
# of unsupported tests 597
=== libstdc++ Summary ===
# of expected passes 15458
# of unexpected failures 4
# of expected failures 86
# of unsupported tests 1193
Compiler version: 4.8.0 20120313 (experimental) [trunk revision 185328p3] (GCC)
Platform: powerpc-apple-darwin9.8.0
configure flags: --prefix=/opt/gcc/gcc4.8w --enable-languages=c,c++,fortran,objc,obj-c++,java,ada,lto --with-gmp=/opt/mp --with-system-zlib --with-cloog=/opt/mp --enable-lto --enable-cloog-backend=isl
More information about the Gcc-testresults
mailing list