Results for gcc testsuite on x86_64-unknown-linux-gnu
H.J. Lu x32
x32@gnu-35.sc.intel.com
Thu Mar 15 18:50:00 GMT 2012
LAST_UPDATED: Thu Mar 15 16:41:04 UTC 2012 (revision 185435)
Native configuration is x86_64-unknown-linux-gnu
=== g++ tests ===
Running target unix/-mx32
=== g++ Summary ===
Running target unix/-mx32
=== gcc tests ===
Running target unix/-mx32
=== gcc Summary ===
# of expected passes 13536
Running target unix/-mx32
=== gfortran tests ===
Running target unix/-mx32
=== gfortran Summary ===
Running target unix/-mx32
=== objc tests ===
Running target unix/-mx32
=== objc Summary ===
# of expected passes 1184
=== libmudflap tests ===
Running target unix/-mx32
FAIL: libmudflap.c++/pass55-frag.cxx ( -O) execution test
=== libmudflap Summary ===
# of expected passes 1435
# of unexpected failures 1
=== libstdc++ tests ===
Running target unix/-mx32
=== libstdc++ Summary ===
# of expected passes 8850
# of expected failures 43
# of unsupported tests 169
Compiler version: gcc
Platform: x86_64-unknown-linux-gnu
configure flags: --prefix=/usr/local --enable-clocale=gnu --with-system-zlib --enable-shared --with-demangler-in-ld --with-multilib-list=m32,m64,mx32 --with-fpmath=sse --enable-languages=c,c++,fortran,objc
More information about the Gcc-testresults
mailing list