Results for 4.5.3 (Blastwave.org Inc. Fri Mar 9 00:14:07 GMT 2012) testsuite on i386-pc-solaris2.8
Dennis Clarke
dclarke@blastwave.org
Sun Mar 11 12:08:00 GMT 2012
$ date
Sun Mar 11 07:56:31 GMT 2012
$ uname -a
SunOS titan 5.8 Generic_127722-03 i86pc i386 i86pc
$ which ld
/usr/ccs/bin/ld
$ ld -V
ld: Software Generation Utilities - Solaris Link Editors: 5.8-1.302
ld: fatal: no files on input command line
$ which as
/usr/ccs/bin/as
$ which gcc
/opt/csw/gcc4/bin/gcc
$ gcc --version
gcc (Blastwave.org Inc. Mon Aug 9 07:10:45 GMT 2010) 4.5.1
Copyright (C) 2010 Free Software Foundation, Inc.
This is free software; see the source for copying conditions. There is NO
warranty; not even for MERCHANTABILITY or FITNESS FOR A PARTICULAR PURPOSE.
$ ../gcc-4.5.3/contrib/test_summary
cat <<'EOF' |
LAST_UPDATED: Obtained from SVN: tags/gcc_4_5_3_release revision 173114
=== acats tests ===
=== acats Summary ===
# of expected passes 2321
# of unexpected failures 0
Native configuration is i386-pc-solaris2.8
=== g++ tests ===
Running target unix
FAIL: g++.dg/torture/pr44900.C -O0 execution test
FAIL: g++.dg/torture/pr44900.C -O1 execution test
FAIL: g++.dg/torture/pr44900.C -O2 execution test
FAIL: g++.dg/torture/pr44900.C -O3 -fomit-frame-pointer execution test
FAIL: g++.dg/torture/pr44900.C -O3 -g execution test
FAIL: g++.dg/torture/pr44900.C -Os execution test
FAIL: g++.dg/torture/pr44900.C -O2 -flto execution test
FAIL: g++.dg/torture/pr44900.C -O2 -fwhopr execution test
=== g++ Summary ===
# of expected passes 22814
# of unexpected failures 8
# of expected failures 155
# of unsupported tests 256
/opt/bw/src/gcc-4.5.3-SunOS5.8-i386/gcc/testsuite/g++/../../g++ version 4.5.3
(Blastwave.org Inc. Fri Mar 9 00:14:07 GMT 2012)
=== gcc tests ===
Running target unix
FAIL: gcc.c-torture/compile/limits-exprparen.c -O0 (test for excess errors)
FAIL: gcc.c-torture/compile/limits-exprparen.c -O1 (test for excess errors)
FAIL: gcc.c-torture/compile/limits-exprparen.c -O2 (test for excess errors)
FAIL: gcc.c-torture/compile/limits-exprparen.c -O3 -fomit-frame-pointer
(test for excess errors)
FAIL: gcc.c-torture/compile/limits-exprparen.c -O3 -g (test for excess errors)
FAIL: gcc.c-torture/compile/limits-exprparen.c -Os (test for excess errors)
FAIL: gcc.c-torture/compile/limits-exprparen.c -O2 -flto (test for excess
errors)
FAIL: gcc.c-torture/compile/limits-exprparen.c -O2 -fwhopr (test for excess
errors)
WARNING: program timed out.
FAIL: gcc.c-torture/compile/pr46534.c -O0 (test for excess errors)
WARNING: program timed out.
FAIL: gcc.c-torture/compile/pr46534.c -O1 (test for excess errors)
WARNING: program timed out.
FAIL: gcc.c-torture/compile/pr46534.c -O2 (test for excess errors)
WARNING: program timed out.
FAIL: gcc.c-torture/compile/pr46534.c -O3 -fomit-frame-pointer (test for
excess errors)
WARNING: program timed out.
FAIL: gcc.c-torture/compile/pr46534.c -O3 -g (test for excess errors)
WARNING: program timed out.
FAIL: gcc.c-torture/compile/pr46534.c -Os (test for excess errors)
WARNING: program timed out.
FAIL: gcc.c-torture/compile/pr46534.c -O2 -flto (test for excess errors)
WARNING: program timed out.
FAIL: gcc.c-torture/compile/pr46534.c -O2 -fwhopr (test for excess errors)
FAIL: gcc.dg/lto/20081201-2 c_lto_20081201-2_0.o-c_lto_20081201-2_1.o execute
-O3 -fwhopr
=== gcc Summary ===
# of expected passes 67429
# of unexpected failures 17
# of expected failures 88
# of unsupported tests 1836
/opt/bw/src/gcc-4.5.3-SunOS5.8-i386/gcc/xgcc version 4.5.3 (Blastwave.org
Inc. Fri Mar 9 00:14:07 GMT 2012)
=== gfortran tests ===
Running target unix
=== gfortran Summary ===
# of expected passes 33491
# of expected failures 20
# of unsupported tests 298
/opt/bw/src/gcc-4.5.3-SunOS5.8-i386/gcc/testsuite/gfortran/../../gfortran
version 4.5.3 (Blastwave.org Inc. Fri Mar 9 00:14:07 GMT 2012)
=== gnat tests ===
Running target unix
=== gnat Summary ===
# of expected passes 764
# of expected failures 7
# of unsupported tests 2
=== objc tests ===
Running target unix
=== objc Summary ===
# of expected passes 1882
# of expected failures 7
# of unsupported tests 20
/opt/bw/src/gcc-4.5.3-SunOS5.8-i386/gcc/xgcc version 4.5.3 (Blastwave.org
Inc. Fri Mar 9 00:14:07 GMT 2012)
=== libgomp tests ===
Running target unix
=== libgomp Summary ===
# of expected passes 2538
# of unsupported tests 2
=== libstdc++ tests ===
Running target unix
=== libstdc++ Summary ===
# of expected passes 6337
# of expected failures 91
# of unsupported tests 622
Compiler version: 4.5.3 (Blastwave.org Inc. Fri Mar 9 00:14:07 GMT 2012)
Platform: i386-pc-solaris2.8
configure flags: --host=i386-pc-solaris2.8 --build=i386-pc-solaris2.8
--with-as=/usr/ccs/bin/as --without-gnu-ld --with-ld=/usr/ccs/bin/ld
--enable-multilib --enable-nls --enable-threads=posix --prefix=/opt/bw
--enable-shared --libdir=/opt/bw/lib/i386 --with-gmp-include=/opt/bw/include
--with-gmp-lib=/opt/bw/lib/i386 --with-mpfr-include=/opt/bw/include
--with-mpfr-lib=/opt/bw/lib/i386 --with-mpc-include=/opt/bw/include
--with-mpc-lib=/opt/bw/lib/i386 --libexecdir=/opt/bw/lib
--with-gxx-include-dir=/opt/bw/include --with-local-prefix=/opt/bw/include
--with-pkgversion='Blastwave.org Inc. Fri Mar 9 00:14:07 GMT 2012'
--with-bugurl=http://www.blastwave.org/support
--enable-languages=c,c++,objc,fortran,ada --enable-bootstrap
EOF
Mail -s "Results for 4.5.3 (Blastwave.org Inc. Fri Mar 9 00:14:07 GMT 2012)
testsuite on i386-pc-solaris2.8" gcc-testresults@gcc.gnu.org &&
mv /opt/bw/src/gcc-4.5.3-SunOS5.8-i386/./gcc/testsuite/ada/acats/acats.sum
/opt/bw/src/gcc-4.5.3-SunOS5.8-i386/./gcc/testsuite/ada/acats/acats.sum.sent
&&
mv /opt/bw/src/gcc-4.5.3-SunOS5.8-i386/./gcc/testsuite/g++/g++.sum
/opt/bw/src/gcc-4.5.3-SunOS5.8-i386/./gcc/testsuite/g++/g++.sum.sent &&
mv /opt/bw/src/gcc-4.5.3-SunOS5.8-i386/./gcc/testsuite/gcc/gcc.sum
/opt/bw/src/gcc-4.5.3-SunOS5.8-i386/./gcc/testsuite/gcc/gcc.sum.sent &&
mv /opt/bw/src/gcc-4.5.3-SunOS5.8-i386/./gcc/testsuite/gfortran/gfortran.sum
/opt/bw/src/gcc-4.5.3-SunOS5.8-i386/./gcc/testsuite/gfortran/gfortran.sum.sent
&&
mv /opt/bw/src/gcc-4.5.3-SunOS5.8-i386/./gcc/testsuite/gnat/gnat.sum
/opt/bw/src/gcc-4.5.3-SunOS5.8-i386/./gcc/testsuite/gnat/gnat.sum.sent &&
mv /opt/bw/src/gcc-4.5.3-SunOS5.8-i386/./gcc/testsuite/objc/objc.sum
/opt/bw/src/gcc-4.5.3-SunOS5.8-i386/./gcc/testsuite/objc/objc.sum.sent &&
mv
/opt/bw/src/gcc-4.5.3-SunOS5.8-i386/./i386-pc-solaris2.8/libgomp/testsuite/libgomp.sum
/opt/bw/src/gcc-4.5.3-SunOS5.8-i386/./i386-pc-solaris2.8/libgomp/testsuite/libgomp.sum.sent
&&
mv
/opt/bw/src/gcc-4.5.3-SunOS5.8-i386/./i386-pc-solaris2.8/libstdc++-v3/testsuite/libstdc++.sum
/opt/bw/src/gcc-4.5.3-SunOS5.8-i386/./i386-pc-solaris2.8/libstdc++-v3/testsuite/libstdc++.sum.sent
&&
mv /opt/bw/src/gcc-4.5.3-SunOS5.8-i386/./gcc/testsuite/ada/acats/acats.log
/opt/bw/src/gcc-4.5.3-SunOS5.8-i386/./gcc/testsuite/ada/acats/acats.log.sent
&&
mv /opt/bw/src/gcc-4.5.3-SunOS5.8-i386/./gcc/testsuite/g++/g++.log
/opt/bw/src/gcc-4.5.3-SunOS5.8-i386/./gcc/testsuite/g++/g++.log.sent &&
mv /opt/bw/src/gcc-4.5.3-SunOS5.8-i386/./gcc/testsuite/gcc/gcc.log
/opt/bw/src/gcc-4.5.3-SunOS5.8-i386/./gcc/testsuite/gcc/gcc.log.sent &&
mv /opt/bw/src/gcc-4.5.3-SunOS5.8-i386/./gcc/testsuite/gfortran/gfortran.log
/opt/bw/src/gcc-4.5.3-SunOS5.8-i386/./gcc/testsuite/gfortran/gfortran.log.sent
&&
mv /opt/bw/src/gcc-4.5.3-SunOS5.8-i386/./gcc/testsuite/gnat/gnat.log
/opt/bw/src/gcc-4.5.3-SunOS5.8-i386/./gcc/testsuite/gnat/gnat.log.sent &&
mv /opt/bw/src/gcc-4.5.3-SunOS5.8-i386/./gcc/testsuite/objc/objc.log
/opt/bw/src/gcc-4.5.3-SunOS5.8-i386/./gcc/testsuite/objc/objc.log.sent &&
mv
/opt/bw/src/gcc-4.5.3-SunOS5.8-i386/./i386-pc-solaris2.8/libgomp/testsuite/libgomp.log
/opt/bw/src/gcc-4.5.3-SunOS5.8-i386/./i386-pc-solaris2.8/libgomp/testsuite/libgomp.log.sent
&&
mv
/opt/bw/src/gcc-4.5.3-SunOS5.8-i386/./i386-pc-solaris2.8/libstdc++-v3/testsuite/libstdc++.log
/opt/bw/src/gcc-4.5.3-SunOS5.8-i386/./i386-pc-solaris2.8/libstdc++-v3/testsuite/libstdc++.log.sent
&&
true
More information about the Gcc-testresults
mailing list