Results for 4.8.0 20120302 (experimental) [trunk revision 184799] (GCC) testsuite on x86_64-pc-solaris2.11
Rainer Orth
ro@CeBiTec.Uni-Bielefeld.DE
Mon Mar 5 13:30:00 GMT 2012
LAST_UPDATED: Fri Mar 2 17:01:24 UTC 2012 (revision 184799)
Native configuration is x86_64-pc-solaris2.11
=== boehm-gc tests ===
Running target unix/-m32
=== boehm-gc Summary for unix/-m32 ===
# of expected passes 12
# of unsupported tests 1
Running target unix
=== boehm-gc Summary for unix ===
# of expected passes 12
# of unsupported tests 1
=== boehm-gc Summary ===
# of expected passes 24
# of unsupported tests 2
=== libffi tests ===
Running target unix/-m32
=== libffi Summary for unix/-m32 ===
# of expected passes 1634
# of expected failures 10
# of unsupported tests 55
Running target unix
=== libffi Summary for unix ===
# of expected passes 1634
# of expected failures 10
# of unsupported tests 55
=== libffi Summary ===
# of expected passes 3268
# of expected failures 20
# of unsupported tests 110
=== libgo tests ===
Running target unix
FAIL: net
FAIL: reflect
FAIL: net/http
FAIL: net/http/httputil
=== libgo Summary for unix ===
# of expected passes 119
# of unexpected failures 4
Running target unix/-m32
FAIL: net
FAIL: strconv
FAIL: net/http
FAIL: net/http/httputil
=== libgo Summary for unix/-m32 ===
# of expected passes 119
# of unexpected failures 4
=== libgo Summary ===
# of expected passes 238
# of unexpected failures 8
/var/gcc/regression/trunk/11-gcc-64/build/./gcc/gccgo version 4.8.0 20120302 (experimental) [trunk revision 184799] (GCC)
=== libgomp tests ===
Running target unix/-m32
=== libgomp Summary for unix/-m32 ===
# of expected passes 2990
# of unsupported tests 3
Running target unix
=== libgomp Summary for unix ===
# of expected passes 2990
# of unsupported tests 3
=== libgomp Summary ===
# of expected passes 5980
# of unsupported tests 6
=== libitm tests ===
Running target unix/-m32
FAIL: libitm.c/memcpy-1.c (internal compiler error)
FAIL: libitm.c/memcpy-1.c (test for excess errors)
WARNING: libitm.c/memcpy-1.c compilation failed to produce executable
=== libitm Summary for unix/-m32 ===
# of expected passes 24
# of unexpected failures 2
# of expected failures 3
# of unsupported tests 1
Running target unix
=== libitm Summary for unix ===
# of expected passes 26
# of expected failures 3
# of unsupported tests 1
=== libitm Summary ===
# of expected passes 50
# of unexpected failures 2
# of expected failures 6
# of unsupported tests 2
=== libjava tests ===
Running target unix/-m32
=== libjava Summary for unix/-m32 ===
# of expected passes 2574
Running target unix
=== libjava Summary for unix ===
# of expected passes 2574
=== libjava Summary ===
# of expected passes 5148
=== libmudflap tests ===
Running target unix/-m32
=== libmudflap Summary for unix/-m32 ===
# of expected passes 1442
Running target unix
FAIL: libmudflap.c++/pass55-frag.cxx ( -O) execution test
=== libmudflap Summary for unix ===
# of expected passes 1441
# of unexpected failures 1
=== libmudflap Summary ===
# of expected passes 2883
# of unexpected failures 1
=== libstdc++ tests ===
Running target unix
FAIL: libstdc++-abi/abi_check
=== libstdc++ Summary for unix ===
# of expected passes 7921
# of unexpected failures 1
# of expected failures 43
# of unsupported tests 502
Running target unix/-m32
=== libstdc++ Summary for unix/-m32 ===
# of expected passes 7922
# of expected failures 43
# of unsupported tests 502
=== libstdc++ Summary ===
# of expected passes 15843
# of unexpected failures 1
# of expected failures 86
# of unsupported tests 1004
=== acats tests ===
=== acats Summary ===
# of expected passes 2320
# of unexpected failures 0
=== g++ tests ===
Running target unix
=== g++ Summary for unix ===
# of expected passes 47810
# of expected failures 288
# of unsupported tests 608
Running target unix/-m32
=== g++ Summary for unix/-m32 ===
# of expected passes 47015
# of expected failures 288
# of unsupported tests 380
=== g++ Summary ===
# of expected passes 94825
# of expected failures 576
# of unsupported tests 988
/var/gcc/regression/trunk/11-gcc-64/build/gcc/testsuite/g++/../../g++ version 4.8.0 20120302 (experimental) [trunk revision 184799] (GCC)
=== gcc tests ===
Running target unix
=== gcc Summary for unix ===
# of expected passes 83394
# of expected failures 260
# of unsupported tests 1668
Running target unix/-m32
=== gcc Summary for unix/-m32 ===
# of expected passes 83124
# of expected failures 260
# of unsupported tests 1318
=== gcc Summary ===
# of expected passes 166518
# of expected failures 520
# of unsupported tests 2986
/var/gcc/regression/trunk/11-gcc-64/build/gcc/xgcc version 4.8.0 20120302 (experimental) [trunk revision 184799] (GCC)
=== gfortran tests ===
Running target unix
=== gfortran Summary for unix ===
# of expected passes 40913
# of expected failures 56
# of unsupported tests 77
Running target unix/-m32
=== gfortran Summary for unix/-m32 ===
# of expected passes 40626
# of expected failures 56
# of unsupported tests 215
=== gfortran Summary ===
# of expected passes 81539
# of expected failures 112
# of unsupported tests 292
/var/gcc/regression/trunk/11-gcc-64/build/gcc/testsuite/gfortran/../../gfortran version 4.8.0 20120302 (experimental) [trunk revision 184799] (GCC)
=== gnat tests ===
Running target unix/-m32
=== gnat Summary for unix/-m32 ===
# of expected passes 1078
# of expected failures 13
# of unsupported tests 5
Running target unix
=== gnat Summary for unix ===
# of expected passes 1078
# of expected failures 13
# of unsupported tests 5
=== gnat Summary ===
# of expected passes 2156
# of expected failures 26
# of unsupported tests 10
/var/gcc/regression/trunk/11-gcc-64/build/gcc/gnatmake version 4.8.0 20120302 (experimental) [trunk revision 184799]
=== go tests ===
Running target unix
=== go Summary for unix ===
# of expected passes 3300
# of expected failures 4
# of untested testcases 6
Running target unix/-m32
=== go Summary for unix/-m32 ===
# of expected passes 3300
# of expected failures 4
# of untested testcases 6
=== go Summary ===
# of expected passes 6600
# of expected failures 8
# of untested testcases 12
/var/gcc/regression/trunk/11-gcc-64/build/gcc/testsuite/go/../../gccgo version 4.8.0 20120302 (experimental) [trunk revision 184799] (GCC)
=== obj-c++ tests ===
Running target unix/-m32
=== obj-c++ Summary for unix/-m32 ===
# of expected passes 1450
# of expected failures 2
# of unsupported tests 86
Running target unix
=== obj-c++ Summary for unix ===
# of expected passes 1442
# of expected failures 10
# of unsupported tests 86
=== obj-c++ Summary ===
# of expected passes 2892
# of expected failures 12
# of unsupported tests 172
/var/gcc/regression/trunk/11-gcc-64/build/gcc/testsuite/obj-c++/../../g++ version 4.8.0 20120302 (experimental) [trunk revision 184799] (GCC)
=== objc tests ===
Running target unix
=== objc Summary for unix ===
# of expected passes 2988
# of expected failures 6
# of unsupported tests 74
Running target unix/-m32
=== objc Summary for unix/-m32 ===
# of expected passes 2988
# of expected failures 6
# of unsupported tests 74
=== objc Summary ===
# of expected passes 5976
# of expected failures 12
# of unsupported tests 148
/var/gcc/regression/trunk/11-gcc-64/build/gcc/xgcc version 4.8.0 20120302 (experimental) [trunk revision 184799] (GCC)
Compiler version: 4.8.0 20120302 (experimental) [trunk revision 184799] (GCC)
Platform: x86_64-pc-solaris2.11
configure flags: --prefix=/vol/gcc --target=amd64-pc-solaris2.11 --enable-objc-gc --enable-libmudflap --with-host-libstdcxx='-L/vol/gcc-4.4/lib/amd64 -Wl,-Bstatic -lstdc++ -Wl,-Bdynamic -lm' --with-boot-ldflags='-static-libstdc++ -static-libgcc -L/vol/gcc-4.4/lib/amd64' --with-gmp-include=/vol/gcc/include --with-gmp-lib=/vol/gcc/lib/amd64 --with-mpfr-include=/vol/gcc/include --with-mpfr-lib=/vol/gcc/lib/amd64 --with-mpc-include=/vol/gcc/include --with-mpc-lib=/vol/gcc/lib/amd64 --enable-languages=all,ada,obj-c++,go --with-ppl-include=/vol/gcc/include --with-ppl-lib=/vol/gcc/lib/amd64 --with-cloog-include=/vol/gcc/include --with-cloog-lib=/vol/gcc/lib/amd64 --enable-cloog-backend=ppl --build=amd64-pc-solaris2.11 --host=amd64-pc-solaris2.11
BOOT_CFLAGS=-g -O2
More information about the Gcc-testresults
mailing list