Results for 4.8.0 20120302 (experimental) [trunk revision 184799] (GCC) testsuite on sparcv9-sun-solaris2.11
Rainer Orth
ro@CeBiTec.Uni-Bielefeld.DE
Mon Mar 5 13:26:00 GMT 2012
LAST_UPDATED: Fri Mar 2 17:01:24 UTC 2012 (revision 184799)
=== acats tests ===
=== acats Summary ===
# of expected passes 2320
# of unexpected failures 0
Native configuration is sparcv9-sun-solaris2.11
=== g++ tests ===
Running target unix
=== g++ Summary for unix ===
# of expected passes 47651
# of expected failures 288
# of unsupported tests 685
Running target unix/-m32
=== g++ Summary for unix/-m32 ===
# of expected passes 46414
# of expected failures 288
# of unsupported tests 692
=== g++ Summary ===
# of expected passes 94065
# of expected failures 576
# of unsupported tests 1377
/var/gcc/regression/trunk/11-gcc-gas-gld-64/build/gcc/testsuite/g++/../../g++ version 4.8.0 20120302 (experimental) [trunk revision 184799] (GCC)
=== gcc tests ===
Running target unix
FAIL: gcc.dg/pr44194-1.c scan-rtl-dump dse1 "global deletions = 2"
=== gcc Summary for unix ===
# of expected passes 75543
# of unexpected failures 1
# of expected failures 304
# of unsupported tests 1577
Running target unix/-m32
FAIL: gcc.dg/simulate-thread/atomic-other-int.c -O2 -g thread simulation test
FAIL: gcc.dg/simulate-thread/atomic-other-int.c -O3 -g thread simulation test
FAIL: gcc.dg/simulate-thread/atomic-other-short.c -O2 -g thread simulation test
FAIL: gcc.dg/simulate-thread/atomic-other-short.c -O3 -g thread simulation test
FAIL: gcc.dg/simulate-thread/speculative-store.c -O0 -g thread simulation test
=== gcc Summary for unix/-m32 ===
# of expected passes 74880
# of unexpected failures 5
# of expected failures 317
# of unsupported tests 1588
=== gcc Summary ===
# of expected passes 150423
# of unexpected failures 6
# of expected failures 621
# of unsupported tests 3165
/var/gcc/regression/trunk/11-gcc-gas-gld-64/build/gcc/xgcc version 4.8.0 20120302 (experimental) [trunk revision 184799] (GCC)
=== gfortran tests ===
Running target unix
=== gfortran Summary for unix ===
# of expected passes 40753
# of expected failures 44
# of unsupported tests 95
Running target unix/-m32
=== gfortran Summary for unix/-m32 ===
# of expected passes 40426
# of expected failures 44
# of unsupported tests 256
=== gfortran Summary ===
# of expected passes 81179
# of expected failures 88
# of unsupported tests 351
/var/gcc/regression/trunk/11-gcc-gas-gld-64/build/gcc/testsuite/gfortran/../../gfortran version 4.8.0 20120302 (experimental) [trunk revision 184799] (GCC)
=== gnat tests ===
Running target unix/-m32
FAIL: gnat.dg/lto8.adb (test for excess errors)
WARNING: gnat.dg/lto8.adb compilation failed to produce executable
=== gnat Summary for unix/-m32 ===
# of expected passes 1062
# of unexpected failures 1
# of expected failures 13
# of unsupported tests 12
Running target unix
FAIL: gnat.dg/lto8.adb (test for excess errors)
WARNING: gnat.dg/lto8.adb compilation failed to produce executable
=== gnat Summary for unix ===
# of expected passes 1062
# of unexpected failures 1
# of expected failures 13
# of unsupported tests 12
=== gnat Summary ===
# of expected passes 2124
# of unexpected failures 2
# of expected failures 26
# of unsupported tests 24
/var/gcc/regression/trunk/11-gcc-gas-gld-64/build/gcc/gnatmake version 4.8.0 20120302 (experimental) [trunk revision 184799]
=== go tests ===
Running target unix
=== go Summary for unix ===
# of expected passes 3298
# of expected failures 4
# of untested testcases 7
Running target unix/-m32
=== go Summary for unix/-m32 ===
# of expected passes 3298
# of expected failures 4
# of untested testcases 7
=== go Summary ===
# of expected passes 6596
# of expected failures 8
# of untested testcases 14
/var/gcc/regression/trunk/11-gcc-gas-gld-64/build/gcc/testsuite/go/../../gccgo version 4.8.0 20120302 (experimental) [trunk revision 184799] (GCC)
=== obj-c++ tests ===
Running target unix/-m32
=== obj-c++ Summary for unix/-m32 ===
# of expected passes 1450
# of expected failures 2
# of unsupported tests 86
Running target unix
=== obj-c++ Summary for unix ===
# of expected passes 1442
# of expected failures 10
# of unsupported tests 86
=== obj-c++ Summary ===
# of expected passes 2892
# of expected failures 12
# of unsupported tests 172
/var/gcc/regression/trunk/11-gcc-gas-gld-64/build/gcc/testsuite/obj-c++/../../g++ version 4.8.0 20120302 (experimental) [trunk revision 184799] (GCC)
=== objc tests ===
Running target unix
=== objc Summary for unix ===
# of expected passes 2994
# of unsupported tests 74
Running target unix/-m32
=== objc Summary for unix/-m32 ===
# of expected passes 2994
# of unsupported tests 74
=== objc Summary ===
# of expected passes 5988
# of unsupported tests 148
/var/gcc/regression/trunk/11-gcc-gas-gld-64/build/gcc/xgcc version 4.8.0 20120302 (experimental) [trunk revision 184799] (GCC)
=== boehm-gc tests ===
Running target unix/-m32
FAIL: staticrootslib.lo -O2 (test for excess errors)
=== boehm-gc Summary for unix/-m32 ===
# of expected passes 11
# of unexpected failures 1
# of unsupported tests 1
Running target unix
FAIL: staticrootslib.lo -O2 (test for excess errors)
FAIL: boehm-gc.lib/staticrootstest.c -O2 (test for excess errors)
WARNING: boehm-gc.lib/staticrootstest.c -O2 compilation failed to produce executable
=== boehm-gc Summary for unix ===
# of expected passes 9
# of unexpected failures 2
# of unsupported tests 1
=== boehm-gc Summary ===
# of expected passes 20
# of unexpected failures 3
# of unsupported tests 2
=== libffi tests ===
Running target unix/-m32
=== libffi Summary for unix/-m32 ===
# of expected passes 1634
# of expected failures 10
# of unsupported tests 55
Running target unix
=== libffi Summary for unix ===
# of expected passes 1634
# of expected failures 10
# of unsupported tests 55
=== libffi Summary ===
# of expected passes 3268
# of expected failures 20
# of unsupported tests 110
=== libgo tests ===
Running target unix
FAIL: net
FAIL: net/http
FAIL: net/http/httputil
=== libgo Summary for unix ===
# of expected passes 120
# of unexpected failures 3
Running target unix/-m32
FAIL: net
FAIL: net/http
FAIL: net/http/httputil
=== libgo Summary for unix/-m32 ===
# of expected passes 120
# of unexpected failures 3
=== libgo Summary ===
# of expected passes 240
# of unexpected failures 6
/var/gcc/regression/trunk/11-gcc-gas-gld-64/build/./gcc/gccgo version 4.8.0 20120302 (experimental) [trunk revision 184799] (GCC)
=== libgomp tests ===
Running target unix/-m32
=== libgomp Summary for unix/-m32 ===
# of expected passes 2944
# of unsupported tests 3
Running target unix
=== libgomp Summary for unix ===
# of expected passes 2944
# of unsupported tests 3
=== libgomp Summary ===
# of expected passes 5888
# of unsupported tests 6
=== libitm tests ===
Running target unix/-m32
FAIL: libitm.c/memcpy-1.c (internal compiler error)
FAIL: libitm.c/memcpy-1.c (test for excess errors)
WARNING: libitm.c/memcpy-1.c compilation failed to produce executable
=== libitm Summary for unix/-m32 ===
# of expected passes 24
# of unexpected failures 2
# of expected failures 3
# of unsupported tests 1
Running target unix
=== libitm Summary for unix ===
# of expected passes 26
# of expected failures 3
# of unsupported tests 1
=== libitm Summary ===
# of expected passes 50
# of unexpected failures 2
# of expected failures 6
# of unsupported tests 2
=== libjava tests ===
Running target unix/-m32
FAIL: cxxtest.cc compilation
FAIL: natgetargssize.cc compilation
FAIL: natgetlocalvartable.cc compilation
FAIL: natgetstacktrace.cc compilation
=== libjava Summary for unix/-m32 ===
# of expected passes 2563
# of unexpected failures 4
Running target unix
FAIL: cxxtest.cc compilation
FAIL: natgetargssize.cc compilation
FAIL: natgetlocalvartable.cc compilation
FAIL: natgetstacktrace.cc compilation
=== libjava Summary for unix ===
# of expected passes 2563
# of unexpected failures 4
=== libjava Summary ===
# of expected passes 5126
# of unexpected failures 8
=== libmudflap tests ===
Running target unix/-m32
=== libmudflap Summary for unix/-m32 ===
# of expected passes 1442
Running target unix
FAIL: libmudflap.c++/pass55-frag.cxx ( -O) execution test
=== libmudflap Summary for unix ===
# of expected passes 1441
# of unexpected failures 1
=== libmudflap Summary ===
# of expected passes 2883
# of unexpected failures 1
=== libstdc++ tests ===
Running target unix
=== libstdc++ Summary for unix ===
# of expected passes 7922
# of expected failures 43
# of unsupported tests 502
Running target unix/-m32
=== libstdc++ Summary for unix/-m32 ===
# of expected passes 7922
# of expected failures 43
# of unsupported tests 502
=== libstdc++ Summary ===
# of expected passes 15844
# of expected failures 86
# of unsupported tests 1004
Compiler version: 4.8.0 20120302 (experimental) [trunk revision 184799] (GCC)
Platform: sparcv9-sun-solaris2.11
configure flags: --prefix=/vol/gcc --target=sparcv9-sun-solaris2.11 --enable-objc-gc --enable-libmudflap --with-as=/vol/gcc/bin/gas-2.22 --with-gnu-as --with-ld=/vol/gcc/bin/sparcv9/gld-2.22 --with-gnu-ld --with-gmp-include=/vol/gcc/include --with-gmp-lib=/vol/gcc/lib/sparcv9 --with-mpfr-include=/vol/gcc/include --with-mpfr-lib=/vol/gcc/lib/sparcv9 --with-mpc-include=/vol/gcc/include --with-mpc-lib=/vol/gcc/lib/sparcv9 --enable-languages=all,ada,obj-c++,go --without-ppl --without-cloog --build=sparcv9-sun-solaris2.11 --host=sparcv9-sun-solaris2.11
BOOT_CFLAGS=-g -O2
More information about the Gcc-testresults
mailing list