Results for 4.8.0 20120625 (experimental) [trunk revision 188922] (GCC) testsuite on hppa-unknown-linux-gnu
Dave Anglin
dave.anglin@bell.net
Tue Jun 26 12:34:00 GMT 2012
LAST_UPDATED: Mon Jun 25 02:47:38 UTC 2012 (revision 188922)
=== acats tests ===
FAIL: c96005a
FAIL: c96005f
FAIL: c96008a
FAIL: c96008b
=== acats Summary ===
# of expected passes 2316
# of unexpected failures 4
Native configuration is hppa-unknown-linux-gnu
=== gcc tests ===
Running target unix
FAIL: gcc.c-torture/execute/930921-1.c execution, -O0
FAIL: gcc.c-torture/execute/930921-1.c execution, -O1
FAIL: gcc.c-torture/execute/pr51581-1.c execution, -O0
FAIL: gcc.c-torture/execute/pr51581-1.c execution, -O1
FAIL: gcc.c-torture/execute/pr51581-2.c execution, -O0
FAIL: gcc.c-torture/execute/pr51581-2.c execution, -O1
XPASS: gcc.dg/Wstrict-overflow-18.c (test for bogus messages, line 20)
FAIL: gcc.dg/attr-weakref-1.c (test for excess errors)
UNRESOLVED: gcc.dg/attr-weakref-1.c compilation failed to produce executable
FAIL: gcc.dg/lower-subreg-1.c scan-rtl-dump subreg1 "Splitting reg"
FAIL: gcc.dg/simulate-thread/atomic-other-int.c -O3 -g thread simulation test
FAIL: gcc.dg/simulate-thread/atomic-other-short.c -O3 -g thread simulation test
FAIL: gcc.dg/simulate-thread/subfields.c -O2 -g thread simulation test
FAIL: gcc.dg/simulate-thread/subfields.c -O3 -g thread simulation test
FAIL: gcc.dg/torture/pr37731-1.c -O1 execution test
FAIL: gcc.dg/torture/pr37731-1.c -O2 execution test
FAIL: gcc.dg/torture/pr37731-1.c -O3 -fomit-frame-pointer execution test
FAIL: gcc.dg/torture/pr37731-1.c -O3 -g execution test
FAIL: gcc.dg/torture/pr37731-1.c -Os execution test
FAIL: gcc.dg/torture/pr37731-1.c -O2 -flto -fno-use-linker-plugin -flto-partition=none execution test
FAIL: gcc.dg/torture/pr37731-2.c -O1 execution test
FAIL: gcc.dg/torture/pr37731-2.c -O2 execution test
FAIL: gcc.dg/torture/pr37731-2.c -O3 -fomit-frame-pointer execution test
FAIL: gcc.dg/torture/pr37731-2.c -O3 -g execution test
FAIL: gcc.dg/torture/pr37731-2.c -Os execution test
FAIL: gcc.dg/torture/pr37731-2.c -O2 -flto -fno-use-linker-plugin -flto-partition=none execution test
FAIL: gcc.dg/torture/pr51106-2.c -O0 (internal compiler error)
FAIL: gcc.dg/torture/pr51106-2.c -O0 (test for excess errors)
FAIL: gcc.dg/torture/pr51106-2.c -O1 (internal compiler error)
FAIL: gcc.dg/torture/pr51106-2.c -O1 (test for excess errors)
FAIL: gcc.dg/torture/pr51106-2.c -O2 (internal compiler error)
FAIL: gcc.dg/torture/pr51106-2.c -O2 (test for excess errors)
FAIL: gcc.dg/torture/pr51106-2.c -O3 -fomit-frame-pointer (internal compiler error)
FAIL: gcc.dg/torture/pr51106-2.c -O3 -fomit-frame-pointer (test for excess errors)
FAIL: gcc.dg/torture/pr51106-2.c -O3 -g (internal compiler error)
FAIL: gcc.dg/torture/pr51106-2.c -O3 -g (test for excess errors)
FAIL: gcc.dg/torture/pr51106-2.c -Os (internal compiler error)
FAIL: gcc.dg/torture/pr51106-2.c -Os (test for excess errors)
FAIL: gcc.dg/torture/pr51106-2.c -O2 -flto -fno-use-linker-plugin -flto-partition=none (internal compiler error)
FAIL: gcc.dg/torture/pr51106-2.c -O2 -flto -fno-use-linker-plugin -flto-partition=none (test for excess errors)
XPASS: gcc.dg/tree-ssa/loop-1.c scan-assembler-times foo 5
FAIL: gcc.dg/tree-ssa/vector-4.c scan-tree-dump-times gimple "VEC_PERM_EXPR <a, b, { 0, 4, 1, 5 }>;" 1
=== gcc Summary ===
# of expected passes 73843
# of unexpected failures 39
# of unexpected successes 2
# of expected failures 112
# of unresolved testcases 1
# of unsupported tests 1233
/home/dave/gnu/gcc/objdir/gcc/xgcc version 4.8.0 20120625 (experimental) [trunk revision 188922] (GCC)
=== gfortran tests ===
Running target unix
FAIL: gfortran.dg/pr45636.f90 -O scan-tree-dump-times forwprop2 "memset" 0
FAIL: gfortran.dg/lto/pr45586-2 f_lto_pr45586-2_0.o-f_lto_pr45586-2_0.o link, -O0 -flto -flto-partition=none -fuse-linker-plugin (internal compiler error)
UNRESOLVED: gfortran.dg/lto/pr45586-2 f_lto_pr45586-2_0.o-f_lto_pr45586-2_0.o execute -O0 -flto -flto-partition=none -fuse-linker-plugin
FAIL: gfortran.dg/lto/pr45586-2 f_lto_pr45586-2_0.o-f_lto_pr45586-2_0.o link, -O0 -flto -flto-partition=1to1 -fno-use-linker-plugin (internal compiler error)
UNRESOLVED: gfortran.dg/lto/pr45586-2 f_lto_pr45586-2_0.o-f_lto_pr45586-2_0.o execute -O0 -flto -flto-partition=1to1 -fno-use-linker-plugin
FAIL: gfortran.dg/lto/pr45586-2 f_lto_pr45586-2_0.o-f_lto_pr45586-2_0.o link, -O0 -flto -fuse-linker-plugin -fno-fat-lto-objects (internal compiler error)
UNRESOLVED: gfortran.dg/lto/pr45586-2 f_lto_pr45586-2_0.o-f_lto_pr45586-2_0.o execute -O0 -flto -fuse-linker-plugin -fno-fat-lto-objects
FAIL: gfortran.dg/lto/pr45586 f_lto_pr45586_0.o-f_lto_pr45586_0.o link, -O0 -flto -flto-partition=none -fuse-linker-plugin (internal compiler error)
UNRESOLVED: gfortran.dg/lto/pr45586 f_lto_pr45586_0.o-f_lto_pr45586_0.o execute -O0 -flto -flto-partition=none -fuse-linker-plugin
FAIL: gfortran.dg/lto/pr45586 f_lto_pr45586_0.o-f_lto_pr45586_0.o link, -O0 -flto -flto-partition=1to1 -fno-use-linker-plugin (internal compiler error)
UNRESOLVED: gfortran.dg/lto/pr45586 f_lto_pr45586_0.o-f_lto_pr45586_0.o execute -O0 -flto -flto-partition=1to1 -fno-use-linker-plugin
FAIL: gfortran.dg/lto/pr45586 f_lto_pr45586_0.o-f_lto_pr45586_0.o link, -O0 -flto -fuse-linker-plugin -fno-fat-lto-objects (internal compiler error)
UNRESOLVED: gfortran.dg/lto/pr45586 f_lto_pr45586_0.o-f_lto_pr45586_0.o execute -O0 -flto -fuse-linker-plugin -fno-fat-lto-objects
=== gfortran Summary ===
# of expected passes 40441
# of unexpected failures 7
# of expected failures 56
# of unresolved testcases 6
# of unsupported tests 386
/home/dave/gnu/gcc/objdir/gcc/testsuite/gfortran/../../gfortran version 4.8.0 20120625 (experimental) [trunk revision 188922] (GCC)
=== g++ tests ===
Running target unix
FAIL: g++.dg/debug/dwarf2/nested-3.C -std=gnu++98 scan-assembler [^\\n\\r]*\\\\(DIE \\\\(0x([0-9a-f]+)\\\\) DW_TAG_namespace\\\\)[\\n\\r]+[^\\n\\r]*"thread[^\\n\\r]+[\\n\\r]+([^\\n\\r]*[\\n\\r]+)+[^\\n\\r]*\\\\(DIE \\\\(0x([0-9a-f]+)\\\\) DW_TAG_class_type\\\\)([\\n\\r]+[^\\n\\r]*)+"Executor[^\\n\\r]+[\\n\\r]+[^\\n\\r]*DW_AT_declaration[\\n\\r]+[^\\n\\r]*DW_AT_signature[^#/!|@]*[#/!|@] [^\\n\\r]*\\\\(DIE[^\\n\\r]*DW_TAG_subprogram\\\\)[\\n\\r]+([^\\n\\r]*[\\n\\r]+)+[^\\n\\r]*"CurrentExecutor[^\\n\\r]+[\\n\\r]+([^\\n\\r]*[\\n\\r]+)+([^\\n\\r]*[\\n\\r]+)+[^\\n\\r]*end of children of DIE 0x\\\\3[\\n\\r]+[^\\n\\r]*end of children of DIE 0x\\\\1[\\n\\r]+
FAIL: g++.dg/debug/dwarf2/nested-3.C -std=gnu++11 scan-assembler [^\\n\\r]*\\\\(DIE \\\\(0x([0-9a-f]+)\\\\) DW_TAG_namespace\\\\)[\\n\\r]+[^\\n\\r]*"thread[^\\n\\r]+[\\n\\r]+([^\\n\\r]*[\\n\\r]+)+[^\\n\\r]*\\\\(DIE \\\\(0x([0-9a-f]+)\\\\) DW_TAG_class_type\\\\)([\\n\\r]+[^\\n\\r]*)+"Executor[^\\n\\r]+[\\n\\r]+[^\\n\\r]*DW_AT_declaration[\\n\\r]+[^\\n\\r]*DW_AT_signature[^#/!|@]*[#/!|@] [^\\n\\r]*\\\\(DIE[^\\n\\r]*DW_TAG_subprogram\\\\)[\\n\\r]+([^\\n\\r]*[\\n\\r]+)+[^\\n\\r]*"CurrentExecutor[^\\n\\r]+[\\n\\r]+([^\\n\\r]*[\\n\\r]+)+([^\\n\\r]*[\\n\\r]+)+[^\\n\\r]*end of children of DIE 0x\\\\3[\\n\\r]+[^\\n\\r]*end of children of DIE 0x\\\\1[\\n\\r]+
FAIL: g++.dg/simulate-thread/bitfields-2.C -O2 -g -std=c++98 thread simulation test
FAIL: g++.dg/simulate-thread/bitfields-2.C -O3 -g -std=c++11 thread simulation test
FAIL: g++.dg/simulate-thread/bitfields-2.C -Os -g thread simulation test
FAIL: g++.dg/simulate-thread/bitfields.C -O2 -g -std=c++98 thread simulation test
FAIL: g++.dg/simulate-thread/bitfields.C -O3 -g -std=c++11 thread simulation test
FAIL: g++.dg/simulate-thread/bitfields.C -Os -g thread simulation test
FAIL: c-c++-common/simulate-thread/bitfields-2.c -Os -g thread simulation test
=== g++ Summary ===
# of expected passes 47176
# of unexpected failures 9
# of expected failures 284
# of unsupported tests 724
/home/dave/gnu/gcc/objdir/gcc/testsuite/g++/../../g++ version 4.8.0 20120625 (experimental) [trunk revision 188922] (GCC)
=== gnat tests ===
Running target unix
FAIL: gnat.dg/array11.adb (test for warnings, line 12)
FAIL: gnat.dg/object_overflow.adb (test for warnings, line 8)
=== gnat Summary ===
# of expected passes 1102
# of unexpected failures 2
# of expected failures 17
# of unsupported tests 9
/home/dave/gnu/gcc/objdir/gcc/gnatmake version 4.8.0 20120625 (experimental) [trunk revision 188922]
=== obj-c++ tests ===
Running target unix
=== obj-c++ Summary ===
# of expected passes 1450
# of expected failures 2
# of unsupported tests 86
/home/dave/gnu/gcc/objdir/gcc/testsuite/obj-c++/../../g++ version 4.8.0 20120625 (experimental) [trunk revision 188922] (GCC)
=== objc tests ===
Running target unix
=== objc Summary ===
# of expected passes 2994
# of unsupported tests 74
/home/dave/gnu/gcc/objdir/gcc/xgcc version 4.8.0 20120625 (experimental) [trunk revision 188922] (GCC)
=== boehm-gc tests ===
Running target unix
=== boehm-gc Summary ===
# of expected passes 12
# of unsupported tests 1
=== libatomic tests ===
Running target unix
=== libatomic Summary ===
# of expected passes 34
# of unsupported tests 10
=== libffi tests ===
Running target unix
=== libffi Summary ===
# of expected passes 1659
# of unsupported tests 55
=== libgomp tests ===
Running target unix
FAIL: libgomp.c/loop-12.c execution test
FAIL: libgomp.c/loop-6.c execution test
FAIL: libgomp.c/omp-loop03.c execution test
FAIL: libgomp.c++/for-7.C -O0 (test for excess errors)
UNRESOLVED: libgomp.c++/for-7.C -O0 compilation failed to produce executable
FAIL: libgomp.c++/for-7.C -O1 (test for excess errors)
UNRESOLVED: libgomp.c++/for-7.C -O1 compilation failed to produce executable
FAIL: libgomp.c++/for-7.C -O2 (test for excess errors)
UNRESOLVED: libgomp.c++/for-7.C -O2 compilation failed to produce executable
FAIL: libgomp.c++/for-7.C -O3 -fomit-frame-pointer (test for excess errors)
UNRESOLVED: libgomp.c++/for-7.C -O3 -fomit-frame-pointer compilation failed to produce executable
FAIL: libgomp.c++/for-7.C -O3 -fomit-frame-pointer -funroll-loops (test for excess errors)
UNRESOLVED: libgomp.c++/for-7.C -O3 -fomit-frame-pointer -funroll-loops compilation failed to produce executable
FAIL: libgomp.c++/for-7.C -O3 -fomit-frame-pointer -funroll-all-loops -finline-functions (test for excess errors)
UNRESOLVED: libgomp.c++/for-7.C -O3 -fomit-frame-pointer -funroll-all-loops -finline-functions compilation failed to produce executable
FAIL: libgomp.c++/for-7.C -O3 -g (test for excess errors)
UNRESOLVED: libgomp.c++/for-7.C -O3 -g compilation failed to produce executable
FAIL: libgomp.c++/for-7.C -Os (test for excess errors)
UNRESOLVED: libgomp.c++/for-7.C -Os compilation failed to produce executable
WARNING: program timed out.
FAIL: libgomp.c++/loop-12.C -O0 execution test
FAIL: libgomp.c++/loop-12.C -O1 execution test
FAIL: libgomp.c++/loop-12.C -O2 execution test
FAIL: libgomp.c++/loop-12.C -O3 -fomit-frame-pointer execution test
FAIL: libgomp.c++/loop-12.C -O3 -fomit-frame-pointer -funroll-loops execution test
FAIL: libgomp.c++/loop-12.C -O3 -fomit-frame-pointer -funroll-all-loops -finline-functions execution test
FAIL: libgomp.c++/loop-12.C -O3 -g execution test
FAIL: libgomp.c++/loop-12.C -Os execution test
FAIL: libgomp.c++/loop-3.C -O execution test
WARNING: program timed out.
FAIL: libgomp.c++/loop-9.C -O0 execution test
FAIL: libgomp.c++/loop-9.C -O1 execution test
FAIL: libgomp.c++/loop-9.C -O2 execution test
FAIL: libgomp.c++/loop-9.C -O3 -fomit-frame-pointer execution test
FAIL: libgomp.c++/loop-9.C -O3 -fomit-frame-pointer -funroll-loops execution test
FAIL: libgomp.c++/loop-9.C -O3 -fomit-frame-pointer -funroll-all-loops -finline-functions execution test
FAIL: libgomp.c++/loop-9.C -O3 -g execution test
FAIL: libgomp.c++/loop-9.C -Os execution test
=== libgomp Summary ===
# of expected passes 2938
# of unexpected failures 28
# of unresolved testcases 8
# of unsupported tests 1
=== libjava tests ===
Running target unix
=== libjava Summary ===
# of expected passes 2574
=== libmudflap tests ===
Running target unix
FAIL: libmudflap.c/fail11-frag.c (-O3) crash test
FAIL: libmudflap.c/fail11-frag.c (-O3) output pattern test
FAIL: libmudflap.c/fail12-frag.c (-O3) crash test
FAIL: libmudflap.c/fail12-frag.c (-O3) output pattern test
FAIL: libmudflap.c++/pass55-frag.cxx execution test
FAIL: libmudflap.c++/pass55-frag.cxx (-static) execution test
FAIL: libmudflap.c++/pass55-frag.cxx ( -O) execution test
FAIL: libmudflap.c++/pass55-frag.cxx (-O2) execution test
FAIL: libmudflap.c++/pass55-frag.cxx (-O3) execution test
WARNING: program timed out.
FAIL: libmudflap.cth/pass40-frag.c execution test
FAIL: libmudflap.cth/pass40-frag.c output pattern test
WARNING: program timed out.
FAIL: libmudflap.cth/pass40-frag.c (-static -DSTATIC) execution test
FAIL: libmudflap.cth/pass40-frag.c (-static -DSTATIC) output pattern test
WARNING: program timed out.
FAIL: libmudflap.cth/pass40-frag.c (-O2) execution test
FAIL: libmudflap.cth/pass40-frag.c (-O2) output pattern test
WARNING: program timed out.
FAIL: libmudflap.cth/pass40-frag.c (-O3) execution test
FAIL: libmudflap.cth/pass40-frag.c (-O3) output pattern test
=== libmudflap Summary ===
# of expected passes 1889
# of unexpected failures 17
=== libstdc++ tests ===
Running target unix
FAIL: 22_locale/time_get/get_date/wchar_t/4.cc execution test
FAIL: 26_numerics/random/mt19937_64.cc execution test
WARNING: program timed out.
FAIL: ext/rope/pthread7-rope.cc execution test
=== libstdc++ Summary ===
# of expected passes 8494
# of unexpected failures 3
# of expected failures 43
# of unsupported tests 289
Compiler version: 4.8.0 20120625 (experimental) [trunk revision 188922] (GCC)
Platform: hppa-unknown-linux-gnu
configure flags: --with-gnu-as --with-gnu-ld --enable-shared --enable-multiarch --with-multiarch-defaults=hppa-linux-gnu --enable-linker-build-id --build=hppa-linux-gnu --host=hppa-linux-gnu --target=hppa-linux-gnu --prefix=/home/dave/opt/gnu/gcc/gcc-4.7.0 --with-local-prefix=/home/dave/opt/gnu --enable-threads=posix --enable-__cxa_atexit --build=hppa-linux-gnu --enable-clocale=gnu --enable-java-gc=boehm --enable-languages=c,c++,objc,fortran,obj-c++,java,ada,lto
More information about the Gcc-testresults
mailing list