Results for 4.7.2 20120622 (prerelease) [gcc-4_7-branch revision 188883] (GCC) testsuite on i386-pc-solaris2.8
ro@smtp-relay.CeBiTec.Uni-Bielefeld.DE
ro@smtp-relay.CeBiTec.Uni-Bielefeld.DE
Mon Jun 25 08:23:00 GMT 2012
LAST_UPDATED: Fri Jun 22 15:51:25 UTC 2012 (revision 188883)
=== acats tests ===
=== acats Summary ===
# of expected passes 2320
# of unexpected failures 0
Native configuration is i386-pc-solaris2.8
=== g++ tests ===
Running target unix
=== g++ Summary ===
# of expected passes 47232
# of expected failures 290
# of unsupported tests 406
/var/gcc/regression/gcc-4.7-branch/8-gcc-gas/build/gcc/testsuite/g++/../../g++ version 4.7.2 20120622 (prerelease) [gcc-4_7-branch revision 188883] (GCC)
=== gcc tests ===
Running target unix
FAIL: gcc.dg/lto/20090210 c_lto_20090210_0.o-c_lto_20090210_1.o execute -O2 -flto -flto-partition=none
FAIL: gcc.dg/lto/20090210 c_lto_20090210_0.o-c_lto_20090210_1.o execute -O2 -flto -flto-partition=1to1
FAIL: gcc.dg/lto/20090210 c_lto_20090210_0.o-c_lto_20090210_1.o execute -O2 -flto
FAIL: gcc.dg/torture/tls/run-ld.c -O1 execution test
FAIL: gcc.dg/torture/tls/run-ld.c -O2 execution test
FAIL: gcc.dg/torture/tls/run-ld.c -O3 -fomit-frame-pointer execution test
FAIL: gcc.dg/torture/tls/run-ld.c -O3 -g execution test
FAIL: gcc.dg/torture/tls/run-ld.c -Os execution test
FAIL: gcc.dg/torture/tls/run-ld.c -O1 -fpic execution test
FAIL: gcc.dg/torture/tls/run-ld.c -O2 -fpic execution test
FAIL: gcc.dg/torture/tls/run-ld.c -O3 -fomit-frame-pointer -fpic execution test
FAIL: gcc.dg/torture/tls/run-ld.c -O3 -g -fpic execution test
FAIL: gcc.dg/torture/tls/run-ld.c -Os -fpic execution test
FAIL: gcc.dg/torture/tls/run-ld.c -O1 -fPIC execution test
FAIL: gcc.dg/torture/tls/run-ld.c -O2 -fPIC execution test
FAIL: gcc.dg/torture/tls/run-ld.c -O3 -fomit-frame-pointer -fPIC execution test
FAIL: gcc.dg/torture/tls/run-ld.c -O3 -g -fPIC execution test
FAIL: gcc.dg/torture/tls/run-ld.c -Os -fPIC execution test
FAIL: gcc.dg/torture/tls/run-ld.c -O2 -flto -flto-partition=none execution test
FAIL: gcc.dg/torture/tls/run-ld.c -O2 -flto execution test
FAIL: gcc.dg/torture/tls/thr-init-2.c -O2 -fpic execution test
FAIL: gcc.dg/torture/tls/thr-init-2.c -O3 -fomit-frame-pointer -fpic execution test
FAIL: gcc.dg/torture/tls/thr-init-2.c -O3 -g -fpic execution test
FAIL: gcc.dg/torture/tls/thr-init-2.c -O2 -fPIC execution test
FAIL: gcc.dg/torture/tls/thr-init-2.c -O3 -fomit-frame-pointer -fPIC execution test
FAIL: gcc.dg/torture/tls/thr-init-2.c -O3 -g -fPIC execution test
=== gcc Summary ===
# of expected passes 82823
# of unexpected failures 26
# of expected failures 260
# of unsupported tests 1266
/var/gcc/regression/gcc-4.7-branch/8-gcc-gas/build/gcc/xgcc version 4.7.2 20120622 (prerelease) [gcc-4_7-branch revision 188883] (GCC)
=== gfortran tests ===
Running target unix
=== gfortran Summary ===
# of expected passes 39894
# of expected failures 56
# of unsupported tests 364
/var/gcc/regression/gcc-4.7-branch/8-gcc-gas/build/gcc/testsuite/gfortran/../../gfortran version 4.7.2 20120622 (prerelease) [gcc-4_7-branch revision 188883] (GCC)
=== gnat tests ===
Running target unix
FAIL: gnat.dg/lto14.adb (test for excess errors)
=== gnat Summary ===
# of expected passes 1093
# of unexpected failures 1
# of expected failures 14
# of unsupported tests 6
/var/gcc/regression/gcc-4.7-branch/8-gcc-gas/build/gcc/gnatmake version 4.7.2 20120622 (prerelease) [gcc-4_7-branch revision 188883]
=== go tests ===
Running target unix
=== go Summary ===
# of expected passes 3292
# of expected failures 4
# of untested testcases 6
/var/gcc/regression/gcc-4.7-branch/8-gcc-gas/build/gcc/testsuite/go/../../gccgo version 4.7.2 20120622 (prerelease) [gcc-4_7-branch revision 188883] (GCC)
=== obj-c++ tests ===
Running target unix
=== obj-c++ Summary ===
# of expected passes 1450
# of expected failures 2
# of unsupported tests 86
/var/gcc/regression/gcc-4.7-branch/8-gcc-gas/build/gcc/testsuite/obj-c++/../../g++ version 4.7.2 20120622 (prerelease) [gcc-4_7-branch revision 188883] (GCC)
=== objc tests ===
Running target unix
=== objc Summary ===
# of expected passes 2988
# of expected failures 6
# of unsupported tests 74
/var/gcc/regression/gcc-4.7-branch/8-gcc-gas/build/gcc/xgcc version 4.7.2 20120622 (prerelease) [gcc-4_7-branch revision 188883] (GCC)
=== boehm-gc tests ===
Running target unix
=== boehm-gc Summary ===
# of expected passes 12
# of unsupported tests 1
=== libffi tests ===
Running target unix
=== libffi Summary ===
# of expected passes 1634
# of expected failures 10
# of unsupported tests 55
=== libgo tests ===
Running target unix
FAIL: time
=== libgo Summary ===
# of expected passes 122
# of unexpected failures 1
=== libgomp tests ===
Running target unix
=== libgomp Summary ===
# of expected passes 2970
# of unsupported tests 3
=== libitm tests ===
Running target unix
=== libitm Summary ===
# of expected passes 26
# of expected failures 3
# of unsupported tests 1
=== libjava tests ===
Running target unix
FAIL: PR16923 run
FAIL: Divide_1 output - source compiled test
FAIL: Divide_1 -findirect-dispatch output - source compiled test
FAIL: Divide_1 -O3 output - source compiled test
FAIL: Divide_1 -O3 -findirect-dispatch output - source compiled test
=== libjava Summary ===
# of expected passes 2569
# of unexpected failures 5
# of untested testcases 1
=== libstdc++ tests ===
Running target unix
=== libstdc++ Summary ===
# of expected passes 7311
# of expected failures 44
# of unsupported tests 809
Compiler version: 4.7.2 20120622 (prerelease) [gcc-4_7-branch revision 188883] (GCC)
Platform: i386-pc-solaris2.8
configure flags: --prefix=/vol/gcc --target=i386-pc-solaris2.8 --enable-obsolete --enable-objc-gc --with-host-libstdcxx='-L/vol/gcc-4.4/lib -Wl,-Bstatic -lstdc++ -Wl,-Bdynamic -lm' --with-boot-ldflags='-static-libstdc++ -static-libgcc -L/vol/gcc-4.4/lib' --with-as=/vol/gcc/bin/gas-2.22 --with-gnu-as --with-gmp-include=/vol/gcc/include --with-gmp-lib=/vol/gcc/lib --with-mpfr-include=/vol/gcc/include --with-mpfr-lib=/vol/gcc/lib --with-mpc-include=/vol/gcc/include --with-mpc-lib=/vol/gcc/lib --enable-languages=all,ada,obj-c++,go --with-ppl-include=/vol/gcc/include --with-ppl-lib=/vol/gcc/lib --with-cloog-include=/vol/gcc/include --with-cloog-lib=/vol/gcc/lib --enable-cloog-backend=ppl
BOOT_CFLAGS=-g -O2
More information about the Gcc-testresults
mailing list