Results for 4.7.0 (Debian 4.7.1-1) testsuite on mips-unknown-linux-gnu
Matthias Klose
doko@debian.org
Mon Jun 18 17:54:00 GMT 2012
LAST_UPDATED: Thu Jun 14 22:33:14 UTC 2012 (revision 188638)
Target: mips-linux-gnu
gcc version 4.7.0 (Debian 4.7.1-1)
Native configuration is mips-unknown-linux-gnu
=== g++ tests ===
Running target unix
UNRESOLVED: attribute_plugin.c compilation, -I. -I/build/buildd2-gcc-4.7_4.7.1-1-mips-uJ77Ou/gcc-4.7-4.7.1/src/gcc/testsuite -I/build/buildd2-gcc-4.7_4.7.1-1-mips-uJ77Ou/gcc-4.7-4.7.1/src/gcc/testsuite/../../gcc -I/build/buildd2-gcc-4.7_4.7.1-1-mips-uJ77Ou/gcc-4.7-4.7.1/build/gcc/testsuite/g++/../../../gcc -I/build/buildd2-gcc-4.7_4.7.1-1-mips-uJ77Ou/gcc-4.7-4.7.1/src/gcc/testsuite/../../include -I/build/buildd2-gcc-4.7_4.7.1-1-mips-uJ77Ou/gcc-4.7-4.7.1/src/gcc/testsuite/../../libcpp/include -I/build/buildd2-gcc-4.7_4.7.1-1-mips-uJ77Ou/gcc-4.7-4.7.1/build/gcc/testsuite/g++/../../../intl -DIN_GCC -fPIC -shared
UNRESOLVED: pragma_plugin.c compilation, -I. -I/build/buildd2-gcc-4.7_4.7.1-1-mips-uJ77Ou/gcc-4.7-4.7.1/src/gcc/testsuite -I/build/buildd2-gcc-4.7_4.7.1-1-mips-uJ77Ou/gcc-4.7-4.7.1/src/gcc/testsuite/../../gcc -I/build/buildd2-gcc-4.7_4.7.1-1-mips-uJ77Ou/gcc-4.7-4.7.1/build/gcc/testsuite/g++/../../../gcc -I/build/buildd2-gcc-4.7_4.7.1-1-mips-uJ77Ou/gcc-4.7-4.7.1/src/gcc/testsuite/../../include -I/build/buildd2-gcc-4.7_4.7.1-1-mips-uJ77Ou/gcc-4.7-4.7.1/src/gcc/testsuite/../../libcpp/include -I/build/buildd2-gcc-4.7_4.7.1-1-mips-uJ77Ou/gcc-4.7-4.7.1/build/gcc/testsuite/g++/../../../intl -DIN_GCC -fPIC -shared
UNRESOLVED: selfassign.c compilation, -I. -I/build/buildd2-gcc-4.7_4.7.1-1-mips-uJ77Ou/gcc-4.7-4.7.1/src/gcc/testsuite -I/build/buildd2-gcc-4.7_4.7.1-1-mips-uJ77Ou/gcc-4.7-4.7.1/src/gcc/testsuite/../../gcc -I/build/buildd2-gcc-4.7_4.7.1-1-mips-uJ77Ou/gcc-4.7-4.7.1/build/gcc/testsuite/g++/../../../gcc -I/build/buildd2-gcc-4.7_4.7.1-1-mips-uJ77Ou/gcc-4.7-4.7.1/src/gcc/testsuite/../../include -I/build/buildd2-gcc-4.7_4.7.1-1-mips-uJ77Ou/gcc-4.7-4.7.1/src/gcc/testsuite/../../libcpp/include -I/build/buildd2-gcc-4.7_4.7.1-1-mips-uJ77Ou/gcc-4.7-4.7.1/build/gcc/testsuite/g++/../../../intl -O -DIN_GCC -fPIC -shared
UNRESOLVED: dumb_plugin.c compilation, -I. -I/build/buildd2-gcc-4.7_4.7.1-1-mips-uJ77Ou/gcc-4.7-4.7.1/src/gcc/testsuite -I/build/buildd2-gcc-4.7_4.7.1-1-mips-uJ77Ou/gcc-4.7-4.7.1/src/gcc/testsuite/../../gcc -I/build/buildd2-gcc-4.7_4.7.1-1-mips-uJ77Ou/gcc-4.7-4.7.1/build/gcc/testsuite/g++/../../../gcc -I/build/buildd2-gcc-4.7_4.7.1-1-mips-uJ77Ou/gcc-4.7-4.7.1/src/gcc/testsuite/../../include -I/build/buildd2-gcc-4.7_4.7.1-1-mips-uJ77Ou/gcc-4.7-4.7.1/src/gcc/testsuite/../../libcpp/include -I/build/buildd2-gcc-4.7_4.7.1-1-mips-uJ77Ou/gcc-4.7-4.7.1/build/gcc/testsuite/g++/../../../intl -DIN_GCC -fPIC -shared
UNRESOLVED: header_plugin.c compilation, -I. -I/build/buildd2-gcc-4.7_4.7.1-1-mips-uJ77Ou/gcc-4.7-4.7.1/src/gcc/testsuite -I/build/buildd2-gcc-4.7_4.7.1-1-mips-uJ77Ou/gcc-4.7-4.7.1/src/gcc/testsuite/../../gcc -I/build/buildd2-gcc-4.7_4.7.1-1-mips-uJ77Ou/gcc-4.7-4.7.1/build/gcc/testsuite/g++/../../../gcc -I/build/buildd2-gcc-4.7_4.7.1-1-mips-uJ77Ou/gcc-4.7-4.7.1/src/gcc/testsuite/../../include -I/build/buildd2-gcc-4.7_4.7.1-1-mips-uJ77Ou/gcc-4.7-4.7.1/src/gcc/testsuite/../../libcpp/include -I/build/buildd2-gcc-4.7_4.7.1-1-mips-uJ77Ou/gcc-4.7-4.7.1/build/gcc/testsuite/g++/../../../intl -DIN_GCC -fPIC -shared
UNRESOLVED: decl_plugin.c compilation, -I. -I/build/buildd2-gcc-4.7_4.7.1-1-mips-uJ77Ou/gcc-4.7-4.7.1/src/gcc/testsuite -I/build/buildd2-gcc-4.7_4.7.1-1-mips-uJ77Ou/gcc-4.7-4.7.1/src/gcc/testsuite/../../gcc -I/build/buildd2-gcc-4.7_4.7.1-1-mips-uJ77Ou/gcc-4.7-4.7.1/build/gcc/testsuite/g++/../../../gcc -I/build/buildd2-gcc-4.7_4.7.1-1-mips-uJ77Ou/gcc-4.7-4.7.1/src/gcc/testsuite/../../include -I/build/buildd2-gcc-4.7_4.7.1-1-mips-uJ77Ou/gcc-4.7-4.7.1/src/gcc/testsuite/../../libcpp/include -I/build/buildd2-gcc-4.7_4.7.1-1-mips-uJ77Ou/gcc-4.7-4.7.1/build/gcc/testsuite/g++/../../../intl -DIN_GCC -fPIC -shared
=== g++ Summary for unix ===
# of expected passes 46571
# of expected failures 287
# of unresolved testcases 6
# of unsupported tests 654
Running target unix/-fstack-protector
UNRESOLVED: attribute_plugin.c compilation, -I. -I/build/buildd2-gcc-4.7_4.7.1-1-mips-uJ77Ou/gcc-4.7-4.7.1/src/gcc/testsuite -I/build/buildd2-gcc-4.7_4.7.1-1-mips-uJ77Ou/gcc-4.7-4.7.1/src/gcc/testsuite/../../gcc -I/build/buildd2-gcc-4.7_4.7.1-1-mips-uJ77Ou/gcc-4.7-4.7.1/build/gcc/testsuite/g++/../../../gcc -I/build/buildd2-gcc-4.7_4.7.1-1-mips-uJ77Ou/gcc-4.7-4.7.1/src/gcc/testsuite/../../include -I/build/buildd2-gcc-4.7_4.7.1-1-mips-uJ77Ou/gcc-4.7-4.7.1/src/gcc/testsuite/../../libcpp/include -I/build/buildd2-gcc-4.7_4.7.1-1-mips-uJ77Ou/gcc-4.7-4.7.1/build/gcc/testsuite/g++/../../../intl -DIN_GCC -fPIC -shared
UNRESOLVED: pragma_plugin.c compilation, -I. -I/build/buildd2-gcc-4.7_4.7.1-1-mips-uJ77Ou/gcc-4.7-4.7.1/src/gcc/testsuite -I/build/buildd2-gcc-4.7_4.7.1-1-mips-uJ77Ou/gcc-4.7-4.7.1/src/gcc/testsuite/../../gcc -I/build/buildd2-gcc-4.7_4.7.1-1-mips-uJ77Ou/gcc-4.7-4.7.1/build/gcc/testsuite/g++/../../../gcc -I/build/buildd2-gcc-4.7_4.7.1-1-mips-uJ77Ou/gcc-4.7-4.7.1/src/gcc/testsuite/../../include -I/build/buildd2-gcc-4.7_4.7.1-1-mips-uJ77Ou/gcc-4.7-4.7.1/src/gcc/testsuite/../../libcpp/include -I/build/buildd2-gcc-4.7_4.7.1-1-mips-uJ77Ou/gcc-4.7-4.7.1/build/gcc/testsuite/g++/../../../intl -DIN_GCC -fPIC -shared
UNRESOLVED: selfassign.c compilation, -I. -I/build/buildd2-gcc-4.7_4.7.1-1-mips-uJ77Ou/gcc-4.7-4.7.1/src/gcc/testsuite -I/build/buildd2-gcc-4.7_4.7.1-1-mips-uJ77Ou/gcc-4.7-4.7.1/src/gcc/testsuite/../../gcc -I/build/buildd2-gcc-4.7_4.7.1-1-mips-uJ77Ou/gcc-4.7-4.7.1/build/gcc/testsuite/g++/../../../gcc -I/build/buildd2-gcc-4.7_4.7.1-1-mips-uJ77Ou/gcc-4.7-4.7.1/src/gcc/testsuite/../../include -I/build/buildd2-gcc-4.7_4.7.1-1-mips-uJ77Ou/gcc-4.7-4.7.1/src/gcc/testsuite/../../libcpp/include -I/build/buildd2-gcc-4.7_4.7.1-1-mips-uJ77Ou/gcc-4.7-4.7.1/build/gcc/testsuite/g++/../../../intl -O -DIN_GCC -fPIC -shared
UNRESOLVED: dumb_plugin.c compilation, -I. -I/build/buildd2-gcc-4.7_4.7.1-1-mips-uJ77Ou/gcc-4.7-4.7.1/src/gcc/testsuite -I/build/buildd2-gcc-4.7_4.7.1-1-mips-uJ77Ou/gcc-4.7-4.7.1/src/gcc/testsuite/../../gcc -I/build/buildd2-gcc-4.7_4.7.1-1-mips-uJ77Ou/gcc-4.7-4.7.1/build/gcc/testsuite/g++/../../../gcc -I/build/buildd2-gcc-4.7_4.7.1-1-mips-uJ77Ou/gcc-4.7-4.7.1/src/gcc/testsuite/../../include -I/build/buildd2-gcc-4.7_4.7.1-1-mips-uJ77Ou/gcc-4.7-4.7.1/src/gcc/testsuite/../../libcpp/include -I/build/buildd2-gcc-4.7_4.7.1-1-mips-uJ77Ou/gcc-4.7-4.7.1/build/gcc/testsuite/g++/../../../intl -DIN_GCC -fPIC -shared
UNRESOLVED: header_plugin.c compilation, -I. -I/build/buildd2-gcc-4.7_4.7.1-1-mips-uJ77Ou/gcc-4.7-4.7.1/src/gcc/testsuite -I/build/buildd2-gcc-4.7_4.7.1-1-mips-uJ77Ou/gcc-4.7-4.7.1/src/gcc/testsuite/../../gcc -I/build/buildd2-gcc-4.7_4.7.1-1-mips-uJ77Ou/gcc-4.7-4.7.1/build/gcc/testsuite/g++/../../../gcc -I/build/buildd2-gcc-4.7_4.7.1-1-mips-uJ77Ou/gcc-4.7-4.7.1/src/gcc/testsuite/../../include -I/build/buildd2-gcc-4.7_4.7.1-1-mips-uJ77Ou/gcc-4.7-4.7.1/src/gcc/testsuite/../../libcpp/include -I/build/buildd2-gcc-4.7_4.7.1-1-mips-uJ77Ou/gcc-4.7-4.7.1/build/gcc/testsuite/g++/../../../intl -DIN_GCC -fPIC -shared
UNRESOLVED: decl_plugin.c compilation, -I. -I/build/buildd2-gcc-4.7_4.7.1-1-mips-uJ77Ou/gcc-4.7-4.7.1/src/gcc/testsuite -I/build/buildd2-gcc-4.7_4.7.1-1-mips-uJ77Ou/gcc-4.7-4.7.1/src/gcc/testsuite/../../gcc -I/build/buildd2-gcc-4.7_4.7.1-1-mips-uJ77Ou/gcc-4.7-4.7.1/build/gcc/testsuite/g++/../../../gcc -I/build/buildd2-gcc-4.7_4.7.1-1-mips-uJ77Ou/gcc-4.7-4.7.1/src/gcc/testsuite/../../include -I/build/buildd2-gcc-4.7_4.7.1-1-mips-uJ77Ou/gcc-4.7-4.7.1/src/gcc/testsuite/../../libcpp/include -I/build/buildd2-gcc-4.7_4.7.1-1-mips-uJ77Ou/gcc-4.7-4.7.1/build/gcc/testsuite/g++/../../../intl -DIN_GCC -fPIC -shared
=== g++ Summary for unix/-fstack-protector ===
# of expected passes 46571
# of expected failures 287
# of unresolved testcases 6
# of unsupported tests 654
Running target unix/-mabi=64
UNRESOLVED: attribute_plugin.c compilation, -I. -I/build/buildd2-gcc-4.7_4.7.1-1-mips-uJ77Ou/gcc-4.7-4.7.1/src/gcc/testsuite -I/build/buildd2-gcc-4.7_4.7.1-1-mips-uJ77Ou/gcc-4.7-4.7.1/src/gcc/testsuite/../../gcc -I/build/buildd2-gcc-4.7_4.7.1-1-mips-uJ77Ou/gcc-4.7-4.7.1/build/gcc/testsuite/g++/../../../gcc -I/build/buildd2-gcc-4.7_4.7.1-1-mips-uJ77Ou/gcc-4.7-4.7.1/src/gcc/testsuite/../../include -I/build/buildd2-gcc-4.7_4.7.1-1-mips-uJ77Ou/gcc-4.7-4.7.1/src/gcc/testsuite/../../libcpp/include -I/build/buildd2-gcc-4.7_4.7.1-1-mips-uJ77Ou/gcc-4.7-4.7.1/build/gcc/testsuite/g++/../../../intl -DIN_GCC -fPIC -shared
UNRESOLVED: pragma_plugin.c compilation, -I. -I/build/buildd2-gcc-4.7_4.7.1-1-mips-uJ77Ou/gcc-4.7-4.7.1/src/gcc/testsuite -I/build/buildd2-gcc-4.7_4.7.1-1-mips-uJ77Ou/gcc-4.7-4.7.1/src/gcc/testsuite/../../gcc -I/build/buildd2-gcc-4.7_4.7.1-1-mips-uJ77Ou/gcc-4.7-4.7.1/build/gcc/testsuite/g++/../../../gcc -I/build/buildd2-gcc-4.7_4.7.1-1-mips-uJ77Ou/gcc-4.7-4.7.1/src/gcc/testsuite/../../include -I/build/buildd2-gcc-4.7_4.7.1-1-mips-uJ77Ou/gcc-4.7-4.7.1/src/gcc/testsuite/../../libcpp/include -I/build/buildd2-gcc-4.7_4.7.1-1-mips-uJ77Ou/gcc-4.7-4.7.1/build/gcc/testsuite/g++/../../../intl -DIN_GCC -fPIC -shared
UNRESOLVED: selfassign.c compilation, -I. -I/build/buildd2-gcc-4.7_4.7.1-1-mips-uJ77Ou/gcc-4.7-4.7.1/src/gcc/testsuite -I/build/buildd2-gcc-4.7_4.7.1-1-mips-uJ77Ou/gcc-4.7-4.7.1/src/gcc/testsuite/../../gcc -I/build/buildd2-gcc-4.7_4.7.1-1-mips-uJ77Ou/gcc-4.7-4.7.1/build/gcc/testsuite/g++/../../../gcc -I/build/buildd2-gcc-4.7_4.7.1-1-mips-uJ77Ou/gcc-4.7-4.7.1/src/gcc/testsuite/../../include -I/build/buildd2-gcc-4.7_4.7.1-1-mips-uJ77Ou/gcc-4.7-4.7.1/src/gcc/testsuite/../../libcpp/include -I/build/buildd2-gcc-4.7_4.7.1-1-mips-uJ77Ou/gcc-4.7-4.7.1/build/gcc/testsuite/g++/../../../intl -O -DIN_GCC -fPIC -shared
UNRESOLVED: dumb_plugin.c compilation, -I. -I/build/buildd2-gcc-4.7_4.7.1-1-mips-uJ77Ou/gcc-4.7-4.7.1/src/gcc/testsuite -I/build/buildd2-gcc-4.7_4.7.1-1-mips-uJ77Ou/gcc-4.7-4.7.1/src/gcc/testsuite/../../gcc -I/build/buildd2-gcc-4.7_4.7.1-1-mips-uJ77Ou/gcc-4.7-4.7.1/build/gcc/testsuite/g++/../../../gcc -I/build/buildd2-gcc-4.7_4.7.1-1-mips-uJ77Ou/gcc-4.7-4.7.1/src/gcc/testsuite/../../include -I/build/buildd2-gcc-4.7_4.7.1-1-mips-uJ77Ou/gcc-4.7-4.7.1/src/gcc/testsuite/../../libcpp/include -I/build/buildd2-gcc-4.7_4.7.1-1-mips-uJ77Ou/gcc-4.7-4.7.1/build/gcc/testsuite/g++/../../../intl -DIN_GCC -fPIC -shared
UNRESOLVED: header_plugin.c compilation, -I. -I/build/buildd2-gcc-4.7_4.7.1-1-mips-uJ77Ou/gcc-4.7-4.7.1/src/gcc/testsuite -I/build/buildd2-gcc-4.7_4.7.1-1-mips-uJ77Ou/gcc-4.7-4.7.1/src/gcc/testsuite/../../gcc -I/build/buildd2-gcc-4.7_4.7.1-1-mips-uJ77Ou/gcc-4.7-4.7.1/build/gcc/testsuite/g++/../../../gcc -I/build/buildd2-gcc-4.7_4.7.1-1-mips-uJ77Ou/gcc-4.7-4.7.1/src/gcc/testsuite/../../include -I/build/buildd2-gcc-4.7_4.7.1-1-mips-uJ77Ou/gcc-4.7-4.7.1/src/gcc/testsuite/../../libcpp/include -I/build/buildd2-gcc-4.7_4.7.1-1-mips-uJ77Ou/gcc-4.7-4.7.1/build/gcc/testsuite/g++/../../../intl -DIN_GCC -fPIC -shared
UNRESOLVED: decl_plugin.c compilation, -I. -I/build/buildd2-gcc-4.7_4.7.1-1-mips-uJ77Ou/gcc-4.7-4.7.1/src/gcc/testsuite -I/build/buildd2-gcc-4.7_4.7.1-1-mips-uJ77Ou/gcc-4.7-4.7.1/src/gcc/testsuite/../../gcc -I/build/buildd2-gcc-4.7_4.7.1-1-mips-uJ77Ou/gcc-4.7-4.7.1/build/gcc/testsuite/g++/../../../gcc -I/build/buildd2-gcc-4.7_4.7.1-1-mips-uJ77Ou/gcc-4.7-4.7.1/src/gcc/testsuite/../../include -I/build/buildd2-gcc-4.7_4.7.1-1-mips-uJ77Ou/gcc-4.7-4.7.1/src/gcc/testsuite/../../libcpp/include -I/build/buildd2-gcc-4.7_4.7.1-1-mips-uJ77Ou/gcc-4.7-4.7.1/build/gcc/testsuite/g++/../../../intl -DIN_GCC -fPIC -shared
=== g++ Summary for unix/-mabi=64 ===
# of expected passes 47816
# of expected failures 287
# of unresolved testcases 6
# of unsupported tests 647
Running target unix/-mabi=n32
UNRESOLVED: attribute_plugin.c compilation, -I. -I/build/buildd2-gcc-4.7_4.7.1-1-mips-uJ77Ou/gcc-4.7-4.7.1/src/gcc/testsuite -I/build/buildd2-gcc-4.7_4.7.1-1-mips-uJ77Ou/gcc-4.7-4.7.1/src/gcc/testsuite/../../gcc -I/build/buildd2-gcc-4.7_4.7.1-1-mips-uJ77Ou/gcc-4.7-4.7.1/build/gcc/testsuite/g++/../../../gcc -I/build/buildd2-gcc-4.7_4.7.1-1-mips-uJ77Ou/gcc-4.7-4.7.1/src/gcc/testsuite/../../include -I/build/buildd2-gcc-4.7_4.7.1-1-mips-uJ77Ou/gcc-4.7-4.7.1/src/gcc/testsuite/../../libcpp/include -I/build/buildd2-gcc-4.7_4.7.1-1-mips-uJ77Ou/gcc-4.7-4.7.1/build/gcc/testsuite/g++/../../../intl -DIN_GCC -fPIC -shared
UNRESOLVED: pragma_plugin.c compilation, -I. -I/build/buildd2-gcc-4.7_4.7.1-1-mips-uJ77Ou/gcc-4.7-4.7.1/src/gcc/testsuite -I/build/buildd2-gcc-4.7_4.7.1-1-mips-uJ77Ou/gcc-4.7-4.7.1/src/gcc/testsuite/../../gcc -I/build/buildd2-gcc-4.7_4.7.1-1-mips-uJ77Ou/gcc-4.7-4.7.1/build/gcc/testsuite/g++/../../../gcc -I/build/buildd2-gcc-4.7_4.7.1-1-mips-uJ77Ou/gcc-4.7-4.7.1/src/gcc/testsuite/../../include -I/build/buildd2-gcc-4.7_4.7.1-1-mips-uJ77Ou/gcc-4.7-4.7.1/src/gcc/testsuite/../../libcpp/include -I/build/buildd2-gcc-4.7_4.7.1-1-mips-uJ77Ou/gcc-4.7-4.7.1/build/gcc/testsuite/g++/../../../intl -DIN_GCC -fPIC -shared
UNRESOLVED: selfassign.c compilation, -I. -I/build/buildd2-gcc-4.7_4.7.1-1-mips-uJ77Ou/gcc-4.7-4.7.1/src/gcc/testsuite -I/build/buildd2-gcc-4.7_4.7.1-1-mips-uJ77Ou/gcc-4.7-4.7.1/src/gcc/testsuite/../../gcc -I/build/buildd2-gcc-4.7_4.7.1-1-mips-uJ77Ou/gcc-4.7-4.7.1/build/gcc/testsuite/g++/../../../gcc -I/build/buildd2-gcc-4.7_4.7.1-1-mips-uJ77Ou/gcc-4.7-4.7.1/src/gcc/testsuite/../../include -I/build/buildd2-gcc-4.7_4.7.1-1-mips-uJ77Ou/gcc-4.7-4.7.1/src/gcc/testsuite/../../libcpp/include -I/build/buildd2-gcc-4.7_4.7.1-1-mips-uJ77Ou/gcc-4.7-4.7.1/build/gcc/testsuite/g++/../../../intl -O -DIN_GCC -fPIC -shared
UNRESOLVED: dumb_plugin.c compilation, -I. -I/build/buildd2-gcc-4.7_4.7.1-1-mips-uJ77Ou/gcc-4.7-4.7.1/src/gcc/testsuite -I/build/buildd2-gcc-4.7_4.7.1-1-mips-uJ77Ou/gcc-4.7-4.7.1/src/gcc/testsuite/../../gcc -I/build/buildd2-gcc-4.7_4.7.1-1-mips-uJ77Ou/gcc-4.7-4.7.1/build/gcc/testsuite/g++/../../../gcc -I/build/buildd2-gcc-4.7_4.7.1-1-mips-uJ77Ou/gcc-4.7-4.7.1/src/gcc/testsuite/../../include -I/build/buildd2-gcc-4.7_4.7.1-1-mips-uJ77Ou/gcc-4.7-4.7.1/src/gcc/testsuite/../../libcpp/include -I/build/buildd2-gcc-4.7_4.7.1-1-mips-uJ77Ou/gcc-4.7-4.7.1/build/gcc/testsuite/g++/../../../intl -DIN_GCC -fPIC -shared
UNRESOLVED: header_plugin.c compilation, -I. -I/build/buildd2-gcc-4.7_4.7.1-1-mips-uJ77Ou/gcc-4.7-4.7.1/src/gcc/testsuite -I/build/buildd2-gcc-4.7_4.7.1-1-mips-uJ77Ou/gcc-4.7-4.7.1/src/gcc/testsuite/../../gcc -I/build/buildd2-gcc-4.7_4.7.1-1-mips-uJ77Ou/gcc-4.7-4.7.1/build/gcc/testsuite/g++/../../../gcc -I/build/buildd2-gcc-4.7_4.7.1-1-mips-uJ77Ou/gcc-4.7-4.7.1/src/gcc/testsuite/../../include -I/build/buildd2-gcc-4.7_4.7.1-1-mips-uJ77Ou/gcc-4.7-4.7.1/src/gcc/testsuite/../../libcpp/include -I/build/buildd2-gcc-4.7_4.7.1-1-mips-uJ77Ou/gcc-4.7-4.7.1/build/gcc/testsuite/g++/../../../intl -DIN_GCC -fPIC -shared
UNRESOLVED: decl_plugin.c compilation, -I. -I/build/buildd2-gcc-4.7_4.7.1-1-mips-uJ77Ou/gcc-4.7-4.7.1/src/gcc/testsuite -I/build/buildd2-gcc-4.7_4.7.1-1-mips-uJ77Ou/gcc-4.7-4.7.1/src/gcc/testsuite/../../gcc -I/build/buildd2-gcc-4.7_4.7.1-1-mips-uJ77Ou/gcc-4.7-4.7.1/build/gcc/testsuite/g++/../../../gcc -I/build/buildd2-gcc-4.7_4.7.1-1-mips-uJ77Ou/gcc-4.7-4.7.1/src/gcc/testsuite/../../include -I/build/buildd2-gcc-4.7_4.7.1-1-mips-uJ77Ou/gcc-4.7-4.7.1/src/gcc/testsuite/../../libcpp/include -I/build/buildd2-gcc-4.7_4.7.1-1-mips-uJ77Ou/gcc-4.7-4.7.1/build/gcc/testsuite/g++/../../../intl -DIN_GCC -fPIC -shared
=== g++ Summary for unix/-mabi=n32 ===
# of expected passes 47889
# of expected failures 287
# of unresolved testcases 6
# of unsupported tests 642
=== g++ Summary ===
# of expected passes 188847
# of expected failures 1148
# of unresolved testcases 24
# of unsupported tests 2597
/build/buildd2-gcc-4.7_4.7.1-1-mips-uJ77Ou/gcc-4.7-4.7.1/build/gcc/testsuite/g++/../../g++ version 4.7.0 (Debian 4.7.1-1)
=== gcc tests ===
Running target unix
FAIL: gcc.dg/inline3.c (test for warnings, line 6)
FAIL: gcc.dg/inline3.c (test for errors, line 7)
FAIL: gcc.dg/graphite/id-pr46845.c (internal compiler error)
FAIL: gcc.dg/graphite/id-pr46845.c (test for excess errors)
UNRESOLVED: selfassign.c compilation, -I. -I/build/buildd2-gcc-4.7_4.7.1-1-mips-uJ77Ou/gcc-4.7-4.7.1/src/gcc/testsuite -I/build/buildd2-gcc-4.7_4.7.1-1-mips-uJ77Ou/gcc-4.7-4.7.1/src/gcc/testsuite/../../gcc -I/build/buildd2-gcc-4.7_4.7.1-1-mips-uJ77Ou/gcc-4.7-4.7.1/build/gcc/testsuite/gcc/../../../gcc -I/build/buildd2-gcc-4.7_4.7.1-1-mips-uJ77Ou/gcc-4.7-4.7.1/src/gcc/testsuite/../../include -I/build/buildd2-gcc-4.7_4.7.1-1-mips-uJ77Ou/gcc-4.7-4.7.1/src/gcc/testsuite/../../libcpp/include -I/build/buildd2-gcc-4.7_4.7.1-1-mips-uJ77Ou/gcc-4.7-4.7.1/build/gcc/testsuite/gcc/../../../intl -O -DIN_GCC -fPIC -shared
UNRESOLVED: ggcplug.c compilation, -I. -I/build/buildd2-gcc-4.7_4.7.1-1-mips-uJ77Ou/gcc-4.7-4.7.1/src/gcc/testsuite -I/build/buildd2-gcc-4.7_4.7.1-1-mips-uJ77Ou/gcc-4.7-4.7.1/src/gcc/testsuite/../../gcc -I/build/buildd2-gcc-4.7_4.7.1-1-mips-uJ77Ou/gcc-4.7-4.7.1/build/gcc/testsuite/gcc/../../../gcc -I/build/buildd2-gcc-4.7_4.7.1-1-mips-uJ77Ou/gcc-4.7-4.7.1/src/gcc/testsuite/../../include -I/build/buildd2-gcc-4.7_4.7.1-1-mips-uJ77Ou/gcc-4.7-4.7.1/src/gcc/testsuite/../../libcpp/include -I/build/buildd2-gcc-4.7_4.7.1-1-mips-uJ77Ou/gcc-4.7-4.7.1/build/gcc/testsuite/gcc/../../../intl -O -DIN_GCC -fPIC -shared
UNRESOLVED: one_time_plugin.c compilation, -I. -I/build/buildd2-gcc-4.7_4.7.1-1-mips-uJ77Ou/gcc-4.7-4.7.1/src/gcc/testsuite -I/build/buildd2-gcc-4.7_4.7.1-1-mips-uJ77Ou/gcc-4.7-4.7.1/src/gcc/testsuite/../../gcc -I/build/buildd2-gcc-4.7_4.7.1-1-mips-uJ77Ou/gcc-4.7-4.7.1/build/gcc/testsuite/gcc/../../../gcc -I/build/buildd2-gcc-4.7_4.7.1-1-mips-uJ77Ou/gcc-4.7-4.7.1/src/gcc/testsuite/../../include -I/build/buildd2-gcc-4.7_4.7.1-1-mips-uJ77Ou/gcc-4.7-4.7.1/src/gcc/testsuite/../../libcpp/include -I/build/buildd2-gcc-4.7_4.7.1-1-mips-uJ77Ou/gcc-4.7-4.7.1/build/gcc/testsuite/gcc/../../../intl -DIN_GCC -fPIC -shared
UNRESOLVED: start_unit_plugin.c compilation, -I. -I/build/buildd2-gcc-4.7_4.7.1-1-mips-uJ77Ou/gcc-4.7-4.7.1/src/gcc/testsuite -I/build/buildd2-gcc-4.7_4.7.1-1-mips-uJ77Ou/gcc-4.7-4.7.1/src/gcc/testsuite/../../gcc -I/build/buildd2-gcc-4.7_4.7.1-1-mips-uJ77Ou/gcc-4.7-4.7.1/build/gcc/testsuite/gcc/../../../gcc -I/build/buildd2-gcc-4.7_4.7.1-1-mips-uJ77Ou/gcc-4.7-4.7.1/src/gcc/testsuite/../../include -I/build/buildd2-gcc-4.7_4.7.1-1-mips-uJ77Ou/gcc-4.7-4.7.1/src/gcc/testsuite/../../libcpp/include -I/build/buildd2-gcc-4.7_4.7.1-1-mips-uJ77Ou/gcc-4.7-4.7.1/build/gcc/testsuite/gcc/../../../intl -DIN_GCC -fPIC -shared
UNRESOLVED: finish_unit_plugin.c compilation, -I. -I/build/buildd2-gcc-4.7_4.7.1-1-mips-uJ77Ou/gcc-4.7-4.7.1/src/gcc/testsuite -I/build/buildd2-gcc-4.7_4.7.1-1-mips-uJ77Ou/gcc-4.7-4.7.1/src/gcc/testsuite/../../gcc -I/build/buildd2-gcc-4.7_4.7.1-1-mips-uJ77Ou/gcc-4.7-4.7.1/build/gcc/testsuite/gcc/../../../gcc -I/build/buildd2-gcc-4.7_4.7.1-1-mips-uJ77Ou/gcc-4.7-4.7.1/src/gcc/testsuite/../../include -I/build/buildd2-gcc-4.7_4.7.1-1-mips-uJ77Ou/gcc-4.7-4.7.1/src/gcc/testsuite/../../libcpp/include -I/build/buildd2-gcc-4.7_4.7.1-1-mips-uJ77Ou/gcc-4.7-4.7.1/build/gcc/testsuite/gcc/../../../intl -DIN_GCC -fPIC -shared
FAIL: gcc.target/mips/octeon-pipe-1.c scan-rtl-dump sched2 "octeon_mult\\*71"
FAIL: gcc.target/mips/octeon2-pipe-1.c scan-rtl-dump sched2 "octeon_mult\\*17"
=== gcc Summary for unix ===
# of expected passes 75789
# of unexpected failures 6
# of expected failures 115
# of unresolved testcases 5
# of unsupported tests 1110
Running target unix/-fstack-protector
FAIL: gcc.dg/inline3.c (test for warnings, line 6)
FAIL: gcc.dg/inline3.c (test for errors, line 7)
FAIL: gcc.dg/stack-usage-1.c scan-file foo\\t(256|264)\\tstatic
FAIL: gcc.dg/graphite/id-pr46845.c (internal compiler error)
FAIL: gcc.dg/graphite/id-pr46845.c (test for excess errors)
UNRESOLVED: selfassign.c compilation, -I. -I/build/buildd2-gcc-4.7_4.7.1-1-mips-uJ77Ou/gcc-4.7-4.7.1/src/gcc/testsuite -I/build/buildd2-gcc-4.7_4.7.1-1-mips-uJ77Ou/gcc-4.7-4.7.1/src/gcc/testsuite/../../gcc -I/build/buildd2-gcc-4.7_4.7.1-1-mips-uJ77Ou/gcc-4.7-4.7.1/build/gcc/testsuite/gcc/../../../gcc -I/build/buildd2-gcc-4.7_4.7.1-1-mips-uJ77Ou/gcc-4.7-4.7.1/src/gcc/testsuite/../../include -I/build/buildd2-gcc-4.7_4.7.1-1-mips-uJ77Ou/gcc-4.7-4.7.1/src/gcc/testsuite/../../libcpp/include -I/build/buildd2-gcc-4.7_4.7.1-1-mips-uJ77Ou/gcc-4.7-4.7.1/build/gcc/testsuite/gcc/../../../intl -O -DIN_GCC -fPIC -shared
UNRESOLVED: ggcplug.c compilation, -I. -I/build/buildd2-gcc-4.7_4.7.1-1-mips-uJ77Ou/gcc-4.7-4.7.1/src/gcc/testsuite -I/build/buildd2-gcc-4.7_4.7.1-1-mips-uJ77Ou/gcc-4.7-4.7.1/src/gcc/testsuite/../../gcc -I/build/buildd2-gcc-4.7_4.7.1-1-mips-uJ77Ou/gcc-4.7-4.7.1/build/gcc/testsuite/gcc/../../../gcc -I/build/buildd2-gcc-4.7_4.7.1-1-mips-uJ77Ou/gcc-4.7-4.7.1/src/gcc/testsuite/../../include -I/build/buildd2-gcc-4.7_4.7.1-1-mips-uJ77Ou/gcc-4.7-4.7.1/src/gcc/testsuite/../../libcpp/include -I/build/buildd2-gcc-4.7_4.7.1-1-mips-uJ77Ou/gcc-4.7-4.7.1/build/gcc/testsuite/gcc/../../../intl -O -DIN_GCC -fPIC -shared
UNRESOLVED: one_time_plugin.c compilation, -I. -I/build/buildd2-gcc-4.7_4.7.1-1-mips-uJ77Ou/gcc-4.7-4.7.1/src/gcc/testsuite -I/build/buildd2-gcc-4.7_4.7.1-1-mips-uJ77Ou/gcc-4.7-4.7.1/src/gcc/testsuite/../../gcc -I/build/buildd2-gcc-4.7_4.7.1-1-mips-uJ77Ou/gcc-4.7-4.7.1/build/gcc/testsuite/gcc/../../../gcc -I/build/buildd2-gcc-4.7_4.7.1-1-mips-uJ77Ou/gcc-4.7-4.7.1/src/gcc/testsuite/../../include -I/build/buildd2-gcc-4.7_4.7.1-1-mips-uJ77Ou/gcc-4.7-4.7.1/src/gcc/testsuite/../../libcpp/include -I/build/buildd2-gcc-4.7_4.7.1-1-mips-uJ77Ou/gcc-4.7-4.7.1/build/gcc/testsuite/gcc/../../../intl -DIN_GCC -fPIC -shared
UNRESOLVED: start_unit_plugin.c compilation, -I. -I/build/buildd2-gcc-4.7_4.7.1-1-mips-uJ77Ou/gcc-4.7-4.7.1/src/gcc/testsuite -I/build/buildd2-gcc-4.7_4.7.1-1-mips-uJ77Ou/gcc-4.7-4.7.1/src/gcc/testsuite/../../gcc -I/build/buildd2-gcc-4.7_4.7.1-1-mips-uJ77Ou/gcc-4.7-4.7.1/build/gcc/testsuite/gcc/../../../gcc -I/build/buildd2-gcc-4.7_4.7.1-1-mips-uJ77Ou/gcc-4.7-4.7.1/src/gcc/testsuite/../../include -I/build/buildd2-gcc-4.7_4.7.1-1-mips-uJ77Ou/gcc-4.7-4.7.1/src/gcc/testsuite/../../libcpp/include -I/build/buildd2-gcc-4.7_4.7.1-1-mips-uJ77Ou/gcc-4.7-4.7.1/build/gcc/testsuite/gcc/../../../intl -DIN_GCC -fPIC -shared
UNRESOLVED: finish_unit_plugin.c compilation, -I. -I/build/buildd2-gcc-4.7_4.7.1-1-mips-uJ77Ou/gcc-4.7-4.7.1/src/gcc/testsuite -I/build/buildd2-gcc-4.7_4.7.1-1-mips-uJ77Ou/gcc-4.7-4.7.1/src/gcc/testsuite/../../gcc -I/build/buildd2-gcc-4.7_4.7.1-1-mips-uJ77Ou/gcc-4.7-4.7.1/build/gcc/testsuite/gcc/../../../gcc -I/build/buildd2-gcc-4.7_4.7.1-1-mips-uJ77Ou/gcc-4.7-4.7.1/src/gcc/testsuite/../../include -I/build/buildd2-gcc-4.7_4.7.1-1-mips-uJ77Ou/gcc-4.7-4.7.1/src/gcc/testsuite/../../libcpp/include -I/build/buildd2-gcc-4.7_4.7.1-1-mips-uJ77Ou/gcc-4.7-4.7.1/build/gcc/testsuite/gcc/../../../intl -DIN_GCC -fPIC -shared
FAIL: gcc.target/mips/octeon-pipe-1.c scan-rtl-dump sched2 "octeon_mult\\*71"
FAIL: gcc.target/mips/octeon2-pipe-1.c scan-rtl-dump sched2 "octeon_mult\\*17"
=== gcc Summary for unix/-fstack-protector ===
# of expected passes 75788
# of unexpected failures 7
# of expected failures 115
# of unresolved testcases 5
# of unsupported tests 1110
Running target unix/-mabi=64
FAIL: gcc.dg/inline3.c (test for warnings, line 6)
FAIL: gcc.dg/inline3.c (test for errors, line 7)
FAIL: gcc.dg/graphite/id-pr46845.c (internal compiler error)
FAIL: gcc.dg/graphite/id-pr46845.c (test for excess errors)
UNRESOLVED: selfassign.c compilation, -I. -I/build/buildd2-gcc-4.7_4.7.1-1-mips-uJ77Ou/gcc-4.7-4.7.1/src/gcc/testsuite -I/build/buildd2-gcc-4.7_4.7.1-1-mips-uJ77Ou/gcc-4.7-4.7.1/src/gcc/testsuite/../../gcc -I/build/buildd2-gcc-4.7_4.7.1-1-mips-uJ77Ou/gcc-4.7-4.7.1/build/gcc/testsuite/gcc/../../../gcc -I/build/buildd2-gcc-4.7_4.7.1-1-mips-uJ77Ou/gcc-4.7-4.7.1/src/gcc/testsuite/../../include -I/build/buildd2-gcc-4.7_4.7.1-1-mips-uJ77Ou/gcc-4.7-4.7.1/src/gcc/testsuite/../../libcpp/include -I/build/buildd2-gcc-4.7_4.7.1-1-mips-uJ77Ou/gcc-4.7-4.7.1/build/gcc/testsuite/gcc/../../../intl -O -DIN_GCC -fPIC -shared
UNRESOLVED: ggcplug.c compilation, -I. -I/build/buildd2-gcc-4.7_4.7.1-1-mips-uJ77Ou/gcc-4.7-4.7.1/src/gcc/testsuite -I/build/buildd2-gcc-4.7_4.7.1-1-mips-uJ77Ou/gcc-4.7-4.7.1/src/gcc/testsuite/../../gcc -I/build/buildd2-gcc-4.7_4.7.1-1-mips-uJ77Ou/gcc-4.7-4.7.1/build/gcc/testsuite/gcc/../../../gcc -I/build/buildd2-gcc-4.7_4.7.1-1-mips-uJ77Ou/gcc-4.7-4.7.1/src/gcc/testsuite/../../include -I/build/buildd2-gcc-4.7_4.7.1-1-mips-uJ77Ou/gcc-4.7-4.7.1/src/gcc/testsuite/../../libcpp/include -I/build/buildd2-gcc-4.7_4.7.1-1-mips-uJ77Ou/gcc-4.7-4.7.1/build/gcc/testsuite/gcc/../../../intl -O -DIN_GCC -fPIC -shared
UNRESOLVED: one_time_plugin.c compilation, -I. -I/build/buildd2-gcc-4.7_4.7.1-1-mips-uJ77Ou/gcc-4.7-4.7.1/src/gcc/testsuite -I/build/buildd2-gcc-4.7_4.7.1-1-mips-uJ77Ou/gcc-4.7-4.7.1/src/gcc/testsuite/../../gcc -I/build/buildd2-gcc-4.7_4.7.1-1-mips-uJ77Ou/gcc-4.7-4.7.1/build/gcc/testsuite/gcc/../../../gcc -I/build/buildd2-gcc-4.7_4.7.1-1-mips-uJ77Ou/gcc-4.7-4.7.1/src/gcc/testsuite/../../include -I/build/buildd2-gcc-4.7_4.7.1-1-mips-uJ77Ou/gcc-4.7-4.7.1/src/gcc/testsuite/../../libcpp/include -I/build/buildd2-gcc-4.7_4.7.1-1-mips-uJ77Ou/gcc-4.7-4.7.1/build/gcc/testsuite/gcc/../../../intl -DIN_GCC -fPIC -shared
UNRESOLVED: start_unit_plugin.c compilation, -I. -I/build/buildd2-gcc-4.7_4.7.1-1-mips-uJ77Ou/gcc-4.7-4.7.1/src/gcc/testsuite -I/build/buildd2-gcc-4.7_4.7.1-1-mips-uJ77Ou/gcc-4.7-4.7.1/src/gcc/testsuite/../../gcc -I/build/buildd2-gcc-4.7_4.7.1-1-mips-uJ77Ou/gcc-4.7-4.7.1/build/gcc/testsuite/gcc/../../../gcc -I/build/buildd2-gcc-4.7_4.7.1-1-mips-uJ77Ou/gcc-4.7-4.7.1/src/gcc/testsuite/../../include -I/build/buildd2-gcc-4.7_4.7.1-1-mips-uJ77Ou/gcc-4.7-4.7.1/src/gcc/testsuite/../../libcpp/include -I/build/buildd2-gcc-4.7_4.7.1-1-mips-uJ77Ou/gcc-4.7-4.7.1/build/gcc/testsuite/gcc/../../../intl -DIN_GCC -fPIC -shared
UNRESOLVED: finish_unit_plugin.c compilation, -I. -I/build/buildd2-gcc-4.7_4.7.1-1-mips-uJ77Ou/gcc-4.7-4.7.1/src/gcc/testsuite -I/build/buildd2-gcc-4.7_4.7.1-1-mips-uJ77Ou/gcc-4.7-4.7.1/src/gcc/testsuite/../../gcc -I/build/buildd2-gcc-4.7_4.7.1-1-mips-uJ77Ou/gcc-4.7-4.7.1/build/gcc/testsuite/gcc/../../../gcc -I/build/buildd2-gcc-4.7_4.7.1-1-mips-uJ77Ou/gcc-4.7-4.7.1/src/gcc/testsuite/../../include -I/build/buildd2-gcc-4.7_4.7.1-1-mips-uJ77Ou/gcc-4.7-4.7.1/src/gcc/testsuite/../../libcpp/include -I/build/buildd2-gcc-4.7_4.7.1-1-mips-uJ77Ou/gcc-4.7-4.7.1/build/gcc/testsuite/gcc/../../../intl -DIN_GCC -fPIC -shared
FAIL: gcc.target/mips/octeon-pipe-1.c scan-rtl-dump sched2 "octeon_mult\\*71"
FAIL: gcc.target/mips/octeon2-pipe-1.c scan-rtl-dump sched2 "octeon_mult\\*17"
=== gcc Summary for unix/-mabi=64 ===
# of expected passes 76419
# of unexpected failures 6
# of expected failures 116
# of unresolved testcases 5
# of unsupported tests 1104
Running target unix/-mabi=n32
FAIL: gcc.dg/inline3.c (test for warnings, line 6)
FAIL: gcc.dg/inline3.c (test for errors, line 7)
FAIL: gcc.dg/graphite/id-pr46845.c (internal compiler error)
FAIL: gcc.dg/graphite/id-pr46845.c (test for excess errors)
UNRESOLVED: selfassign.c compilation, -I. -I/build/buildd2-gcc-4.7_4.7.1-1-mips-uJ77Ou/gcc-4.7-4.7.1/src/gcc/testsuite -I/build/buildd2-gcc-4.7_4.7.1-1-mips-uJ77Ou/gcc-4.7-4.7.1/src/gcc/testsuite/../../gcc -I/build/buildd2-gcc-4.7_4.7.1-1-mips-uJ77Ou/gcc-4.7-4.7.1/build/gcc/testsuite/gcc/../../../gcc -I/build/buildd2-gcc-4.7_4.7.1-1-mips-uJ77Ou/gcc-4.7-4.7.1/src/gcc/testsuite/../../include -I/build/buildd2-gcc-4.7_4.7.1-1-mips-uJ77Ou/gcc-4.7-4.7.1/src/gcc/testsuite/../../libcpp/include -I/build/buildd2-gcc-4.7_4.7.1-1-mips-uJ77Ou/gcc-4.7-4.7.1/build/gcc/testsuite/gcc/../../../intl -O -DIN_GCC -fPIC -shared
UNRESOLVED: ggcplug.c compilation, -I. -I/build/buildd2-gcc-4.7_4.7.1-1-mips-uJ77Ou/gcc-4.7-4.7.1/src/gcc/testsuite -I/build/buildd2-gcc-4.7_4.7.1-1-mips-uJ77Ou/gcc-4.7-4.7.1/src/gcc/testsuite/../../gcc -I/build/buildd2-gcc-4.7_4.7.1-1-mips-uJ77Ou/gcc-4.7-4.7.1/build/gcc/testsuite/gcc/../../../gcc -I/build/buildd2-gcc-4.7_4.7.1-1-mips-uJ77Ou/gcc-4.7-4.7.1/src/gcc/testsuite/../../include -I/build/buildd2-gcc-4.7_4.7.1-1-mips-uJ77Ou/gcc-4.7-4.7.1/src/gcc/testsuite/../../libcpp/include -I/build/buildd2-gcc-4.7_4.7.1-1-mips-uJ77Ou/gcc-4.7-4.7.1/build/gcc/testsuite/gcc/../../../intl -O -DIN_GCC -fPIC -shared
UNRESOLVED: one_time_plugin.c compilation, -I. -I/build/buildd2-gcc-4.7_4.7.1-1-mips-uJ77Ou/gcc-4.7-4.7.1/src/gcc/testsuite -I/build/buildd2-gcc-4.7_4.7.1-1-mips-uJ77Ou/gcc-4.7-4.7.1/src/gcc/testsuite/../../gcc -I/build/buildd2-gcc-4.7_4.7.1-1-mips-uJ77Ou/gcc-4.7-4.7.1/build/gcc/testsuite/gcc/../../../gcc -I/build/buildd2-gcc-4.7_4.7.1-1-mips-uJ77Ou/gcc-4.7-4.7.1/src/gcc/testsuite/../../include -I/build/buildd2-gcc-4.7_4.7.1-1-mips-uJ77Ou/gcc-4.7-4.7.1/src/gcc/testsuite/../../libcpp/include -I/build/buildd2-gcc-4.7_4.7.1-1-mips-uJ77Ou/gcc-4.7-4.7.1/build/gcc/testsuite/gcc/../../../intl -DIN_GCC -fPIC -shared
UNRESOLVED: start_unit_plugin.c compilation, -I. -I/build/buildd2-gcc-4.7_4.7.1-1-mips-uJ77Ou/gcc-4.7-4.7.1/src/gcc/testsuite -I/build/buildd2-gcc-4.7_4.7.1-1-mips-uJ77Ou/gcc-4.7-4.7.1/src/gcc/testsuite/../../gcc -I/build/buildd2-gcc-4.7_4.7.1-1-mips-uJ77Ou/gcc-4.7-4.7.1/build/gcc/testsuite/gcc/../../../gcc -I/build/buildd2-gcc-4.7_4.7.1-1-mips-uJ77Ou/gcc-4.7-4.7.1/src/gcc/testsuite/../../include -I/build/buildd2-gcc-4.7_4.7.1-1-mips-uJ77Ou/gcc-4.7-4.7.1/src/gcc/testsuite/../../libcpp/include -I/build/buildd2-gcc-4.7_4.7.1-1-mips-uJ77Ou/gcc-4.7-4.7.1/build/gcc/testsuite/gcc/../../../intl -DIN_GCC -fPIC -shared
UNRESOLVED: finish_unit_plugin.c compilation, -I. -I/build/buildd2-gcc-4.7_4.7.1-1-mips-uJ77Ou/gcc-4.7-4.7.1/src/gcc/testsuite -I/build/buildd2-gcc-4.7_4.7.1-1-mips-uJ77Ou/gcc-4.7-4.7.1/src/gcc/testsuite/../../gcc -I/build/buildd2-gcc-4.7_4.7.1-1-mips-uJ77Ou/gcc-4.7-4.7.1/build/gcc/testsuite/gcc/../../../gcc -I/build/buildd2-gcc-4.7_4.7.1-1-mips-uJ77Ou/gcc-4.7-4.7.1/src/gcc/testsuite/../../include -I/build/buildd2-gcc-4.7_4.7.1-1-mips-uJ77Ou/gcc-4.7-4.7.1/src/gcc/testsuite/../../libcpp/include -I/build/buildd2-gcc-4.7_4.7.1-1-mips-uJ77Ou/gcc-4.7-4.7.1/build/gcc/testsuite/gcc/../../../intl -DIN_GCC -fPIC -shared
FAIL: gcc.target/mips/octeon-pipe-1.c scan-rtl-dump sched2 "octeon_mult\\*71"
FAIL: gcc.target/mips/octeon2-pipe-1.c scan-rtl-dump sched2 "octeon_mult\\*17"
=== gcc Summary for unix/-mabi=n32 ===
# of expected passes 76441
# of unexpected failures 6
# of expected failures 115
# of unresolved testcases 5
# of unsupported tests 1098
=== gcc Summary ===
# of expected passes 304437
# of unexpected failures 25
# of expected failures 461
# of unresolved testcases 20
# of unsupported tests 4422
/build/buildd2-gcc-4.7_4.7.1-1-mips-uJ77Ou/gcc-4.7-4.7.1/build/gcc/xgcc version 4.7.0 (Debian 4.7.1-1)
=== gfortran tests ===
Running target unix
=== gfortran Summary for unix ===
# of expected passes 39776
# of expected failures 56
# of unsupported tests 394
Running target unix/-fstack-protector
=== gfortran Summary for unix/-fstack-protector ===
# of expected passes 39776
# of expected failures 56
# of unsupported tests 394
Running target unix/-mabi=64
=== gfortran Summary for unix/-mabi=64 ===
# of expected passes 40408
# of expected failures 56
# of unsupported tests 85
Running target unix/-mabi=n32
=== gfortran Summary for unix/-mabi=n32 ===
# of expected passes 40408
# of expected failures 56
# of unsupported tests 85
=== gfortran Summary ===
# of expected passes 160368
# of expected failures 224
# of unsupported tests 958
/build/buildd2-gcc-4.7_4.7.1-1-mips-uJ77Ou/gcc-4.7-4.7.1/build/gcc/testsuite/gfortran/../../gfortran version 4.7.0 (Debian 4.7.1-1)
=== go tests ===
Running target unix
FAIL: go.test/test/cmplxdivide.go
WARNING: program timed out.
=== go Summary for unix ===
# of expected passes 3291
# of unexpected failures 1
# of expected failures 4
# of untested testcases 6
Running target unix/-fstack-protector
FAIL: ./select5-out.go compilation, -O0 -g
FAIL: go.test/test/cmplxdivide.go
WARNING: program timed out.
WARNING: program timed out.
=== go Summary for unix/-fstack-protector ===
# of expected passes 3289
# of unexpected failures 2
# of expected failures 4
# of untested testcases 7
Running target unix/-mabi=64
FAIL: go.test/test/nilptr.go execution, -O2 -g
=== go Summary for unix/-mabi=64 ===
# of expected passes 3291
# of unexpected failures 1
# of expected failures 4
# of untested testcases 6
Running target unix/-mabi=n32
FAIL: go.test/test/nilptr.go execution, -O2 -g
=== go Summary for unix/-mabi=n32 ===
# of expected passes 3291
# of unexpected failures 1
# of expected failures 4
# of untested testcases 6
=== go Summary ===
# of expected passes 13162
# of unexpected failures 5
# of expected failures 16
# of untested testcases 25
/build/buildd2-gcc-4.7_4.7.1-1-mips-uJ77Ou/gcc-4.7-4.7.1/build/gcc/testsuite/go/../../gccgo version 4.7.0 (Debian 4.7.1-1)
=== obj-c++ tests ===
Running target unix
=== obj-c++ Summary for unix ===
# of expected passes 1450
# of expected failures 2
# of unsupported tests 86
Running target unix/-fstack-protector
=== obj-c++ Summary for unix/-fstack-protector ===
# of expected passes 1450
# of expected failures 2
# of unsupported tests 86
Running target unix/-mabi=64
=== obj-c++ Summary for unix/-mabi=64 ===
# of expected passes 1442
# of expected failures 10
# of unsupported tests 86
Running target unix/-mabi=n32
=== obj-c++ Summary for unix/-mabi=n32 ===
# of expected passes 1450
# of expected failures 2
# of unsupported tests 86
=== obj-c++ Summary ===
# of expected passes 5792
# of expected failures 16
# of unsupported tests 344
/build/buildd2-gcc-4.7_4.7.1-1-mips-uJ77Ou/gcc-4.7-4.7.1/build/gcc/testsuite/obj-c++/../../g++ version 4.7.0 (Debian 4.7.1-1)
=== objc tests ===
Running target unix
=== objc Summary for unix ===
# of expected passes 2994
# of unsupported tests 74
Running target unix/-fstack-protector
=== objc Summary for unix/-fstack-protector ===
# of expected passes 2994
# of unsupported tests 74
Running target unix/-mabi=64
=== objc Summary for unix/-mabi=64 ===
# of expected passes 2994
# of unsupported tests 74
Running target unix/-mabi=n32
=== objc Summary for unix/-mabi=n32 ===
# of expected passes 2994
# of unsupported tests 74
=== objc Summary ===
# of expected passes 11976
# of unsupported tests 296
/build/buildd2-gcc-4.7_4.7.1-1-mips-uJ77Ou/gcc-4.7-4.7.1/build/gcc/xgcc version 4.7.0 (Debian 4.7.1-1)
=== libffi tests ===
Running target unix
=== libffi Summary for unix ===
# of expected passes 1634
# of expected failures 10
# of unsupported tests 55
Running target unix/-fstack-protector
=== libffi Summary for unix/-fstack-protector ===
# of expected passes 1634
# of expected failures 10
# of unsupported tests 55
Running target unix/-mabi=64
FAIL: libffi.call/cls_double_va.c -O0 -W -Wall output pattern test, is 0.0
FAIL: libffi.call/cls_longdouble_va.c -O0 -W -Wall output pattern test, is 0.0
FAIL: libffi.call/cls_double_va.c -O2 output pattern test, is 0.0
FAIL: libffi.call/cls_longdouble_va.c -O2 output pattern test, is 0.0
FAIL: libffi.call/cls_double_va.c -O3 output pattern test, is 0.0
FAIL: libffi.call/cls_longdouble_va.c -O3 output pattern test, is 0.0
FAIL: libffi.call/cls_double_va.c -Os output pattern test, is 0.0
FAIL: libffi.call/cls_longdouble_va.c -Os output pattern test, is 0.0
FAIL: libffi.call/cls_double_va.c -O2 -fomit-frame-pointer output pattern test, is 0.0
FAIL: libffi.call/cls_longdouble_va.c -O2 -fomit-frame-pointer output pattern test, is 0.0
=== libffi Summary for unix/-mabi=64 ===
# of expected passes 1624
# of unexpected failures 10
# of expected failures 10
# of unsupported tests 55
Running target unix/-mabi=n32
FAIL: libffi.call/cls_double_va.c -O0 -W -Wall output pattern test, is 0.0
FAIL: libffi.call/cls_longdouble_va.c -O0 -W -Wall output pattern test, is 0.0
FAIL: libffi.call/cls_double_va.c -O2 output pattern test, is 0.0
FAIL: libffi.call/cls_longdouble_va.c -O2 output pattern test, is 0.0
FAIL: libffi.call/cls_double_va.c -O3 output pattern test, is 0.0
FAIL: libffi.call/cls_longdouble_va.c -O3 output pattern test, is 0.0
FAIL: libffi.call/cls_double_va.c -Os output pattern test, is 0.0
FAIL: libffi.call/cls_longdouble_va.c -Os output pattern test, is 0.0
FAIL: libffi.call/cls_double_va.c -O2 -fomit-frame-pointer output pattern test, is 0.0
FAIL: libffi.call/cls_longdouble_va.c -O2 -fomit-frame-pointer output pattern test, is 0.0
=== libffi Summary for unix/-mabi=n32 ===
# of expected passes 1624
# of unexpected failures 10
# of expected failures 10
# of unsupported tests 55
=== libffi Summary ===
# of expected passes 6516
# of unexpected failures 20
# of expected failures 40
# of unsupported tests 220
=== libgo tests ===
Running target unix
FAIL: crypto/x509
FAIL: math/rand
FAIL: os/user
=== libgo Summary for unix ===
# of expected passes 120
# of unexpected failures 3
Running target unix/-mabi=n32
FAIL: crypto/x509
FAIL: os/user
FAIL: text/template
=== libgo Summary for unix/-mabi=n32 ===
# of expected passes 120
# of unexpected failures 3
Running target unix/-mabi=64
FAIL: os/user
=== libgo Summary for unix/-mabi=64 ===
# of expected passes 122
# of unexpected failures 1
=== libgo Summary ===
# of expected passes 362
# of unexpected failures 7
/build/buildd2-gcc-4.7_4.7.1-1-mips-uJ77Ou/gcc-4.7-4.7.1/build/./gcc/gccgo version 4.7.0 (Debian 4.7.1-1)
=== libgomp tests ===
Running target unix
WARNING: program timed out.
FAIL: libgomp.fortran/strassen.f90 -O execution test
=== libgomp Summary for unix ===
# of expected passes 2973
# of unexpected failures 1
# of unsupported tests 1
Running target unix/-fstack-protector
WARNING: program timed out.
FAIL: libgomp.fortran/strassen.f90 -O execution test
=== libgomp Summary for unix/-fstack-protector ===
# of expected passes 2973
# of unexpected failures 1
# of unsupported tests 1
Running target unix/-mabi=64
WARNING: program timed out.
FAIL: libgomp.fortran/strassen.f90 -O execution test
=== libgomp Summary for unix/-mabi=64 ===
# of expected passes 2973
# of unexpected failures 1
# of unsupported tests 1
Running target unix/-mabi=n32
WARNING: program timed out.
FAIL: libgomp.fortran/strassen.f90 -O execution test
=== libgomp Summary for unix/-mabi=n32 ===
# of expected passes 2973
# of unexpected failures 1
# of unsupported tests 1
=== libgomp Summary ===
# of expected passes 11892
# of unexpected failures 4
# of unsupported tests 4
=== libmudflap tests ===
Running target unix
=== libmudflap Summary for unix ===
# of expected passes 1906
Running target unix/-fstack-protector
=== libmudflap Summary for unix/-fstack-protector ===
# of expected passes 1906
Running target unix/-mabi=64
FAIL: libmudflap.c++/pass55-frag.cxx ( -O) execution test
=== libmudflap Summary for unix/-mabi=64 ===
# of expected passes 1905
# of unexpected failures 1
Running target unix/-mabi=n32
FAIL: libmudflap.c++/pass55-frag.cxx ( -O) execution test
=== libmudflap Summary for unix/-mabi=n32 ===
# of expected passes 1905
# of unexpected failures 1
=== libmudflap Summary ===
# of expected passes 7622
# of unexpected failures 2
=== libstdc++ tests ===
Running target unix
FAIL: libstdc++-abi/abi_check
FAIL: 22_locale/time_get/get_date/wchar_t/4.cc execution test
=== libstdc++ Summary for unix ===
# of expected passes 8632
# of unexpected failures 2
# of expected failures 43
# of unsupported tests 161
Running target unix/-fstack-protector
FAIL: libstdc++-abi/abi_check
FAIL: 22_locale/time_get/get_date/wchar_t/4.cc execution test
=== libstdc++ Summary for unix/-fstack-protector ===
# of expected passes 8632
# of unexpected failures 2
# of expected failures 43
# of unsupported tests 161
Running target unix/-mabi=64
FAIL: libstdc++-abi/abi_check
FAIL: 22_locale/time_get/get_date/wchar_t/4.cc execution test
=== libstdc++ Summary for unix/-mabi=64 ===
# of expected passes 8632
# of unexpected failures 2
# of expected failures 43
# of unsupported tests 161
Running target unix/-mabi=n32
FAIL: libstdc++-abi/abi_check
FAIL: 22_locale/time_get/get_date/wchar_t/4.cc execution test
=== libstdc++ Summary for unix/-mabi=n32 ===
# of expected passes 8632
# of unexpected failures 2
# of expected failures 43
# of unsupported tests 161
=== libstdc++ Summary ===
# of expected passes 34528
# of unexpected failures 8
# of expected failures 172
# of unsupported tests 644
Compiler version: 4.7.0 (Debian 4.7.1-1)
Platform: mips-unknown-linux-gnu
configure flags: -v --with-pkgversion='Debian 4.7.1-1' --with-bugurl=file:///usr/share/doc/gcc-4.7/README.Bugs --enable-languages=c,c++,go,fortran,objc,obj-c++ --prefix=/usr --program-suffix=-4.7 --enable-shared --enable-linker-build-id --with-system-zlib --libexecdir=/usr/lib --without-included-gettext --enable-threads=posix --with-gxx-include-dir=/usr/include/c++/4.7 --libdir=/usr/lib --enable-nls --with-sysroot=/ --enable-clocale=gnu --enable-libstdcxx-debug --enable-libstdcxx-time=yes --enable-gnu-unique-object --disable-libitm --enable-plugin --with-mips-plt --with-arch-32=mips2 --with-tune-32=mips32 --enable-targets=all --with-arch-64=mips3 --with-tune-64=mips64 --enable-checking=release --build=mips-linux-gnu --host=mips-linux-gnu --target=mips-linux-gnu
BOOT_CFLAGS=
Build Dependencies:
Desired=Unknown/Install/Remove/Purge/Hold
| Status=Not/Inst/Conf-files/Unpacked/halF-conf/Half-inst/trig-aWait/Trig-pend
|/ Err?=(none)/Reinst-required (Status,Err: uppercase=bad)
||/ Name Version Description
+++-===============================-=====================-=======================================================================
ii binutils 2.22-6.1 GNU assembler, linker and binary utilities
ii g++-4.6 4.6.3-7 GNU C++ compiler
ii g++-4.6-multilib 4.6.3-7 GNU C++ compiler (multilib files)
ii g++-multilib 4:4.6.3-6 GNU C++ compiler (multilib files)
ii libc6:mips 2.13-33 Embedded GNU C Library: Shared libraries
ii libcloog-ppl-dev:mips 0.15.11-4 Chunky Loop Generator (development files)
ii libgmp-dev:mips 2:5.0.5+dfsg-2 Multiprecision arithmetic library developers tools
ii libmpc-dev:mips 0.9-4 multiple precision complex floating-point library development package
ii libmpfr-dev:mips 3.1.0-5 multiple precision floating-point computation developers tools
ii libppl0.11-dev:mips 0.11.2-6 Parma Polyhedra Library (development)
svn-updates:
updates from the 4.7 branch upto 20120614 (r188638).
gcc-gfdl-build:
Build a dummy s-tm-texi without access to the texinfo sources
gcc-textdomain:
Set gettext's domain and textdomain to the versioned package name.
gcc-driver-extra-langs:
Add options and specs for languages that are not built from a source
(but built from separate sources).
gcc-hash-style-both:
Link using --hash-style=both (alpha, amd64, armel, armhf, ia64, i386, powerpc, ppc64, s390, sparc)
libstdc++-pic:
Build and install libstdc++_pic.a library.
libstdc++-doclink:
adjust hrefs to point to the local documentation
libstdc++-man-3cxx:
Install libstdc++ man pages with suffix .3cxx instead of .3
libstdc++-test-installed:
Add support to run the libstdc++-v3 testsuite using the
installed shared libraries.
libjava-stacktrace:
libgcj: Lookup source file name and line number in separated
debug files found in /usr/lib/debug
libjava-jnipath:
- Add /usr/lib/jni and /usr/lib/<multiarch>/jni to java.library.path.
- When running the i386 binaries on amd64, look in
- /usr/lib32/gcj-x.y and /usr/lib32/jni instead.
libjava-sjlj:
Don't try to use _Unwind_Backtrace on SJLJ targets.
See bug #387875, #388505, GCC PR 29206.
libjava-disable-plugin:
Don't build the gcjwebplugin, even when configured with --enable-plugin
alpha-no-ev4-directive:
never emit .ev4 directive.
boehm-gc-getnprocs:
boehm-gc/pthread_support.c (GC_get_nprocs): Use sysconf as fallback.
note-gnu-stack:
Add .note.GNU-stack sections for gcc's crt files, libffi and boehm-gc
Taken from FC.
libgomp-omp_h-multilib:
Fix up omp.h for multilibs.
sparc-force-cpu:
On sparc default to ultrasparc (v9a) in 32bit mode
pr24619:
Proposed patch for PR mudflap/24619 (instrumentation of dlopen)
gccgo-version:
Omit the subminor number from the go libdir
pr45078:
Proposed patch for PR plugin/45078
pr47818:
Fix PR ada/47818: Pragma Assert is rejected with No_Implementation_Pragmas restriction.
pr49940:
Apply proposed patch for PR ada/49940.
pr49944:
apply proposed patch for PR ada/49444.
libffi-kfreebsd:
libffi: Define FFI_MMAP_EXEC_WRIT on kfreebsd-*.
gcc-base-version:
Set base version to 4.7, introduce full version 4.7.x.
libffi-powerpc-sf:
libffi-powerpc-sysv-without-string-ops:
mudflapth-link:
Link libmudflapth.so with -lpthread
libffi-m68k:
libgo-fix-arm:
libgo: Work around parse error of struct timex_ on ARM
sh4-enable-ieee:
Enable -mieee by default on sh4.
gcc-cloog-dl:
Link against -ldl instead of -lcloog -lppl. Exit with an error when using
the Graphite loop transformation infrastructure without having the
libcloog-ppl0 package installed. Packages using these optimizations
should build-depend on libcloog-ppl0.
libiberty-md5:
Fix alias warning building libiberty/md5.c
libgo-hardening:
Avoid compiler warnings in libgo
pr26155:
Fix PR c++/26155, taken from the trunk.
gcc-d-lang:
Add D options and specs for the gcc driver.
arm-dynamic-linker:
For ARM hard float, set the dynamic linker to
/lib/ld-linux-armhf.so.3.
gcc-sysroot:
libgo-mksysinfo:
libgo: Fix TIOCNOTTY and TIOCSCTTY definitions
pr33763:
Fix PR c/33763, proposed patch from the issue.
arm-multilib-soft:
ARM hard/soft float multilib support
arm-multilib-defaults:
Set MULTILIB_DEFAULTS for ARM multilib builds
gcc-ice-hack:
Retry the build on an ice, save the calling options and preprocessed
source when the ice is reproducible.
gcc-ice-apport:
Report an ICE to apport (if apport is available
and the environment variable GCC_NOAPPORT is not set)
libjava-fixed-symlinks:
Remove unneed '..' elements from symlinks in JAVA_HOME
libstdc++-arm-wno-abi:
Temporary work around:
On arm-linux-gnueabi run the libstdc++v3 testsuite with -Wno-abi
ada-mips:
Improve support for mips.
libffi-ro-eh_frame_sect:
PR libffi/47248, force a read only eh frame section.
gcc-multiarch:
Add multiarch support to GCC.
Convert the multilib option to a target triplet,
add multiarch include directories and libraries path:
/usr/local/include/<arch>-linux-gnu
/usr/include/<arch>-linux-gnu
/usr/lib/<arch>-linux-gnu
to the system paths.
libjava-multiarch:
Install libjava libraries to multiarch location
libjava-nobiarch-check:
For biarch builds, disable the testsuite for the non-default architecture
for runtime libraries, which are not built by default (libjava).
config-ml:
disable some biarch libraries for biarch builds
gcc-powerpc-nof:
Don't build nof multlib on powerpc.
gcc-powerpc-undef:
Undefine LINK_EH_SPEC before redefining it
http://gcc.gnu.org/ml/gcc-patches/2011-02/msg01082.html
gcc-no-add-needed:
On linux targets pass --no-add-needed to the linker.
mips-fix-loongson2f-nop:
On mips, pass -mfix-loongson2f-nop to as, if -mno-fix-loongson2f-nop
is not passed.
libgomp-kfreebsd-testsuite:
Disable lock-2.c test on kfreebsd-*
armhf-triplet:
add support for arm-linux-*eabi* triplets; useful for armhf
Counting all warnings,
there are 0 warnings in stage3 of this bootstrap.
Number of warnings per file:
Number of warning types:
More information about the Gcc-testresults
mailing list