Results for 4.8.0 20120611 (experimental) [trunk revision 188375] (GCC) testsuite on i386-pc-solaris2.10
Sean McGovern
sean@seanmcgovern.ca
Tue Jun 12 02:46:00 GMT 2012
\$ uname -a
SunOS tsukimi 5.10 Generic_147441-01 i86pc i386 i86pc
\$ cat /etc/release
Oracle Solaris 10 8/11 s10x_u10wos_17b X86
Copyright (c) 1983, 2011, Oracle and/or its affiliates. All rights reserved.
Assembled 23 August 2011
\$ /usr/local/bin/as --version
GNU assembler (GNU Binutils) 2.21.1
\$ /usr/ccs/bin/ld -V
ld: Software Generation Utilities - Solaris Link Editors: 5.10-1.1505
\$ /usr/sbin/psrinfo -pv
The physical processor has 1 virtual processor (0)
x86 (chipid 0x0 GenuineIntel family 6 model 23 step 10 clock 2389 MHz)
Intel(r) Core(tm)2 Duo CPU P8600 @ 2.40GHz
The physical processor has 1 virtual processor (1)
x86 (chipid 0x1 GenuineIntel family 6 model 23 step 10 clock 2389 MHz)
Intel(r) Core(tm)2 Duo CPU P8600 @ 2.40GHz
Bootstrapped with :
\$ i386-pc-solaris2.10-gcc-4.6 -v
Using built-in specs.
COLLECT_GCC=i386-pc-solaris2.10-gcc-4.6
COLLECT_LTO_WRAPPER=/opt/gnu/gcc/libexec/gcc/i386-pc-solaris2.10/4.6.3/lto-wrapper
Target: i386-pc-solaris2.10
Configured with: /SOURCES/gcc-4.6.3/configure --prefix=/opt/gnu/gcc --target=i386-pc-solaris2.10 --with-gnu-as --with-as=/usr/local/bin/as --with-gmp=/opt/gnu --with-mpfr=/opt/gnu --with-mpc=/opt/gnu --with-ppl=/opt/gnu --with-cloog=/opt/gnu --enable-cloog-backend=isl --enable-languages=all --program-suffix=-4.6
Thread model: posix
gcc version 4.6.3 (GCC)
********
LAST_UPDATED: Mon Jun 11 12:10:05 UTC 2012 (revision 188375)
Native configuration is i386-pc-solaris2.10
=== g++ tests ===
Running target unix/-m32
FAIL: g++.dg/debug/dwarf2/thunk1.C scan-assembler-times LFB3 1
FAIL: g++.dg/debug/dwarf2/thunk1.C scan-assembler-times LFB3 1
=== g++ Summary for unix/-m32 ===
# of expected passes 47591
# of unexpected failures 2
# of expected failures 286
# of unsupported tests 405
Running target unix/-m64
FAIL: g++.dg/debug/dwarf2/thunk1.C scan-assembler-times LFB3 1
FAIL: g++.dg/debug/dwarf2/thunk1.C scan-assembler-times LFB3 1
=== g++ Summary for unix/-m64 ===
# of expected passes 48372
# of unexpected failures 2
# of expected failures 286
# of unsupported tests 645
=== g++ Summary ===
# of expected passes 95963
# of unexpected failures 4
# of expected failures 572
# of unsupported tests 1050
/BUILD/gcc/obj-188375/gcc/testsuite/g++/../../g++ version 4.8.0 20120611 (experimental) [trunk revision 188375] (GCC)
=== gcc tests ===
Running target unix/-m32
FAIL: gcc.dg/debug/dwarf2/const-2b.c scan-assembler DW_AT_const_value
XPASS: gcc.dg/Wstrict-overflow-18.c (test for bogus messages, line 20)
FAIL: gcc.dg/attr-weakref-1.c (test for excess errors)
UNRESOLVED: gcc.dg/attr-weakref-1.c compilation failed to produce executable
FAIL: gcc.dg/lto/20090210 c_lto_20090210_0.o-c_lto_20090210_1.o execute -O2 -flto -flto-partition=none
FAIL: gcc.dg/lto/20090210 c_lto_20090210_0.o-c_lto_20090210_1.o execute -O2 -flto -flto-partition=1to1
FAIL: gcc.dg/lto/20090210 c_lto_20090210_0.o-c_lto_20090210_1.o execute -O2 -flto
FAIL: gcc.dg/torture/pr51106-2.c -O0 (internal compiler error)
FAIL: gcc.dg/torture/pr51106-2.c -O0 (test for excess errors)
FAIL: gcc.dg/torture/pr51106-2.c -O1 (internal compiler error)
FAIL: gcc.dg/torture/pr51106-2.c -O1 (test for excess errors)
FAIL: gcc.dg/torture/pr51106-2.c -O2 (internal compiler error)
FAIL: gcc.dg/torture/pr51106-2.c -O2 (test for excess errors)
FAIL: gcc.dg/torture/pr51106-2.c -O3 -fomit-frame-pointer (internal compiler error)
FAIL: gcc.dg/torture/pr51106-2.c -O3 -fomit-frame-pointer (test for excess errors)
FAIL: gcc.dg/torture/pr51106-2.c -O3 -g (internal compiler error)
FAIL: gcc.dg/torture/pr51106-2.c -O3 -g (test for excess errors)
FAIL: gcc.dg/torture/pr51106-2.c -Os (internal compiler error)
FAIL: gcc.dg/torture/pr51106-2.c -Os (test for excess errors)
FAIL: gcc.dg/torture/pr51106-2.c -O2 -flto -flto-partition=none (internal compiler error)
FAIL: gcc.dg/torture/pr51106-2.c -O2 -flto -flto-partition=none (test for excess errors)
FAIL: gcc.dg/torture/pr51106-2.c -O2 -flto (internal compiler error)
FAIL: gcc.dg/torture/pr51106-2.c -O2 -flto (test for excess errors)
FAIL: gcc.dg/torture/tls/run-ld.c -O1 execution test
FAIL: gcc.dg/torture/tls/run-ld.c -O2 execution test
FAIL: gcc.dg/torture/tls/run-ld.c -O3 -fomit-frame-pointer execution test
FAIL: gcc.dg/torture/tls/run-ld.c -O3 -g execution test
FAIL: gcc.dg/torture/tls/run-ld.c -Os execution test
FAIL: gcc.dg/torture/tls/run-ld.c -O1 -fpic execution test
FAIL: gcc.dg/torture/tls/run-ld.c -O2 -fpic execution test
FAIL: gcc.dg/torture/tls/run-ld.c -O3 -fomit-frame-pointer -fpic execution test
FAIL: gcc.dg/torture/tls/run-ld.c -O3 -g -fpic execution test
FAIL: gcc.dg/torture/tls/run-ld.c -Os -fpic execution test
FAIL: gcc.dg/torture/tls/run-ld.c -O1 -fPIC execution test
FAIL: gcc.dg/torture/tls/run-ld.c -O2 -fPIC execution test
FAIL: gcc.dg/torture/tls/run-ld.c -O3 -fomit-frame-pointer -fPIC execution test
FAIL: gcc.dg/torture/tls/run-ld.c -O3 -g -fPIC execution test
FAIL: gcc.dg/torture/tls/run-ld.c -Os -fPIC execution test
FAIL: gcc.dg/torture/tls/run-ld.c -O2 -flto -flto-partition=none execution test
FAIL: gcc.dg/torture/tls/run-ld.c -O2 -flto execution test
FAIL: gcc.dg/torture/tls/thr-init-2.c -O2 -fpic execution test
FAIL: gcc.dg/torture/tls/thr-init-2.c -O3 -fomit-frame-pointer -fpic execution test
FAIL: gcc.dg/torture/tls/thr-init-2.c -O3 -g -fpic execution test
FAIL: gcc.dg/torture/tls/thr-init-2.c -O2 -fPIC execution test
FAIL: gcc.dg/torture/tls/thr-init-2.c -O3 -fomit-frame-pointer -fPIC execution test
FAIL: gcc.dg/torture/tls/thr-init-2.c -O3 -g -fPIC execution test
=== gcc Summary for unix/-m32 ===
# of expected passes 84219
# of unexpected failures 44
# of unexpected successes 1
# of expected failures 259
# of unresolved testcases 1
# of unsupported tests 1257
Running target unix/-m64
FAIL: gcc.c-torture/compile/limits-structnest.c -O2 (test for excess errors)
WARNING: program timed out.
FAIL: gcc.dg/debug/dwarf2/const-2b.c scan-assembler DW_AT_const_value
XPASS: gcc.dg/Wstrict-overflow-18.c (test for bogus messages, line 20)
FAIL: gcc.dg/attr-weakref-1.c (test for excess errors)
UNRESOLVED: gcc.dg/attr-weakref-1.c compilation failed to produce executable
FAIL: gcc.dg/torture/pr51106-2.c -O0 (internal compiler error)
FAIL: gcc.dg/torture/pr51106-2.c -O0 (test for excess errors)
FAIL: gcc.dg/torture/pr51106-2.c -O1 (internal compiler error)
FAIL: gcc.dg/torture/pr51106-2.c -O1 (test for excess errors)
FAIL: gcc.dg/torture/pr51106-2.c -O2 (internal compiler error)
FAIL: gcc.dg/torture/pr51106-2.c -O2 (test for excess errors)
FAIL: gcc.dg/torture/pr51106-2.c -O3 -fomit-frame-pointer (internal compiler error)
FAIL: gcc.dg/torture/pr51106-2.c -O3 -fomit-frame-pointer (test for excess errors)
FAIL: gcc.dg/torture/pr51106-2.c -O3 -g (internal compiler error)
FAIL: gcc.dg/torture/pr51106-2.c -O3 -g (test for excess errors)
FAIL: gcc.dg/torture/pr51106-2.c -Os (internal compiler error)
FAIL: gcc.dg/torture/pr51106-2.c -Os (test for excess errors)
FAIL: gcc.dg/torture/pr51106-2.c -O2 -flto -flto-partition=none (internal compiler error)
FAIL: gcc.dg/torture/pr51106-2.c -O2 -flto -flto-partition=none (test for excess errors)
FAIL: gcc.dg/torture/pr51106-2.c -O2 -flto (internal compiler error)
FAIL: gcc.dg/torture/pr51106-2.c -O2 -flto (test for excess errors)
FAIL: gcc.target/i386/pr53249.c (test for excess errors)
=== gcc Summary for unix/-m64 ===
# of expected passes 84488
# of unexpected failures 20
# of unexpected successes 1
# of expected failures 261
# of unresolved testcases 1
# of unsupported tests 1620
=== gcc Summary ===
# of expected passes 168707
# of unexpected failures 64
# of unexpected successes 2
# of expected failures 520
# of unresolved testcases 2
# of unsupported tests 2877
/BUILD/gcc/obj-188375/gcc/xgcc version 4.8.0 20120611 (experimental) [trunk revision 188375] (GCC)
=== libatomic tests ===
Running target unix/-m64
=== libatomic Summary for unix/-m64 ===
# of expected passes 54
Running target unix/-m32
=== libatomic Summary for unix/-m32 ===
# of expected passes 44
# of unsupported tests 5
=== libatomic Summary ===
# of expected passes 98
# of unsupported tests 5
=== libgomp tests ===
Running target unix/-m64
FAIL: libgomp.c++/for-7.C -O0 (test for excess errors)
UNRESOLVED: libgomp.c++/for-7.C -O0 compilation failed to produce executable
FAIL: libgomp.c++/for-7.C -O1 (test for excess errors)
UNRESOLVED: libgomp.c++/for-7.C -O1 compilation failed to produce executable
FAIL: libgomp.c++/for-7.C -O2 (test for excess errors)
UNRESOLVED: libgomp.c++/for-7.C -O2 compilation failed to produce executable
FAIL: libgomp.c++/for-7.C -O3 -fomit-frame-pointer (test for excess errors)
UNRESOLVED: libgomp.c++/for-7.C -O3 -fomit-frame-pointer compilation failed to produce executable
FAIL: libgomp.c++/for-7.C -O3 -fomit-frame-pointer -funroll-loops (test for excess errors)
UNRESOLVED: libgomp.c++/for-7.C -O3 -fomit-frame-pointer -funroll-loops compilation failed to produce executable
FAIL: libgomp.c++/for-7.C -O3 -fomit-frame-pointer -funroll-all-loops -finline-functions (test for excess errors)
UNRESOLVED: libgomp.c++/for-7.C -O3 -fomit-frame-pointer -funroll-all-loops -finline-functions compilation failed to produce executable
FAIL: libgomp.c++/for-7.C -O3 -g (test for excess errors)
UNRESOLVED: libgomp.c++/for-7.C -O3 -g compilation failed to produce executable
FAIL: libgomp.c++/for-7.C -Os (test for excess errors)
UNRESOLVED: libgomp.c++/for-7.C -Os compilation failed to produce executable
=== libgomp Summary for unix/-m64 ===
# of expected passes 1265
# of unexpected failures 8
# of unresolved testcases 8
# of unsupported tests 3
Running target unix/-m32
FAIL: libgomp.c++/for-7.C -O0 (test for excess errors)
UNRESOLVED: libgomp.c++/for-7.C -O0 compilation failed to produce executable
FAIL: libgomp.c++/for-7.C -O1 (test for excess errors)
UNRESOLVED: libgomp.c++/for-7.C -O1 compilation failed to produce executable
FAIL: libgomp.c++/for-7.C -O2 (test for excess errors)
UNRESOLVED: libgomp.c++/for-7.C -O2 compilation failed to produce executable
FAIL: libgomp.c++/for-7.C -O3 -fomit-frame-pointer (test for excess errors)
UNRESOLVED: libgomp.c++/for-7.C -O3 -fomit-frame-pointer compilation failed to produce executable
FAIL: libgomp.c++/for-7.C -O3 -fomit-frame-pointer -funroll-loops (test for excess errors)
UNRESOLVED: libgomp.c++/for-7.C -O3 -fomit-frame-pointer -funroll-loops compilation failed to produce executable
FAIL: libgomp.c++/for-7.C -O3 -fomit-frame-pointer -funroll-all-loops -finline-functions (test for excess errors)
UNRESOLVED: libgomp.c++/for-7.C -O3 -fomit-frame-pointer -funroll-all-loops -finline-functions compilation failed to produce executable
FAIL: libgomp.c++/for-7.C -O3 -g (test for excess errors)
UNRESOLVED: libgomp.c++/for-7.C -O3 -g compilation failed to produce executable
FAIL: libgomp.c++/for-7.C -Os (test for excess errors)
UNRESOLVED: libgomp.c++/for-7.C -Os compilation failed to produce executable
=== libgomp Summary for unix/-m32 ===
# of expected passes 1265
# of unexpected failures 8
# of unresolved testcases 8
# of unsupported tests 3
=== libgomp Summary ===
# of expected passes 2530
# of unexpected failures 16
# of unresolved testcases 16
# of unsupported tests 6
=== libitm tests ===
Running target unix/-m64
=== libitm Summary for unix/-m64 ===
# of expected passes 26
# of expected failures 3
# of unsupported tests 1
Running target unix/-m32
=== libitm Summary for unix/-m32 ===
# of expected passes 26
# of expected failures 3
# of unsupported tests 1
=== libitm Summary ===
# of expected passes 52
# of expected failures 6
# of unsupported tests 2
=== libstdc++ tests ===
Running target unix/-m32
=== libstdc++ Summary for unix/-m32 ===
# of expected passes 7961
# of expected failures 43
# of unsupported tests 541
Running target unix/-m64
=== libstdc++ Summary for unix/-m64 ===
# of expected passes 7961
# of expected failures 43
# of unsupported tests 541
=== libstdc++ Summary ===
# of expected passes 15922
# of expected failures 86
# of unsupported tests 1082
Compiler version: 4.8.0 20120611 (experimental) [trunk revision 188375] (GCC)
Platform: i386-pc-solaris2.10
configure flags: --prefix=/BUILD/gcc/188375 --target=i386-pc-solaris2.10 --with-gnu-as --with-as=/usr/local/bin/as --with-gmp=/opt/gnu --with-mpfr=/opt/gnu --with-mpc=/opt/gnu --with-ppl=/opt/gnu --with-cloog=/opt/gnu --enable-cloog-backend=isl --enable-languages=c,c++,lto --program-suffix=-trunk
BOOT_CFLAGS=-g -O2
More information about the Gcc-testresults
mailing list