Results for 4.8.0 20120608 (experimental) [trunk revision 188324] (GCC) testsuite on i386-pc-solaris2.11
Rainer Orth
ro@CeBiTec.Uni-Bielefeld.DE
Mon Jun 11 08:29:00 GMT 2012
LAST_UPDATED: Fri Jun 8 08:58:09 UTC 2012 (revision 188324)
=== acats tests ===
=== acats Summary ===
# of expected passes 2320
# of unexpected failures 0
Native configuration is i386-pc-solaris2.11
=== g++ tests ===
Running target unix
FAIL: g++.dg/debug/dwarf2/thunk1.C scan-assembler-times LFB3 1
FAIL: g++.dg/debug/dwarf2/thunk1.C scan-assembler-times LFB3 1
=== g++ Summary for unix ===
# of expected passes 47665
# of unexpected failures 2
# of expected failures 286
# of unsupported tests 404
Running target unix/-m64
FAIL: g++.dg/debug/dwarf2/thunk1.C scan-assembler-times LFB3 1
FAIL: g++.dg/debug/dwarf2/thunk1.C scan-assembler-times LFB3 1
=== g++ Summary for unix/-m64 ===
# of expected passes 48446
# of unexpected failures 2
# of expected failures 286
# of unsupported tests 644
=== g++ Summary ===
# of expected passes 96111
# of unexpected failures 4
# of expected failures 572
# of unsupported tests 1048
/var/gcc/regression/trunk/11-gcc-gas/build/gcc/testsuite/g++/../../g++ version 4.8.0 20120608 (experimental) [trunk revision 188324] (GCC)
=== gcc tests ===
Running target unix
FAIL: gcc.c-torture/execute/pr47337.c compilation, -O1
UNRESOLVED: gcc.c-torture/execute/pr47337.c execution, -O1
FAIL: gcc.c-torture/execute/pr47337.c compilation, -O2
UNRESOLVED: gcc.c-torture/execute/pr47337.c execution, -O2
FAIL: gcc.c-torture/execute/pr47337.c compilation, -O3 -fomit-frame-pointer
UNRESOLVED: gcc.c-torture/execute/pr47337.c execution, -O3 -fomit-frame-pointer
FAIL: gcc.c-torture/execute/pr47337.c compilation, -O3 -fomit-frame-pointer -funroll-loops
UNRESOLVED: gcc.c-torture/execute/pr47337.c execution, -O3 -fomit-frame-pointer -funroll-loops
FAIL: gcc.c-torture/execute/pr47337.c compilation, -O3 -fomit-frame-pointer -funroll-all-loops -finline-functions
UNRESOLVED: gcc.c-torture/execute/pr47337.c execution, -O3 -fomit-frame-pointer -funroll-all-loops -finline-functions
FAIL: gcc.c-torture/execute/pr47337.c compilation, -O2 -flto -flto-partition=none
UNRESOLVED: gcc.c-torture/execute/pr47337.c execution, -O2 -flto -flto-partition=none
FAIL: gcc.c-torture/execute/pr47337.c compilation, -O2 -flto
UNRESOLVED: gcc.c-torture/execute/pr47337.c execution, -O2 -flto
FAIL: gcc.dg/debug/dwarf2/const-2b.c scan-assembler DW_AT_const_value
XPASS: gcc.dg/Wstrict-overflow-18.c (test for bogus messages, line 20)
FAIL: gcc.dg/attr-weakref-1.c (test for excess errors)
WARNING: gcc.dg/attr-weakref-1.c compilation failed to produce executable
FAIL: gcc.dg/pr30286.c (test for excess errors)
FAIL: gcc.dg/pr38364.c (test for excess errors)
FAIL: gcc.dg/torture/pr51106-2.c -O0 (internal compiler error)
FAIL: gcc.dg/torture/pr51106-2.c -O0 (test for excess errors)
FAIL: gcc.dg/torture/pr51106-2.c -O1 (internal compiler error)
FAIL: gcc.dg/torture/pr51106-2.c -O1 (test for excess errors)
FAIL: gcc.dg/torture/pr51106-2.c -O2 (internal compiler error)
FAIL: gcc.dg/torture/pr51106-2.c -O2 (test for excess errors)
FAIL: gcc.dg/torture/pr51106-2.c -O3 -fomit-frame-pointer (internal compiler error)
FAIL: gcc.dg/torture/pr51106-2.c -O3 -fomit-frame-pointer (test for excess errors)
FAIL: gcc.dg/torture/pr51106-2.c -O3 -g (internal compiler error)
FAIL: gcc.dg/torture/pr51106-2.c -O3 -g (test for excess errors)
FAIL: gcc.dg/torture/pr51106-2.c -Os (internal compiler error)
FAIL: gcc.dg/torture/pr51106-2.c -Os (test for excess errors)
FAIL: gcc.dg/torture/pr51106-2.c -O2 -flto -flto-partition=none (internal compiler error)
FAIL: gcc.dg/torture/pr51106-2.c -O2 -flto -flto-partition=none (test for excess errors)
FAIL: gcc.dg/torture/pr51106-2.c -O2 -flto (internal compiler error)
FAIL: gcc.dg/torture/pr51106-2.c -O2 -flto (test for excess errors)
=== gcc Summary for unix ===
# of expected passes 84757
# of unexpected failures 27
# of unexpected successes 1
# of expected failures 259
# of unresolved testcases 7
# of unsupported tests 1040
Running target unix/-m64
FAIL: gcc.dg/debug/dwarf2/const-2b.c scan-assembler DW_AT_const_value
XPASS: gcc.dg/Wstrict-overflow-18.c (test for bogus messages, line 20)
FAIL: gcc.dg/attr-weakref-1.c (test for excess errors)
WARNING: gcc.dg/attr-weakref-1.c compilation failed to produce executable
FAIL: gcc.dg/pr30286.c (test for excess errors)
FAIL: gcc.dg/pr38364.c (test for excess errors)
FAIL: gcc.dg/torture/pr51106-2.c -O0 (internal compiler error)
FAIL: gcc.dg/torture/pr51106-2.c -O0 (test for excess errors)
FAIL: gcc.dg/torture/pr51106-2.c -O1 (internal compiler error)
FAIL: gcc.dg/torture/pr51106-2.c -O1 (test for excess errors)
FAIL: gcc.dg/torture/pr51106-2.c -O2 (internal compiler error)
FAIL: gcc.dg/torture/pr51106-2.c -O2 (test for excess errors)
FAIL: gcc.dg/torture/pr51106-2.c -O3 -fomit-frame-pointer (internal compiler error)
FAIL: gcc.dg/torture/pr51106-2.c -O3 -fomit-frame-pointer (test for excess errors)
FAIL: gcc.dg/torture/pr51106-2.c -O3 -g (internal compiler error)
FAIL: gcc.dg/torture/pr51106-2.c -O3 -g (test for excess errors)
FAIL: gcc.dg/torture/pr51106-2.c -Os (internal compiler error)
FAIL: gcc.dg/torture/pr51106-2.c -Os (test for excess errors)
FAIL: gcc.dg/torture/pr51106-2.c -O2 -flto -flto-partition=none (internal compiler error)
FAIL: gcc.dg/torture/pr51106-2.c -O2 -flto -flto-partition=none (test for excess errors)
FAIL: gcc.dg/torture/pr51106-2.c -O2 -flto (internal compiler error)
FAIL: gcc.dg/torture/pr51106-2.c -O2 -flto (test for excess errors)
FAIL: gcc.target/i386/pr53249.c (test for excess errors)
=== gcc Summary for unix/-m64 ===
# of expected passes 85038
# of unexpected failures 21
# of unexpected successes 1
# of expected failures 261
# of unsupported tests 1394
=== gcc Summary ===
# of expected passes 169795
# of unexpected failures 48
# of unexpected successes 2
# of expected failures 520
# of unresolved testcases 7
# of unsupported tests 2434
/var/gcc/regression/trunk/11-gcc-gas/build/gcc/xgcc version 4.8.0 20120608 (experimental) [trunk revision 188324] (GCC)
=== gfortran tests ===
Running target unix
FAIL: gfortran.dg/lto/pr45586-2 f_lto_pr45586-2_0.o-f_lto_pr45586-2_0.o link, -O0 -flto -flto-partition=none
UNRESOLVED: gfortran.dg/lto/pr45586-2 f_lto_pr45586-2_0.o-f_lto_pr45586-2_0.o execute -O0 -flto -flto-partition=none
FAIL: gfortran.dg/lto/pr45586-2 f_lto_pr45586-2_0.o-f_lto_pr45586-2_0.o link, -O0 -flto -flto-partition=1to1
UNRESOLVED: gfortran.dg/lto/pr45586-2 f_lto_pr45586-2_0.o-f_lto_pr45586-2_0.o execute -O0 -flto -flto-partition=1to1
FAIL: gfortran.dg/lto/pr45586-2 f_lto_pr45586-2_0.o-f_lto_pr45586-2_0.o link, -O0 -flto
UNRESOLVED: gfortran.dg/lto/pr45586-2 f_lto_pr45586-2_0.o-f_lto_pr45586-2_0.o execute -O0 -flto
FAIL: gfortran.dg/lto/pr45586 f_lto_pr45586_0.o-f_lto_pr45586_0.o link, -O0 -flto -flto-partition=none
UNRESOLVED: gfortran.dg/lto/pr45586 f_lto_pr45586_0.o-f_lto_pr45586_0.o execute -O0 -flto -flto-partition=none
FAIL: gfortran.dg/lto/pr45586 f_lto_pr45586_0.o-f_lto_pr45586_0.o link, -O0 -flto -flto-partition=1to1
UNRESOLVED: gfortran.dg/lto/pr45586 f_lto_pr45586_0.o-f_lto_pr45586_0.o execute -O0 -flto -flto-partition=1to1
FAIL: gfortran.dg/lto/pr45586 f_lto_pr45586_0.o-f_lto_pr45586_0.o link, -O0 -flto
UNRESOLVED: gfortran.dg/lto/pr45586 f_lto_pr45586_0.o-f_lto_pr45586_0.o execute -O0 -flto
=== gfortran Summary for unix ===
# of expected passes 41261
# of unexpected failures 6
# of expected failures 56
# of unresolved testcases 6
# of unsupported tests 228
Running target unix/-m64
FAIL: gfortran.dg/lto/pr45586-2 f_lto_pr45586-2_0.o-f_lto_pr45586-2_0.o link, -O0 -flto -flto-partition=none
UNRESOLVED: gfortran.dg/lto/pr45586-2 f_lto_pr45586-2_0.o-f_lto_pr45586-2_0.o execute -O0 -flto -flto-partition=none
FAIL: gfortran.dg/lto/pr45586-2 f_lto_pr45586-2_0.o-f_lto_pr45586-2_0.o link, -O0 -flto -flto-partition=1to1
UNRESOLVED: gfortran.dg/lto/pr45586-2 f_lto_pr45586-2_0.o-f_lto_pr45586-2_0.o execute -O0 -flto -flto-partition=1to1
FAIL: gfortran.dg/lto/pr45586-2 f_lto_pr45586-2_0.o-f_lto_pr45586-2_0.o link, -O0 -flto
UNRESOLVED: gfortran.dg/lto/pr45586-2 f_lto_pr45586-2_0.o-f_lto_pr45586-2_0.o execute -O0 -flto
FAIL: gfortran.dg/lto/pr45586 f_lto_pr45586_0.o-f_lto_pr45586_0.o link, -O0 -flto -flto-partition=none
UNRESOLVED: gfortran.dg/lto/pr45586 f_lto_pr45586_0.o-f_lto_pr45586_0.o execute -O0 -flto -flto-partition=none
FAIL: gfortran.dg/lto/pr45586 f_lto_pr45586_0.o-f_lto_pr45586_0.o link, -O0 -flto -flto-partition=1to1
UNRESOLVED: gfortran.dg/lto/pr45586 f_lto_pr45586_0.o-f_lto_pr45586_0.o execute -O0 -flto -flto-partition=1to1
FAIL: gfortran.dg/lto/pr45586 f_lto_pr45586_0.o-f_lto_pr45586_0.o link, -O0 -flto
UNRESOLVED: gfortran.dg/lto/pr45586 f_lto_pr45586_0.o-f_lto_pr45586_0.o execute -O0 -flto
=== gfortran Summary for unix/-m64 ===
# of expected passes 41564
# of unexpected failures 6
# of expected failures 56
# of unresolved testcases 6
# of unsupported tests 82
=== gfortran Summary ===
# of expected passes 82825
# of unexpected failures 12
# of expected failures 112
# of unresolved testcases 12
# of unsupported tests 310
/var/gcc/regression/trunk/11-gcc-gas/build/gcc/testsuite/gfortran/../../gfortran version 4.8.0 20120608 (experimental) [trunk revision 188324] (GCC)
=== gnat tests ===
Running target unix
FAIL: gnat.dg/array11.adb (test for warnings, line 12)
FAIL: gnat.dg/object_overflow.adb (test for warnings, line 8)
=== gnat Summary for unix ===
# of expected passes 1103
# of unexpected failures 2
# of expected failures 17
# of unsupported tests 6
Running target unix/-m64
FAIL: gnat.dg/array11.adb (test for warnings, line 12)
FAIL: gnat.dg/object_overflow.adb (test for warnings, line 8)
=== gnat Summary for unix/-m64 ===
# of expected passes 1103
# of unexpected failures 2
# of expected failures 17
# of unsupported tests 6
=== gnat Summary ===
# of expected passes 2206
# of unexpected failures 4
# of expected failures 34
# of unsupported tests 12
/var/gcc/regression/trunk/11-gcc-gas/build/gcc/gnatmake version 4.8.0 20120608 (experimental) [trunk revision 188324]
=== go tests ===
Running target unix
=== go Summary for unix ===
# of expected passes 3292
# of expected failures 4
# of untested testcases 6
Running target unix/-m64
FAIL: go.test/test/chan/powser1.go execution, -O2 -g
=== go Summary for unix/-m64 ===
# of expected passes 3291
# of unexpected failures 1
# of expected failures 4
# of untested testcases 6
=== go Summary ===
# of expected passes 6583
# of unexpected failures 1
# of expected failures 8
# of untested testcases 12
/var/gcc/regression/trunk/11-gcc-gas/build/gcc/testsuite/go/../../gccgo version 4.8.0 20120608 (experimental) [trunk revision 188324] (GCC)
=== obj-c++ tests ===
Running target unix
=== obj-c++ Summary for unix ===
# of expected passes 1450
# of expected failures 2
# of unsupported tests 86
Running target unix/-m64
=== obj-c++ Summary for unix/-m64 ===
# of expected passes 1442
# of expected failures 10
# of unsupported tests 86
=== obj-c++ Summary ===
# of expected passes 2892
# of expected failures 12
# of unsupported tests 172
/var/gcc/regression/trunk/11-gcc-gas/build/gcc/testsuite/obj-c++/../../g++ version 4.8.0 20120608 (experimental) [trunk revision 188324] (GCC)
=== objc tests ===
Running target unix
FAIL: objc.dg/lto/trivial-1 objc_lto_trivial-1_0.o-objc_lto_trivial-1_0.o link, -O0 -flto -fgnu-runtime
UNRESOLVED: objc.dg/lto/trivial-1 objc_lto_trivial-1_0.o-objc_lto_trivial-1_0.o execute -O0 -flto -fgnu-runtime
FAIL: objc.dg/lto/trivial-1 objc_lto_trivial-1_0.o-objc_lto_trivial-1_0.o link, -O2 -flto -fgnu-runtime
UNRESOLVED: objc.dg/lto/trivial-1 objc_lto_trivial-1_0.o-objc_lto_trivial-1_0.o execute -O2 -flto -fgnu-runtime
FAIL: objc.dg/lto/trivial-1 objc_lto_trivial-1_0.o-objc_lto_trivial-1_0.o link, -O0 -flto -flto-partition=none -fgnu-runtime
UNRESOLVED: objc.dg/lto/trivial-1 objc_lto_trivial-1_0.o-objc_lto_trivial-1_0.o execute -O0 -flto -flto-partition=none -fgnu-runtime
FAIL: objc.dg/lto/trivial-1 objc_lto_trivial-1_0.o-objc_lto_trivial-1_0.o link, -O2 -flto -flto-partition=none -fgnu-runtime
UNRESOLVED: objc.dg/lto/trivial-1 objc_lto_trivial-1_0.o-objc_lto_trivial-1_0.o execute -O2 -flto -flto-partition=none -fgnu-runtime
=== objc Summary for unix ===
# of expected passes 2980
# of unexpected failures 4
# of expected failures 6
# of unresolved testcases 4
# of unsupported tests 74
Running target unix/-m64
FAIL: objc.dg/lto/trivial-1 objc_lto_trivial-1_0.o-objc_lto_trivial-1_0.o link, -O0 -flto -fgnu-runtime
UNRESOLVED: objc.dg/lto/trivial-1 objc_lto_trivial-1_0.o-objc_lto_trivial-1_0.o execute -O0 -flto -fgnu-runtime
FAIL: objc.dg/lto/trivial-1 objc_lto_trivial-1_0.o-objc_lto_trivial-1_0.o link, -O2 -flto -fgnu-runtime
UNRESOLVED: objc.dg/lto/trivial-1 objc_lto_trivial-1_0.o-objc_lto_trivial-1_0.o execute -O2 -flto -fgnu-runtime
FAIL: objc.dg/lto/trivial-1 objc_lto_trivial-1_0.o-objc_lto_trivial-1_0.o link, -O0 -flto -flto-partition=none -fgnu-runtime
UNRESOLVED: objc.dg/lto/trivial-1 objc_lto_trivial-1_0.o-objc_lto_trivial-1_0.o execute -O0 -flto -flto-partition=none -fgnu-runtime
FAIL: objc.dg/lto/trivial-1 objc_lto_trivial-1_0.o-objc_lto_trivial-1_0.o link, -O2 -flto -flto-partition=none -fgnu-runtime
UNRESOLVED: objc.dg/lto/trivial-1 objc_lto_trivial-1_0.o-objc_lto_trivial-1_0.o execute -O2 -flto -flto-partition=none -fgnu-runtime
=== objc Summary for unix/-m64 ===
# of expected passes 2980
# of unexpected failures 4
# of expected failures 6
# of unresolved testcases 4
# of unsupported tests 74
=== objc Summary ===
# of expected passes 5960
# of unexpected failures 8
# of expected failures 12
# of unresolved testcases 8
# of unsupported tests 148
/var/gcc/regression/trunk/11-gcc-gas/build/gcc/xgcc version 4.8.0 20120608 (experimental) [trunk revision 188324] (GCC)
=== boehm-gc tests ===
Running target unix
=== boehm-gc Summary for unix ===
# of expected passes 12
# of unsupported tests 1
Running target unix/-m64
=== boehm-gc Summary for unix/-m64 ===
# of expected passes 12
# of unsupported tests 1
=== boehm-gc Summary ===
# of expected passes 24
# of unsupported tests 2
=== libatomic tests ===
Running target unix
=== libatomic Summary for unix ===
# of expected passes 44
# of unsupported tests 5
Running target unix/-m64
=== libatomic Summary for unix/-m64 ===
# of expected passes 54
=== libatomic Summary ===
# of expected passes 98
# of unsupported tests 5
=== libffi tests ===
Running target unix
=== libffi Summary for unix ===
# of expected passes 1659
# of unsupported tests 55
Running target unix/-m64
=== libffi Summary for unix/-m64 ===
# of expected passes 1659
# of unsupported tests 55
=== libffi Summary ===
# of expected passes 3318
# of unsupported tests 110
=== libgo tests ===
Running target unix
=== libgo Summary for unix ===
# of expected passes 113
Running target unix/-m64
FAIL: bytes
FAIL: html
FAIL: io
FAIL: mime
FAIL: runtime
FAIL: sync
FAIL: unicode
FAIL: archive/tar
FAIL: archive/zip
FAIL: compress/bzip2
FAIL: compress/flate
FAIL: compress/gzip
FAIL: compress/lzw
FAIL: compress/zlib
FAIL: container/heap
FAIL: container/list
FAIL: crypto/aes
FAIL: crypto/cipher
FAIL: crypto/sha256
FAIL: crypto/sha512
FAIL: crypto/subtle
FAIL: crypto/tls
FAIL: crypto/x509
FAIL: database/sql/driver
FAIL: debug/dwarf
FAIL: debug/macho
FAIL: encoding/ascii85
FAIL: encoding/asn1
FAIL: encoding/xml
FAIL: exp/ebnf
FAIL: exp/html
FAIL: exp/norm
FAIL: exp/terminal
FAIL: exp/utf8string
FAIL: html/template
FAIL: go/ast
FAIL: go/scanner
FAIL: go/token
FAIL: hash/adler32
FAIL: hash/crc32
FAIL: hash/crc64
FAIL: image/color
FAIL: image/draw
FAIL: image/jpeg
FAIL: index/suffixarray
FAIL: io/ioutil
FAIL: log/syslog
FAIL: math/big
FAIL: net/http
FAIL: net/http/cgi
FAIL: net/http/fcgi
FAIL: net/http/httptest
FAIL: net/http/httputil
FAIL: net/mail
FAIL: net/rpc
FAIL: old/netchan
FAIL: old/regexp
FAIL: old/template
FAIL: os/exec
FAIL: os/user
FAIL: path/filepath
FAIL: regexp/syntax
FAIL: text/scanner
FAIL: text/tabwriter
=== libgo Summary for unix/-m64 ===
# of expected passes 49
# of unexpected failures 64
=== libgo Summary ===
# of expected passes 162
# of unexpected failures 64
/var/gcc/regression/trunk/11-gcc-gas/build/./gcc/gccgo version 4.8.0 20120608 (experimental) [trunk revision 188324] (GCC)
=== libgomp tests ===
Running target unix
FAIL: libgomp.c/appendix-a/a.15.1.c (test for excess errors)
FAIL: libgomp.c/appendix-a/a.16.1.c (test for excess errors)
FAIL: libgomp.c/appendix-a/a.18.1.c (test for excess errors)
FAIL: libgomp.c/appendix-a/a.19.1.c (test for excess errors)
FAIL: libgomp.c/appendix-a/a.2.1.c (test for excess errors)
FAIL: libgomp.c/appendix-a/a.21.1.c (test for excess errors)
FAIL: libgomp.c/appendix-a/a.26.1.c (test for excess errors)
FAIL: libgomp.c/appendix-a/a.29.1.c (test for excess errors)
FAIL: libgomp.c/appendix-a/a.3.1.c (test for excess errors)
FAIL: libgomp.c/appendix-a/a.36.1.c (test for excess errors)
FAIL: libgomp.c/appendix-a/a.39.1.c (test for excess errors)
FAIL: libgomp.c/appendix-a/a.4.1.c (test for excess errors)
FAIL: libgomp.c/appendix-a/a.5.1.c (test for excess errors)
FAIL: libgomp.c/atomic-1.c (test for excess errors)
FAIL: libgomp.c/atomic-10.c (test for excess errors)
FAIL: libgomp.c/atomic-11.c (test for excess errors)
FAIL: libgomp.c/atomic-12.c (test for excess errors)
FAIL: libgomp.c/atomic-13.c (test for excess errors)
FAIL: libgomp.c/atomic-14.c (test for excess errors)
FAIL: libgomp.c/atomic-2.c (test for excess errors)
FAIL: libgomp.c/atomic-3.c (test for excess errors)
FAIL: libgomp.c/atomic-4.c (test for excess errors)
FAIL: libgomp.c/atomic-5.c (test for excess errors)
FAIL: libgomp.c/atomic-6.c (test for excess errors)
FAIL: libgomp.c/barrier-1.c (test for excess errors)
FAIL: libgomp.c/collapse-1.c (test for excess errors)
FAIL: libgomp.c/collapse-2.c (test for excess errors)
FAIL: libgomp.c/collapse-3.c (test for excess errors)
FAIL: libgomp.c/critical-1.c (test for excess errors)
FAIL: libgomp.c/critical-2.c (test for excess errors)
FAIL: libgomp.c/icv-1.c (test for excess errors)
FAIL: libgomp.c/lib-1.c (test for excess errors)
FAIL: libgomp.c/lib-2.c (test for excess errors)
FAIL: libgomp.c/lock-1.c (test for excess errors)
FAIL: libgomp.c/lock-2.c (test for excess errors)
FAIL: libgomp.c/loop-1.c (test for excess errors)
FAIL: libgomp.c/loop-10.c (test for excess errors)
FAIL: libgomp.c/loop-11.c (test for excess errors)
FAIL: libgomp.c/loop-2.c (test for excess errors)
FAIL: libgomp.c/loop-3.c (test for excess errors)
FAIL: libgomp.c/loop-4.c (test for excess errors)
FAIL: libgomp.c/loop-5.c (test for excess errors)
FAIL: libgomp.c/loop-8.c (test for excess errors)
FAIL: libgomp.c/loop-9.c (test for excess errors)
FAIL: libgomp.c/nested-1.c (test for excess errors)
FAIL: libgomp.c/nested-2.c (test for excess errors)
FAIL: libgomp.c/nested-3.c (test for excess errors)
FAIL: libgomp.c/nestedfn-1.c (test for excess errors)
FAIL: libgomp.c/nestedfn-2.c (test for excess errors)
FAIL: libgomp.c/nestedfn-3.c (test for excess errors)
FAIL: libgomp.c/nestedfn-4.c (test for excess errors)
FAIL: libgomp.c/nestedfn-5.c (test for excess errors)
FAIL: libgomp.c/nestedfn-6.c (test for excess errors)
FAIL: libgomp.c/omp-loop01.c (test for excess errors)
FAIL: libgomp.c/omp-loop02.c (test for excess errors)
FAIL: libgomp.c/omp-loop03.c (test for excess errors)
FAIL: libgomp.c/omp-nested-1.c (test for excess errors)
FAIL: libgomp.c/omp-parallel-for.c (test for excess errors)
FAIL: libgomp.c/omp-parallel-if.c (test for excess errors)
FAIL: libgomp.c/omp-single-1.c (test for excess errors)
FAIL: libgomp.c/omp-single-2.c (test for excess errors)
FAIL: libgomp.c/omp-single-3.c (test for excess errors)
FAIL: libgomp.c/omp_hello.c (test for excess errors)
FAIL: libgomp.c/omp_matvec.c (test for excess errors)
FAIL: libgomp.c/omp_orphan.c (test for excess errors)
FAIL: libgomp.c/omp_reduction.c (test for excess errors)
FAIL: libgomp.c/omp_workshare1.c (test for excess errors)
FAIL: libgomp.c/omp_workshare2.c (test for excess errors)
FAIL: libgomp.c/omp_workshare4.c (test for excess errors)
FAIL: libgomp.c/ordered-1.c (test for excess errors)
FAIL: libgomp.c/ordered-2.c (test for excess errors)
FAIL: libgomp.c/ordered-3.c (test for excess errors)
FAIL: libgomp.c/parallel-1.c (test for excess errors)
FAIL: libgomp.c/pr26943-1.c (test for excess errors)
FAIL: libgomp.c/pr26943-2.c (test for excess errors)
FAIL: libgomp.c/pr26943-3.c (test for excess errors)
FAIL: libgomp.c/pr26943-4.c (test for excess errors)
FAIL: libgomp.c/pr29947-1.c (test for excess errors)
FAIL: libgomp.c/pr29947-2.c (test for excess errors)
FAIL: libgomp.c/pr30494.c (test for excess errors)
FAIL: libgomp.c/pr32362-1.c (test for excess errors)
FAIL: libgomp.c/pr32362-2.c (test for excess errors)
FAIL: libgomp.c/pr32362-3.c (test for excess errors)
FAIL: libgomp.c/pr32468.c (test for excess errors)
FAIL: libgomp.c/pr33880.c (test for excess errors)
FAIL: libgomp.c/pr34513.c (test for excess errors)
FAIL: libgomp.c/pr35130.c (test for excess errors)
FAIL: libgomp.c/pr35196.c (test for excess errors)
FAIL: libgomp.c/pr35549.c (test for excess errors)
FAIL: libgomp.c/pr35625.c (test for excess errors)
FAIL: libgomp.c/pr36802-1.c (test for excess errors)
FAIL: libgomp.c/pr36802-2.c (test for excess errors)
FAIL: libgomp.c/pr36802-3.c (test for excess errors)
FAIL: libgomp.c/pr38650.c (test for excess errors)
FAIL: libgomp.c/pr39591-1.c (test for excess errors)
FAIL: libgomp.c/pr39591-2.c (test for excess errors)
FAIL: libgomp.c/pr39591-3.c (test for excess errors)
FAIL: libgomp.c/pr42029.c (test for excess errors)
FAIL: libgomp.c/pr42942.c (test for excess errors)
FAIL: libgomp.c/pr43893.c (test for excess errors)
FAIL: libgomp.c/pr46886.c (test for excess errors)
FAIL: libgomp.c/pr49897-1.c (test for excess errors)
FAIL: libgomp.c/pr49897-2.c (test for excess errors)
FAIL: libgomp.c/pr49898-1.c (test for excess errors)
FAIL: libgomp.c/pr49898-2.c (test for excess errors)
FAIL: libgomp.c/private-1.c (test for excess errors)
FAIL: libgomp.c/reduction-1.c (test for excess errors)
FAIL: libgomp.c/reduction-2.c (test for excess errors)
FAIL: libgomp.c/reduction-3.c (test for excess errors)
FAIL: libgomp.c/reduction-4.c (test for excess errors)
FAIL: libgomp.c/reduction-5.c (test for excess errors)
FAIL: libgomp.c/reduction-6.c (test for excess errors)
FAIL: libgomp.c/sections-1.c (test for excess errors)
FAIL: libgomp.c/shared-1.c (test for excess errors)
FAIL: libgomp.c/shared-2.c (test for excess errors)
FAIL: libgomp.c/shared-3.c (test for excess errors)
FAIL: libgomp.c/single-1.c (test for excess errors)
FAIL: libgomp.c/single-2.c (test for excess errors)
FAIL: libgomp.c/sort-1.c (test for excess errors)
FAIL: libgomp.c/task-1.c (test for excess errors)
FAIL: libgomp.c/task-2.c (test for excess errors)
FAIL: libgomp.c/task-3.c (test for excess errors)
FAIL: libgomp.c/task-4.c (test for excess errors)
FAIL: libgomp.c/task-5.c (test for excess errors)
FAIL: libgomp.c/vla-1.c (test for excess errors)
FAIL: libgomp.c++/atomic-1.C -O0 (test for excess errors)
FAIL: libgomp.c++/atomic-1.C -O1 (test for excess errors)
FAIL: libgomp.c++/atomic-1.C -O2 (test for excess errors)
FAIL: libgomp.c++/atomic-1.C -O3 -fomit-frame-pointer (test for excess errors)
FAIL: libgomp.c++/atomic-1.C -O3 -fomit-frame-pointer -funroll-loops (test for excess errors)
FAIL: libgomp.c++/atomic-1.C -O3 -fomit-frame-pointer -funroll-all-loops -finline-functions (test for excess errors)
FAIL: libgomp.c++/atomic-1.C -Os (test for excess errors)
FAIL: libgomp.c++/atomic-2.C -O0 (test for excess errors)
FAIL: libgomp.c++/atomic-2.C -O1 (test for excess errors)
FAIL: libgomp.c++/atomic-2.C -O2 (test for excess errors)
FAIL: libgomp.c++/atomic-2.C -O3 -fomit-frame-pointer (test for excess errors)
FAIL: libgomp.c++/atomic-2.C -O3 -fomit-frame-pointer -funroll-loops (test for excess errors)
FAIL: libgomp.c++/atomic-2.C -O3 -fomit-frame-pointer -funroll-all-loops -finline-functions (test for excess errors)
FAIL: libgomp.c++/atomic-2.C -Os (test for excess errors)
FAIL: libgomp.c++/atomic-3.C -O0 (test for excess errors)
FAIL: libgomp.c++/atomic-3.C -O1 (test for excess errors)
FAIL: libgomp.c++/atomic-3.C -O2 (test for excess errors)
FAIL: libgomp.c++/atomic-3.C -O3 -fomit-frame-pointer (test for excess errors)
FAIL: libgomp.c++/atomic-3.C -O3 -fomit-frame-pointer -funroll-loops (test for excess errors)
FAIL: libgomp.c++/atomic-3.C -O3 -fomit-frame-pointer -funroll-all-loops -finline-functions (test for excess errors)
FAIL: libgomp.c++/atomic-3.C -Os (test for excess errors)
FAIL: libgomp.c++/atomic-4.C -O0 (test for excess errors)
FAIL: libgomp.c++/atomic-4.C -O1 (test for excess errors)
FAIL: libgomp.c++/atomic-4.C -O2 (test for excess errors)
FAIL: libgomp.c++/atomic-4.C -O3 -fomit-frame-pointer (test for excess errors)
FAIL: libgomp.c++/atomic-4.C -O3 -fomit-frame-pointer -funroll-loops (test for excess errors)
FAIL: libgomp.c++/atomic-4.C -O3 -fomit-frame-pointer -funroll-all-loops -finline-functions (test for excess errors)
FAIL: libgomp.c++/atomic-4.C -Os (test for excess errors)
FAIL: libgomp.c++/atomic-5.C -O0 (test for excess errors)
FAIL: libgomp.c++/atomic-5.C -O1 (test for excess errors)
FAIL: libgomp.c++/atomic-5.C -O2 (test for excess errors)
FAIL: libgomp.c++/atomic-5.C -O3 -fomit-frame-pointer (test for excess errors)
FAIL: libgomp.c++/atomic-5.C -O3 -fomit-frame-pointer -funroll-loops (test for excess errors)
FAIL: libgomp.c++/atomic-5.C -O3 -fomit-frame-pointer -funroll-all-loops -finline-functions (test for excess errors)
FAIL: libgomp.c++/atomic-5.C -Os (test for excess errors)
FAIL: libgomp.c++/atomic-6.C -O0 (test for excess errors)
FAIL: libgomp.c++/atomic-6.C -O1 (test for excess errors)
FAIL: libgomp.c++/atomic-6.C -O2 (test for excess errors)
FAIL: libgomp.c++/atomic-6.C -O3 -fomit-frame-pointer (test for excess errors)
FAIL: libgomp.c++/atomic-6.C -O3 -fomit-frame-pointer -funroll-loops (test for excess errors)
FAIL: libgomp.c++/atomic-6.C -O3 -fomit-frame-pointer -funroll-all-loops -finline-functions (test for excess errors)
FAIL: libgomp.c++/atomic-6.C -Os (test for excess errors)
FAIL: libgomp.c++/atomic-7.C -O0 (test for excess errors)
FAIL: libgomp.c++/atomic-7.C -O1 (test for excess errors)
FAIL: libgomp.c++/atomic-7.C -O2 (test for excess errors)
FAIL: libgomp.c++/atomic-7.C -O3 -fomit-frame-pointer (test for excess errors)
FAIL: libgomp.c++/atomic-7.C -O3 -fomit-frame-pointer -funroll-loops (test for excess errors)
FAIL: libgomp.c++/atomic-7.C -O3 -fomit-frame-pointer -funroll-all-loops -finline-functions (test for excess errors)
FAIL: libgomp.c++/atomic-7.C -Os (test for excess errors)
FAIL: libgomp.c++/atomic-8.C -O0 (test for excess errors)
FAIL: libgomp.c++/atomic-8.C -O1 (test for excess errors)
FAIL: libgomp.c++/atomic-8.C -O2 (test for excess errors)
FAIL: libgomp.c++/atomic-8.C -O3 -fomit-frame-pointer (test for excess errors)
FAIL: libgomp.c++/atomic-8.C -O3 -fomit-frame-pointer -funroll-loops (test for excess errors)
FAIL: libgomp.c++/atomic-8.C -O3 -fomit-frame-pointer -funroll-all-loops -finline-functions (test for excess errors)
FAIL: libgomp.c++/atomic-8.C -Os (test for excess errors)
FAIL: libgomp.c++/atomic-9.C -O0 (test for excess errors)
FAIL: libgomp.c++/atomic-9.C -O1 (test for excess errors)
FAIL: libgomp.c++/atomic-9.C -O2 (test for excess errors)
FAIL: libgomp.c++/atomic-9.C -O3 -fomit-frame-pointer (test for excess errors)
FAIL: libgomp.c++/atomic-9.C -O3 -fomit-frame-pointer -funroll-loops (test for excess errors)
FAIL: libgomp.c++/atomic-9.C -O3 -fomit-frame-pointer -funroll-all-loops -finline-functions (test for excess errors)
FAIL: libgomp.c++/atomic-9.C -Os (test for excess errors)
FAIL: libgomp.c++/collapse-1.C -O1 (test for excess errors)
FAIL: libgomp.c++/collapse-1.C -O2 (test for excess errors)
FAIL: libgomp.c++/collapse-1.C -O3 -fomit-frame-pointer (test for excess errors)
FAIL: libgomp.c++/collapse-1.C -O3 -fomit-frame-pointer -funroll-loops (test for excess errors)
FAIL: libgomp.c++/collapse-1.C -O3 -fomit-frame-pointer -funroll-all-loops -finline-functions (test for excess errors)
FAIL: libgomp.c++/collapse-1.C -Os (test for excess errors)
FAIL: libgomp.c++/collapse-2.C -O2 (test for excess errors)
FAIL: libgomp.c++/collapse-2.C -O3 -fomit-frame-pointer (test for excess errors)
FAIL: libgomp.c++/collapse-2.C -O3 -fomit-frame-pointer -funroll-loops (test for excess errors)
FAIL: libgomp.c++/collapse-2.C -O3 -fomit-frame-pointer -funroll-all-loops -finline-functions (test for excess errors)
FAIL: libgomp.c++/collapse-2.C -Os (test for excess errors)
FAIL: libgomp.c++/ctor-1.C -O0 (test for excess errors)
FAIL: libgomp.c++/ctor-1.C -O1 (test for excess errors)
FAIL: libgomp.c++/ctor-1.C -O2 (test for excess errors)
FAIL: libgomp.c++/ctor-1.C -O3 -fomit-frame-pointer (test for excess errors)
FAIL: libgomp.c++/ctor-1.C -O3 -fomit-frame-pointer -funroll-loops (test for excess errors)
FAIL: libgomp.c++/ctor-1.C -O3 -fomit-frame-pointer -funroll-all-loops -finline-functions (test for excess errors)
FAIL: libgomp.c++/ctor-1.C -Os (test for excess errors)
FAIL: libgomp.c++/ctor-11.C -O1 (test for excess errors)
FAIL: libgomp.c++/ctor-11.C -O2 (test for excess errors)
FAIL: libgomp.c++/ctor-11.C -O3 -fomit-frame-pointer (test for excess errors)
FAIL: libgomp.c++/ctor-11.C -O3 -fomit-frame-pointer -funroll-loops (test for excess errors)
FAIL: libgomp.c++/ctor-11.C -O3 -fomit-frame-pointer -funroll-all-loops -finline-functions (test for excess errors)
FAIL: libgomp.c++/ctor-11.C -Os (test for excess errors)
FAIL: libgomp.c++/ctor-2.C -O0 (test for excess errors)
FAIL: libgomp.c++/ctor-2.C -O1 (test for excess errors)
FAIL: libgomp.c++/ctor-2.C -O2 (test for excess errors)
FAIL: libgomp.c++/ctor-2.C -O3 -fomit-frame-pointer (test for excess errors)
FAIL: libgomp.c++/ctor-2.C -O3 -fomit-frame-pointer -funroll-loops (test for excess errors)
FAIL: libgomp.c++/ctor-2.C -O3 -fomit-frame-pointer -funroll-all-loops -finline-functions (test for excess errors)
FAIL: libgomp.c++/ctor-2.C -Os (test for excess errors)
FAIL: libgomp.c++/ctor-3.C -O0 (test for excess errors)
FAIL: libgomp.c++/ctor-3.C -O1 (test for excess errors)
FAIL: libgomp.c++/ctor-3.C -O2 (test for excess errors)
FAIL: libgomp.c++/ctor-3.C -O3 -fomit-frame-pointer (test for excess errors)
FAIL: libgomp.c++/ctor-3.C -O3 -fomit-frame-pointer -funroll-loops (test for excess errors)
FAIL: libgomp.c++/ctor-3.C -O3 -fomit-frame-pointer -funroll-all-loops -finline-functions (test for excess errors)
FAIL: libgomp.c++/ctor-3.C -Os (test for excess errors)
FAIL: libgomp.c++/ctor-4.C -O0 (test for excess errors)
FAIL: libgomp.c++/ctor-4.C -O1 (test for excess errors)
FAIL: libgomp.c++/ctor-4.C -O2 (test for excess errors)
FAIL: libgomp.c++/ctor-4.C -O3 -fomit-frame-pointer (test for excess errors)
FAIL: libgomp.c++/ctor-4.C -O3 -fomit-frame-pointer -funroll-loops (test for excess errors)
FAIL: libgomp.c++/ctor-4.C -O3 -fomit-frame-pointer -funroll-all-loops -finline-functions (test for excess errors)
FAIL: libgomp.c++/ctor-4.C -Os (test for excess errors)
FAIL: libgomp.c++/ctor-6.C -O0 (test for excess errors)
FAIL: libgomp.c++/ctor-6.C -O1 (test for excess errors)
FAIL: libgomp.c++/ctor-6.C -O2 (test for excess errors)
FAIL: libgomp.c++/ctor-6.C -O3 -fomit-frame-pointer (test for excess errors)
FAIL: libgomp.c++/ctor-6.C -O3 -fomit-frame-pointer -funroll-loops (test for excess errors)
FAIL: libgomp.c++/ctor-6.C -O3 -fomit-frame-pointer -funroll-all-loops -finline-functions (test for excess errors)
FAIL: libgomp.c++/ctor-6.C -Os (test for excess errors)
FAIL: libgomp.c++/ctor-7.C -O0 (test for excess errors)
FAIL: libgomp.c++/ctor-7.C -O1 (test for excess errors)
FAIL: libgomp.c++/ctor-7.C -O2 (test for excess errors)
FAIL: libgomp.c++/ctor-7.C -O3 -fomit-frame-pointer (test for excess errors)
FAIL: libgomp.c++/ctor-7.C -O3 -fomit-frame-pointer -funroll-loops (test for excess errors)
FAIL: libgomp.c++/ctor-7.C -O3 -fomit-frame-pointer -funroll-all-loops -finline-functions (test for excess errors)
FAIL: libgomp.c++/ctor-7.C -Os (test for excess errors)
FAIL: libgomp.c++/for-1.C -O1 (test for excess errors)
FAIL: libgomp.c++/for-1.C -O2 (test for excess errors)
FAIL: libgomp.c++/for-1.C -O3 -fomit-frame-pointer (test for excess errors)
FAIL: libgomp.c++/for-1.C -O3 -fomit-frame-pointer -funroll-loops (test for excess errors)
FAIL: libgomp.c++/for-1.C -O3 -fomit-frame-pointer -funroll-all-loops -finline-functions (test for excess errors)
FAIL: libgomp.c++/for-1.C -Os (test for excess errors)
FAIL: libgomp.c++/for-2.C -O1 (test for excess errors)
FAIL: libgomp.c++/for-2.C -O2 (test for excess errors)
FAIL: libgomp.c++/for-2.C -O3 -fomit-frame-pointer (test for excess errors)
FAIL: libgomp.c++/for-2.C -O3 -fomit-frame-pointer -funroll-loops (test for excess errors)
FAIL: libgomp.c++/for-2.C -O3 -fomit-frame-pointer -funroll-all-loops -finline-functions (test for excess errors)
FAIL: libgomp.c++/for-2.C -Os (test for excess errors)
FAIL: libgomp.c++/for-5.C -O1 (test for excess errors)
FAIL: libgomp.c++/for-5.C -O2 (test for excess errors)
FAIL: libgomp.c++/for-5.C -O3 -fomit-frame-pointer (test for excess errors)
FAIL: libgomp.c++/for-5.C -O3 -fomit-frame-pointer -funroll-loops (test for excess errors)
FAIL: libgomp.c++/for-5.C -O3 -fomit-frame-pointer -funroll-all-loops -finline-functions (test for excess errors)
FAIL: libgomp.c++/for-5.C -Os (test for excess errors)
FAIL: libgomp.c++/for-6.C -O0 (test for excess errors)
FAIL: libgomp.c++/for-6.C -O1 (test for excess errors)
FAIL: libgomp.c++/for-6.C -O2 (test for excess errors)
FAIL: libgomp.c++/for-6.C -O3 -fomit-frame-pointer (test for excess errors)
FAIL: libgomp.c++/for-6.C -O3 -fomit-frame-pointer -funroll-loops (test for excess errors)
FAIL: libgomp.c++/for-6.C -O3 -fomit-frame-pointer -funroll-all-loops -finline-functions (test for excess errors)
FAIL: libgomp.c++/for-6.C -Os (test for excess errors)
FAIL: libgomp.c++/for-7.C -O0 (test for excess errors)
WARNING: libgomp.c++/for-7.C -O0 compilation failed to produce executable
FAIL: libgomp.c++/for-7.C -O1 (test for excess errors)
WARNING: libgomp.c++/for-7.C -O1 compilation failed to produce executable
FAIL: libgomp.c++/for-7.C -O2 (test for excess errors)
WARNING: libgomp.c++/for-7.C -O2 compilation failed to produce executable
FAIL: libgomp.c++/for-7.C -O3 -fomit-frame-pointer (test for excess errors)
WARNING: libgomp.c++/for-7.C -O3 -fomit-frame-pointer compilation failed to produce executable
FAIL: libgomp.c++/for-7.C -O3 -fomit-frame-pointer -funroll-loops (test for excess errors)
WARNING: libgomp.c++/for-7.C -O3 -fomit-frame-pointer -funroll-loops compilation failed to produce executable
FAIL: libgomp.c++/for-7.C -O3 -fomit-frame-pointer -funroll-all-loops -finline-functions (test for excess errors)
WARNING: libgomp.c++/for-7.C -O3 -fomit-frame-pointer -funroll-all-loops -finline-functions compilation failed to produce executable
FAIL: libgomp.c++/for-7.C -O3 -g (test for excess errors)
WARNING: libgomp.c++/for-7.C -O3 -g compilation failed to produce executable
FAIL: libgomp.c++/for-7.C -Os (test for excess errors)
WARNING: libgomp.c++/for-7.C -Os compilation failed to produce executable
FAIL: libgomp.c++/for-8.C -O1 (test for excess errors)
FAIL: libgomp.c++/for-8.C -O2 (test for excess errors)
FAIL: libgomp.c++/for-8.C -O3 -fomit-frame-pointer (test for excess errors)
FAIL: libgomp.c++/for-8.C -O3 -fomit-frame-pointer -funroll-loops (test for excess errors)
FAIL: libgomp.c++/for-8.C -O3 -fomit-frame-pointer -funroll-all-loops -finline-functions (test for excess errors)
FAIL: libgomp.c++/for-8.C -Os (test for excess errors)
FAIL: libgomp.c++/loop-1.C -O (test for excess errors)
FAIL: libgomp.c++/loop-11.C -O (test for excess errors)
FAIL: libgomp.c++/loop-2.C -O (test for excess errors)
FAIL: libgomp.c++/loop-3.C -O (test for excess errors)
FAIL: libgomp.c++/loop-4.C -O (test for excess errors)
FAIL: libgomp.c++/loop-5.C -O (test for excess errors)
FAIL: libgomp.c++/loop-6.C -O0 (test for excess errors)
FAIL: libgomp.c++/loop-6.C -O1 (test for excess errors)
FAIL: libgomp.c++/loop-6.C -O2 (test for excess errors)
FAIL: libgomp.c++/loop-6.C -O3 -fomit-frame-pointer (test for excess errors)
FAIL: libgomp.c++/loop-6.C -O3 -fomit-frame-pointer -funroll-loops (test for excess errors)
FAIL: libgomp.c++/loop-6.C -O3 -fomit-frame-pointer -funroll-all-loops -finline-functions (test for excess errors)
FAIL: libgomp.c++/loop-6.C -Os (test for excess errors)
FAIL: libgomp.c++/loop-7.C -O0 (test for excess errors)
FAIL: libgomp.c++/loop-7.C -O1 (test for excess errors)
FAIL: libgomp.c++/loop-7.C -O2 (test for excess errors)
FAIL: libgomp.c++/loop-7.C -O3 -fomit-frame-pointer (test for excess errors)
FAIL: libgomp.c++/loop-7.C -O3 -fomit-frame-pointer -funroll-loops (test for excess errors)
FAIL: libgomp.c++/loop-7.C -O3 -fomit-frame-pointer -funroll-all-loops -finline-functions (test for excess errors)
FAIL: libgomp.c++/loop-7.C -Os (test for excess errors)
FAIL: libgomp.c++/loop-8.C -O (test for excess errors)
FAIL: libgomp.c++/master-1.C -O0 (test for excess errors)
FAIL: libgomp.c++/master-1.C -O1 (test for excess errors)
FAIL: libgomp.c++/master-1.C -O2 (test for excess errors)
FAIL: libgomp.c++/master-1.C -O3 -fomit-frame-pointer (test for excess errors)
FAIL: libgomp.c++/master-1.C -O3 -fomit-frame-pointer -funroll-loops (test for excess errors)
FAIL: libgomp.c++/master-1.C -O3 -fomit-frame-pointer -funroll-all-loops -finline-functions (test for excess errors)
FAIL: libgomp.c++/master-1.C -Os (test for excess errors)
FAIL: libgomp.c++/nested-1.C -O0 (test for excess errors)
FAIL: libgomp.c++/nested-1.C -O1 (test for excess errors)
FAIL: libgomp.c++/nested-1.C -O2 (test for excess errors)
FAIL: libgomp.c++/nested-1.C -O3 -fomit-frame-pointer (test for excess errors)
FAIL: libgomp.c++/nested-1.C -O3 -fomit-frame-pointer -funroll-loops (test for excess errors)
FAIL: libgomp.c++/nested-1.C -O3 -fomit-frame-pointer -funroll-all-loops -finline-functions (test for excess errors)
FAIL: libgomp.c++/nested-1.C -Os (test for excess errors)
FAIL: libgomp.c++/parallel-1.C -O (test for excess errors)
FAIL: libgomp.c++/pr26691.C -O (test for excess errors)
FAIL: libgomp.c++/pr26943.C -O0 (test for excess errors)
FAIL: libgomp.c++/pr26943.C -O1 (test for excess errors)
FAIL: libgomp.c++/pr26943.C -O2 (test for excess errors)
FAIL: libgomp.c++/pr26943.C -O3 -fomit-frame-pointer (test for excess errors)
FAIL: libgomp.c++/pr26943.C -O3 -fomit-frame-pointer -funroll-loops (test for excess errors)
FAIL: libgomp.c++/pr26943.C -O3 -fomit-frame-pointer -funroll-all-loops -finline-functions (test for excess errors)
FAIL: libgomp.c++/pr26943.C -Os (test for excess errors)
FAIL: libgomp.c++/pr27337.C -O0 (test for excess errors)
FAIL: libgomp.c++/pr27337.C -O1 (test for excess errors)
FAIL: libgomp.c++/pr27337.C -O2 (test for excess errors)
FAIL: libgomp.c++/pr27337.C -O3 -fomit-frame-pointer (test for excess errors)
FAIL: libgomp.c++/pr27337.C -O3 -fomit-frame-pointer -funroll-loops (test for excess errors)
FAIL: libgomp.c++/pr27337.C -O3 -fomit-frame-pointer -funroll-all-loops -finline-functions (test for excess errors)
FAIL: libgomp.c++/pr27337.C -Os (test for excess errors)
FAIL: libgomp.c++/pr34513.C -O0 (test for excess errors)
FAIL: libgomp.c++/pr34513.C -O1 (test for excess errors)
FAIL: libgomp.c++/pr34513.C -O2 (test for excess errors)
FAIL: libgomp.c++/pr34513.C -O3 -fomit-frame-pointer (test for excess errors)
FAIL: libgomp.c++/pr34513.C -O3 -fomit-frame-pointer -funroll-loops (test for excess errors)
FAIL: libgomp.c++/pr34513.C -O3 -fomit-frame-pointer -funroll-all-loops -finline-functions (test for excess errors)
FAIL: libgomp.c++/pr34513.C -Os (test for excess errors)
FAIL: libgomp.c++/pr35185.C -O1 (test for excess errors)
FAIL: libgomp.c++/pr35185.C -O2 (test for excess errors)
FAIL: libgomp.c++/pr35185.C -O3 -fomit-frame-pointer (test for excess errors)
FAIL: libgomp.c++/pr35185.C -O3 -fomit-frame-pointer -funroll-loops (test for excess errors)
FAIL: libgomp.c++/pr35185.C -O3 -fomit-frame-pointer -funroll-all-loops -finline-functions (test for excess errors)
FAIL: libgomp.c++/pr35185.C -Os (test for excess errors)
FAIL: libgomp.c++/pr38650.C -O0 (test for excess errors)
FAIL: libgomp.c++/pr38650.C -O1 (test for excess errors)
FAIL: libgomp.c++/pr38650.C -O2 (test for excess errors)
FAIL: libgomp.c++/pr38650.C -O3 -fomit-frame-pointer (test for excess errors)
FAIL: libgomp.c++/pr38650.C -O3 -fomit-frame-pointer -funroll-loops (test for excess errors)
FAIL: libgomp.c++/pr38650.C -O3 -fomit-frame-pointer -funroll-all-loops -finline-functions (test for excess errors)
FAIL: libgomp.c++/pr38650.C -Os (test for excess errors)
FAIL: libgomp.c++/pr39573.C -O0 (test for excess errors)
FAIL: libgomp.c++/pr39573.C -O1 (test for excess errors)
FAIL: libgomp.c++/pr39573.C -O2 (test for excess errors)
FAIL: libgomp.c++/pr39573.C -O3 -fomit-frame-pointer (test for excess errors)
FAIL: libgomp.c++/pr39573.C -O3 -fomit-frame-pointer -funroll-loops (test for excess errors)
FAIL: libgomp.c++/pr39573.C -O3 -fomit-frame-pointer -funroll-all-loops -finline-functions (test for excess errors)
FAIL: libgomp.c++/pr39573.C -Os (test for excess errors)
FAIL: libgomp.c++/pr43893.C -O0 (test for excess errors)
FAIL: libgomp.c++/pr43893.C -O1 (test for excess errors)
FAIL: libgomp.c++/pr43893.C -O2 (test for excess errors)
FAIL: libgomp.c++/pr43893.C -O3 -fomit-frame-pointer (test for excess errors)
FAIL: libgomp.c++/pr43893.C -O3 -fomit-frame-pointer -funroll-loops (test for excess errors)
FAIL: libgomp.c++/pr43893.C -O3 -fomit-frame-pointer -funroll-all-loops -finline-functions (test for excess errors)
FAIL: libgomp.c++/pr43893.C -Os (test for excess errors)
FAIL: libgomp.c++/pr48869.C -O0 (test for excess errors)
FAIL: libgomp.c++/pr48869.C -O1 (test for excess errors)
FAIL: libgomp.c++/pr48869.C -O2 (test for excess errors)
FAIL: libgomp.c++/pr48869.C -O3 -fomit-frame-pointer (test for excess errors)
FAIL: libgomp.c++/pr48869.C -O3 -fomit-frame-pointer -funroll-loops (test for excess errors)
FAIL: libgomp.c++/pr48869.C -O3 -fomit-frame-pointer -funroll-all-loops -finline-functions (test for excess errors)
FAIL: libgomp.c++/pr48869.C -Os (test for excess errors)
FAIL: libgomp.c++/pr49043.C -O0 (test for excess errors)
FAIL: libgomp.c++/pr49043.C -O1 (test for excess errors)
FAIL: libgomp.c++/pr49043.C -O2 (test for excess errors)
FAIL: libgomp.c++/pr49043.C -O3 -fomit-frame-pointer (test for excess errors)
FAIL: libgomp.c++/pr49043.C -O3 -fomit-frame-pointer -funroll-loops (test for excess errors)
FAIL: libgomp.c++/pr49043.C -O3 -fomit-frame-pointer -funroll-all-loops -finline-functions (test for excess errors)
FAIL: libgomp.c++/pr49043.C -Os (test for excess errors)
FAIL: libgomp.c++/reduction-1.C -O (test for excess errors)
FAIL: libgomp.c++/reduction-2.C -O (test for excess errors)
FAIL: libgomp.c++/reduction-3.C -O (test for excess errors)
FAIL: libgomp.c++/reduction-4.C -O0 (test for excess errors)
FAIL: libgomp.c++/reduction-4.C -O1 (test for excess errors)
FAIL: libgomp.c++/reduction-4.C -O2 (test for excess errors)
FAIL: libgomp.c++/reduction-4.C -O3 -fomit-frame-pointer (test for excess errors)
FAIL: libgomp.c++/reduction-4.C -O3 -fomit-frame-pointer -funroll-loops (test for excess errors)
FAIL: libgomp.c++/reduction-4.C -O3 -fomit-frame-pointer -funroll-all-loops -finline-functions (test for excess errors)
FAIL: libgomp.c++/reduction-4.C -Os (test for excess errors)
FAIL: libgomp.c++/sections-1.C -O (test for excess errors)
FAIL: libgomp.c++/shared-1.C -O (test for excess errors)
FAIL: libgomp.c++/shared-2.C -O (test for excess errors)
FAIL: libgomp.c++/single-1.C -O (test for excess errors)
FAIL: libgomp.c++/single-2.C -O (test for excess errors)
FAIL: libgomp.c++/single-3.C -O (test for excess errors)
FAIL: libgomp.c++/task-1.C -O (test for excess errors)
FAIL: libgomp.c++/task-2.C -O0 (test for excess errors)
FAIL: libgomp.c++/task-2.C -O1 (test for excess errors)
FAIL: libgomp.c++/task-2.C -O2 (test for excess errors)
FAIL: libgomp.c++/task-2.C -O3 -fomit-frame-pointer (test for excess errors)
FAIL: libgomp.c++/task-2.C -O3 -fomit-frame-pointer -funroll-loops (test for excess errors)
FAIL: libgomp.c++/task-2.C -O3 -fomit-frame-pointer -funroll-all-loops -finline-functions (test for excess errors)
FAIL: libgomp.c++/task-2.C -Os (test for excess errors)
FAIL: libgomp.c++/task-3.C -O0 (test for excess errors)
FAIL: libgomp.c++/task-3.C -O1 (test for excess errors)
FAIL: libgomp.c++/task-3.C -O2 (test for excess errors)
FAIL: libgomp.c++/task-3.C -O3 -fomit-frame-pointer (test for excess errors)
FAIL: libgomp.c++/task-3.C -O3 -fomit-frame-pointer -funroll-loops (test for excess errors)
FAIL: libgomp.c++/task-3.C -O3 -fomit-frame-pointer -funroll-all-loops -finline-functions (test for excess errors)
FAIL: libgomp.c++/task-3.C -Os (test for excess errors)
FAIL: libgomp.c++/task-4.C -O (test for excess errors)
FAIL: libgomp.c++/task-5.C -O0 (test for excess errors)
FAIL: libgomp.c++/task-5.C -O1 (test for excess errors)
FAIL: libgomp.c++/task-5.C -O2 (test for excess errors)
FAIL: libgomp.c++/task-5.C -O3 -fomit-frame-pointer (test for excess errors)
FAIL: libgomp.c++/task-5.C -O3 -fomit-frame-pointer -funroll-loops (test for excess errors)
FAIL: libgomp.c++/task-5.C -O3 -fomit-frame-pointer -funroll-all-loops -finline-functions (test for excess errors)
FAIL: libgomp.c++/task-5.C -Os (test for excess errors)
FAIL: libgomp.c++/task-6.C -O (test for excess errors)
FAIL: libgomp.c++/task-7.C -O0 (test for excess errors)
FAIL: libgomp.c++/task-7.C -O1 (test for excess errors)
FAIL: libgomp.c++/task-7.C -O2 (test for excess errors)
FAIL: libgomp.c++/task-7.C -O3 -fomit-frame-pointer (test for excess errors)
FAIL: libgomp.c++/task-7.C -O3 -fomit-frame-pointer -funroll-loops (test for excess errors)
FAIL: libgomp.c++/task-7.C -O3 -fomit-frame-pointer -funroll-all-loops -finline-functions (test for excess errors)
FAIL: libgomp.c++/task-7.C -Os (test for excess errors)
FAIL: libgomp.c++/task-8.C -O0 (test for excess errors)
FAIL: libgomp.c++/task-8.C -O1 (test for excess errors)
FAIL: libgomp.c++/task-8.C -O2 (test for excess errors)
FAIL: libgomp.c++/task-8.C -O3 -fomit-frame-pointer (test for excess errors)
FAIL: libgomp.c++/task-8.C -O3 -fomit-frame-pointer -funroll-loops (test for excess errors)
FAIL: libgomp.c++/task-8.C -O3 -fomit-frame-pointer -funroll-all-loops -finline-functions (test for excess errors)
FAIL: libgomp.c++/task-8.C -Os (test for excess errors)
FAIL: libgomp.fortran/allocatable1.f90 -O0 (test for excess errors)
FAIL: libgomp.fortran/allocatable1.f90 -O1 (test for excess errors)
FAIL: libgomp.fortran/allocatable1.f90 -O2 (test for excess errors)
FAIL: libgomp.fortran/allocatable1.f90 -O3 -fomit-frame-pointer (test for excess errors)
FAIL: libgomp.fortran/allocatable1.f90 -O3 -fomit-frame-pointer -funroll-loops (test for excess errors)
FAIL: libgomp.fortran/allocatable1.f90 -O3 -fomit-frame-pointer -funroll-all-loops -finline-functions (test for excess errors)
FAIL: libgomp.fortran/allocatable1.f90 -Os (test for excess errors)
FAIL: libgomp.fortran/allocatable3.f90 -O0 (test for excess errors)
FAIL: libgomp.fortran/allocatable3.f90 -O1 (test for excess errors)
FAIL: libgomp.fortran/allocatable3.f90 -O2 (test for excess errors)
FAIL: libgomp.fortran/allocatable3.f90 -O3 -fomit-frame-pointer (test for excess errors)
FAIL: libgomp.fortran/allocatable3.f90 -O3 -fomit-frame-pointer -funroll-loops (test for excess errors)
FAIL: libgomp.fortran/allocatable3.f90 -O3 -fomit-frame-pointer -funroll-all-loops -finline-functions (test for excess errors)
FAIL: libgomp.fortran/allocatable3.f90 -Os (test for excess errors)
FAIL: libgomp.fortran/allocatable4.f90 -O0 (test for excess errors)
FAIL: libgomp.fortran/allocatable4.f90 -O1 (test for excess errors)
FAIL: libgomp.fortran/allocatable4.f90 -O2 (test for excess errors)
FAIL: libgomp.fortran/allocatable4.f90 -O3 -fomit-frame-pointer (test for excess errors)
FAIL: libgomp.fortran/allocatable4.f90 -O3 -fomit-frame-pointer -funroll-loops (test for excess errors)
FAIL: libgomp.fortran/allocatable4.f90 -O3 -fomit-frame-pointer -funroll-all-loops -finline-functions (test for excess errors)
FAIL: libgomp.fortran/allocatable4.f90 -Os (test for excess errors)
FAIL: libgomp.fortran/allocatable5.f90 -O0 (test for excess errors)
FAIL: libgomp.fortran/allocatable5.f90 -O1 (test for excess errors)
FAIL: libgomp.fortran/allocatable5.f90 -O2 (test for excess errors)
FAIL: libgomp.fortran/allocatable5.f90 -O3 -fomit-frame-pointer (test for excess errors)
FAIL: libgomp.fortran/allocatable5.f90 -O3 -fomit-frame-pointer -funroll-loops (test for excess errors)
FAIL: libgomp.fortran/allocatable5.f90 -O3 -fomit-frame-pointer -funroll-all-loops -finline-functions (test for excess errors)
FAIL: libgomp.fortran/allocatable5.f90 -Os (test for excess errors)
FAIL: libgomp.fortran/allocatable6.f90 -O0 (test for excess errors)
FAIL: libgomp.fortran/allocatable6.f90 -O1 (test for excess errors)
FAIL: libgomp.fortran/allocatable6.f90 -O2 (test for excess errors)
FAIL: libgomp.fortran/allocatable6.f90 -O3 -fomit-frame-pointer (test for excess errors)
FAIL: libgomp.fortran/allocatable6.f90 -O3 -fomit-frame-pointer -funroll-loops (test for excess errors)
FAIL: libgomp.fortran/allocatable6.f90 -O3 -fomit-frame-pointer -funroll-all-loops -finline-functions (test for excess errors)
FAIL: libgomp.fortran/allocatable6.f90 -Os (test for excess errors)
FAIL: libgomp.fortran/allocatable7.f90 -O0 (test for excess errors)
FAIL: libgomp.fortran/allocatable7.f90 -O1 (test for excess errors)
FAIL: libgomp.fortran/allocatable7.f90 -O2 (test for excess errors)
FAIL: libgomp.fortran/allocatable7.f90 -O3 -fomit-frame-pointer (test for excess errors)
FAIL: libgomp.fortran/allocatable7.f90 -O3 -fomit-frame-pointer -funroll-loops (test for excess errors)
FAIL: libgomp.fortran/allocatable7.f90 -O3 -fomit-frame-pointer -funroll-all-loops -finline-functions (test for excess errors)
FAIL: libgomp.fortran/allocatable7.f90 -Os (test for excess errors)
FAIL: libgomp.fortran/appendix-a/a.16.1.f90 -O0 (test for excess errors)
FAIL: libgomp.fortran/appendix-a/a.16.1.f90 -O1 (test for excess errors)
FAIL: libgomp.fortran/appendix-a/a.16.1.f90 -O2 (test for excess errors)
FAIL: libgomp.fortran/appendix-a/a.16.1.f90 -O3 -fomit-frame-pointer (test for excess errors)
FAIL: libgomp.fortran/appendix-a/a.16.1.f90 -O3 -fomit-frame-pointer -funroll-loops (test for excess errors)
FAIL: libgomp.fortran/appendix-a/a.16.1.f90 -O3 -fomit-frame-pointer -funroll-all-loops -finline-functions (test for excess errors)
FAIL: libgomp.fortran/appendix-a/a.16.1.f90 -Os (test for excess errors)
FAIL: libgomp.fortran/appendix-a/a.18.1.f90 -O0 (test for excess errors)
FAIL: libgomp.fortran/appendix-a/a.18.1.f90 -O1 (test for excess errors)
FAIL: libgomp.fortran/appendix-a/a.18.1.f90 -O2 (test for excess errors)
FAIL: libgomp.fortran/appendix-a/a.18.1.f90 -O3 -fomit-frame-pointer (test for excess errors)
FAIL: libgomp.fortran/appendix-a/a.18.1.f90 -O3 -fomit-frame-pointer -funroll-loops (test for excess errors)
FAIL: libgomp.fortran/appendix-a/a.18.1.f90 -O3 -fomit-frame-pointer -funroll-all-loops -finline-functions (test for excess errors)
FAIL: libgomp.fortran/appendix-a/a.18.1.f90 -Os (test for excess errors)
FAIL: libgomp.fortran/appendix-a/a.19.1.f90 -O0 (test for excess errors)
FAIL: libgomp.fortran/appendix-a/a.19.1.f90 -O1 (test for excess errors)
FAIL: libgomp.fortran/appendix-a/a.19.1.f90 -O2 (test for excess errors)
FAIL: libgomp.fortran/appendix-a/a.19.1.f90 -O3 -fomit-frame-pointer (test for excess errors)
FAIL: libgomp.fortran/appendix-a/a.19.1.f90 -O3 -fomit-frame-pointer -funroll-loops (test for excess errors)
FAIL: libgomp.fortran/appendix-a/a.19.1.f90 -O3 -fomit-frame-pointer -funroll-all-loops -finline-functions (test for excess errors)
FAIL: libgomp.fortran/appendix-a/a.19.1.f90 -Os (test for excess errors)
FAIL: libgomp.fortran/appendix-a/a.2.1.f90 -O0 (test for excess errors)
FAIL: libgomp.fortran/appendix-a/a.2.1.f90 -O1 (test for excess errors)
FAIL: libgomp.fortran/appendix-a/a.2.1.f90 -O2 (test for excess errors)
FAIL: libgomp.fortran/appendix-a/a.2.1.f90 -O3 -fomit-frame-pointer (test for excess errors)
FAIL: libgomp.fortran/appendix-a/a.2.1.f90 -O3 -fomit-frame-pointer -funroll-loops (test for excess errors)
FAIL: libgomp.fortran/appendix-a/a.2.1.f90 -O3 -fomit-frame-pointer -funroll-all-loops -finline-functions (test for excess errors)
FAIL: libgomp.fortran/appendix-a/a.2.1.f90 -Os (test for excess errors)
FAIL: libgomp.fortran/appendix-a/a.26.1.f90 -O0 (test for excess errors)
FAIL: libgomp.fortran/appendix-a/a.26.1.f90 -O1 (test for excess errors)
FAIL: libgomp.fortran/appendix-a/a.26.1.f90 -O2 (test for excess errors)
FAIL: libgomp.fortran/appendix-a/a.26.1.f90 -O3 -fomit-frame-pointer (test for excess errors)
FAIL: libgomp.fortran/appendix-a/a.26.1.f90 -O3 -fomit-frame-pointer -funroll-loops (test for excess errors)
FAIL: libgomp.fortran/appendix-a/a.26.1.f90 -O3 -fomit-frame-pointer -funroll-all-loops -finline-functions (test for excess errors)
FAIL: libgomp.fortran/appendix-a/a.26.1.f90 -Os (test for excess errors)
FAIL: libgomp.fortran/appendix-a/a.28.1.f90 -O0 (test for excess errors)
FAIL: libgomp.fortran/appendix-a/a.28.1.f90 -O1 (test for excess errors)
FAIL: libgomp.fortran/appendix-a/a.28.1.f90 -O2 (test for excess errors)
FAIL: libgomp.fortran/appendix-a/a.28.1.f90 -O3 -fomit-frame-pointer (test for excess errors)
FAIL: libgomp.fortran/appendix-a/a.28.1.f90 -O3 -fomit-frame-pointer -funroll-loops (test for excess errors)
FAIL: libgomp.fortran/appendix-a/a.28.1.f90 -O3 -fomit-frame-pointer -funroll-all-loops -finline-functions (test for excess errors)
FAIL: libgomp.fortran/appendix-a/a.28.1.f90 -Os (test for excess errors)
FAIL: libgomp.fortran/appendix-a/a.28.2.f90 -O0 (test for excess errors)
FAIL: libgomp.fortran/appendix-a/a.28.2.f90 -O1 (test for excess errors)
FAIL: libgomp.fortran/appendix-a/a.28.2.f90 -O2 (test for excess errors)
FAIL: libgomp.fortran/appendix-a/a.28.2.f90 -O3 -fomit-frame-pointer (test for excess errors)
FAIL: libgomp.fortran/appendix-a/a.28.2.f90 -O3 -fomit-frame-pointer -funroll-loops (test for excess errors)
FAIL: libgomp.fortran/appendix-a/a.28.2.f90 -O3 -fomit-frame-pointer -funroll-all-loops -finline-functions (test for excess errors)
FAIL: libgomp.fortran/appendix-a/a.28.2.f90 -Os (test for excess errors)
FAIL: libgomp.fortran/appendix-a/a.28.3.f90 -O0 (test for excess errors)
FAIL: libgomp.fortran/appendix-a/a.28.3.f90 -O1 (test for excess errors)
FAIL: libgomp.fortran/appendix-a/a.28.3.f90 -O2 (test for excess errors)
FAIL: libgomp.fortran/appendix-a/a.28.3.f90 -O3 -fomit-frame-pointer (test for excess errors)
FAIL: libgomp.fortran/appendix-a/a.28.3.f90 -O3 -fomit-frame-pointer -funroll-loops (test for excess errors)
FAIL: libgomp.fortran/appendix-a/a.28.3.f90 -O3 -fomit-frame-pointer -funroll-all-loops -finline-functions (test for excess errors)
FAIL: libgomp.fortran/appendix-a/a.28.3.f90 -Os (test for excess errors)
FAIL: libgomp.fortran/appendix-a/a.28.4.f90 -O0 (test for excess errors)
FAIL: libgomp.fortran/appendix-a/a.28.4.f90 -O1 (test for excess errors)
FAIL: libgomp.fortran/appendix-a/a.28.4.f90 -O2 (test for excess errors)
FAIL: libgomp.fortran/appendix-a/a.28.4.f90 -O3 -fomit-frame-pointer (test for excess errors)
FAIL: libgomp.fortran/appendix-a/a.28.4.f90 -O3 -fomit-frame-pointer -funroll-loops (test for excess errors)
FAIL: libgomp.fortran/appendix-a/a.28.4.f90 -O3 -fomit-frame-pointer -funroll-all-loops -finline-functions (test for excess errors)
FAIL: libgomp.fortran/appendix-a/a.28.4.f90 -Os (test for excess errors)
FAIL: libgomp.fortran/appendix-a/a.3.1.f90 -O0 (test for excess errors)
FAIL: libgomp.fortran/appendix-a/a.3.1.f90 -O1 (test for excess errors)
FAIL: libgomp.fortran/appendix-a/a.3.1.f90 -O2 (test for excess errors)
FAIL: libgomp.fortran/appendix-a/a.3.1.f90 -O3 -fomit-frame-pointer (test for excess errors)
FAIL: libgomp.fortran/appendix-a/a.3.1.f90 -O3 -fomit-frame-pointer -funroll-loops (test for excess errors)
FAIL: libgomp.fortran/appendix-a/a.3.1.f90 -O3 -fomit-frame-pointer -funroll-all-loops -finline-functions (test for excess errors)
FAIL: libgomp.fortran/appendix-a/a.3.1.f90 -Os (test for excess errors)
FAIL: libgomp.fortran/appendix-a/a.31.4.f90 -O0 (test for excess errors)
FAIL: libgomp.fortran/appendix-a/a.31.4.f90 -O1 (test for excess errors)
FAIL: libgomp.fortran/appendix-a/a.31.4.f90 -O2 (test for excess errors)
FAIL: libgomp.fortran/appendix-a/a.31.4.f90 -O3 -fomit-frame-pointer (test for excess errors)
FAIL: libgomp.fortran/appendix-a/a.31.4.f90 -O3 -fomit-frame-pointer -funroll-loops (test for excess errors)
FAIL: libgomp.fortran/appendix-a/a.31.4.f90 -O3 -fomit-frame-pointer -funroll-all-loops -finline-functions (test for excess errors)
FAIL: libgomp.fortran/appendix-a/a.31.4.f90 -Os (test for excess errors)
FAIL: libgomp.fortran/appendix-a/a.31.5.f90 -O0 (test for excess errors)
FAIL: libgomp.fortran/appendix-a/a.31.5.f90 -O1 (test for excess errors)
FAIL: libgomp.fortran/appendix-a/a.31.5.f90 -O2 (test for excess errors)
FAIL: libgomp.fortran/appendix-a/a.31.5.f90 -O3 -fomit-frame-pointer (test for excess errors)
FAIL: libgomp.fortran/appendix-a/a.31.5.f90 -O3 -fomit-frame-pointer -funroll-loops (test for excess errors)
FAIL: libgomp.fortran/appendix-a/a.31.5.f90 -O3 -fomit-frame-pointer -funroll-all-loops -finline-functions (test for excess errors)
FAIL: libgomp.fortran/appendix-a/a.31.5.f90 -Os (test for excess errors)
FAIL: libgomp.fortran/appendix-a/a.39.1.f90 -O0 (test for excess errors)
FAIL: libgomp.fortran/appendix-a/a.39.1.f90 -O1 (test for excess errors)
FAIL: libgomp.fortran/appendix-a/a.39.1.f90 -O2 (test for excess errors)
FAIL: libgomp.fortran/appendix-a/a.39.1.f90 -O3 -fomit-frame-pointer (test for excess errors)
FAIL: libgomp.fortran/appendix-a/a.39.1.f90 -O3 -fomit-frame-pointer -funroll-loops (test for excess errors)
FAIL: libgomp.fortran/appendix-a/a.39.1.f90 -O3 -fomit-frame-pointer -funroll-all-loops -finline-functions (test for excess errors)
FAIL: libgomp.fortran/appendix-a/a.39.1.f90 -Os (test for excess errors)
FAIL: libgomp.fortran/appendix-a/a.4.1.f90 -O0 (test for excess errors)
FAIL: libgomp.fortran/appendix-a/a.4.1.f90 -O1 (test for excess errors)
FAIL: libgomp.fortran/appendix-a/a.4.1.f90 -O2 (test for excess errors)
FAIL: libgomp.fortran/appendix-a/a.4.1.f90 -O3 -fomit-frame-pointer (test for excess errors)
FAIL: libgomp.fortran/appendix-a/a.4.1.f90 -O3 -fomit-frame-pointer -funroll-loops (test for excess errors)
FAIL: libgomp.fortran/appendix-a/a.4.1.f90 -O3 -fomit-frame-pointer -funroll-all-loops -finline-functions (test for excess errors)
FAIL: libgomp.fortran/appendix-a/a.4.1.f90 -Os (test for excess errors)
FAIL: libgomp.fortran/appendix-a/a.5.1.f90 -O0 (test for excess errors)
FAIL: libgomp.fortran/appendix-a/a.5.1.f90 -O1 (test for excess errors)
FAIL: libgomp.fortran/appendix-a/a.5.1.f90 -O2 (test for excess errors)
FAIL: libgomp.fortran/appendix-a/a.5.1.f90 -O3 -fomit-frame-pointer (test for excess errors)
FAIL: libgomp.fortran/appendix-a/a.5.1.f90 -O3 -fomit-frame-pointer -funroll-loops (test for excess errors)
FAIL: libgomp.fortran/appendix-a/a.5.1.f90 -O3 -fomit-frame-pointer -funroll-all-loops -finline-functions (test for excess errors)
FAIL: libgomp.fortran/appendix-a/a.5.1.f90 -Os (test for excess errors)
FAIL: libgomp.fortran/appendix-a/a10.1.f90 -O0 (test for excess errors)
FAIL: libgomp.fortran/appendix-a/a10.1.f90 -O1 (test for excess errors)
FAIL: libgomp.fortran/appendix-a/a10.1.f90 -O2 (test for excess errors)
FAIL: libgomp.fortran/appendix-a/a10.1.f90 -O3 -fomit-frame-pointer (test for excess errors)
FAIL: libgomp.fortran/appendix-a/a10.1.f90 -O3 -fomit-frame-pointer -funroll-loops (test for excess errors)
FAIL: libgomp.fortran/appendix-a/a10.1.f90 -O3 -fomit-frame-pointer -funroll-all-loops -finline-functions (test for excess errors)
FAIL: libgomp.fortran/appendix-a/a10.1.f90 -Os (test for excess errors)
FAIL: libgomp.fortran/character1.f90 -O0 (test for excess errors)
FAIL: libgomp.fortran/character1.f90 -O1 (test for excess errors)
FAIL: libgomp.fortran/character1.f90 -O2 (test for excess errors)
FAIL: libgomp.fortran/character1.f90 -O3 -fomit-frame-pointer (test for excess errors)
FAIL: libgomp.fortran/character1.f90 -O3 -fomit-frame-pointer -funroll-loops (test for excess errors)
FAIL: libgomp.fortran/character1.f90 -O3 -fomit-frame-pointer -funroll-all-loops -finline-functions (test for excess errors)
FAIL: libgomp.fortran/character1.f90 -Os (test for excess errors)
FAIL: libgomp.fortran/character2.f90 -O0 (test for excess errors)
FAIL: libgomp.fortran/character2.f90 -O1 (test for excess errors)
FAIL: libgomp.fortran/character2.f90 -O2 (test for excess errors)
FAIL: libgomp.fortran/character2.f90 -O3 -fomit-frame-pointer (test for excess errors)
FAIL: libgomp.fortran/character2.f90 -O3 -fomit-frame-pointer -funroll-loops (test for excess errors)
FAIL: libgomp.fortran/character2.f90 -O3 -fomit-frame-pointer -funroll-all-loops -finline-functions (test for excess errors)
FAIL: libgomp.fortran/character2.f90 -Os (test for excess errors)
FAIL: libgomp.fortran/collapse1.f90 -O0 (test for excess errors)
FAIL: libgomp.fortran/collapse1.f90 -O1 (test for excess errors)
FAIL: libgomp.fortran/collapse1.f90 -O2 (test for excess errors)
FAIL: libgomp.fortran/collapse1.f90 -O3 -fomit-frame-pointer (test for excess errors)
FAIL: libgomp.fortran/collapse1.f90 -O3 -fomit-frame-pointer -funroll-loops (test for excess errors)
FAIL: libgomp.fortran/collapse1.f90 -O3 -fomit-frame-pointer -funroll-all-loops -finline-functions (test for excess errors)
FAIL: libgomp.fortran/collapse1.f90 -Os (test for excess errors)
FAIL: libgomp.fortran/collapse2.f90 -O0 (test for excess errors)
FAIL: libgomp.fortran/collapse2.f90 -O1 (test for excess errors)
FAIL: libgomp.fortran/collapse2.f90 -O2 (test for excess errors)
FAIL: libgomp.fortran/collapse2.f90 -O3 -fomit-frame-pointer (test for excess errors)
FAIL: libgomp.fortran/collapse2.f90 -O3 -fomit-frame-pointer -funroll-loops (test for excess errors)
FAIL: libgomp.fortran/collapse2.f90 -O3 -fomit-frame-pointer -funroll-all-loops -finline-functions (test for excess errors)
FAIL: libgomp.fortran/collapse2.f90 -Os (test for excess errors)
FAIL: libgomp.fortran/collapse3.f90 -O0 (test for excess errors)
FAIL: libgomp.fortran/collapse3.f90 -O1 (test for excess errors)
FAIL: libgomp.fortran/collapse3.f90 -O2 (test for excess errors)
FAIL: libgomp.fortran/collapse3.f90 -O3 -fomit-frame-pointer (test for excess errors)
FAIL: libgomp.fortran/collapse3.f90 -O3 -fomit-frame-pointer -funroll-loops (test for excess errors)
FAIL: libgomp.fortran/collapse3.f90 -O3 -fomit-frame-pointer -funroll-all-loops -finline-functions (test for excess errors)
FAIL: libgomp.fortran/collapse3.f90 -Os (test for excess errors)
FAIL: libgomp.fortran/collapse4.f90 -O0 (test for excess errors)
FAIL: libgomp.fortran/collapse4.f90 -O1 (test for excess errors)
FAIL: libgomp.fortran/collapse4.f90 -O2 (test for excess errors)
FAIL: libgomp.fortran/collapse4.f90 -O3 -fomit-frame-pointer (test for excess errors)
FAIL: libgomp.fortran/collapse4.f90 -O3 -fomit-frame-pointer -funroll-loops (test for excess errors)
FAIL: libgomp.fortran/collapse4.f90 -O3 -fomit-frame-pointer -funroll-all-loops -finline-functions (test for excess errors)
FAIL: libgomp.fortran/collapse4.f90 -Os (test for excess errors)
FAIL: libgomp.fortran/condinc1.f -O (test for excess errors)
FAIL: libgomp.fortran/condinc2.f -O (test for excess errors)
FAIL: libgomp.fortran/condinc3.f90 -O (test for excess errors)
FAIL: libgomp.fortran/condinc4.f90 -O (test for excess errors)
FAIL: libgomp.fortran/crayptr1.f90 -O0 (test for excess errors)
FAIL: libgomp.fortran/crayptr1.f90 -O1 (test for excess errors)
FAIL: libgomp.fortran/crayptr1.f90 -O2 (test for excess errors)
FAIL: libgomp.fortran/crayptr1.f90 -O3 -fomit-frame-pointer (test for excess errors)
FAIL: libgomp.fortran/crayptr1.f90 -O3 -fomit-frame-pointer -funroll-loops (test for excess errors)
FAIL: libgomp.fortran/crayptr1.f90 -O3 -fomit-frame-pointer -funroll-all-loops -finline-functions (test for excess errors)
FAIL: libgomp.fortran/crayptr1.f90 -Os (test for excess errors)
FAIL: libgomp.fortran/crayptr3.f90 -O0 (test for excess errors)
FAIL: libgomp.fortran/crayptr3.f90 -O1 (test for excess errors)
FAIL: libgomp.fortran/crayptr3.f90 -O2 (test for excess errors)
FAIL: libgomp.fortran/crayptr3.f90 -O3 -fomit-frame-pointer (test for excess errors)
FAIL: libgomp.fortran/crayptr3.f90 -O3 -fomit-frame-pointer -funroll-loops (test for excess errors)
FAIL: libgomp.fortran/crayptr3.f90 -O3 -fomit-frame-pointer -funroll-all-loops -finline-functions (test for excess errors)
FAIL: libgomp.fortran/crayptr3.f90 -Os (test for excess errors)
FAIL: libgomp.fortran/do1.f90 -O0 (test for excess errors)
FAIL: libgomp.fortran/do1.f90 -O1 (test for excess errors)
FAIL: libgomp.fortran/do1.f90 -O2 (test for excess errors)
FAIL: libgomp.fortran/do1.f90 -O3 -fomit-frame-pointer (test for excess errors)
FAIL: libgomp.fortran/do1.f90 -O3 -fomit-frame-pointer -funroll-loops (test for excess errors)
FAIL: libgomp.fortran/do1.f90 -O3 -fomit-frame-pointer -funroll-all-loops -finline-functions (test for excess errors)
FAIL: libgomp.fortran/do1.f90 -Os (test for excess errors)
FAIL: libgomp.fortran/do2.f90 -O0 (test for excess errors)
FAIL: libgomp.fortran/do2.f90 -O1 (test for excess errors)
FAIL: libgomp.fortran/do2.f90 -O2 (test for excess errors)
FAIL: libgomp.fortran/do2.f90 -O3 -fomit-frame-pointer (test for excess errors)
FAIL: libgomp.fortran/do2.f90 -O3 -fomit-frame-pointer -funroll-loops (test for excess errors)
FAIL: libgomp.fortran/do2.f90 -O3 -fomit-frame-pointer -funroll-all-loops -finline-functions (test for excess errors)
FAIL: libgomp.fortran/do2.f90 -Os (test for excess errors)
FAIL: libgomp.fortran/jacobi.f -O0 (test for excess errors)
FAIL: libgomp.fortran/jacobi.f -O1 (test for excess errors)
FAIL: libgomp.fortran/jacobi.f -O2 (test for excess errors)
FAIL: libgomp.fortran/jacobi.f -O3 -fomit-frame-pointer (test for excess errors)
FAIL: libgomp.fortran/jacobi.f -O3 -fomit-frame-pointer -funroll-loops (test for excess errors)
FAIL: libgomp.fortran/jacobi.f -O3 -fomit-frame-pointer -funroll-all-loops -finline-functions (test for excess errors)
FAIL: libgomp.fortran/jacobi.f -Os (test for excess errors)
FAIL: libgomp.fortran/lastprivate1.f90 -O (test for excess errors)
FAIL: libgomp.fortran/lastprivate2.f90 -O (test for excess errors)
FAIL: libgomp.fortran/lib1.f90 -O0 (test for excess errors)
FAIL: libgomp.fortran/lib1.f90 -O1 (test for excess errors)
FAIL: libgomp.fortran/lib1.f90 -O2 (test for excess errors)
FAIL: libgomp.fortran/lib1.f90 -O3 -fomit-frame-pointer (test for excess errors)
FAIL: libgomp.fortran/lib1.f90 -O3 -fomit-frame-pointer -funroll-loops (test for excess errors)
FAIL: libgomp.fortran/lib1.f90 -O3 -fomit-frame-pointer -funroll-all-loops -finline-functions (test for excess errors)
FAIL: libgomp.fortran/lib1.f90 -Os (test for excess errors)
FAIL: libgomp.fortran/lib2.f -O0 (test for excess errors)
FAIL: libgomp.fortran/lib2.f -O1 (test for excess errors)
FAIL: libgomp.fortran/lib2.f -O2 (test for excess errors)
FAIL: libgomp.fortran/lib2.f -O3 -fomit-frame-pointer (test for excess errors)
FAIL: libgomp.fortran/lib2.f -O3 -fomit-frame-pointer -funroll-loops (test for excess errors)
FAIL: libgomp.fortran/lib2.f -O3 -fomit-frame-pointer -funroll-all-loops -finline-functions (test for excess errors)
FAIL: libgomp.fortran/lib2.f -Os (test for excess errors)
FAIL: libgomp.fortran/lib3.f -O0 (test for excess errors)
FAIL: libgomp.fortran/lib3.f -O1 (test for excess errors)
FAIL: libgomp.fortran/lib3.f -O2 (test for excess errors)
FAIL: libgomp.fortran/lib3.f -O3 -fomit-frame-pointer (test for excess errors)
FAIL: libgomp.fortran/lib3.f -O3 -fomit-frame-pointer -funroll-loops (test for excess errors)
FAIL: libgomp.fortran/lib3.f -O3 -fomit-frame-pointer -funroll-all-loops -finline-functions (test for excess errors)
FAIL: libgomp.fortran/lib3.f -Os (test for excess errors)
FAIL: libgomp.fortran/lib4.f90 -O0 (test for excess errors)
FAIL: libgomp.fortran/lib4.f90 -O1 (test for excess errors)
FAIL: libgomp.fortran/lib4.f90 -O2 (test for excess errors)
FAIL: libgomp.fortran/lib4.f90 -O3 -fomit-frame-pointer (test for excess errors)
FAIL: libgomp.fortran/lib4.f90 -O3 -fomit-frame-pointer -funroll-loops (test for excess errors)
FAIL: libgomp.fortran/lib4.f90 -O3 -fomit-frame-pointer -funroll-all-loops -finline-functions (test for excess errors)
FAIL: libgomp.fortran/lib4.f90 -Os (test for excess errors)
FAIL: libgomp.fortran/lock-1.f90 -O0 (test for excess errors)
FAIL: libgomp.fortran/lock-1.f90 -O1 (test for excess errors)
FAIL: libgomp.fortran/lock-1.f90 -O2 (test for excess errors)
FAIL: libgomp.fortran/lock-1.f90 -O3 -fomit-frame-pointer (test for excess errors)
FAIL: libgomp.fortran/lock-1.f90 -O3 -fomit-frame-pointer -funroll-loops (test for excess errors)
FAIL: libgomp.fortran/lock-1.f90 -O3 -fomit-frame-pointer -funroll-all-loops -finline-functions (test for excess errors)
FAIL: libgomp.fortran/lock-1.f90 -Os (test for excess errors)
FAIL: libgomp.fortran/lock-2.f90 -O0 (test for excess errors)
FAIL: libgomp.fortran/lock-2.f90 -O1 (test for excess errors)
FAIL: libgomp.fortran/lock-2.f90 -O2 (test for excess errors)
FAIL: libgomp.fortran/lock-2.f90 -O3 -fomit-frame-pointer (test for excess errors)
FAIL: libgomp.fortran/lock-2.f90 -O3 -fomit-frame-pointer -funroll-loops (test for excess errors)
FAIL: libgomp.fortran/lock-2.f90 -O3 -fomit-frame-pointer -funroll-all-loops -finline-functions (test for excess errors)
FAIL: libgomp.fortran/lock-2.f90 -Os (test for excess errors)
FAIL: libgomp.fortran/nested1.f90 -O0 (test for excess errors)
FAIL: libgomp.fortran/nested1.f90 -O1 (test for excess errors)
FAIL: libgomp.fortran/nested1.f90 -O2 (test for excess errors)
FAIL: libgomp.fortran/nested1.f90 -O3 -fomit-frame-pointer (test for excess errors)
FAIL: libgomp.fortran/nested1.f90 -O3 -fomit-frame-pointer -funroll-loops (test for excess errors)
FAIL: libgomp.fortran/nested1.f90 -O3 -fomit-frame-pointer -funroll-all-loops -finline-functions (test for excess errors)
FAIL: libgomp.fortran/nested1.f90 -Os (test for excess errors)
FAIL: libgomp.fortran/nestedfn1.f90 -O0 (test for excess errors)
FAIL: libgomp.fortran/nestedfn1.f90 -O1 (test for excess errors)
FAIL: libgomp.fortran/nestedfn1.f90 -O2 (test for excess errors)
FAIL: libgomp.fortran/nestedfn1.f90 -O3 -fomit-frame-pointer (test for excess errors)
FAIL: libgomp.fortran/nestedfn1.f90 -O3 -fomit-frame-pointer -funroll-loops (test for excess errors)
FAIL: libgomp.fortran/nestedfn1.f90 -O3 -fomit-frame-pointer -funroll-all-loops -finline-functions (test for excess errors)
FAIL: libgomp.fortran/nestedfn1.f90 -Os (test for excess errors)
FAIL: libgomp.fortran/nestedfn2.f90 -O0 (test for excess errors)
FAIL: libgomp.fortran/nestedfn2.f90 -O1 (test for excess errors)
FAIL: libgomp.fortran/nestedfn2.f90 -O2 (test for excess errors)
FAIL: libgomp.fortran/nestedfn2.f90 -O3 -fomit-frame-pointer (test for excess errors)
FAIL: libgomp.fortran/nestedfn2.f90 -O3 -fomit-frame-pointer -funroll-loops (test for excess errors)
FAIL: libgomp.fortran/nestedfn2.f90 -O3 -fomit-frame-pointer -funroll-all-loops -finline-functions (test for excess errors)
FAIL: libgomp.fortran/nestedfn2.f90 -Os (test for excess errors)
FAIL: libgomp.fortran/nestedfn3.f90 -O0 (test for excess errors)
FAIL: libgomp.fortran/nestedfn3.f90 -O1 (test for excess errors)
FAIL: libgomp.fortran/nestedfn3.f90 -O2 (test for excess errors)
FAIL: libgomp.fortran/nestedfn3.f90 -O3 -fomit-frame-pointer (test for excess errors)
FAIL: libgomp.fortran/nestedfn3.f90 -O3 -fomit-frame-pointer -funroll-loops (test for excess errors)
FAIL: libgomp.fortran/nestedfn3.f90 -O3 -fomit-frame-pointer -funroll-all-loops -finline-functions (test for excess errors)
FAIL: libgomp.fortran/nestedfn3.f90 -Os (test for excess errors)
FAIL: libgomp.fortran/nestedfn4.f90 -O (test for excess errors)
FAIL: libgomp.fortran/omp_atomic1.f90 -O0 (test for excess errors)
FAIL: libgomp.fortran/omp_atomic1.f90 -O1 (test for excess errors)
FAIL: libgomp.fortran/omp_atomic1.f90 -O2 (test for excess errors)
FAIL: libgomp.fortran/omp_atomic1.f90 -O3 -fomit-frame-pointer (test for excess errors)
FAIL: libgomp.fortran/omp_atomic1.f90 -O3 -fomit-frame-pointer -funroll-loops (test for excess errors)
FAIL: libgomp.fortran/omp_atomic1.f90 -O3 -fomit-frame-pointer -funroll-all-loops -finline-functions (test for excess errors)
FAIL: libgomp.fortran/omp_atomic1.f90 -Os (test for excess errors)
FAIL: libgomp.fortran/omp_atomic2.f90 -O0 (test for excess errors)
FAIL: libgomp.fortran/omp_atomic2.f90 -O1 (test for excess errors)
FAIL: libgomp.fortran/omp_atomic2.f90 -O2 (test for excess errors)
FAIL: libgomp.fortran/omp_atomic2.f90 -O3 -fomit-frame-pointer (test for excess errors)
FAIL: libgomp.fortran/omp_atomic2.f90 -O3 -fomit-frame-pointer -funroll-loops (test for excess errors)
FAIL: libgomp.fortran/omp_atomic2.f90 -O3 -fomit-frame-pointer -funroll-all-loops -finline-functions (test for excess errors)
FAIL: libgomp.fortran/omp_atomic2.f90 -Os (test for excess errors)
FAIL: libgomp.fortran/omp_atomic3.f90 -O0 (test for excess errors)
FAIL: libgomp.fortran/omp_atomic3.f90 -O1 (test for excess errors)
FAIL: libgomp.fortran/omp_atomic3.f90 -O2 (test for excess errors)
FAIL: libgomp.fortran/omp_atomic3.f90 -O3 -fomit-frame-pointer (test for excess errors)
FAIL: libgomp.fortran/omp_atomic3.f90 -O3 -fomit-frame-pointer -funroll-loops (test for excess errors)
FAIL: libgomp.fortran/omp_atomic3.f90 -O3 -fomit-frame-pointer -funroll-all-loops -finline-functions (test for excess errors)
FAIL: libgomp.fortran/omp_atomic3.f90 -Os (test for excess errors)
FAIL: libgomp.fortran/omp_atomic4.f90 -O0 (test for excess errors)
FAIL: libgomp.fortran/omp_atomic4.f90 -O1 (test for excess errors)
FAIL: libgomp.fortran/omp_atomic4.f90 -O2 (test for excess errors)
FAIL: libgomp.fortran/omp_atomic4.f90 -O3 -fomit-frame-pointer (test for excess errors)
FAIL: libgomp.fortran/omp_atomic4.f90 -O3 -fomit-frame-pointer -funroll-loops (test for excess errors)
FAIL: libgomp.fortran/omp_atomic4.f90 -O3 -fomit-frame-pointer -funroll-all-loops -finline-functions (test for excess errors)
FAIL: libgomp.fortran/omp_atomic4.f90 -Os (test for excess errors)
FAIL: libgomp.fortran/omp_cond1.f -O (test for excess errors)
FAIL: libgomp.fortran/omp_cond2.f -O (test for excess errors)
FAIL: libgomp.fortran/omp_cond3.F90 -O (test for excess errors)
FAIL: libgomp.fortran/omp_cond4.F90 -O (test for excess errors)
FAIL: libgomp.fortran/omp_hello.f -O (test for excess errors)
FAIL: libgomp.fortran/omp_orphan.f -O (test for excess errors)
FAIL: libgomp.fortran/omp_parse1.f90 -O0 (test for excess errors)
FAIL: libgomp.fortran/omp_parse1.f90 -O1 (test for excess errors)
FAIL: libgomp.fortran/omp_parse1.f90 -O2 (test for excess errors)
FAIL: libgomp.fortran/omp_parse1.f90 -O3 -fomit-frame-pointer (test for excess errors)
FAIL: libgomp.fortran/omp_parse1.f90 -O3 -fomit-frame-pointer -funroll-loops (test for excess errors)
FAIL: libgomp.fortran/omp_parse1.f90 -O3 -fomit-frame-pointer -funroll-all-loops -finline-functions (test for excess errors)
FAIL: libgomp.fortran/omp_parse1.f90 -Os (test for excess errors)
FAIL: libgomp.fortran/omp_parse2.f90 -O0 (test for excess errors)
FAIL: libgomp.fortran/omp_parse2.f90 -O1 (test for excess errors)
FAIL: libgomp.fortran/omp_parse2.f90 -O2 (test for excess errors)
FAIL: libgomp.fortran/omp_parse2.f90 -O3 -fomit-frame-pointer (test for excess errors)
FAIL: libgomp.fortran/omp_parse2.f90 -O3 -fomit-frame-pointer -funroll-loops (test for excess errors)
FAIL: libgomp.fortran/omp_parse2.f90 -O3 -fomit-frame-pointer -funroll-all-loops -finline-functions (test for excess errors)
FAIL: libgomp.fortran/omp_parse2.f90 -Os (test for excess errors)
FAIL: libgomp.fortran/omp_parse4.f90 -O0 (test for excess errors)
FAIL: libgomp.fortran/omp_parse4.f90 -O1 (test for excess errors)
FAIL: libgomp.fortran/omp_parse4.f90 -O2 (test for excess errors)
FAIL: libgomp.fortran/omp_parse4.f90 -O3 -fomit-frame-pointer (test for excess errors)
FAIL: libgomp.fortran/omp_parse4.f90 -O3 -fomit-frame-pointer -funroll-loops (test for excess errors)
FAIL: libgomp.fortran/omp_parse4.f90 -O3 -fomit-frame-pointer -funroll-all-loops -finline-functions (test for excess errors)
FAIL: libgomp.fortran/omp_parse4.f90 -Os (test for excess errors)
FAIL: libgomp.fortran/omp_reduction.f -O (test for excess errors)
FAIL: libgomp.fortran/omp_workshare1.f -O (test for excess errors)
FAIL: libgomp.fortran/omp_workshare2.f -O (test for excess errors)
FAIL: libgomp.fortran/pointer1.f90 -O0 (test for excess errors)
FAIL: libgomp.fortran/pointer1.f90 -O1 (test for excess errors)
FAIL: libgomp.fortran/pointer1.f90 -O2 (test for excess errors)
FAIL: libgomp.fortran/pointer1.f90 -O3 -fomit-frame-pointer (test for excess errors)
FAIL: libgomp.fortran/pointer1.f90 -O3 -fomit-frame-pointer -funroll-loops (test for excess errors)
FAIL: libgomp.fortran/pointer1.f90 -O3 -fomit-frame-pointer -funroll-all-loops -finline-functions (test for excess errors)
FAIL: libgomp.fortran/pointer1.f90 -Os (test for excess errors)
FAIL: libgomp.fortran/pr25219.f90 -O (test for excess errors)
FAIL: libgomp.fortran/pr27395-1.f90 -O0 (test for excess errors)
FAIL: libgomp.fortran/pr27395-1.f90 -O1 (test for excess errors)
FAIL: libgomp.fortran/pr27395-1.f90 -O2 (test for excess errors)
FAIL: libgomp.fortran/pr27395-1.f90 -O3 -fomit-frame-pointer (test for excess errors)
FAIL: libgomp.fortran/pr27395-1.f90 -O3 -fomit-frame-pointer -funroll-loops (test for excess errors)
FAIL: libgomp.fortran/pr27395-1.f90 -O3 -fomit-frame-pointer -funroll-all-loops -finline-functions (test for excess errors)
FAIL: libgomp.fortran/pr27395-1.f90 -Os (test for excess errors)
FAIL: libgomp.fortran/pr27395-2.f90 -O0 (test for excess errors)
FAIL: libgomp.fortran/pr27395-2.f90 -O1 (test for excess errors)
FAIL: libgomp.fortran/pr27395-2.f90 -O2 (test for excess errors)
FAIL: libgomp.fortran/pr27395-2.f90 -O3 -fomit-frame-pointer (test for excess errors)
FAIL: libgomp.fortran/pr27395-2.f90 -O3 -fomit-frame-pointer -funroll-loops (test for excess errors)
FAIL: libgomp.fortran/pr27395-2.f90 -O3 -fomit-frame-pointer -funroll-all-loops -finline-functions (test for excess errors)
FAIL: libgomp.fortran/pr27395-2.f90 -Os (test for excess errors)
FAIL: libgomp.fortran/pr27416-1.f90 -O0 (test for excess errors)
FAIL: libgomp.fortran/pr27416-1.f90 -O1 (test for excess errors)
FAIL: libgomp.fortran/pr27416-1.f90 -O2 (test for excess errors)
FAIL: libgomp.fortran/pr27416-1.f90 -O3 -fomit-frame-pointer (test for excess errors)
FAIL: libgomp.fortran/pr27416-1.f90 -O3 -fomit-frame-pointer -funroll-loops (test for excess errors)
FAIL: libgomp.fortran/pr27416-1.f90 -O3 -fomit-frame-pointer -funroll-all-loops -finline-functions (test for excess errors)
FAIL: libgomp.fortran/pr27416-1.f90 -Os (test for excess errors)
FAIL: libgomp.fortran/pr27916-1.f90 -O0 (test for excess errors)
FAIL: libgomp.fortran/pr27916-1.f90 -O1 (test for excess errors)
FAIL: libgomp.fortran/pr27916-1.f90 -O2 (test for excess errors)
FAIL: libgomp.fortran/pr27916-1.f90 -O3 -fomit-frame-pointer (test for excess errors)
FAIL: libgomp.fortran/pr27916-1.f90 -O3 -fomit-frame-pointer -funroll-loops (test for excess errors)
FAIL: libgomp.fortran/pr27916-1.f90 -O3 -fomit-frame-pointer -funroll-all-loops -finline-functions (test for excess errors)
FAIL: libgomp.fortran/pr27916-1.f90 -Os (test for excess errors)
FAIL: libgomp.fortran/pr27916-2.f90 -O0 (test for excess errors)
FAIL: libgomp.fortran/pr27916-2.f90 -O1 (test for excess errors)
FAIL: libgomp.fortran/pr27916-2.f90 -O2 (test for excess errors)
FAIL: libgomp.fortran/pr27916-2.f90 -O3 -fomit-frame-pointer (test for excess errors)
FAIL: libgomp.fortran/pr27916-2.f90 -O3 -fomit-frame-pointer -funroll-loops (test for excess errors)
FAIL: libgomp.fortran/pr27916-2.f90 -O3 -fomit-frame-pointer -funroll-all-loops -finline-functions (test for excess errors)
FAIL: libgomp.fortran/pr27916-2.f90 -Os (test for excess errors)
FAIL: libgomp.fortran/pr28390.f -O (test for excess errors)
FAIL: libgomp.fortran/pr29629.f90 -O0 (test for excess errors)
FAIL: libgomp.fortran/pr29629.f90 -O1 (test for excess errors)
FAIL: libgomp.fortran/pr29629.f90 -O2 (test for excess errors)
FAIL: libgomp.fortran/pr29629.f90 -O3 -fomit-frame-pointer (test for excess errors)
FAIL: libgomp.fortran/pr29629.f90 -O3 -fomit-frame-pointer -funroll-loops (test for excess errors)
FAIL: libgomp.fortran/pr29629.f90 -O3 -fomit-frame-pointer -funroll-all-loops -finline-functions (test for excess errors)
FAIL: libgomp.fortran/pr29629.f90 -Os (test for excess errors)
FAIL: libgomp.fortran/pr33880.f90 -O0 (test for excess errors)
FAIL: libgomp.fortran/pr33880.f90 -O1 (test for excess errors)
FAIL: libgomp.fortran/pr33880.f90 -O2 (test for excess errors)
FAIL: libgomp.fortran/pr33880.f90 -O3 -fomit-frame-pointer (test for excess errors)
FAIL: libgomp.fortran/pr33880.f90 -O3 -fomit-frame-pointer -funroll-loops (test for excess errors)
FAIL: libgomp.fortran/pr33880.f90 -O3 -fomit-frame-pointer -funroll-all-loops -finline-functions (test for excess errors)
FAIL: libgomp.fortran/pr33880.f90 -Os (test for excess errors)
FAIL: libgomp.fortran/pr34020.f90 -O0 (test for excess errors)
FAIL: libgomp.fortran/pr34020.f90 -O1 (test for excess errors)
FAIL: libgomp.fortran/pr34020.f90 -O2 (test for excess errors)
FAIL: libgomp.fortran/pr34020.f90 -O3 -fomit-frame-pointer (test for excess errors)
FAIL: libgomp.fortran/pr34020.f90 -O3 -fomit-frame-pointer -funroll-loops (test for excess errors)
FAIL: libgomp.fortran/pr34020.f90 -O3 -fomit-frame-pointer -funroll-all-loops -finline-functions (test for excess errors)
FAIL: libgomp.fortran/pr34020.f90 -Os (test for excess errors)
FAIL: libgomp.fortran/pr35130.f90 -O (test for excess errors)
FAIL: libgomp.fortran/pr42162.f90 -O0 (test for excess errors)
FAIL: libgomp.fortran/pr42162.f90 -O1 (test for excess errors)
FAIL: libgomp.fortran/pr42162.f90 -O2 (test for excess errors)
FAIL: libgomp.fortran/pr42162.f90 -O3 -fomit-frame-pointer (test for excess errors)
FAIL: libgomp.fortran/pr42162.f90 -O3 -fomit-frame-pointer -funroll-loops (test for excess errors)
FAIL: libgomp.fortran/pr42162.f90 -O3 -fomit-frame-pointer -funroll-all-loops -finline-functions (test for excess errors)
FAIL: libgomp.fortran/pr42162.f90 -Os (test for excess errors)
FAIL: libgomp.fortran/pr46753.f90 -O0 (test for excess errors)
FAIL: libgomp.fortran/pr46753.f90 -O1 (test for excess errors)
FAIL: libgomp.fortran/pr46753.f90 -O2 (test for excess errors)
FAIL: libgomp.fortran/pr46753.f90 -O3 -fomit-frame-pointer (test for excess errors)
FAIL: libgomp.fortran/pr46753.f90 -O3 -fomit-frame-pointer -funroll-loops (test for excess errors)
FAIL: libgomp.fortran/pr46753.f90 -O3 -fomit-frame-pointer -funroll-all-loops -finline-functions (test for excess errors)
FAIL: libgomp.fortran/pr46753.f90 -Os (test for excess errors)
FAIL: libgomp.fortran/pr48894.f90 -O0 (test for excess errors)
FAIL: libgomp.fortran/pr48894.f90 -O1 (test for excess errors)
FAIL: libgomp.fortran/pr48894.f90 -O2 (test for excess errors)
FAIL: libgomp.fortran/pr48894.f90 -O3 -fomit-frame-pointer (test for excess errors)
FAIL: libgomp.fortran/pr48894.f90 -O3 -fomit-frame-pointer -funroll-loops (test for excess errors)
FAIL: libgomp.fortran/pr48894.f90 -O3 -fomit-frame-pointer -funroll-all-loops -finline-functions (test for excess errors)
FAIL: libgomp.fortran/pr48894.f90 -Os (test for excess errors)
FAIL: libgomp.fortran/pr49792-1.f90 -O0 (test for excess errors)
FAIL: libgomp.fortran/pr49792-1.f90 -O1 (test for excess errors)
FAIL: libgomp.fortran/pr49792-1.f90 -O2 (test for excess errors)
FAIL: libgomp.fortran/pr49792-1.f90 -O3 -fomit-frame-pointer (test for excess errors)
FAIL: libgomp.fortran/pr49792-1.f90 -O3 -fomit-frame-pointer -funroll-loops (test for excess errors)
FAIL: libgomp.fortran/pr49792-1.f90 -O3 -fomit-frame-pointer -funroll-all-loops -finline-functions (test for excess errors)
FAIL: libgomp.fortran/pr49792-1.f90 -Os (test for excess errors)
FAIL: libgomp.fortran/pr49792-2.f90 -O0 (test for excess errors)
FAIL: libgomp.fortran/pr49792-2.f90 -O1 (test for excess errors)
FAIL: libgomp.fortran/pr49792-2.f90 -O2 (test for excess errors)
FAIL: libgomp.fortran/pr49792-2.f90 -O3 -fomit-frame-pointer (test for excess errors)
FAIL: libgomp.fortran/pr49792-2.f90 -O3 -fomit-frame-pointer -funroll-loops (test for excess errors)
FAIL: libgomp.fortran/pr49792-2.f90 -O3 -fomit-frame-pointer -funroll-all-loops -finline-functions (test for excess errors)
FAIL: libgomp.fortran/pr49792-2.f90 -Os (test for excess errors)
FAIL: libgomp.fortran/recursion1.f90 -O0 (test for excess errors)
FAIL: libgomp.fortran/recursion1.f90 -O1 (test for excess errors)
FAIL: libgomp.fortran/recursion1.f90 -O2 (test for excess errors)
FAIL: libgomp.fortran/recursion1.f90 -O3 -fomit-frame-pointer (test for excess errors)
FAIL: libgomp.fortran/recursion1.f90 -O3 -fomit-frame-pointer -funroll-loops (test for excess errors)
FAIL: libgomp.fortran/recursion1.f90 -O3 -fomit-frame-pointer -funroll-all-loops -finline-functions (test for excess errors)
FAIL: libgomp.fortran/recursion1.f90 -Os (test for excess errors)
FAIL: libgomp.fortran/reduction1.f90 -O0 (test for excess errors)
FAIL: libgomp.fortran/reduction1.f90 -O1 (test for excess errors)
FAIL: libgomp.fortran/reduction1.f90 -O2 (test for excess errors)
FAIL: libgomp.fortran/reduction1.f90 -O3 -fomit-frame-pointer (test for excess errors)
FAIL: libgomp.fortran/reduction1.f90 -O3 -fomit-frame-pointer -funroll-loops (test for excess errors)
FAIL: libgomp.fortran/reduction1.f90 -O3 -fomit-frame-pointer -funroll-all-loops -finline-functions (test for excess errors)
FAIL: libgomp.fortran/reduction1.f90 -Os (test for excess errors)
FAIL: libgomp.fortran/reduction2.f90 -O0 (test for excess errors)
FAIL: libgomp.fortran/reduction2.f90 -O1 (test for excess errors)
FAIL: libgomp.fortran/reduction2.f90 -O2 (test for excess errors)
FAIL: libgomp.fortran/reduction2.f90 -O3 -fomit-frame-pointer (test for excess errors)
FAIL: libgomp.fortran/reduction2.f90 -O3 -fomit-frame-pointer -funroll-loops (test for excess errors)
FAIL: libgomp.fortran/reduction2.f90 -O3 -fomit-frame-pointer -funroll-all-loops -finline-functions (test for excess errors)
FAIL: libgomp.fortran/reduction2.f90 -Os (test for excess errors)
FAIL: libgomp.fortran/reduction3.f90 -O0 (test for excess errors)
FAIL: libgomp.fortran/reduction3.f90 -O1 (test for excess errors)
FAIL: libgomp.fortran/reduction3.f90 -O2 (test for excess errors)
FAIL: libgomp.fortran/reduction3.f90 -O3 -fomit-frame-pointer (test for excess errors)
FAIL: libgomp.fortran/reduction3.f90 -O3 -fomit-frame-pointer -funroll-loops (test for excess errors)
FAIL: libgomp.fortran/reduction3.f90 -O3 -fomit-frame-pointer -funroll-all-loops -finline-functions (test for excess errors)
FAIL: libgomp.fortran/reduction3.f90 -Os (test for excess errors)
FAIL: libgomp.fortran/reduction4.f90 -O0 (test for excess errors)
FAIL: libgomp.fortran/reduction4.f90 -O1 (test for excess errors)
FAIL: libgomp.fortran/reduction4.f90 -O2 (test for excess errors)
FAIL: libgomp.fortran/reduction4.f90 -O3 -fomit-frame-pointer (test for excess errors)
FAIL: libgomp.fortran/reduction4.f90 -O3 -fomit-frame-pointer -funroll-loops (test for excess errors)
FAIL: libgomp.fortran/reduction4.f90 -O3 -fomit-frame-pointer -funroll-all-loops -finline-functions (test for excess errors)
FAIL: libgomp.fortran/reduction4.f90 -Os (test for excess errors)
FAIL: libgomp.fortran/reduction5.f90 -O0 (test for excess errors)
FAIL: libgomp.fortran/reduction5.f90 -O1 (test for excess errors)
FAIL: libgomp.fortran/reduction5.f90 -O2 (test for excess errors)
FAIL: libgomp.fortran/reduction5.f90 -O3 -fomit-frame-pointer (test for excess errors)
FAIL: libgomp.fortran/reduction5.f90 -O3 -fomit-frame-pointer -funroll-loops (test for excess errors)
FAIL: libgomp.fortran/reduction5.f90 -O3 -fomit-frame-pointer -funroll-all-loops -finline-functions (test for excess errors)
FAIL: libgomp.fortran/reduction5.f90 -Os (test for excess errors)
FAIL: libgomp.fortran/reduction6.f90 -O0 (test for excess errors)
FAIL: libgomp.fortran/reduction6.f90 -O1 (test for excess errors)
FAIL: libgomp.fortran/reduction6.f90 -O2 (test for excess errors)
FAIL: libgomp.fortran/reduction6.f90 -O3 -fomit-frame-pointer (test for excess errors)
FAIL: libgomp.fortran/reduction6.f90 -O3 -fomit-frame-pointer -funroll-loops (test for excess errors)
FAIL: libgomp.fortran/reduction6.f90 -O3 -fomit-frame-pointer -funroll-all-loops -finline-functions (test for excess errors)
FAIL: libgomp.fortran/reduction6.f90 -Os (test for excess errors)
FAIL: libgomp.fortran/reference1.f90 -O0 (test for excess errors)
FAIL: libgomp.fortran/reference1.f90 -O1 (test for excess errors)
FAIL: libgomp.fortran/reference1.f90 -O2 (test for excess errors)
FAIL: libgomp.fortran/reference1.f90 -O3 -fomit-frame-pointer (test for excess errors)
FAIL: libgomp.fortran/reference1.f90 -O3 -fomit-frame-pointer -funroll-loops (test for excess errors)
FAIL: libgomp.fortran/reference1.f90 -O3 -fomit-frame-pointer -funroll-all-loops -finline-functions (test for excess errors)
FAIL: libgomp.fortran/reference1.f90 -Os (test for excess errors)
FAIL: libgomp.fortran/reference2.f90 -O0 (test for excess errors)
FAIL: libgomp.fortran/reference2.f90 -O1 (test for excess errors)
FAIL: libgomp.fortran/reference2.f90 -O2 (test for excess errors)
FAIL: libgomp.fortran/reference2.f90 -O3 -fomit-frame-pointer (test for excess errors)
FAIL: libgomp.fortran/reference2.f90 -O3 -fomit-frame-pointer -funroll-loops (test for excess errors)
FAIL: libgomp.fortran/reference2.f90 -O3 -fomit-frame-pointer -funroll-all-loops -finline-functions (test for excess errors)
FAIL: libgomp.fortran/reference2.f90 -Os (test for excess errors)
FAIL: libgomp.fortran/retval1.f90 -O0 (test for excess errors)
FAIL: libgomp.fortran/retval1.f90 -O1 (test for excess errors)
FAIL: libgomp.fortran/retval1.f90 -O2 (test for excess errors)
FAIL: libgomp.fortran/retval1.f90 -O3 -fomit-frame-pointer (test for excess errors)
FAIL: libgomp.fortran/retval1.f90 -O3 -fomit-frame-pointer -funroll-loops (test for excess errors)
FAIL: libgomp.fortran/retval1.f90 -O3 -fomit-frame-pointer -funroll-all-loops -finline-functions (test for excess errors)
FAIL: libgomp.fortran/retval1.f90 -Os (test for excess errors)
FAIL: libgomp.fortran/retval2.f90 -O0 (test for excess errors)
FAIL: libgomp.fortran/retval2.f90 -O1 (test for excess errors)
FAIL: libgomp.fortran/retval2.f90 -O2 (test for excess errors)
FAIL: libgomp.fortran/retval2.f90 -O3 -fomit-frame-pointer (test for excess errors)
FAIL: libgomp.fortran/retval2.f90 -O3 -fomit-frame-pointer -funroll-loops (test for excess errors)
FAIL: libgomp.fortran/retval2.f90 -O3 -fomit-frame-pointer -funroll-all-loops -finline-functions (test for excess errors)
FAIL: libgomp.fortran/retval2.f90 -Os (test for excess errors)
FAIL: libgomp.fortran/sharing1.f90 -O0 (test for excess errors)
FAIL: libgomp.fortran/sharing1.f90 -O1 (test for excess errors)
FAIL: libgomp.fortran/sharing1.f90 -O2 (test for excess errors)
FAIL: libgomp.fortran/sharing1.f90 -O3 -fomit-frame-pointer (test for excess errors)
FAIL: libgomp.fortran/sharing1.f90 -O3 -fomit-frame-pointer -funroll-loops (test for excess errors)
FAIL: libgomp.fortran/sharing1.f90 -O3 -fomit-frame-pointer -funroll-all-loops -finline-functions (test for excess errors)
FAIL: libgomp.fortran/sharing1.f90 -Os (test for excess errors)
FAIL: libgomp.fortran/sharing2.f90 -O0 (test for excess errors)
FAIL: libgomp.fortran/sharing2.f90 -O1 (test for excess errors)
FAIL: libgomp.fortran/sharing2.f90 -O2 (test for excess errors)
FAIL: libgomp.fortran/sharing2.f90 -O3 -fomit-frame-pointer (test for excess errors)
FAIL: libgomp.fortran/sharing2.f90 -O3 -fomit-frame-pointer -funroll-loops (test for excess errors)
FAIL: libgomp.fortran/sharing2.f90 -O3 -fomit-frame-pointer -funroll-all-loops -finline-functions (test for excess errors)
FAIL: libgomp.fortran/sharing2.f90 -Os (test for excess errors)
FAIL: libgomp.fortran/stack.f90 -O0 (test for excess errors)
FAIL: libgomp.fortran/stack.f90 -O1 (test for excess errors)
FAIL: libgomp.fortran/stack.f90 -O2 (test for excess errors)
FAIL: libgomp.fortran/stack.f90 -O3 -fomit-frame-pointer (test for excess errors)
FAIL: libgomp.fortran/stack.f90 -O3 -fomit-frame-pointer -funroll-loops (test for excess errors)
FAIL: libgomp.fortran/stack.f90 -O3 -fomit-frame-pointer -funroll-all-loops -finline-functions (test for excess errors)
FAIL: libgomp.fortran/stack.f90 -Os (test for excess errors)
FAIL: libgomp.fortran/strassen.f90 -O (test for excess errors)
FAIL: libgomp.fortran/tabs1.f90 -O (test for excess errors)
FAIL: libgomp.fortran/tabs2.f -O (test for excess errors)
FAIL: libgomp.fortran/task1.f90 -O0 (test for excess errors)
FAIL: libgomp.fortran/task1.f90 -O1 (test for excess errors)
FAIL: libgomp.fortran/task1.f90 -O2 (test for excess errors)
FAIL: libgomp.fortran/task1.f90 -O3 -fomit-frame-pointer (test for excess errors)
FAIL: libgomp.fortran/task1.f90 -O3 -fomit-frame-pointer -funroll-loops (test for excess errors)
FAIL: libgomp.fortran/task1.f90 -O3 -fomit-frame-pointer -funroll-all-loops -finline-functions (test for excess errors)
FAIL: libgomp.fortran/task1.f90 -Os (test for excess errors)
FAIL: libgomp.fortran/task2.f90 -O (test for excess errors)
FAIL: libgomp.fortran/task3.f90 -O0 (test for excess errors)
FAIL: libgomp.fortran/task3.f90 -O1 (test for excess errors)
FAIL: libgomp.fortran/task3.f90 -O2 (test for excess errors)
FAIL: libgomp.fortran/task3.f90 -O3 -fomit-frame-pointer (test for excess errors)
FAIL: libgomp.fortran/task3.f90 -O3 -fomit-frame-pointer -funroll-loops (test for excess errors)
FAIL: libgomp.fortran/task3.f90 -O3 -fomit-frame-pointer -funroll-all-loops -finline-functions (test for excess errors)
FAIL: libgomp.fortran/task3.f90 -Os (test for excess errors)
FAIL: libgomp.fortran/task4.f90 -O0 (test for excess errors)
FAIL: libgomp.fortran/task4.f90 -O1 (test for excess errors)
FAIL: libgomp.fortran/task4.f90 -O2 (test for excess errors)
FAIL: libgomp.fortran/task4.f90 -O3 -fomit-frame-pointer (test for excess errors)
FAIL: libgomp.fortran/task4.f90 -O3 -fomit-frame-pointer -funroll-loops (test for excess errors)
FAIL: libgomp.fortran/task4.f90 -O3 -fomit-frame-pointer -funroll-all-loops -finline-functions (test for excess errors)
FAIL: libgomp.fortran/task4.f90 -Os (test for excess errors)
FAIL: libgomp.fortran/vla1.f90 -O0 (test for excess errors)
FAIL: libgomp.fortran/vla1.f90 -O1 (test for excess errors)
FAIL: libgomp.fortran/vla1.f90 -O2 (test for excess errors)
FAIL: libgomp.fortran/vla1.f90 -O3 -fomit-frame-pointer (test for excess errors)
FAIL: libgomp.fortran/vla1.f90 -O3 -fomit-frame-pointer -funroll-loops (test for excess errors)
FAIL: libgomp.fortran/vla1.f90 -O3 -fomit-frame-pointer -funroll-all-loops -finline-functions (test for excess errors)
FAIL: libgomp.fortran/vla1.f90 -Os (test for excess errors)
FAIL: libgomp.fortran/vla2.f90 -O0 (test for excess errors)
FAIL: libgomp.fortran/vla2.f90 -O1 (test for excess errors)
FAIL: libgomp.fortran/vla2.f90 -O2 (test for excess errors)
FAIL: libgomp.fortran/vla2.f90 -O3 -fomit-frame-pointer (test for excess errors)
FAIL: libgomp.fortran/vla2.f90 -O3 -fomit-frame-pointer -funroll-loops (test for excess errors)
FAIL: libgomp.fortran/vla2.f90 -O3 -fomit-frame-pointer -funroll-all-loops -finline-functions (test for excess errors)
FAIL: libgomp.fortran/vla2.f90 -Os (test for excess errors)
FAIL: libgomp.fortran/vla3.f90 -O0 (test for excess errors)
FAIL: libgomp.fortran/vla3.f90 -O1 (test for excess errors)
FAIL: libgomp.fortran/vla3.f90 -O2 (test for excess errors)
FAIL: libgomp.fortran/vla3.f90 -O3 -fomit-frame-pointer (test for excess errors)
FAIL: libgomp.fortran/vla3.f90 -O3 -fomit-frame-pointer -funroll-loops (test for excess errors)
FAIL: libgomp.fortran/vla3.f90 -O3 -fomit-frame-pointer -funroll-all-loops -finline-functions (test for excess errors)
FAIL: libgomp.fortran/vla3.f90 -Os (test for excess errors)
FAIL: libgomp.fortran/vla4.f90 -O0 (test for excess errors)
FAIL: libgomp.fortran/vla4.f90 -O1 (test for excess errors)
FAIL: libgomp.fortran/vla4.f90 -O2 (test for excess errors)
FAIL: libgomp.fortran/vla4.f90 -O3 -fomit-frame-pointer (test for excess errors)
FAIL: libgomp.fortran/vla4.f90 -O3 -fomit-frame-pointer -funroll-loops (test for excess errors)
FAIL: libgomp.fortran/vla4.f90 -O3 -fomit-frame-pointer -funroll-all-loops -finline-functions (test for excess errors)
FAIL: libgomp.fortran/vla4.f90 -Os (test for excess errors)
FAIL: libgomp.fortran/vla5.f90 -O0 (test for excess errors)
FAIL: libgomp.fortran/vla5.f90 -O1 (test for excess errors)
FAIL: libgomp.fortran/vla5.f90 -O2 (test for excess errors)
FAIL: libgomp.fortran/vla5.f90 -O3 -fomit-frame-pointer (test for excess errors)
FAIL: libgomp.fortran/vla5.f90 -O3 -fomit-frame-pointer -funroll-loops (test for excess errors)
FAIL: libgomp.fortran/vla5.f90 -O3 -fomit-frame-pointer -funroll-all-loops -finline-functions (test for excess errors)
FAIL: libgomp.fortran/vla5.f90 -Os (test for excess errors)
FAIL: libgomp.fortran/vla6.f90 -O0 (test for excess errors)
FAIL: libgomp.fortran/vla6.f90 -O1 (test for excess errors)
FAIL: libgomp.fortran/vla6.f90 -O2 (test for excess errors)
FAIL: libgomp.fortran/vla6.f90 -O3 -fomit-frame-pointer (test for excess errors)
FAIL: libgomp.fortran/vla6.f90 -O3 -fomit-frame-pointer -funroll-loops (test for excess errors)
FAIL: libgomp.fortran/vla6.f90 -O3 -fomit-frame-pointer -funroll-all-loops -finline-functions (test for excess errors)
FAIL: libgomp.fortran/vla6.f90 -Os (test for excess errors)
FAIL: libgomp.fortran/vla7.f90 -O0 (test for excess errors)
FAIL: libgomp.fortran/vla7.f90 -O1 (test for excess errors)
FAIL: libgomp.fortran/vla7.f90 -O2 (test for excess errors)
FAIL: libgomp.fortran/vla7.f90 -O3 -fomit-frame-pointer (test for excess errors)
FAIL: libgomp.fortran/vla7.f90 -O3 -fomit-frame-pointer -funroll-loops (test for excess errors)
FAIL: libgomp.fortran/vla7.f90 -O3 -fomit-frame-pointer -funroll-all-loops -finline-functions (test for excess errors)
FAIL: libgomp.fortran/vla7.f90 -Os (test for excess errors)
FAIL: libgomp.fortran/vla8.f90 -O0 (test for excess errors)
FAIL: libgomp.fortran/vla8.f90 -O1 (test for excess errors)
FAIL: libgomp.fortran/vla8.f90 -O2 (test for excess errors)
FAIL: libgomp.fortran/vla8.f90 -O3 -fomit-frame-pointer (test for excess errors)
FAIL: libgomp.fortran/vla8.f90 -O3 -fomit-frame-pointer -funroll-loops (test for excess errors)
FAIL: libgomp.fortran/vla8.f90 -O3 -fomit-frame-pointer -funroll-all-loops -finline-functions (test for excess errors)
FAIL: libgomp.fortran/vla8.f90 -Os (test for excess errors)
FAIL: libgomp.fortran/workshare1.f90 -O (test for excess errors)
FAIL: libgomp.fortran/workshare2.f90 -O (test for excess errors)
FAIL: libgomp.graphite/force-parallel-1.c (test for excess errors)
FAIL: libgomp.graphite/force-parallel-2.c (test for excess errors)
FAIL: libgomp.graphite/force-parallel-3.c (test for excess errors)
FAIL: libgomp.graphite/force-parallel-4.c (test for excess errors)
FAIL: libgomp.graphite/force-parallel-5.c (test for excess errors)
FAIL: libgomp.graphite/force-parallel-6.c (test for excess errors)
FAIL: libgomp.graphite/force-parallel-7.c (test for excess errors)
FAIL: libgomp.graphite/force-parallel-8.c (test for excess errors)
FAIL: libgomp.graphite/force-parallel-9.c (test for excess errors)
FAIL: libgomp.graphite/pr41118.c (test for excess errors)
=== libgomp Summary for unix ===
# of expected passes 1533
# of unexpected failures 1097
# of unsupported tests 169
Running target unix/-m64
FAIL: libgomp.c++/atomic-1.C -O0 (test for excess errors)
FAIL: libgomp.c++/atomic-1.C -O1 (test for excess errors)
FAIL: libgomp.c++/atomic-1.C -O2 (test for excess errors)
FAIL: libgomp.c++/atomic-1.C -O3 -fomit-frame-pointer (test for excess errors)
FAIL: libgomp.c++/atomic-1.C -O3 -fomit-frame-pointer -funroll-loops (test for excess errors)
FAIL: libgomp.c++/atomic-1.C -O3 -fomit-frame-pointer -funroll-all-loops -finline-functions (test for excess errors)
FAIL: libgomp.c++/atomic-1.C -Os (test for excess errors)
FAIL: libgomp.c++/atomic-2.C -O0 (test for excess errors)
FAIL: libgomp.c++/atomic-2.C -O1 (test for excess errors)
FAIL: libgomp.c++/atomic-2.C -O2 (test for excess errors)
FAIL: libgomp.c++/atomic-2.C -O3 -fomit-frame-pointer (test for excess errors)
FAIL: libgomp.c++/atomic-2.C -O3 -fomit-frame-pointer -funroll-loops (test for excess errors)
FAIL: libgomp.c++/atomic-2.C -O3 -fomit-frame-pointer -funroll-all-loops -finline-functions (test for excess errors)
FAIL: libgomp.c++/atomic-2.C -Os (test for excess errors)
FAIL: libgomp.c++/atomic-3.C -O0 (test for excess errors)
FAIL: libgomp.c++/atomic-3.C -O1 (test for excess errors)
FAIL: libgomp.c++/atomic-3.C -O2 (test for excess errors)
FAIL: libgomp.c++/atomic-3.C -O3 -fomit-frame-pointer (test for excess errors)
FAIL: libgomp.c++/atomic-3.C -O3 -fomit-frame-pointer -funroll-loops (test for excess errors)
FAIL: libgomp.c++/atomic-3.C -O3 -fomit-frame-pointer -funroll-all-loops -finline-functions (test for excess errors)
FAIL: libgomp.c++/atomic-3.C -Os (test for excess errors)
FAIL: libgomp.c++/atomic-4.C -O0 (test for excess errors)
FAIL: libgomp.c++/atomic-4.C -O1 (test for excess errors)
FAIL: libgomp.c++/atomic-4.C -O2 (test for excess errors)
FAIL: libgomp.c++/atomic-4.C -O3 -fomit-frame-pointer (test for excess errors)
FAIL: libgomp.c++/atomic-4.C -O3 -fomit-frame-pointer -funroll-loops (test for excess errors)
FAIL: libgomp.c++/atomic-4.C -O3 -fomit-frame-pointer -funroll-all-loops -finline-functions (test for excess errors)
FAIL: libgomp.c++/atomic-4.C -Os (test for excess errors)
FAIL: libgomp.c++/atomic-5.C -O0 (test for excess errors)
FAIL: libgomp.c++/atomic-5.C -O1 (test for excess errors)
FAIL: libgomp.c++/atomic-5.C -O2 (test for excess errors)
FAIL: libgomp.c++/atomic-5.C -O3 -fomit-frame-pointer (test for excess errors)
FAIL: libgomp.c++/atomic-5.C -O3 -fomit-frame-pointer -funroll-loops (test for excess errors)
FAIL: libgomp.c++/atomic-5.C -O3 -fomit-frame-pointer -funroll-all-loops -finline-functions (test for excess errors)
FAIL: libgomp.c++/atomic-5.C -Os (test for excess errors)
FAIL: libgomp.c++/atomic-6.C -O0 (test for excess errors)
FAIL: libgomp.c++/atomic-6.C -O1 (test for excess errors)
FAIL: libgomp.c++/atomic-6.C -O2 (test for excess errors)
FAIL: libgomp.c++/atomic-6.C -O3 -fomit-frame-pointer (test for excess errors)
FAIL: libgomp.c++/atomic-6.C -O3 -fomit-frame-pointer -funroll-loops (test for excess errors)
FAIL: libgomp.c++/atomic-6.C -O3 -fomit-frame-pointer -funroll-all-loops -finline-functions (test for excess errors)
FAIL: libgomp.c++/atomic-6.C -Os (test for excess errors)
FAIL: libgomp.c++/atomic-7.C -O0 (test for excess errors)
FAIL: libgomp.c++/atomic-7.C -O1 (test for excess errors)
FAIL: libgomp.c++/atomic-7.C -O2 (test for excess errors)
FAIL: libgomp.c++/atomic-7.C -O3 -fomit-frame-pointer (test for excess errors)
FAIL: libgomp.c++/atomic-7.C -O3 -fomit-frame-pointer -funroll-loops (test for excess errors)
FAIL: libgomp.c++/atomic-7.C -O3 -fomit-frame-pointer -funroll-all-loops -finline-functions (test for excess errors)
FAIL: libgomp.c++/atomic-7.C -Os (test for excess errors)
FAIL: libgomp.c++/atomic-8.C -O0 (test for excess errors)
FAIL: libgomp.c++/atomic-8.C -O1 (test for excess errors)
FAIL: libgomp.c++/atomic-8.C -O2 (test for excess errors)
FAIL: libgomp.c++/atomic-8.C -O3 -fomit-frame-pointer (test for excess errors)
FAIL: libgomp.c++/atomic-8.C -O3 -fomit-frame-pointer -funroll-loops (test for excess errors)
FAIL: libgomp.c++/atomic-8.C -O3 -fomit-frame-pointer -funroll-all-loops -finline-functions (test for excess errors)
FAIL: libgomp.c++/atomic-8.C -Os (test for excess errors)
FAIL: libgomp.c++/atomic-9.C -O0 (test for excess errors)
FAIL: libgomp.c++/atomic-9.C -O1 (test for excess errors)
FAIL: libgomp.c++/atomic-9.C -O2 (test for excess errors)
FAIL: libgomp.c++/atomic-9.C -O3 -fomit-frame-pointer (test for excess errors)
FAIL: libgomp.c++/atomic-9.C -O3 -fomit-frame-pointer -funroll-loops (test for excess errors)
FAIL: libgomp.c++/atomic-9.C -O3 -fomit-frame-pointer -funroll-all-loops -finline-functions (test for excess errors)
FAIL: libgomp.c++/atomic-9.C -Os (test for excess errors)
FAIL: libgomp.c++/collapse-1.C -O1 (test for excess errors)
FAIL: libgomp.c++/collapse-1.C -O2 (test for excess errors)
FAIL: libgomp.c++/collapse-1.C -O3 -fomit-frame-pointer (test for excess errors)
FAIL: libgomp.c++/collapse-1.C -O3 -fomit-frame-pointer -funroll-loops (test for excess errors)
FAIL: libgomp.c++/collapse-1.C -O3 -fomit-frame-pointer -funroll-all-loops -finline-functions (test for excess errors)
FAIL: libgomp.c++/collapse-1.C -Os (test for excess errors)
FAIL: libgomp.c++/collapse-2.C -O2 (test for excess errors)
FAIL: libgomp.c++/collapse-2.C -O3 -fomit-frame-pointer (test for excess errors)
FAIL: libgomp.c++/collapse-2.C -O3 -fomit-frame-pointer -funroll-loops (test for excess errors)
FAIL: libgomp.c++/collapse-2.C -O3 -fomit-frame-pointer -funroll-all-loops -finline-functions (test for excess errors)
FAIL: libgomp.c++/collapse-2.C -Os (test for excess errors)
FAIL: libgomp.c++/copyin-1.C -O0 (test for excess errors)
FAIL: libgomp.c++/copyin-1.C -O1 (test for excess errors)
FAIL: libgomp.c++/copyin-1.C -O2 (test for excess errors)
FAIL: libgomp.c++/copyin-1.C -O3 -fomit-frame-pointer (test for excess errors)
FAIL: libgomp.c++/copyin-1.C -O3 -fomit-frame-pointer -funroll-loops (test for excess errors)
FAIL: libgomp.c++/copyin-1.C -O3 -fomit-frame-pointer -funroll-all-loops -finline-functions (test for excess errors)
FAIL: libgomp.c++/copyin-1.C -Os (test for excess errors)
FAIL: libgomp.c++/copyin-2.C -O0 (test for excess errors)
FAIL: libgomp.c++/copyin-2.C -O1 (test for excess errors)
FAIL: libgomp.c++/copyin-2.C -O2 (test for excess errors)
FAIL: libgomp.c++/copyin-2.C -O3 -fomit-frame-pointer (test for excess errors)
FAIL: libgomp.c++/copyin-2.C -O3 -fomit-frame-pointer -funroll-loops (test for excess errors)
FAIL: libgomp.c++/copyin-2.C -O3 -fomit-frame-pointer -funroll-all-loops -finline-functions (test for excess errors)
FAIL: libgomp.c++/copyin-2.C -Os (test for excess errors)
FAIL: libgomp.c++/ctor-1.C -O0 (test for excess errors)
FAIL: libgomp.c++/ctor-1.C -O1 (test for excess errors)
FAIL: libgomp.c++/ctor-1.C -O2 (test for excess errors)
FAIL: libgomp.c++/ctor-1.C -O3 -fomit-frame-pointer (test for excess errors)
FAIL: libgomp.c++/ctor-1.C -O3 -fomit-frame-pointer -funroll-loops (test for excess errors)
FAIL: libgomp.c++/ctor-1.C -O3 -fomit-frame-pointer -funroll-all-loops -finline-functions (test for excess errors)
FAIL: libgomp.c++/ctor-1.C -Os (test for excess errors)
FAIL: libgomp.c++/ctor-11.C -O1 (test for excess errors)
FAIL: libgomp.c++/ctor-11.C -O2 (test for excess errors)
FAIL: libgomp.c++/ctor-11.C -O3 -fomit-frame-pointer (test for excess errors)
FAIL: libgomp.c++/ctor-11.C -O3 -fomit-frame-pointer -funroll-loops (test for excess errors)
FAIL: libgomp.c++/ctor-11.C -O3 -fomit-frame-pointer -funroll-all-loops -finline-functions (test for excess errors)
FAIL: libgomp.c++/ctor-11.C -Os (test for excess errors)
FAIL: libgomp.c++/ctor-2.C -O0 (test for excess errors)
FAIL: libgomp.c++/ctor-2.C -O1 (test for excess errors)
FAIL: libgomp.c++/ctor-2.C -O2 (test for excess errors)
FAIL: libgomp.c++/ctor-2.C -O3 -fomit-frame-pointer (test for excess errors)
FAIL: libgomp.c++/ctor-2.C -O3 -fomit-frame-pointer -funroll-loops (test for excess errors)
FAIL: libgomp.c++/ctor-2.C -O3 -fomit-frame-pointer -funroll-all-loops -finline-functions (test for excess errors)
FAIL: libgomp.c++/ctor-2.C -Os (test for excess errors)
FAIL: libgomp.c++/ctor-3.C -O0 (test for excess errors)
FAIL: libgomp.c++/ctor-3.C -O1 (test for excess errors)
FAIL: libgomp.c++/ctor-3.C -O2 (test for excess errors)
FAIL: libgomp.c++/ctor-3.C -O3 -fomit-frame-pointer (test for excess errors)
FAIL: libgomp.c++/ctor-3.C -O3 -fomit-frame-pointer -funroll-loops (test for excess errors)
FAIL: libgomp.c++/ctor-3.C -O3 -fomit-frame-pointer -funroll-all-loops -finline-functions (test for excess errors)
FAIL: libgomp.c++/ctor-3.C -Os (test for excess errors)
FAIL: libgomp.c++/ctor-4.C -O0 (test for excess errors)
FAIL: libgomp.c++/ctor-4.C -O1 (test for excess errors)
FAIL: libgomp.c++/ctor-4.C -O2 (test for excess errors)
FAIL: libgomp.c++/ctor-4.C -O3 -fomit-frame-pointer (test for excess errors)
FAIL: libgomp.c++/ctor-4.C -O3 -fomit-frame-pointer -funroll-loops (test for excess errors)
FAIL: libgomp.c++/ctor-4.C -O3 -fomit-frame-pointer -funroll-all-loops -finline-functions (test for excess errors)
FAIL: libgomp.c++/ctor-4.C -Os (test for excess errors)
FAIL: libgomp.c++/ctor-5.C -O0 (test for excess errors)
FAIL: libgomp.c++/ctor-5.C -O1 (test for excess errors)
FAIL: libgomp.c++/ctor-5.C -O2 (test for excess errors)
FAIL: libgomp.c++/ctor-5.C -O3 -fomit-frame-pointer (test for excess errors)
FAIL: libgomp.c++/ctor-5.C -O3 -fomit-frame-pointer -funroll-loops (test for excess errors)
FAIL: libgomp.c++/ctor-5.C -O3 -fomit-frame-pointer -funroll-all-loops -finline-functions (test for excess errors)
FAIL: libgomp.c++/ctor-5.C -Os (test for excess errors)
FAIL: libgomp.c++/ctor-6.C -O0 (test for excess errors)
FAIL: libgomp.c++/ctor-6.C -O1 (test for excess errors)
FAIL: libgomp.c++/ctor-6.C -O2 (test for excess errors)
FAIL: libgomp.c++/ctor-6.C -O3 -fomit-frame-pointer (test for excess errors)
FAIL: libgomp.c++/ctor-6.C -O3 -fomit-frame-pointer -funroll-loops (test for excess errors)
FAIL: libgomp.c++/ctor-6.C -O3 -fomit-frame-pointer -funroll-all-loops -finline-functions (test for excess errors)
FAIL: libgomp.c++/ctor-6.C -Os (test for excess errors)
FAIL: libgomp.c++/ctor-7.C -O0 (test for excess errors)
FAIL: libgomp.c++/ctor-7.C -O1 (test for excess errors)
FAIL: libgomp.c++/ctor-7.C -O2 (test for excess errors)
FAIL: libgomp.c++/ctor-7.C -O3 -fomit-frame-pointer (test for excess errors)
FAIL: libgomp.c++/ctor-7.C -O3 -fomit-frame-pointer -funroll-loops (test for excess errors)
FAIL: libgomp.c++/ctor-7.C -O3 -fomit-frame-pointer -funroll-all-loops -finline-functions (test for excess errors)
FAIL: libgomp.c++/ctor-7.C -Os (test for excess errors)
FAIL: libgomp.c++/ctor-9.C -O0 (test for excess errors)
FAIL: libgomp.c++/ctor-9.C -O1 (test for excess errors)
FAIL: libgomp.c++/ctor-9.C -O2 (test for excess errors)
FAIL: libgomp.c++/ctor-9.C -O3 -fomit-frame-pointer (test for excess errors)
FAIL: libgomp.c++/ctor-9.C -O3 -fomit-frame-pointer -funroll-loops (test for excess errors)
FAIL: libgomp.c++/ctor-9.C -O3 -fomit-frame-pointer -funroll-all-loops -finline-functions (test for excess errors)
FAIL: libgomp.c++/ctor-9.C -Os (test for excess errors)
FAIL: libgomp.c++/for-1.C -O1 (test for excess errors)
FAIL: libgomp.c++/for-1.C -O2 (test for excess errors)
FAIL: libgomp.c++/for-1.C -O3 -fomit-frame-pointer (test for excess errors)
FAIL: libgomp.c++/for-1.C -O3 -fomit-frame-pointer -funroll-loops (test for excess errors)
FAIL: libgomp.c++/for-1.C -O3 -fomit-frame-pointer -funroll-all-loops -finline-functions (test for excess errors)
FAIL: libgomp.c++/for-1.C -Os (test for excess errors)
FAIL: libgomp.c++/for-2.C -O1 (test for excess errors)
FAIL: libgomp.c++/for-2.C -O2 (test for excess errors)
FAIL: libgomp.c++/for-2.C -O3 -fomit-frame-pointer (test for excess errors)
FAIL: libgomp.c++/for-2.C -O3 -fomit-frame-pointer -funroll-loops (test for excess errors)
FAIL: libgomp.c++/for-2.C -O3 -fomit-frame-pointer -funroll-all-loops -finline-functions (test for excess errors)
FAIL: libgomp.c++/for-2.C -Os (test for excess errors)
FAIL: libgomp.c++/for-5.C -O1 (test for excess errors)
FAIL: libgomp.c++/for-5.C -O2 (test for excess errors)
FAIL: libgomp.c++/for-5.C -O3 -fomit-frame-pointer (test for excess errors)
FAIL: libgomp.c++/for-5.C -O3 -fomit-frame-pointer -funroll-loops (test for excess errors)
FAIL: libgomp.c++/for-5.C -O3 -fomit-frame-pointer -funroll-all-loops -finline-functions (test for excess errors)
FAIL: libgomp.c++/for-5.C -Os (test for excess errors)
FAIL: libgomp.c++/for-6.C -O0 (test for excess errors)
FAIL: libgomp.c++/for-6.C -O1 (test for excess errors)
FAIL: libgomp.c++/for-6.C -O2 (test for excess errors)
FAIL: libgomp.c++/for-6.C -O3 -fomit-frame-pointer (test for excess errors)
FAIL: libgomp.c++/for-6.C -O3 -fomit-frame-pointer -funroll-loops (test for excess errors)
FAIL: libgomp.c++/for-6.C -O3 -fomit-frame-pointer -funroll-all-loops -finline-functions (test for excess errors)
FAIL: libgomp.c++/for-6.C -Os (test for excess errors)
FAIL: libgomp.c++/for-7.C -O0 (test for excess errors)
WARNING: libgomp.c++/for-7.C -O0 compilation failed to produce executable
FAIL: libgomp.c++/for-7.C -O1 (test for excess errors)
WARNING: libgomp.c++/for-7.C -O1 compilation failed to produce executable
FAIL: libgomp.c++/for-7.C -O2 (test for excess errors)
WARNING: libgomp.c++/for-7.C -O2 compilation failed to produce executable
FAIL: libgomp.c++/for-7.C -O3 -fomit-frame-pointer (test for excess errors)
WARNING: libgomp.c++/for-7.C -O3 -fomit-frame-pointer compilation failed to produce executable
FAIL: libgomp.c++/for-7.C -O3 -fomit-frame-pointer -funroll-loops (test for excess errors)
WARNING: libgomp.c++/for-7.C -O3 -fomit-frame-pointer -funroll-loops compilation failed to produce executable
FAIL: libgomp.c++/for-7.C -O3 -fomit-frame-pointer -funroll-all-loops -finline-functions (test for excess errors)
WARNING: libgomp.c++/for-7.C -O3 -fomit-frame-pointer -funroll-all-loops -finline-functions compilation failed to produce executable
FAIL: libgomp.c++/for-7.C -O3 -g (test for excess errors)
WARNING: libgomp.c++/for-7.C -O3 -g compilation failed to produce executable
FAIL: libgomp.c++/for-7.C -Os (test for excess errors)
WARNING: libgomp.c++/for-7.C -Os compilation failed to produce executable
FAIL: libgomp.c++/for-8.C -O1 (test for excess errors)
FAIL: libgomp.c++/for-8.C -O2 (test for excess errors)
FAIL: libgomp.c++/for-8.C -O3 -fomit-frame-pointer (test for excess errors)
FAIL: libgomp.c++/for-8.C -O3 -fomit-frame-pointer -funroll-loops (test for excess errors)
FAIL: libgomp.c++/for-8.C -O3 -fomit-frame-pointer -funroll-all-loops -finline-functions (test for excess errors)
FAIL: libgomp.c++/for-8.C -Os (test for excess errors)
FAIL: libgomp.c++/loop-1.C -O (test for excess errors)
FAIL: libgomp.c++/loop-10.C -O1 (test for excess errors)
FAIL: libgomp.c++/loop-10.C -O2 (test for excess errors)
FAIL: libgomp.c++/loop-10.C -O3 -fomit-frame-pointer (test for excess errors)
FAIL: libgomp.c++/loop-10.C -O3 -fomit-frame-pointer -funroll-loops (test for excess errors)
FAIL: libgomp.c++/loop-10.C -O3 -fomit-frame-pointer -funroll-all-loops -finline-functions (test for excess errors)
FAIL: libgomp.c++/loop-10.C -Os (test for excess errors)
FAIL: libgomp.c++/loop-11.C -O (test for excess errors)
FAIL: libgomp.c++/loop-12.C -O0 (test for excess errors)
FAIL: libgomp.c++/loop-12.C -O1 (test for excess errors)
FAIL: libgomp.c++/loop-12.C -O2 (test for excess errors)
FAIL: libgomp.c++/loop-12.C -O3 -fomit-frame-pointer (test for excess errors)
FAIL: libgomp.c++/loop-12.C -O3 -fomit-frame-pointer -funroll-loops (test for excess errors)
FAIL: libgomp.c++/loop-12.C -O3 -fomit-frame-pointer -funroll-all-loops -finline-functions (test for excess errors)
FAIL: libgomp.c++/loop-12.C -Os (test for excess errors)
FAIL: libgomp.c++/loop-2.C -O (test for excess errors)
FAIL: libgomp.c++/loop-3.C -O (test for excess errors)
FAIL: libgomp.c++/loop-4.C -O (test for excess errors)
FAIL: libgomp.c++/loop-5.C -O (test for excess errors)
FAIL: libgomp.c++/loop-6.C -O0 (test for excess errors)
FAIL: libgomp.c++/loop-6.C -O1 (test for excess errors)
FAIL: libgomp.c++/loop-6.C -O2 (test for excess errors)
FAIL: libgomp.c++/loop-6.C -O3 -fomit-frame-pointer (test for excess errors)
FAIL: libgomp.c++/loop-6.C -O3 -fomit-frame-pointer -funroll-loops (test for excess errors)
FAIL: libgomp.c++/loop-6.C -O3 -fomit-frame-pointer -funroll-all-loops -finline-functions (test for excess errors)
FAIL: libgomp.c++/loop-6.C -Os (test for excess errors)
FAIL: libgomp.c++/loop-7.C -O0 (test for excess errors)
FAIL: libgomp.c++/loop-7.C -O1 (test for excess errors)
FAIL: libgomp.c++/loop-7.C -O2 (test for excess errors)
FAIL: libgomp.c++/loop-7.C -O3 -fomit-frame-pointer (test for excess errors)
FAIL: libgomp.c++/loop-7.C -O3 -fomit-frame-pointer -funroll-loops (test for excess errors)
FAIL: libgomp.c++/loop-7.C -O3 -fomit-frame-pointer -funroll-all-loops -finline-functions (test for excess errors)
FAIL: libgomp.c++/loop-7.C -Os (test for excess errors)
FAIL: libgomp.c++/loop-8.C -O (test for excess errors)
FAIL: libgomp.c++/loop-9.C -O0 (test for excess errors)
FAIL: libgomp.c++/loop-9.C -O1 (test for excess errors)
FAIL: libgomp.c++/loop-9.C -O2 (test for excess errors)
FAIL: libgomp.c++/loop-9.C -O3 -fomit-frame-pointer (test for excess errors)
FAIL: libgomp.c++/loop-9.C -O3 -fomit-frame-pointer -funroll-loops (test for excess errors)
FAIL: libgomp.c++/loop-9.C -O3 -fomit-frame-pointer -funroll-all-loops -finline-functions (test for excess errors)
FAIL: libgomp.c++/loop-9.C -Os (test for excess errors)
FAIL: libgomp.c++/master-1.C -O0 (test for excess errors)
FAIL: libgomp.c++/master-1.C -O1 (test for excess errors)
FAIL: libgomp.c++/master-1.C -O2 (test for excess errors)
FAIL: libgomp.c++/master-1.C -O3 -fomit-frame-pointer (test for excess errors)
FAIL: libgomp.c++/master-1.C -O3 -fomit-frame-pointer -funroll-loops (test for excess errors)
FAIL: libgomp.c++/master-1.C -O3 -fomit-frame-pointer -funroll-all-loops -finline-functions (test for excess errors)
FAIL: libgomp.c++/master-1.C -Os (test for excess errors)
FAIL: libgomp.c++/nested-1.C -O0 (test for excess errors)
FAIL: libgomp.c++/nested-1.C -O1 (test for excess errors)
FAIL: libgomp.c++/nested-1.C -O2 (test for excess errors)
FAIL: libgomp.c++/nested-1.C -O3 -fomit-frame-pointer (test for excess errors)
FAIL: libgomp.c++/nested-1.C -O3 -fomit-frame-pointer -funroll-loops (test for excess errors)
FAIL: libgomp.c++/nested-1.C -O3 -fomit-frame-pointer -funroll-all-loops -finline-functions (test for excess errors)
FAIL: libgomp.c++/nested-1.C -Os (test for excess errors)
FAIL: libgomp.c++/parallel-1.C -O (test for excess errors)
FAIL: libgomp.c++/pr24455.C -O0 (test for excess errors)
FAIL: libgomp.c++/pr24455.C -O1 (test for excess errors)
FAIL: libgomp.c++/pr24455.C -O2 (test for excess errors)
FAIL: libgomp.c++/pr24455.C -O3 -fomit-frame-pointer (test for excess errors)
FAIL: libgomp.c++/pr24455.C -O3 -fomit-frame-pointer -funroll-loops (test for excess errors)
FAIL: libgomp.c++/pr24455.C -O3 -fomit-frame-pointer -funroll-all-loops -finline-functions (test for excess errors)
FAIL: libgomp.c++/pr24455.C -Os (test for excess errors)
FAIL: libgomp.c++/pr26691.C -O (test for excess errors)
FAIL: libgomp.c++/pr26943.C -O0 (test for excess errors)
FAIL: libgomp.c++/pr26943.C -O1 (test for excess errors)
FAIL: libgomp.c++/pr26943.C -O2 (test for excess errors)
FAIL: libgomp.c++/pr26943.C -O3 -fomit-frame-pointer (test for excess errors)
FAIL: libgomp.c++/pr26943.C -O3 -fomit-frame-pointer -funroll-loops (test for excess errors)
FAIL: libgomp.c++/pr26943.C -O3 -fomit-frame-pointer -funroll-all-loops -finline-functions (test for excess errors)
FAIL: libgomp.c++/pr26943.C -Os (test for excess errors)
FAIL: libgomp.c++/pr27337.C -O0 (test for excess errors)
FAIL: libgomp.c++/pr27337.C -O1 (test for excess errors)
FAIL: libgomp.c++/pr27337.C -O2 (test for excess errors)
FAIL: libgomp.c++/pr27337.C -O3 -fomit-frame-pointer (test for excess errors)
FAIL: libgomp.c++/pr27337.C -O3 -fomit-frame-pointer -funroll-loops (test for excess errors)
FAIL: libgomp.c++/pr27337.C -O3 -fomit-frame-pointer -funroll-all-loops -finline-functions (test for excess errors)
FAIL: libgomp.c++/pr27337.C -Os (test for excess errors)
FAIL: libgomp.c++/pr34513.C -O0 (test for excess errors)
FAIL: libgomp.c++/pr34513.C -O1 (test for excess errors)
FAIL: libgomp.c++/pr34513.C -O2 (test for excess errors)
FAIL: libgomp.c++/pr34513.C -O3 -fomit-frame-pointer (test for excess errors)
FAIL: libgomp.c++/pr34513.C -O3 -fomit-frame-pointer -funroll-loops (test for excess errors)
FAIL: libgomp.c++/pr34513.C -O3 -fomit-frame-pointer -funroll-all-loops -finline-functions (test for excess errors)
FAIL: libgomp.c++/pr34513.C -Os (test for excess errors)
FAIL: libgomp.c++/pr35185.C -O1 (test for excess errors)
FAIL: libgomp.c++/pr35185.C -O2 (test for excess errors)
FAIL: libgomp.c++/pr35185.C -O3 -fomit-frame-pointer (test for excess errors)
FAIL: libgomp.c++/pr35185.C -O3 -fomit-frame-pointer -funroll-loops (test for excess errors)
FAIL: libgomp.c++/pr35185.C -O3 -fomit-frame-pointer -funroll-all-loops -finline-functions (test for excess errors)
FAIL: libgomp.c++/pr35185.C -Os (test for excess errors)
FAIL: libgomp.c++/pr38650.C -O0 (test for excess errors)
FAIL: libgomp.c++/pr38650.C -O1 (test for excess errors)
FAIL: libgomp.c++/pr38650.C -O2 (test for excess errors)
FAIL: libgomp.c++/pr38650.C -O3 -fomit-frame-pointer (test for excess errors)
FAIL: libgomp.c++/pr38650.C -O3 -fomit-frame-pointer -funroll-loops (test for excess errors)
FAIL: libgomp.c++/pr38650.C -O3 -fomit-frame-pointer -funroll-all-loops -finline-functions (test for excess errors)
FAIL: libgomp.c++/pr38650.C -Os (test for excess errors)
FAIL: libgomp.c++/pr39573.C -O0 (test for excess errors)
FAIL: libgomp.c++/pr39573.C -O1 (test for excess errors)
FAIL: libgomp.c++/pr39573.C -O2 (test for excess errors)
FAIL: libgomp.c++/pr39573.C -O3 -fomit-frame-pointer (test for excess errors)
FAIL: libgomp.c++/pr39573.C -O3 -fomit-frame-pointer -funroll-loops (test for excess errors)
FAIL: libgomp.c++/pr39573.C -O3 -fomit-frame-pointer -funroll-all-loops -finline-functions (test for excess errors)
FAIL: libgomp.c++/pr39573.C -Os (test for excess errors)
FAIL: libgomp.c++/pr43893.C -O0 (test for excess errors)
FAIL: libgomp.c++/pr43893.C -O1 (test for excess errors)
FAIL: libgomp.c++/pr43893.C -O2 (test for excess errors)
FAIL: libgomp.c++/pr43893.C -O3 -fomit-frame-pointer (test for excess errors)
FAIL: libgomp.c++/pr43893.C -O3 -fomit-frame-pointer -funroll-loops (test for excess errors)
FAIL: libgomp.c++/pr43893.C -O3 -fomit-frame-pointer -funroll-all-loops -finline-functions (test for excess errors)
FAIL: libgomp.c++/pr43893.C -Os (test for excess errors)
FAIL: libgomp.c++/pr48869.C -O0 (test for excess errors)
FAIL: libgomp.c++/pr48869.C -O1 (test for excess errors)
FAIL: libgomp.c++/pr48869.C -O2 (test for excess errors)
FAIL: libgomp.c++/pr48869.C -O3 -fomit-frame-pointer (test for excess errors)
FAIL: libgomp.c++/pr48869.C -O3 -fomit-frame-pointer -funroll-loops (test for excess errors)
FAIL: libgomp.c++/pr48869.C -O3 -fomit-frame-pointer -funroll-all-loops -finline-functions (test for excess errors)
FAIL: libgomp.c++/pr48869.C -Os (test for excess errors)
FAIL: libgomp.c++/pr49043.C -O0 (test for excess errors)
FAIL: libgomp.c++/pr49043.C -O1 (test for excess errors)
FAIL: libgomp.c++/pr49043.C -O2 (test for excess errors)
FAIL: libgomp.c++/pr49043.C -O3 -fomit-frame-pointer (test for excess errors)
FAIL: libgomp.c++/pr49043.C -O3 -fomit-frame-pointer -funroll-loops (test for excess errors)
FAIL: libgomp.c++/pr49043.C -O3 -fomit-frame-pointer -funroll-all-loops -finline-functions (test for excess errors)
FAIL: libgomp.c++/pr49043.C -Os (test for excess errors)
FAIL: libgomp.c++/reduction-1.C -O (test for excess errors)
FAIL: libgomp.c++/reduction-2.C -O (test for excess errors)
FAIL: libgomp.c++/reduction-3.C -O (test for excess errors)
FAIL: libgomp.c++/reduction-4.C -O0 (test for excess errors)
FAIL: libgomp.c++/reduction-4.C -O1 (test for excess errors)
FAIL: libgomp.c++/reduction-4.C -O2 (test for excess errors)
FAIL: libgomp.c++/reduction-4.C -O3 -fomit-frame-pointer (test for excess errors)
FAIL: libgomp.c++/reduction-4.C -O3 -fomit-frame-pointer -funroll-loops (test for excess errors)
FAIL: libgomp.c++/reduction-4.C -O3 -fomit-frame-pointer -funroll-all-loops -finline-functions (test for excess errors)
FAIL: libgomp.c++/reduction-4.C -Os (test for excess errors)
FAIL: libgomp.c++/sections-1.C -O (test for excess errors)
FAIL: libgomp.c++/shared-1.C -O (test for excess errors)
FAIL: libgomp.c++/shared-2.C -O (test for excess errors)
FAIL: libgomp.c++/single-1.C -O (test for excess errors)
FAIL: libgomp.c++/single-2.C -O (test for excess errors)
FAIL: libgomp.c++/single-3.C -O (test for excess errors)
FAIL: libgomp.c++/task-1.C -O (test for excess errors)
FAIL: libgomp.c++/task-2.C -O0 (test for excess errors)
FAIL: libgomp.c++/task-2.C -O1 (test for excess errors)
FAIL: libgomp.c++/task-2.C -O2 (test for excess errors)
FAIL: libgomp.c++/task-2.C -O3 -fomit-frame-pointer (test for excess errors)
FAIL: libgomp.c++/task-2.C -O3 -fomit-frame-pointer -funroll-loops (test for excess errors)
FAIL: libgomp.c++/task-2.C -O3 -fomit-frame-pointer -funroll-all-loops -finline-functions (test for excess errors)
FAIL: libgomp.c++/task-2.C -Os (test for excess errors)
FAIL: libgomp.c++/task-3.C -O0 (test for excess errors)
FAIL: libgomp.c++/task-3.C -O1 (test for excess errors)
FAIL: libgomp.c++/task-3.C -O2 (test for excess errors)
FAIL: libgomp.c++/task-3.C -O3 -fomit-frame-pointer (test for excess errors)
FAIL: libgomp.c++/task-3.C -O3 -fomit-frame-pointer -funroll-loops (test for excess errors)
FAIL: libgomp.c++/task-3.C -O3 -fomit-frame-pointer -funroll-all-loops -finline-functions (test for excess errors)
FAIL: libgomp.c++/task-3.C -Os (test for excess errors)
FAIL: libgomp.c++/task-4.C -O (test for excess errors)
FAIL: libgomp.c++/task-5.C -O0 (test for excess errors)
FAIL: libgomp.c++/task-5.C -O1 (test for excess errors)
FAIL: libgomp.c++/task-5.C -O2 (test for excess errors)
FAIL: libgomp.c++/task-5.C -O3 -fomit-frame-pointer (test for excess errors)
FAIL: libgomp.c++/task-5.C -O3 -fomit-frame-pointer -funroll-loops (test for excess errors)
FAIL: libgomp.c++/task-5.C -O3 -fomit-frame-pointer -funroll-all-loops -finline-functions (test for excess errors)
FAIL: libgomp.c++/task-5.C -Os (test for excess errors)
FAIL: libgomp.c++/task-6.C -O (test for excess errors)
FAIL: libgomp.c++/task-7.C -O0 (test for excess errors)
FAIL: libgomp.c++/task-7.C -O1 (test for excess errors)
FAIL: libgomp.c++/task-7.C -O2 (test for excess errors)
FAIL: libgomp.c++/task-7.C -O3 -fomit-frame-pointer (test for excess errors)
FAIL: libgomp.c++/task-7.C -O3 -fomit-frame-pointer -funroll-loops (test for excess errors)
FAIL: libgomp.c++/task-7.C -O3 -fomit-frame-pointer -funroll-all-loops -finline-functions (test for excess errors)
FAIL: libgomp.c++/task-7.C -Os (test for excess errors)
FAIL: libgomp.c++/task-8.C -O0 (test for excess errors)
FAIL: libgomp.c++/task-8.C -O1 (test for excess errors)
FAIL: libgomp.c++/task-8.C -O2 (test for excess errors)
FAIL: libgomp.c++/task-8.C -O3 -fomit-frame-pointer (test for excess errors)
FAIL: libgomp.c++/task-8.C -O3 -fomit-frame-pointer -funroll-loops (test for excess errors)
FAIL: libgomp.c++/task-8.C -O3 -fomit-frame-pointer -funroll-all-loops -finline-functions (test for excess errors)
FAIL: libgomp.c++/task-8.C -Os (test for excess errors)
FAIL: libgomp.fortran/allocatable1.f90 -O0 (test for excess errors)
FAIL: libgomp.fortran/allocatable1.f90 -O1 (test for excess errors)
FAIL: libgomp.fortran/allocatable1.f90 -O2 (test for excess errors)
FAIL: libgomp.fortran/allocatable1.f90 -O3 -fomit-frame-pointer (test for excess errors)
FAIL: libgomp.fortran/allocatable1.f90 -O3 -fomit-frame-pointer -funroll-loops (test for excess errors)
FAIL: libgomp.fortran/allocatable1.f90 -O3 -fomit-frame-pointer -funroll-all-loops -finline-functions (test for excess errors)
FAIL: libgomp.fortran/allocatable1.f90 -Os (test for excess errors)
FAIL: libgomp.fortran/allocatable2.f90 -O0 (test for excess errors)
FAIL: libgomp.fortran/allocatable2.f90 -O1 (test for excess errors)
FAIL: libgomp.fortran/allocatable2.f90 -O2 (test for excess errors)
FAIL: libgomp.fortran/allocatable2.f90 -O3 -fomit-frame-pointer (test for excess errors)
FAIL: libgomp.fortran/allocatable2.f90 -O3 -fomit-frame-pointer -funroll-loops (test for excess errors)
FAIL: libgomp.fortran/allocatable2.f90 -O3 -fomit-frame-pointer -funroll-all-loops -finline-functions (test for excess errors)
FAIL: libgomp.fortran/allocatable2.f90 -Os (test for excess errors)
FAIL: libgomp.fortran/allocatable3.f90 -O0 (test for excess errors)
FAIL: libgomp.fortran/allocatable3.f90 -O1 (test for excess errors)
FAIL: libgomp.fortran/allocatable3.f90 -O2 (test for excess errors)
FAIL: libgomp.fortran/allocatable3.f90 -O3 -fomit-frame-pointer (test for excess errors)
FAIL: libgomp.fortran/allocatable3.f90 -O3 -fomit-frame-pointer -funroll-loops (test for excess errors)
FAIL: libgomp.fortran/allocatable3.f90 -O3 -fomit-frame-pointer -funroll-all-loops -finline-functions (test for excess errors)
FAIL: libgomp.fortran/allocatable3.f90 -Os (test for excess errors)
FAIL: libgomp.fortran/allocatable4.f90 -O0 (test for excess errors)
FAIL: libgomp.fortran/allocatable4.f90 -O1 (test for excess errors)
FAIL: libgomp.fortran/allocatable4.f90 -O2 (test for excess errors)
FAIL: libgomp.fortran/allocatable4.f90 -O3 -fomit-frame-pointer (test for excess errors)
FAIL: libgomp.fortran/allocatable4.f90 -O3 -fomit-frame-pointer -funroll-loops (test for excess errors)
FAIL: libgomp.fortran/allocatable4.f90 -O3 -fomit-frame-pointer -funroll-all-loops -finline-functions (test for excess errors)
FAIL: libgomp.fortran/allocatable4.f90 -Os (test for excess errors)
FAIL: libgomp.fortran/allocatable5.f90 -O0 (test for excess errors)
FAIL: libgomp.fortran/allocatable5.f90 -O1 (test for excess errors)
FAIL: libgomp.fortran/allocatable5.f90 -O2 (test for excess errors)
FAIL: libgomp.fortran/allocatable5.f90 -O3 -fomit-frame-pointer (test for excess errors)
FAIL: libgomp.fortran/allocatable5.f90 -O3 -fomit-frame-pointer -funroll-loops (test for excess errors)
FAIL: libgomp.fortran/allocatable5.f90 -O3 -fomit-frame-pointer -funroll-all-loops -finline-functions (test for excess errors)
FAIL: libgomp.fortran/allocatable5.f90 -Os (test for excess errors)
FAIL: libgomp.fortran/allocatable6.f90 -O0 (test for excess errors)
FAIL: libgomp.fortran/allocatable6.f90 -O1 (test for excess errors)
FAIL: libgomp.fortran/allocatable6.f90 -O2 (test for excess errors)
FAIL: libgomp.fortran/allocatable6.f90 -O3 -fomit-frame-pointer (test for excess errors)
FAIL: libgomp.fortran/allocatable6.f90 -O3 -fomit-frame-pointer -funroll-loops (test for excess errors)
FAIL: libgomp.fortran/allocatable6.f90 -O3 -fomit-frame-pointer -funroll-all-loops -finline-functions (test for excess errors)
FAIL: libgomp.fortran/allocatable6.f90 -Os (test for excess errors)
FAIL: libgomp.fortran/allocatable7.f90 -O0 (test for excess errors)
FAIL: libgomp.fortran/allocatable7.f90 -O1 (test for excess errors)
FAIL: libgomp.fortran/allocatable7.f90 -O2 (test for excess errors)
FAIL: libgomp.fortran/allocatable7.f90 -O3 -fomit-frame-pointer (test for excess errors)
FAIL: libgomp.fortran/allocatable7.f90 -O3 -fomit-frame-pointer -funroll-loops (test for excess errors)
FAIL: libgomp.fortran/allocatable7.f90 -O3 -fomit-frame-pointer -funroll-all-loops -finline-functions (test for excess errors)
FAIL: libgomp.fortran/allocatable7.f90 -Os (test for excess errors)
FAIL: libgomp.fortran/allocatable8.f90 -O0 (test for excess errors)
FAIL: libgomp.fortran/allocatable8.f90 -O1 (test for excess errors)
FAIL: libgomp.fortran/allocatable8.f90 -O2 (test for excess errors)
FAIL: libgomp.fortran/allocatable8.f90 -O3 -fomit-frame-pointer (test for excess errors)
FAIL: libgomp.fortran/allocatable8.f90 -O3 -fomit-frame-pointer -funroll-loops (test for excess errors)
FAIL: libgomp.fortran/allocatable8.f90 -O3 -fomit-frame-pointer -funroll-all-loops -finline-functions (test for excess errors)
FAIL: libgomp.fortran/allocatable8.f90 -Os (test for excess errors)
FAIL: libgomp.fortran/appendix-a/a.16.1.f90 -O0 (test for excess errors)
FAIL: libgomp.fortran/appendix-a/a.16.1.f90 -O1 (test for excess errors)
FAIL: libgomp.fortran/appendix-a/a.16.1.f90 -O2 (test for excess errors)
FAIL: libgomp.fortran/appendix-a/a.16.1.f90 -O3 -fomit-frame-pointer (test for excess errors)
FAIL: libgomp.fortran/appendix-a/a.16.1.f90 -O3 -fomit-frame-pointer -funroll-loops (test for excess errors)
FAIL: libgomp.fortran/appendix-a/a.16.1.f90 -O3 -fomit-frame-pointer -funroll-all-loops -finline-functions (test for excess errors)
FAIL: libgomp.fortran/appendix-a/a.16.1.f90 -Os (test for excess errors)
FAIL: libgomp.fortran/appendix-a/a.18.1.f90 -O0 (test for excess errors)
FAIL: libgomp.fortran/appendix-a/a.18.1.f90 -O1 (test for excess errors)
FAIL: libgomp.fortran/appendix-a/a.18.1.f90 -O2 (test for excess errors)
FAIL: libgomp.fortran/appendix-a/a.18.1.f90 -O3 -fomit-frame-pointer (test for excess errors)
FAIL: libgomp.fortran/appendix-a/a.18.1.f90 -O3 -fomit-frame-pointer -funroll-loops (test for excess errors)
FAIL: libgomp.fortran/appendix-a/a.18.1.f90 -O3 -fomit-frame-pointer -funroll-all-loops -finline-functions (test for excess errors)
FAIL: libgomp.fortran/appendix-a/a.18.1.f90 -Os (test for excess errors)
FAIL: libgomp.fortran/appendix-a/a.19.1.f90 -O0 (test for excess errors)
FAIL: libgomp.fortran/appendix-a/a.19.1.f90 -O1 (test for excess errors)
FAIL: libgomp.fortran/appendix-a/a.19.1.f90 -O2 (test for excess errors)
FAIL: libgomp.fortran/appendix-a/a.19.1.f90 -O3 -fomit-frame-pointer (test for excess errors)
FAIL: libgomp.fortran/appendix-a/a.19.1.f90 -O3 -fomit-frame-pointer -funroll-loops (test for excess errors)
FAIL: libgomp.fortran/appendix-a/a.19.1.f90 -O3 -fomit-frame-pointer -funroll-all-loops -finline-functions (test for excess errors)
FAIL: libgomp.fortran/appendix-a/a.19.1.f90 -Os (test for excess errors)
FAIL: libgomp.fortran/appendix-a/a.2.1.f90 -O0 (test for excess errors)
FAIL: libgomp.fortran/appendix-a/a.2.1.f90 -O1 (test for excess errors)
FAIL: libgomp.fortran/appendix-a/a.2.1.f90 -O2 (test for excess errors)
FAIL: libgomp.fortran/appendix-a/a.2.1.f90 -O3 -fomit-frame-pointer (test for excess errors)
FAIL: libgomp.fortran/appendix-a/a.2.1.f90 -O3 -fomit-frame-pointer -funroll-loops (test for excess errors)
FAIL: libgomp.fortran/appendix-a/a.2.1.f90 -O3 -fomit-frame-pointer -funroll-all-loops -finline-functions (test for excess errors)
FAIL: libgomp.fortran/appendix-a/a.2.1.f90 -Os (test for excess errors)
FAIL: libgomp.fortran/appendix-a/a.22.7.f90 -O0 (test for excess errors)
FAIL: libgomp.fortran/appendix-a/a.22.7.f90 -O1 (test for excess errors)
FAIL: libgomp.fortran/appendix-a/a.22.7.f90 -O2 (test for excess errors)
FAIL: libgomp.fortran/appendix-a/a.22.7.f90 -O3 -fomit-frame-pointer (test for excess errors)
FAIL: libgomp.fortran/appendix-a/a.22.7.f90 -O3 -fomit-frame-pointer -funroll-loops (test for excess errors)
FAIL: libgomp.fortran/appendix-a/a.22.7.f90 -O3 -fomit-frame-pointer -funroll-all-loops -finline-functions (test for excess errors)
FAIL: libgomp.fortran/appendix-a/a.22.7.f90 -Os (test for excess errors)
FAIL: libgomp.fortran/appendix-a/a.22.8.f90 -O0 (test for excess errors)
FAIL: libgomp.fortran/appendix-a/a.22.8.f90 -O1 (test for excess errors)
FAIL: libgomp.fortran/appendix-a/a.22.8.f90 -O2 (test for excess errors)
FAIL: libgomp.fortran/appendix-a/a.22.8.f90 -O3 -fomit-frame-pointer (test for excess errors)
FAIL: libgomp.fortran/appendix-a/a.22.8.f90 -O3 -fomit-frame-pointer -funroll-loops (test for excess errors)
FAIL: libgomp.fortran/appendix-a/a.22.8.f90 -O3 -fomit-frame-pointer -funroll-all-loops -finline-functions (test for excess errors)
FAIL: libgomp.fortran/appendix-a/a.22.8.f90 -Os (test for excess errors)
FAIL: libgomp.fortran/appendix-a/a.26.1.f90 -O0 (test for excess errors)
FAIL: libgomp.fortran/appendix-a/a.26.1.f90 -O1 (test for excess errors)
FAIL: libgomp.fortran/appendix-a/a.26.1.f90 -O2 (test for excess errors)
FAIL: libgomp.fortran/appendix-a/a.26.1.f90 -O3 -fomit-frame-pointer (test for excess errors)
FAIL: libgomp.fortran/appendix-a/a.26.1.f90 -O3 -fomit-frame-pointer -funroll-loops (test for excess errors)
FAIL: libgomp.fortran/appendix-a/a.26.1.f90 -O3 -fomit-frame-pointer -funroll-all-loops -finline-functions (test for excess errors)
FAIL: libgomp.fortran/appendix-a/a.26.1.f90 -Os (test for excess errors)
FAIL: libgomp.fortran/appendix-a/a.28.1.f90 -O0 (test for excess errors)
FAIL: libgomp.fortran/appendix-a/a.28.1.f90 -O1 (test for excess errors)
FAIL: libgomp.fortran/appendix-a/a.28.1.f90 -O2 (test for excess errors)
FAIL: libgomp.fortran/appendix-a/a.28.1.f90 -O3 -fomit-frame-pointer (test for excess errors)
FAIL: libgomp.fortran/appendix-a/a.28.1.f90 -O3 -fomit-frame-pointer -funroll-loops (test for excess errors)
FAIL: libgomp.fortran/appendix-a/a.28.1.f90 -O3 -fomit-frame-pointer -funroll-all-loops -finline-functions (test for excess errors)
FAIL: libgomp.fortran/appendix-a/a.28.1.f90 -Os (test for excess errors)
FAIL: libgomp.fortran/appendix-a/a.28.2.f90 -O0 (test for excess errors)
FAIL: libgomp.fortran/appendix-a/a.28.2.f90 -O1 (test for excess errors)
FAIL: libgomp.fortran/appendix-a/a.28.2.f90 -O2 (test for excess errors)
FAIL: libgomp.fortran/appendix-a/a.28.2.f90 -O3 -fomit-frame-pointer (test for excess errors)
FAIL: libgomp.fortran/appendix-a/a.28.2.f90 -O3 -fomit-frame-pointer -funroll-loops (test for excess errors)
FAIL: libgomp.fortran/appendix-a/a.28.2.f90 -O3 -fomit-frame-pointer -funroll-all-loops -finline-functions (test for excess errors)
FAIL: libgomp.fortran/appendix-a/a.28.2.f90 -Os (test for excess errors)
FAIL: libgomp.fortran/appendix-a/a.28.3.f90 -O0 (test for excess errors)
FAIL: libgomp.fortran/appendix-a/a.28.3.f90 -O1 (test for excess errors)
FAIL: libgomp.fortran/appendix-a/a.28.3.f90 -O2 (test for excess errors)
FAIL: libgomp.fortran/appendix-a/a.28.3.f90 -O3 -fomit-frame-pointer (test for excess errors)
FAIL: libgomp.fortran/appendix-a/a.28.3.f90 -O3 -fomit-frame-pointer -funroll-loops (test for excess errors)
FAIL: libgomp.fortran/appendix-a/a.28.3.f90 -O3 -fomit-frame-pointer -funroll-all-loops -finline-functions (test for excess errors)
FAIL: libgomp.fortran/appendix-a/a.28.3.f90 -Os (test for excess errors)
FAIL: libgomp.fortran/appendix-a/a.28.4.f90 -O0 (test for excess errors)
FAIL: libgomp.fortran/appendix-a/a.28.4.f90 -O1 (test for excess errors)
FAIL: libgomp.fortran/appendix-a/a.28.4.f90 -O2 (test for excess errors)
FAIL: libgomp.fortran/appendix-a/a.28.4.f90 -O3 -fomit-frame-pointer (test for excess errors)
FAIL: libgomp.fortran/appendix-a/a.28.4.f90 -O3 -fomit-frame-pointer -funroll-loops (test for excess errors)
FAIL: libgomp.fortran/appendix-a/a.28.4.f90 -O3 -fomit-frame-pointer -funroll-all-loops -finline-functions (test for excess errors)
FAIL: libgomp.fortran/appendix-a/a.28.4.f90 -Os (test for excess errors)
FAIL: libgomp.fortran/appendix-a/a.3.1.f90 -O0 (test for excess errors)
FAIL: libgomp.fortran/appendix-a/a.3.1.f90 -O1 (test for excess errors)
FAIL: libgomp.fortran/appendix-a/a.3.1.f90 -O2 (test for excess errors)
FAIL: libgomp.fortran/appendix-a/a.3.1.f90 -O3 -fomit-frame-pointer (test for excess errors)
FAIL: libgomp.fortran/appendix-a/a.3.1.f90 -O3 -fomit-frame-pointer -funroll-loops (test for excess errors)
FAIL: libgomp.fortran/appendix-a/a.3.1.f90 -O3 -fomit-frame-pointer -funroll-all-loops -finline-functions (test for excess errors)
FAIL: libgomp.fortran/appendix-a/a.3.1.f90 -Os (test for excess errors)
FAIL: libgomp.fortran/appendix-a/a.31.4.f90 -O0 (test for excess errors)
FAIL: libgomp.fortran/appendix-a/a.31.4.f90 -O1 (test for excess errors)
FAIL: libgomp.fortran/appendix-a/a.31.4.f90 -O2 (test for excess errors)
FAIL: libgomp.fortran/appendix-a/a.31.4.f90 -O3 -fomit-frame-pointer (test for excess errors)
FAIL: libgomp.fortran/appendix-a/a.31.4.f90 -O3 -fomit-frame-pointer -funroll-loops (test for excess errors)
FAIL: libgomp.fortran/appendix-a/a.31.4.f90 -O3 -fomit-frame-pointer -funroll-all-loops -finline-functions (test for excess errors)
FAIL: libgomp.fortran/appendix-a/a.31.4.f90 -Os (test for excess errors)
FAIL: libgomp.fortran/appendix-a/a.31.5.f90 -O0 (test for excess errors)
FAIL: libgomp.fortran/appendix-a/a.31.5.f90 -O1 (test for excess errors)
FAIL: libgomp.fortran/appendix-a/a.31.5.f90 -O2 (test for excess errors)
FAIL: libgomp.fortran/appendix-a/a.31.5.f90 -O3 -fomit-frame-pointer (test for excess errors)
FAIL: libgomp.fortran/appendix-a/a.31.5.f90 -O3 -fomit-frame-pointer -funroll-loops (test for excess errors)
FAIL: libgomp.fortran/appendix-a/a.31.5.f90 -O3 -fomit-frame-pointer -funroll-all-loops -finline-functions (test for excess errors)
FAIL: libgomp.fortran/appendix-a/a.31.5.f90 -Os (test for excess errors)
FAIL: libgomp.fortran/appendix-a/a.39.1.f90 -O0 (test for excess errors)
FAIL: libgomp.fortran/appendix-a/a.39.1.f90 -O1 (test for excess errors)
FAIL: libgomp.fortran/appendix-a/a.39.1.f90 -O2 (test for excess errors)
FAIL: libgomp.fortran/appendix-a/a.39.1.f90 -O3 -fomit-frame-pointer (test for excess errors)
FAIL: libgomp.fortran/appendix-a/a.39.1.f90 -O3 -fomit-frame-pointer -funroll-loops (test for excess errors)
FAIL: libgomp.fortran/appendix-a/a.39.1.f90 -O3 -fomit-frame-pointer -funroll-all-loops -finline-functions (test for excess errors)
FAIL: libgomp.fortran/appendix-a/a.39.1.f90 -Os (test for excess errors)
FAIL: libgomp.fortran/appendix-a/a.4.1.f90 -O0 (test for excess errors)
FAIL: libgomp.fortran/appendix-a/a.4.1.f90 -O1 (test for excess errors)
FAIL: libgomp.fortran/appendix-a/a.4.1.f90 -O2 (test for excess errors)
FAIL: libgomp.fortran/appendix-a/a.4.1.f90 -O3 -fomit-frame-pointer (test for excess errors)
FAIL: libgomp.fortran/appendix-a/a.4.1.f90 -O3 -fomit-frame-pointer -funroll-loops (test for excess errors)
FAIL: libgomp.fortran/appendix-a/a.4.1.f90 -O3 -fomit-frame-pointer -funroll-all-loops -finline-functions (test for excess errors)
FAIL: libgomp.fortran/appendix-a/a.4.1.f90 -Os (test for excess errors)
FAIL: libgomp.fortran/appendix-a/a.5.1.f90 -O0 (test for excess errors)
FAIL: libgomp.fortran/appendix-a/a.5.1.f90 -O1 (test for excess errors)
FAIL: libgomp.fortran/appendix-a/a.5.1.f90 -O2 (test for excess errors)
FAIL: libgomp.fortran/appendix-a/a.5.1.f90 -O3 -fomit-frame-pointer (test for excess errors)
FAIL: libgomp.fortran/appendix-a/a.5.1.f90 -O3 -fomit-frame-pointer -funroll-loops (test for excess errors)
FAIL: libgomp.fortran/appendix-a/a.5.1.f90 -O3 -fomit-frame-pointer -funroll-all-loops -finline-functions (test for excess errors)
FAIL: libgomp.fortran/appendix-a/a.5.1.f90 -Os (test for excess errors)
FAIL: libgomp.fortran/appendix-a/a10.1.f90 -O0 (test for excess errors)
FAIL: libgomp.fortran/appendix-a/a10.1.f90 -O1 (test for excess errors)
FAIL: libgomp.fortran/appendix-a/a10.1.f90 -O2 (test for excess errors)
FAIL: libgomp.fortran/appendix-a/a10.1.f90 -O3 -fomit-frame-pointer (test for excess errors)
FAIL: libgomp.fortran/appendix-a/a10.1.f90 -O3 -fomit-frame-pointer -funroll-loops (test for excess errors)
FAIL: libgomp.fortran/appendix-a/a10.1.f90 -O3 -fomit-frame-pointer -funroll-all-loops -finline-functions (test for excess errors)
FAIL: libgomp.fortran/appendix-a/a10.1.f90 -Os (test for excess errors)
FAIL: libgomp.fortran/character1.f90 -O0 (test for excess errors)
FAIL: libgomp.fortran/character1.f90 -O1 (test for excess errors)
FAIL: libgomp.fortran/character1.f90 -O2 (test for excess errors)
FAIL: libgomp.fortran/character1.f90 -O3 -fomit-frame-pointer (test for excess errors)
FAIL: libgomp.fortran/character1.f90 -O3 -fomit-frame-pointer -funroll-loops (test for excess errors)
FAIL: libgomp.fortran/character1.f90 -O3 -fomit-frame-pointer -funroll-all-loops -finline-functions (test for excess errors)
FAIL: libgomp.fortran/character1.f90 -Os (test for excess errors)
FAIL: libgomp.fortran/character2.f90 -O0 (test for excess errors)
FAIL: libgomp.fortran/character2.f90 -O1 (test for excess errors)
FAIL: libgomp.fortran/character2.f90 -O2 (test for excess errors)
FAIL: libgomp.fortran/character2.f90 -O3 -fomit-frame-pointer (test for excess errors)
FAIL: libgomp.fortran/character2.f90 -O3 -fomit-frame-pointer -funroll-loops (test for excess errors)
FAIL: libgomp.fortran/character2.f90 -O3 -fomit-frame-pointer -funroll-all-loops -finline-functions (test for excess errors)
FAIL: libgomp.fortran/character2.f90 -Os (test for excess errors)
FAIL: libgomp.fortran/collapse1.f90 -O0 (test for excess errors)
FAIL: libgomp.fortran/collapse1.f90 -O1 (test for excess errors)
FAIL: libgomp.fortran/collapse1.f90 -O2 (test for excess errors)
FAIL: libgomp.fortran/collapse1.f90 -O3 -fomit-frame-pointer (test for excess errors)
FAIL: libgomp.fortran/collapse1.f90 -O3 -fomit-frame-pointer -funroll-loops (test for excess errors)
FAIL: libgomp.fortran/collapse1.f90 -O3 -fomit-frame-pointer -funroll-all-loops -finline-functions (test for excess errors)
FAIL: libgomp.fortran/collapse1.f90 -Os (test for excess errors)
FAIL: libgomp.fortran/collapse2.f90 -O0 (test for excess errors)
FAIL: libgomp.fortran/collapse2.f90 -O1 (test for excess errors)
FAIL: libgomp.fortran/collapse2.f90 -O2 (test for excess errors)
FAIL: libgomp.fortran/collapse2.f90 -O3 -fomit-frame-pointer (test for excess errors)
FAIL: libgomp.fortran/collapse2.f90 -O3 -fomit-frame-pointer -funroll-loops (test for excess errors)
FAIL: libgomp.fortran/collapse2.f90 -O3 -fomit-frame-pointer -funroll-all-loops -finline-functions (test for excess errors)
FAIL: libgomp.fortran/collapse2.f90 -Os (test for excess errors)
FAIL: libgomp.fortran/collapse3.f90 -O0 (test for excess errors)
FAIL: libgomp.fortran/collapse3.f90 -O1 (test for excess errors)
FAIL: libgomp.fortran/collapse3.f90 -O2 (test for excess errors)
FAIL: libgomp.fortran/collapse3.f90 -O3 -fomit-frame-pointer (test for excess errors)
FAIL: libgomp.fortran/collapse3.f90 -O3 -fomit-frame-pointer -funroll-loops (test for excess errors)
FAIL: libgomp.fortran/collapse3.f90 -O3 -fomit-frame-pointer -funroll-all-loops -finline-functions (test for excess errors)
FAIL: libgomp.fortran/collapse3.f90 -Os (test for excess errors)
FAIL: libgomp.fortran/collapse4.f90 -O0 (test for excess errors)
FAIL: libgomp.fortran/collapse4.f90 -O1 (test for excess errors)
FAIL: libgomp.fortran/collapse4.f90 -O2 (test for excess errors)
FAIL: libgomp.fortran/collapse4.f90 -O3 -fomit-frame-pointer (test for excess errors)
FAIL: libgomp.fortran/collapse4.f90 -O3 -fomit-frame-pointer -funroll-loops (test for excess errors)
FAIL: libgomp.fortran/collapse4.f90 -O3 -fomit-frame-pointer -funroll-all-loops -finline-functions (test for excess errors)
FAIL: libgomp.fortran/collapse4.f90 -Os (test for excess errors)
FAIL: libgomp.fortran/condinc1.f -O (test for excess errors)
FAIL: libgomp.fortran/condinc2.f -O (test for excess errors)
FAIL: libgomp.fortran/condinc3.f90 -O (test for excess errors)
FAIL: libgomp.fortran/condinc4.f90 -O (test for excess errors)
FAIL: libgomp.fortran/crayptr1.f90 -O0 (test for excess errors)
FAIL: libgomp.fortran/crayptr1.f90 -O1 (test for excess errors)
FAIL: libgomp.fortran/crayptr1.f90 -O2 (test for excess errors)
FAIL: libgomp.fortran/crayptr1.f90 -O3 -fomit-frame-pointer (test for excess errors)
FAIL: libgomp.fortran/crayptr1.f90 -O3 -fomit-frame-pointer -funroll-loops (test for excess errors)
FAIL: libgomp.fortran/crayptr1.f90 -O3 -fomit-frame-pointer -funroll-all-loops -finline-functions (test for excess errors)
FAIL: libgomp.fortran/crayptr1.f90 -Os (test for excess errors)
FAIL: libgomp.fortran/crayptr2.f90 -O0 (test for excess errors)
FAIL: libgomp.fortran/crayptr2.f90 -O1 (test for excess errors)
FAIL: libgomp.fortran/crayptr2.f90 -O2 (test for excess errors)
FAIL: libgomp.fortran/crayptr2.f90 -O3 -fomit-frame-pointer (test for excess errors)
FAIL: libgomp.fortran/crayptr2.f90 -O3 -fomit-frame-pointer -funroll-loops (test for excess errors)
FAIL: libgomp.fortran/crayptr2.f90 -O3 -fomit-frame-pointer -funroll-all-loops -finline-functions (test for excess errors)
FAIL: libgomp.fortran/crayptr2.f90 -Os (test for excess errors)
FAIL: libgomp.fortran/crayptr3.f90 -O0 (test for excess errors)
FAIL: libgomp.fortran/crayptr3.f90 -O1 (test for excess errors)
FAIL: libgomp.fortran/crayptr3.f90 -O2 (test for excess errors)
FAIL: libgomp.fortran/crayptr3.f90 -O3 -fomit-frame-pointer (test for excess errors)
FAIL: libgomp.fortran/crayptr3.f90 -O3 -fomit-frame-pointer -funroll-loops (test for excess errors)
FAIL: libgomp.fortran/crayptr3.f90 -O3 -fomit-frame-pointer -funroll-all-loops -finline-functions (test for excess errors)
FAIL: libgomp.fortran/crayptr3.f90 -Os (test for excess errors)
FAIL: libgomp.fortran/do1.f90 -O0 (test for excess errors)
FAIL: libgomp.fortran/do1.f90 -O1 (test for excess errors)
FAIL: libgomp.fortran/do1.f90 -O2 (test for excess errors)
FAIL: libgomp.fortran/do1.f90 -O3 -fomit-frame-pointer (test for excess errors)
FAIL: libgomp.fortran/do1.f90 -O3 -fomit-frame-pointer -funroll-loops (test for excess errors)
FAIL: libgomp.fortran/do1.f90 -O3 -fomit-frame-pointer -funroll-all-loops -finline-functions (test for excess errors)
FAIL: libgomp.fortran/do1.f90 -Os (test for excess errors)
FAIL: libgomp.fortran/do2.f90 -O0 (test for excess errors)
FAIL: libgomp.fortran/do2.f90 -O1 (test for excess errors)
FAIL: libgomp.fortran/do2.f90 -O2 (test for excess errors)
FAIL: libgomp.fortran/do2.f90 -O3 -fomit-frame-pointer (test for excess errors)
FAIL: libgomp.fortran/do2.f90 -O3 -fomit-frame-pointer -funroll-loops (test for excess errors)
FAIL: libgomp.fortran/do2.f90 -O3 -fomit-frame-pointer -funroll-all-loops -finline-functions (test for excess errors)
FAIL: libgomp.fortran/do2.f90 -Os (test for excess errors)
FAIL: libgomp.fortran/jacobi.f -O0 (test for excess errors)
FAIL: libgomp.fortran/jacobi.f -O1 (test for excess errors)
FAIL: libgomp.fortran/jacobi.f -O2 (test for excess errors)
FAIL: libgomp.fortran/jacobi.f -O3 -fomit-frame-pointer (test for excess errors)
FAIL: libgomp.fortran/jacobi.f -O3 -fomit-frame-pointer -funroll-loops (test for excess errors)
FAIL: libgomp.fortran/jacobi.f -O3 -fomit-frame-pointer -funroll-all-loops -finline-functions (test for excess errors)
FAIL: libgomp.fortran/jacobi.f -Os (test for excess errors)
FAIL: libgomp.fortran/lastprivate1.f90 -O (test for excess errors)
FAIL: libgomp.fortran/lastprivate2.f90 -O (test for excess errors)
FAIL: libgomp.fortran/lib1.f90 -O0 (test for excess errors)
FAIL: libgomp.fortran/lib1.f90 -O1 (test for excess errors)
FAIL: libgomp.fortran/lib1.f90 -O2 (test for excess errors)
FAIL: libgomp.fortran/lib1.f90 -O3 -fomit-frame-pointer (test for excess errors)
FAIL: libgomp.fortran/lib1.f90 -O3 -fomit-frame-pointer -funroll-loops (test for excess errors)
FAIL: libgomp.fortran/lib1.f90 -O3 -fomit-frame-pointer -funroll-all-loops -finline-functions (test for excess errors)
FAIL: libgomp.fortran/lib1.f90 -Os (test for excess errors)
FAIL: libgomp.fortran/lib2.f -O0 (test for excess errors)
FAIL: libgomp.fortran/lib2.f -O1 (test for excess errors)
FAIL: libgomp.fortran/lib2.f -O2 (test for excess errors)
FAIL: libgomp.fortran/lib2.f -O3 -fomit-frame-pointer (test for excess errors)
FAIL: libgomp.fortran/lib2.f -O3 -fomit-frame-pointer -funroll-loops (test for excess errors)
FAIL: libgomp.fortran/lib2.f -O3 -fomit-frame-pointer -funroll-all-loops -finline-functions (test for excess errors)
FAIL: libgomp.fortran/lib2.f -Os (test for excess errors)
FAIL: libgomp.fortran/lib3.f -O0 (test for excess errors)
FAIL: libgomp.fortran/lib3.f -O1 (test for excess errors)
FAIL: libgomp.fortran/lib3.f -O2 (test for excess errors)
FAIL: libgomp.fortran/lib3.f -O3 -fomit-frame-pointer (test for excess errors)
FAIL: libgomp.fortran/lib3.f -O3 -fomit-frame-pointer -funroll-loops (test for excess errors)
FAIL: libgomp.fortran/lib3.f -O3 -fomit-frame-pointer -funroll-all-loops -finline-functions (test for excess errors)
FAIL: libgomp.fortran/lib3.f -Os (test for excess errors)
FAIL: libgomp.fortran/lib4.f90 -O0 (test for excess errors)
FAIL: libgomp.fortran/lib4.f90 -O1 (test for excess errors)
FAIL: libgomp.fortran/lib4.f90 -O2 (test for excess errors)
FAIL: libgomp.fortran/lib4.f90 -O3 -fomit-frame-pointer (test for excess errors)
FAIL: libgomp.fortran/lib4.f90 -O3 -fomit-frame-pointer -funroll-loops (test for excess errors)
FAIL: libgomp.fortran/lib4.f90 -O3 -fomit-frame-pointer -funroll-all-loops -finline-functions (test for excess errors)
FAIL: libgomp.fortran/lib4.f90 -Os (test for excess errors)
FAIL: libgomp.fortran/lock-1.f90 -O0 (test for excess errors)
FAIL: libgomp.fortran/lock-1.f90 -O1 (test for excess errors)
FAIL: libgomp.fortran/lock-1.f90 -O2 (test for excess errors)
FAIL: libgomp.fortran/lock-1.f90 -O3 -fomit-frame-pointer (test for excess errors)
FAIL: libgomp.fortran/lock-1.f90 -O3 -fomit-frame-pointer -funroll-loops (test for excess errors)
FAIL: libgomp.fortran/lock-1.f90 -O3 -fomit-frame-pointer -funroll-all-loops -finline-functions (test for excess errors)
FAIL: libgomp.fortran/lock-1.f90 -Os (test for excess errors)
FAIL: libgomp.fortran/lock-2.f90 -O0 (test for excess errors)
FAIL: libgomp.fortran/lock-2.f90 -O1 (test for excess errors)
FAIL: libgomp.fortran/lock-2.f90 -O2 (test for excess errors)
FAIL: libgomp.fortran/lock-2.f90 -O3 -fomit-frame-pointer (test for excess errors)
FAIL: libgomp.fortran/lock-2.f90 -O3 -fomit-frame-pointer -funroll-loops (test for excess errors)
FAIL: libgomp.fortran/lock-2.f90 -O3 -fomit-frame-pointer -funroll-all-loops -finline-functions (test for excess errors)
FAIL: libgomp.fortran/lock-2.f90 -Os (test for excess errors)
FAIL: libgomp.fortran/nested1.f90 -O0 (test for excess errors)
FAIL: libgomp.fortran/nested1.f90 -O1 (test for excess errors)
FAIL: libgomp.fortran/nested1.f90 -O2 (test for excess errors)
FAIL: libgomp.fortran/nested1.f90 -O3 -fomit-frame-pointer (test for excess errors)
FAIL: libgomp.fortran/nested1.f90 -O3 -fomit-frame-pointer -funroll-loops (test for excess errors)
FAIL: libgomp.fortran/nested1.f90 -O3 -fomit-frame-pointer -funroll-all-loops -finline-functions (test for excess errors)
FAIL: libgomp.fortran/nested1.f90 -Os (test for excess errors)
FAIL: libgomp.fortran/nestedfn1.f90 -O0 (test for excess errors)
FAIL: libgomp.fortran/nestedfn1.f90 -O1 (test for excess errors)
FAIL: libgomp.fortran/nestedfn1.f90 -O2 (test for excess errors)
FAIL: libgomp.fortran/nestedfn1.f90 -O3 -fomit-frame-pointer (test for excess errors)
FAIL: libgomp.fortran/nestedfn1.f90 -O3 -fomit-frame-pointer -funroll-loops (test for excess errors)
FAIL: libgomp.fortran/nestedfn1.f90 -O3 -fomit-frame-pointer -funroll-all-loops -finline-functions (test for excess errors)
FAIL: libgomp.fortran/nestedfn1.f90 -Os (test for excess errors)
FAIL: libgomp.fortran/nestedfn2.f90 -O0 (test for excess errors)
FAIL: libgomp.fortran/nestedfn2.f90 -O1 (test for excess errors)
FAIL: libgomp.fortran/nestedfn2.f90 -O2 (test for excess errors)
FAIL: libgomp.fortran/nestedfn2.f90 -O3 -fomit-frame-pointer (test for excess errors)
FAIL: libgomp.fortran/nestedfn2.f90 -O3 -fomit-frame-pointer -funroll-loops (test for excess errors)
FAIL: libgomp.fortran/nestedfn2.f90 -O3 -fomit-frame-pointer -funroll-all-loops -finline-functions (test for excess errors)
FAIL: libgomp.fortran/nestedfn2.f90 -Os (test for excess errors)
FAIL: libgomp.fortran/nestedfn3.f90 -O0 (test for excess errors)
FAIL: libgomp.fortran/nestedfn3.f90 -O1 (test for excess errors)
FAIL: libgomp.fortran/nestedfn3.f90 -O2 (test for excess errors)
FAIL: libgomp.fortran/nestedfn3.f90 -O3 -fomit-frame-pointer (test for excess errors)
FAIL: libgomp.fortran/nestedfn3.f90 -O3 -fomit-frame-pointer -funroll-loops (test for excess errors)
FAIL: libgomp.fortran/nestedfn3.f90 -O3 -fomit-frame-pointer -funroll-all-loops -finline-functions (test for excess errors)
FAIL: libgomp.fortran/nestedfn3.f90 -Os (test for excess errors)
FAIL: libgomp.fortran/nestedfn4.f90 -O (test for excess errors)
FAIL: libgomp.fortran/omp_atomic1.f90 -O0 (test for excess errors)
FAIL: libgomp.fortran/omp_atomic1.f90 -O1 (test for excess errors)
FAIL: libgomp.fortran/omp_atomic1.f90 -O2 (test for excess errors)
FAIL: libgomp.fortran/omp_atomic1.f90 -O3 -fomit-frame-pointer (test for excess errors)
FAIL: libgomp.fortran/omp_atomic1.f90 -O3 -fomit-frame-pointer -funroll-loops (test for excess errors)
FAIL: libgomp.fortran/omp_atomic1.f90 -O3 -fomit-frame-pointer -funroll-all-loops -finline-functions (test for excess errors)
FAIL: libgomp.fortran/omp_atomic1.f90 -Os (test for excess errors)
FAIL: libgomp.fortran/omp_atomic2.f90 -O0 (test for excess errors)
FAIL: libgomp.fortran/omp_atomic2.f90 -O1 (test for excess errors)
FAIL: libgomp.fortran/omp_atomic2.f90 -O2 (test for excess errors)
FAIL: libgomp.fortran/omp_atomic2.f90 -O3 -fomit-frame-pointer (test for excess errors)
FAIL: libgomp.fortran/omp_atomic2.f90 -O3 -fomit-frame-pointer -funroll-loops (test for excess errors)
FAIL: libgomp.fortran/omp_atomic2.f90 -O3 -fomit-frame-pointer -funroll-all-loops -finline-functions (test for excess errors)
FAIL: libgomp.fortran/omp_atomic2.f90 -Os (test for excess errors)
FAIL: libgomp.fortran/omp_atomic3.f90 -O0 (test for excess errors)
FAIL: libgomp.fortran/omp_atomic3.f90 -O1 (test for excess errors)
FAIL: libgomp.fortran/omp_atomic3.f90 -O2 (test for excess errors)
FAIL: libgomp.fortran/omp_atomic3.f90 -O3 -fomit-frame-pointer (test for excess errors)
FAIL: libgomp.fortran/omp_atomic3.f90 -O3 -fomit-frame-pointer -funroll-loops (test for excess errors)
FAIL: libgomp.fortran/omp_atomic3.f90 -O3 -fomit-frame-pointer -funroll-all-loops -finline-functions (test for excess errors)
FAIL: libgomp.fortran/omp_atomic3.f90 -Os (test for excess errors)
FAIL: libgomp.fortran/omp_atomic4.f90 -O0 (test for excess errors)
FAIL: libgomp.fortran/omp_atomic4.f90 -O1 (test for excess errors)
FAIL: libgomp.fortran/omp_atomic4.f90 -O2 (test for excess errors)
FAIL: libgomp.fortran/omp_atomic4.f90 -O3 -fomit-frame-pointer (test for excess errors)
FAIL: libgomp.fortran/omp_atomic4.f90 -O3 -fomit-frame-pointer -funroll-loops (test for excess errors)
FAIL: libgomp.fortran/omp_atomic4.f90 -O3 -fomit-frame-pointer -funroll-all-loops -finline-functions (test for excess errors)
FAIL: libgomp.fortran/omp_atomic4.f90 -Os (test for excess errors)
FAIL: libgomp.fortran/omp_cond1.f -O (test for excess errors)
FAIL: libgomp.fortran/omp_cond2.f -O (test for excess errors)
FAIL: libgomp.fortran/omp_cond3.F90 -O (test for excess errors)
FAIL: libgomp.fortran/omp_cond4.F90 -O (test for excess errors)
FAIL: libgomp.fortran/omp_hello.f -O (test for excess errors)
FAIL: libgomp.fortran/omp_orphan.f -O (test for excess errors)
FAIL: libgomp.fortran/omp_parse1.f90 -O0 (test for excess errors)
FAIL: libgomp.fortran/omp_parse1.f90 -O1 (test for excess errors)
FAIL: libgomp.fortran/omp_parse1.f90 -O2 (test for excess errors)
FAIL: libgomp.fortran/omp_parse1.f90 -O3 -fomit-frame-pointer (test for excess errors)
FAIL: libgomp.fortran/omp_parse1.f90 -O3 -fomit-frame-pointer -funroll-loops (test for excess errors)
FAIL: libgomp.fortran/omp_parse1.f90 -O3 -fomit-frame-pointer -funroll-all-loops -finline-functions (test for excess errors)
FAIL: libgomp.fortran/omp_parse1.f90 -Os (test for excess errors)
FAIL: libgomp.fortran/omp_parse2.f90 -O0 (test for excess errors)
FAIL: libgomp.fortran/omp_parse2.f90 -O1 (test for excess errors)
FAIL: libgomp.fortran/omp_parse2.f90 -O2 (test for excess errors)
FAIL: libgomp.fortran/omp_parse2.f90 -O3 -fomit-frame-pointer (test for excess errors)
FAIL: libgomp.fortran/omp_parse2.f90 -O3 -fomit-frame-pointer -funroll-loops (test for excess errors)
FAIL: libgomp.fortran/omp_parse2.f90 -O3 -fomit-frame-pointer -funroll-all-loops -finline-functions (test for excess errors)
FAIL: libgomp.fortran/omp_parse2.f90 -Os (test for excess errors)
FAIL: libgomp.fortran/omp_parse3.f90 -O0 (test for excess errors)
FAIL: libgomp.fortran/omp_parse3.f90 -O1 (test for excess errors)
FAIL: libgomp.fortran/omp_parse3.f90 -O2 (test for excess errors)
FAIL: libgomp.fortran/omp_parse3.f90 -O3 -fomit-frame-pointer (test for excess errors)
FAIL: libgomp.fortran/omp_parse3.f90 -O3 -fomit-frame-pointer -funroll-loops (test for excess errors)
FAIL: libgomp.fortran/omp_parse3.f90 -O3 -fomit-frame-pointer -funroll-all-loops -finline-functions (test for excess errors)
FAIL: libgomp.fortran/omp_parse3.f90 -Os (test for excess errors)
FAIL: libgomp.fortran/omp_parse4.f90 -O0 (test for excess errors)
FAIL: libgomp.fortran/omp_parse4.f90 -O1 (test for excess errors)
FAIL: libgomp.fortran/omp_parse4.f90 -O2 (test for excess errors)
FAIL: libgomp.fortran/omp_parse4.f90 -O3 -fomit-frame-pointer (test for excess errors)
FAIL: libgomp.fortran/omp_parse4.f90 -O3 -fomit-frame-pointer -funroll-loops (test for excess errors)
FAIL: libgomp.fortran/omp_parse4.f90 -O3 -fomit-frame-pointer -funroll-all-loops -finline-functions (test for excess errors)
FAIL: libgomp.fortran/omp_parse4.f90 -Os (test for excess errors)
FAIL: libgomp.fortran/omp_reduction.f -O (test for excess errors)
FAIL: libgomp.fortran/omp_workshare1.f -O (test for excess errors)
FAIL: libgomp.fortran/omp_workshare2.f -O (test for excess errors)
FAIL: libgomp.fortran/pointer1.f90 -O0 (test for excess errors)
FAIL: libgomp.fortran/pointer1.f90 -O1 (test for excess errors)
FAIL: libgomp.fortran/pointer1.f90 -O2 (test for excess errors)
FAIL: libgomp.fortran/pointer1.f90 -O3 -fomit-frame-pointer (test for excess errors)
FAIL: libgomp.fortran/pointer1.f90 -O3 -fomit-frame-pointer -funroll-loops (test for excess errors)
FAIL: libgomp.fortran/pointer1.f90 -O3 -fomit-frame-pointer -funroll-all-loops -finline-functions (test for excess errors)
FAIL: libgomp.fortran/pointer1.f90 -Os (test for excess errors)
FAIL: libgomp.fortran/pointer2.f90 -O0 (test for excess errors)
FAIL: libgomp.fortran/pointer2.f90 -O1 (test for excess errors)
FAIL: libgomp.fortran/pointer2.f90 -O2 (test for excess errors)
FAIL: libgomp.fortran/pointer2.f90 -O3 -fomit-frame-pointer (test for excess errors)
FAIL: libgomp.fortran/pointer2.f90 -O3 -fomit-frame-pointer -funroll-loops (test for excess errors)
FAIL: libgomp.fortran/pointer2.f90 -O3 -fomit-frame-pointer -funroll-all-loops -finline-functions (test for excess errors)
FAIL: libgomp.fortran/pointer2.f90 -Os (test for excess errors)
FAIL: libgomp.fortran/pr25162.f -O0 (test for excess errors)
FAIL: libgomp.fortran/pr25162.f -O1 (test for excess errors)
FAIL: libgomp.fortran/pr25162.f -O2 (test for excess errors)
FAIL: libgomp.fortran/pr25162.f -O3 -fomit-frame-pointer (test for excess errors)
FAIL: libgomp.fortran/pr25162.f -O3 -fomit-frame-pointer -funroll-loops (test for excess errors)
FAIL: libgomp.fortran/pr25162.f -O3 -fomit-frame-pointer -funroll-all-loops -finline-functions (test for excess errors)
FAIL: libgomp.fortran/pr25162.f -Os (test for excess errors)
FAIL: libgomp.fortran/pr25219.f90 -O (test for excess errors)
FAIL: libgomp.fortran/pr27395-1.f90 -O0 (test for excess errors)
FAIL: libgomp.fortran/pr27395-1.f90 -O1 (test for excess errors)
FAIL: libgomp.fortran/pr27395-1.f90 -O2 (test for excess errors)
FAIL: libgomp.fortran/pr27395-1.f90 -O3 -fomit-frame-pointer (test for excess errors)
FAIL: libgomp.fortran/pr27395-1.f90 -O3 -fomit-frame-pointer -funroll-loops (test for excess errors)
FAIL: libgomp.fortran/pr27395-1.f90 -O3 -fomit-frame-pointer -funroll-all-loops -finline-functions (test for excess errors)
FAIL: libgomp.fortran/pr27395-1.f90 -Os (test for excess errors)
FAIL: libgomp.fortran/pr27395-2.f90 -O0 (test for excess errors)
FAIL: libgomp.fortran/pr27395-2.f90 -O1 (test for excess errors)
FAIL: libgomp.fortran/pr27395-2.f90 -O2 (test for excess errors)
FAIL: libgomp.fortran/pr27395-2.f90 -O3 -fomit-frame-pointer (test for excess errors)
FAIL: libgomp.fortran/pr27395-2.f90 -O3 -fomit-frame-pointer -funroll-loops (test for excess errors)
FAIL: libgomp.fortran/pr27395-2.f90 -O3 -fomit-frame-pointer -funroll-all-loops -finline-functions (test for excess errors)
FAIL: libgomp.fortran/pr27395-2.f90 -Os (test for excess errors)
FAIL: libgomp.fortran/pr27416-1.f90 -O0 (test for excess errors)
FAIL: libgomp.fortran/pr27416-1.f90 -O1 (test for excess errors)
FAIL: libgomp.fortran/pr27416-1.f90 -O2 (test for excess errors)
FAIL: libgomp.fortran/pr27416-1.f90 -O3 -fomit-frame-pointer (test for excess errors)
FAIL: libgomp.fortran/pr27416-1.f90 -O3 -fomit-frame-pointer -funroll-loops (test for excess errors)
FAIL: libgomp.fortran/pr27416-1.f90 -O3 -fomit-frame-pointer -funroll-all-loops -finline-functions (test for excess errors)
FAIL: libgomp.fortran/pr27416-1.f90 -Os (test for excess errors)
FAIL: libgomp.fortran/pr27916-1.f90 -O0 (test for excess errors)
FAIL: libgomp.fortran/pr27916-1.f90 -O1 (test for excess errors)
FAIL: libgomp.fortran/pr27916-1.f90 -O2 (test for excess errors)
FAIL: libgomp.fortran/pr27916-1.f90 -O3 -fomit-frame-pointer (test for excess errors)
FAIL: libgomp.fortran/pr27916-1.f90 -O3 -fomit-frame-pointer -funroll-loops (test for excess errors)
FAIL: libgomp.fortran/pr27916-1.f90 -O3 -fomit-frame-pointer -funroll-all-loops -finline-functions (test for excess errors)
FAIL: libgomp.fortran/pr27916-1.f90 -Os (test for excess errors)
FAIL: libgomp.fortran/pr27916-2.f90 -O0 (test for excess errors)
FAIL: libgomp.fortran/pr27916-2.f90 -O1 (test for excess errors)
FAIL: libgomp.fortran/pr27916-2.f90 -O2 (test for excess errors)
FAIL: libgomp.fortran/pr27916-2.f90 -O3 -fomit-frame-pointer (test for excess errors)
FAIL: libgomp.fortran/pr27916-2.f90 -O3 -fomit-frame-pointer -funroll-loops (test for excess errors)
FAIL: libgomp.fortran/pr27916-2.f90 -O3 -fomit-frame-pointer -funroll-all-loops -finline-functions (test for excess errors)
FAIL: libgomp.fortran/pr27916-2.f90 -Os (test for excess errors)
FAIL: libgomp.fortran/pr28390.f -O (test for excess errors)
FAIL: libgomp.fortran/pr29629.f90 -O0 (test for excess errors)
FAIL: libgomp.fortran/pr29629.f90 -O1 (test for excess errors)
FAIL: libgomp.fortran/pr29629.f90 -O2 (test for excess errors)
FAIL: libgomp.fortran/pr29629.f90 -O3 -fomit-frame-pointer (test for excess errors)
FAIL: libgomp.fortran/pr29629.f90 -O3 -fomit-frame-pointer -funroll-loops (test for excess errors)
FAIL: libgomp.fortran/pr29629.f90 -O3 -fomit-frame-pointer -funroll-all-loops -finline-functions (test for excess errors)
FAIL: libgomp.fortran/pr29629.f90 -Os (test for excess errors)
FAIL: libgomp.fortran/pr32550.f90 -O0 (test for excess errors)
FAIL: libgomp.fortran/pr32550.f90 -O1 (test for excess errors)
FAIL: libgomp.fortran/pr32550.f90 -O2 (test for excess errors)
FAIL: libgomp.fortran/pr32550.f90 -O3 -fomit-frame-pointer (test for excess errors)
FAIL: libgomp.fortran/pr32550.f90 -O3 -fomit-frame-pointer -funroll-loops (test for excess errors)
FAIL: libgomp.fortran/pr32550.f90 -O3 -fomit-frame-pointer -funroll-all-loops -finline-functions (test for excess errors)
FAIL: libgomp.fortran/pr32550.f90 -Os (test for excess errors)
FAIL: libgomp.fortran/pr33880.f90 -O0 (test for excess errors)
FAIL: libgomp.fortran/pr33880.f90 -O1 (test for excess errors)
FAIL: libgomp.fortran/pr33880.f90 -O2 (test for excess errors)
FAIL: libgomp.fortran/pr33880.f90 -O3 -fomit-frame-pointer (test for excess errors)
FAIL: libgomp.fortran/pr33880.f90 -O3 -fomit-frame-pointer -funroll-loops (test for excess errors)
FAIL: libgomp.fortran/pr33880.f90 -O3 -fomit-frame-pointer -funroll-all-loops -finline-functions (test for excess errors)
FAIL: libgomp.fortran/pr33880.f90 -Os (test for excess errors)
FAIL: libgomp.fortran/pr34020.f90 -O0 (test for excess errors)
FAIL: libgomp.fortran/pr34020.f90 -O1 (test for excess errors)
FAIL: libgomp.fortran/pr34020.f90 -O2 (test for excess errors)
FAIL: libgomp.fortran/pr34020.f90 -O3 -fomit-frame-pointer (test for excess errors)
FAIL: libgomp.fortran/pr34020.f90 -O3 -fomit-frame-pointer -funroll-loops (test for excess errors)
FAIL: libgomp.fortran/pr34020.f90 -O3 -fomit-frame-pointer -funroll-all-loops -finline-functions (test for excess errors)
FAIL: libgomp.fortran/pr34020.f90 -Os (test for excess errors)
FAIL: libgomp.fortran/pr35130.f90 -O (test for excess errors)
FAIL: libgomp.fortran/pr42162.f90 -O0 (test for excess errors)
FAIL: libgomp.fortran/pr42162.f90 -O1 (test for excess errors)
FAIL: libgomp.fortran/pr42162.f90 -O2 (test for excess errors)
FAIL: libgomp.fortran/pr42162.f90 -O3 -fomit-frame-pointer (test for excess errors)
FAIL: libgomp.fortran/pr42162.f90 -O3 -fomit-frame-pointer -funroll-loops (test for excess errors)
FAIL: libgomp.fortran/pr42162.f90 -O3 -fomit-frame-pointer -funroll-all-loops -finline-functions (test for excess errors)
FAIL: libgomp.fortran/pr42162.f90 -Os (test for excess errors)
FAIL: libgomp.fortran/pr46753.f90 -O0 (test for excess errors)
FAIL: libgomp.fortran/pr46753.f90 -O1 (test for excess errors)
FAIL: libgomp.fortran/pr46753.f90 -O2 (test for excess errors)
FAIL: libgomp.fortran/pr46753.f90 -O3 -fomit-frame-pointer (test for excess errors)
FAIL: libgomp.fortran/pr46753.f90 -O3 -fomit-frame-pointer -funroll-loops (test for excess errors)
FAIL: libgomp.fortran/pr46753.f90 -O3 -fomit-frame-pointer -funroll-all-loops -finline-functions (test for excess errors)
FAIL: libgomp.fortran/pr46753.f90 -Os (test for excess errors)
FAIL: libgomp.fortran/pr48894.f90 -O0 (test for excess errors)
FAIL: libgomp.fortran/pr48894.f90 -O1 (test for excess errors)
FAIL: libgomp.fortran/pr48894.f90 -O2 (test for excess errors)
FAIL: libgomp.fortran/pr48894.f90 -O3 -fomit-frame-pointer (test for excess errors)
FAIL: libgomp.fortran/pr48894.f90 -O3 -fomit-frame-pointer -funroll-loops (test for excess errors)
FAIL: libgomp.fortran/pr48894.f90 -O3 -fomit-frame-pointer -funroll-all-loops -finline-functions (test for excess errors)
FAIL: libgomp.fortran/pr48894.f90 -Os (test for excess errors)
FAIL: libgomp.fortran/pr49792-1.f90 -O0 (test for excess errors)
FAIL: libgomp.fortran/pr49792-1.f90 -O1 (test for excess errors)
FAIL: libgomp.fortran/pr49792-1.f90 -O2 (test for excess errors)
FAIL: libgomp.fortran/pr49792-1.f90 -O3 -fomit-frame-pointer (test for excess errors)
FAIL: libgomp.fortran/pr49792-1.f90 -O3 -fomit-frame-pointer -funroll-loops (test for excess errors)
FAIL: libgomp.fortran/pr49792-1.f90 -O3 -fomit-frame-pointer -funroll-all-loops -finline-functions (test for excess errors)
FAIL: libgomp.fortran/pr49792-1.f90 -Os (test for excess errors)
FAIL: libgomp.fortran/pr49792-2.f90 -O0 (test for excess errors)
FAIL: libgomp.fortran/pr49792-2.f90 -O1 (test for excess errors)
FAIL: libgomp.fortran/pr49792-2.f90 -O2 (test for excess errors)
FAIL: libgomp.fortran/pr49792-2.f90 -O3 -fomit-frame-pointer (test for excess errors)
FAIL: libgomp.fortran/pr49792-2.f90 -O3 -fomit-frame-pointer -funroll-loops (test for excess errors)
FAIL: libgomp.fortran/pr49792-2.f90 -O3 -fomit-frame-pointer -funroll-all-loops -finline-functions (test for excess errors)
FAIL: libgomp.fortran/pr49792-2.f90 -Os (test for excess errors)
FAIL: libgomp.fortran/recursion1.f90 -O0 (test for excess errors)
FAIL: libgomp.fortran/recursion1.f90 -O1 (test for excess errors)
FAIL: libgomp.fortran/recursion1.f90 -O2 (test for excess errors)
FAIL: libgomp.fortran/recursion1.f90 -O3 -fomit-frame-pointer (test for excess errors)
FAIL: libgomp.fortran/recursion1.f90 -O3 -fomit-frame-pointer -funroll-loops (test for excess errors)
FAIL: libgomp.fortran/recursion1.f90 -O3 -fomit-frame-pointer -funroll-all-loops -finline-functions (test for excess errors)
FAIL: libgomp.fortran/recursion1.f90 -Os (test for excess errors)
FAIL: libgomp.fortran/reduction1.f90 -O0 (test for excess errors)
FAIL: libgomp.fortran/reduction1.f90 -O1 (test for excess errors)
FAIL: libgomp.fortran/reduction1.f90 -O2 (test for excess errors)
FAIL: libgomp.fortran/reduction1.f90 -O3 -fomit-frame-pointer (test for excess errors)
FAIL: libgomp.fortran/reduction1.f90 -O3 -fomit-frame-pointer -funroll-loops (test for excess errors)
FAIL: libgomp.fortran/reduction1.f90 -O3 -fomit-frame-pointer -funroll-all-loops -finline-functions (test for excess errors)
FAIL: libgomp.fortran/reduction1.f90 -Os (test for excess errors)
FAIL: libgomp.fortran/reduction2.f90 -O0 (test for excess errors)
FAIL: libgomp.fortran/reduction2.f90 -O1 (test for excess errors)
FAIL: libgomp.fortran/reduction2.f90 -O2 (test for excess errors)
FAIL: libgomp.fortran/reduction2.f90 -O3 -fomit-frame-pointer (test for excess errors)
FAIL: libgomp.fortran/reduction2.f90 -O3 -fomit-frame-pointer -funroll-loops (test for excess errors)
FAIL: libgomp.fortran/reduction2.f90 -O3 -fomit-frame-pointer -funroll-all-loops -finline-functions (test for excess errors)
FAIL: libgomp.fortran/reduction2.f90 -Os (test for excess errors)
FAIL: libgomp.fortran/reduction3.f90 -O0 (test for excess errors)
FAIL: libgomp.fortran/reduction3.f90 -O1 (test for excess errors)
FAIL: libgomp.fortran/reduction3.f90 -O2 (test for excess errors)
FAIL: libgomp.fortran/reduction3.f90 -O3 -fomit-frame-pointer (test for excess errors)
FAIL: libgomp.fortran/reduction3.f90 -O3 -fomit-frame-pointer -funroll-loops (test for excess errors)
FAIL: libgomp.fortran/reduction3.f90 -O3 -fomit-frame-pointer -funroll-all-loops -finline-functions (test for excess errors)
FAIL: libgomp.fortran/reduction3.f90 -Os (test for excess errors)
FAIL: libgomp.fortran/reduction4.f90 -O0 (test for excess errors)
FAIL: libgomp.fortran/reduction4.f90 -O1 (test for excess errors)
FAIL: libgomp.fortran/reduction4.f90 -O2 (test for excess errors)
FAIL: libgomp.fortran/reduction4.f90 -O3 -fomit-frame-pointer (test for excess errors)
FAIL: libgomp.fortran/reduction4.f90 -O3 -fomit-frame-pointer -funroll-loops (test for excess errors)
FAIL: libgomp.fortran/reduction4.f90 -O3 -fomit-frame-pointer -funroll-all-loops -finline-functions (test for excess errors)
FAIL: libgomp.fortran/reduction4.f90 -Os (test for excess errors)
FAIL: libgomp.fortran/reduction5.f90 -O0 (test for excess errors)
FAIL: libgomp.fortran/reduction5.f90 -O1 (test for excess errors)
FAIL: libgomp.fortran/reduction5.f90 -O2 (test for excess errors)
FAIL: libgomp.fortran/reduction5.f90 -O3 -fomit-frame-pointer (test for excess errors)
FAIL: libgomp.fortran/reduction5.f90 -O3 -fomit-frame-pointer -funroll-loops (test for excess errors)
FAIL: libgomp.fortran/reduction5.f90 -O3 -fomit-frame-pointer -funroll-all-loops -finline-functions (test for excess errors)
FAIL: libgomp.fortran/reduction5.f90 -Os (test for excess errors)
FAIL: libgomp.fortran/reduction6.f90 -O0 (test for excess errors)
FAIL: libgomp.fortran/reduction6.f90 -O1 (test for excess errors)
FAIL: libgomp.fortran/reduction6.f90 -O2 (test for excess errors)
FAIL: libgomp.fortran/reduction6.f90 -O3 -fomit-frame-pointer (test for excess errors)
FAIL: libgomp.fortran/reduction6.f90 -O3 -fomit-frame-pointer -funroll-loops (test for excess errors)
FAIL: libgomp.fortran/reduction6.f90 -O3 -fomit-frame-pointer -funroll-all-loops -finline-functions (test for excess errors)
FAIL: libgomp.fortran/reduction6.f90 -Os (test for excess errors)
FAIL: libgomp.fortran/reference1.f90 -O0 (test for excess errors)
FAIL: libgomp.fortran/reference1.f90 -O1 (test for excess errors)
FAIL: libgomp.fortran/reference1.f90 -O2 (test for excess errors)
FAIL: libgomp.fortran/reference1.f90 -O3 -fomit-frame-pointer (test for excess errors)
FAIL: libgomp.fortran/reference1.f90 -O3 -fomit-frame-pointer -funroll-loops (test for excess errors)
FAIL: libgomp.fortran/reference1.f90 -O3 -fomit-frame-pointer -funroll-all-loops -finline-functions (test for excess errors)
FAIL: libgomp.fortran/reference1.f90 -Os (test for excess errors)
FAIL: libgomp.fortran/reference2.f90 -O0 (test for excess errors)
FAIL: libgomp.fortran/reference2.f90 -O1 (test for excess errors)
FAIL: libgomp.fortran/reference2.f90 -O2 (test for excess errors)
FAIL: libgomp.fortran/reference2.f90 -O3 -fomit-frame-pointer (test for excess errors)
FAIL: libgomp.fortran/reference2.f90 -O3 -fomit-frame-pointer -funroll-loops (test for excess errors)
FAIL: libgomp.fortran/reference2.f90 -O3 -fomit-frame-pointer -funroll-all-loops -finline-functions (test for excess errors)
FAIL: libgomp.fortran/reference2.f90 -Os (test for excess errors)
FAIL: libgomp.fortran/retval1.f90 -O0 (test for excess errors)
FAIL: libgomp.fortran/retval1.f90 -O1 (test for excess errors)
FAIL: libgomp.fortran/retval1.f90 -O2 (test for excess errors)
FAIL: libgomp.fortran/retval1.f90 -O3 -fomit-frame-pointer (test for excess errors)
FAIL: libgomp.fortran/retval1.f90 -O3 -fomit-frame-pointer -funroll-loops (test for excess errors)
FAIL: libgomp.fortran/retval1.f90 -O3 -fomit-frame-pointer -funroll-all-loops -finline-functions (test for excess errors)
FAIL: libgomp.fortran/retval1.f90 -Os (test for excess errors)
FAIL: libgomp.fortran/retval2.f90 -O0 (test for excess errors)
FAIL: libgomp.fortran/retval2.f90 -O1 (test for excess errors)
FAIL: libgomp.fortran/retval2.f90 -O2 (test for excess errors)
FAIL: libgomp.fortran/retval2.f90 -O3 -fomit-frame-pointer (test for excess errors)
FAIL: libgomp.fortran/retval2.f90 -O3 -fomit-frame-pointer -funroll-loops (test for excess errors)
FAIL: libgomp.fortran/retval2.f90 -O3 -fomit-frame-pointer -funroll-all-loops -finline-functions (test for excess errors)
FAIL: libgomp.fortran/retval2.f90 -Os (test for excess errors)
FAIL: libgomp.fortran/sharing1.f90 -O0 (test for excess errors)
FAIL: libgomp.fortran/sharing1.f90 -O1 (test for excess errors)
FAIL: libgomp.fortran/sharing1.f90 -O2 (test for excess errors)
FAIL: libgomp.fortran/sharing1.f90 -O3 -fomit-frame-pointer (test for excess errors)
FAIL: libgomp.fortran/sharing1.f90 -O3 -fomit-frame-pointer -funroll-loops (test for excess errors)
FAIL: libgomp.fortran/sharing1.f90 -O3 -fomit-frame-pointer -funroll-all-loops -finline-functions (test for excess errors)
FAIL: libgomp.fortran/sharing1.f90 -Os (test for excess errors)
FAIL: libgomp.fortran/sharing2.f90 -O0 (test for excess errors)
FAIL: libgomp.fortran/sharing2.f90 -O1 (test for excess errors)
FAIL: libgomp.fortran/sharing2.f90 -O2 (test for excess errors)
FAIL: libgomp.fortran/sharing2.f90 -O3 -fomit-frame-pointer (test for excess errors)
FAIL: libgomp.fortran/sharing2.f90 -O3 -fomit-frame-pointer -funroll-loops (test for excess errors)
FAIL: libgomp.fortran/sharing2.f90 -O3 -fomit-frame-pointer -funroll-all-loops -finline-functions (test for excess errors)
FAIL: libgomp.fortran/sharing2.f90 -Os (test for excess errors)
FAIL: libgomp.fortran/stack.f90 -O0 (test for excess errors)
FAIL: libgomp.fortran/stack.f90 -O1 (test for excess errors)
FAIL: libgomp.fortran/stack.f90 -O2 (test for excess errors)
FAIL: libgomp.fortran/stack.f90 -O3 -fomit-frame-pointer (test for excess errors)
FAIL: libgomp.fortran/stack.f90 -O3 -fomit-frame-pointer -funroll-loops (test for excess errors)
FAIL: libgomp.fortran/stack.f90 -O3 -fomit-frame-pointer -funroll-all-loops -finline-functions (test for excess errors)
FAIL: libgomp.fortran/stack.f90 -Os (test for excess errors)
FAIL: libgomp.fortran/strassen.f90 -O (test for excess errors)
FAIL: libgomp.fortran/tabs1.f90 -O (test for excess errors)
FAIL: libgomp.fortran/tabs2.f -O (test for excess errors)
FAIL: libgomp.fortran/task1.f90 -O0 (test for excess errors)
FAIL: libgomp.fortran/task1.f90 -O1 (test for excess errors)
FAIL: libgomp.fortran/task1.f90 -O2 (test for excess errors)
FAIL: libgomp.fortran/task1.f90 -O3 -fomit-frame-pointer (test for excess errors)
FAIL: libgomp.fortran/task1.f90 -O3 -fomit-frame-pointer -funroll-loops (test for excess errors)
FAIL: libgomp.fortran/task1.f90 -O3 -fomit-frame-pointer -funroll-all-loops -finline-functions (test for excess errors)
FAIL: libgomp.fortran/task1.f90 -Os (test for excess errors)
FAIL: libgomp.fortran/task2.f90 -O (test for excess errors)
FAIL: libgomp.fortran/task3.f90 -O0 (test for excess errors)
FAIL: libgomp.fortran/task3.f90 -O1 (test for excess errors)
FAIL: libgomp.fortran/task3.f90 -O2 (test for excess errors)
FAIL: libgomp.fortran/task3.f90 -O3 -fomit-frame-pointer (test for excess errors)
FAIL: libgomp.fortran/task3.f90 -O3 -fomit-frame-pointer -funroll-loops (test for excess errors)
FAIL: libgomp.fortran/task3.f90 -O3 -fomit-frame-pointer -funroll-all-loops -finline-functions (test for excess errors)
FAIL: libgomp.fortran/task3.f90 -Os (test for excess errors)
FAIL: libgomp.fortran/task4.f90 -O0 (test for excess errors)
FAIL: libgomp.fortran/task4.f90 -O1 (test for excess errors)
FAIL: libgomp.fortran/task4.f90 -O2 (test for excess errors)
FAIL: libgomp.fortran/task4.f90 -O3 -fomit-frame-pointer (test for excess errors)
FAIL: libgomp.fortran/task4.f90 -O3 -fomit-frame-pointer -funroll-loops (test for excess errors)
FAIL: libgomp.fortran/task4.f90 -O3 -fomit-frame-pointer -funroll-all-loops -finline-functions (test for excess errors)
FAIL: libgomp.fortran/task4.f90 -Os (test for excess errors)
FAIL: libgomp.fortran/threadprivate1.f90 -O0 (test for excess errors)
FAIL: libgomp.fortran/threadprivate1.f90 -O1 (test for excess errors)
FAIL: libgomp.fortran/threadprivate1.f90 -O2 (test for excess errors)
FAIL: libgomp.fortran/threadprivate1.f90 -O3 -fomit-frame-pointer (test for excess errors)
FAIL: libgomp.fortran/threadprivate1.f90 -O3 -fomit-frame-pointer -funroll-loops (test for excess errors)
FAIL: libgomp.fortran/threadprivate1.f90 -O3 -fomit-frame-pointer -funroll-all-loops -finline-functions (test for excess errors)
FAIL: libgomp.fortran/threadprivate1.f90 -Os (test for excess errors)
FAIL: libgomp.fortran/threadprivate2.f90 -O0 (test for excess errors)
FAIL: libgomp.fortran/threadprivate2.f90 -O1 (test for excess errors)
FAIL: libgomp.fortran/threadprivate2.f90 -O2 (test for excess errors)
FAIL: libgomp.fortran/threadprivate2.f90 -O3 -fomit-frame-pointer (test for excess errors)
FAIL: libgomp.fortran/threadprivate2.f90 -O3 -fomit-frame-pointer -funroll-loops (test for excess errors)
FAIL: libgomp.fortran/threadprivate2.f90 -O3 -fomit-frame-pointer -funroll-all-loops -finline-functions (test for excess errors)
FAIL: libgomp.fortran/threadprivate2.f90 -Os (test for excess errors)
FAIL: libgomp.fortran/threadprivate3.f90 -O0 (test for excess errors)
FAIL: libgomp.fortran/threadprivate3.f90 -O1 (test for excess errors)
FAIL: libgomp.fortran/threadprivate3.f90 -O2 (test for excess errors)
FAIL: libgomp.fortran/threadprivate3.f90 -O3 -fomit-frame-pointer (test for excess errors)
FAIL: libgomp.fortran/threadprivate3.f90 -O3 -fomit-frame-pointer -funroll-loops (test for excess errors)
FAIL: libgomp.fortran/threadprivate3.f90 -O3 -fomit-frame-pointer -funroll-all-loops -finline-functions (test for excess errors)
FAIL: libgomp.fortran/threadprivate3.f90 -Os (test for excess errors)
FAIL: libgomp.fortran/threadprivate4.f90 -O0 (test for excess errors)
FAIL: libgomp.fortran/threadprivate4.f90 -O1 (test for excess errors)
FAIL: libgomp.fortran/threadprivate4.f90 -O2 (test for excess errors)
FAIL: libgomp.fortran/threadprivate4.f90 -O3 -fomit-frame-pointer (test for excess errors)
FAIL: libgomp.fortran/threadprivate4.f90 -O3 -fomit-frame-pointer -funroll-loops (test for excess errors)
FAIL: libgomp.fortran/threadprivate4.f90 -O3 -fomit-frame-pointer -funroll-all-loops -finline-functions (test for excess errors)
FAIL: libgomp.fortran/threadprivate4.f90 -Os (test for excess errors)
FAIL: libgomp.fortran/vla1.f90 -O0 (test for excess errors)
FAIL: libgomp.fortran/vla1.f90 -O1 (test for excess errors)
FAIL: libgomp.fortran/vla1.f90 -O2 (test for excess errors)
FAIL: libgomp.fortran/vla1.f90 -O3 -fomit-frame-pointer (test for excess errors)
FAIL: libgomp.fortran/vla1.f90 -O3 -fomit-frame-pointer -funroll-loops (test for excess errors)
FAIL: libgomp.fortran/vla1.f90 -O3 -fomit-frame-pointer -funroll-all-loops -finline-functions (test for excess errors)
FAIL: libgomp.fortran/vla1.f90 -Os (test for excess errors)
FAIL: libgomp.fortran/vla2.f90 -O0 (test for excess errors)
FAIL: libgomp.fortran/vla2.f90 -O1 (test for excess errors)
FAIL: libgomp.fortran/vla2.f90 -O2 (test for excess errors)
FAIL: libgomp.fortran/vla2.f90 -O3 -fomit-frame-pointer (test for excess errors)
FAIL: libgomp.fortran/vla2.f90 -O3 -fomit-frame-pointer -funroll-loops (test for excess errors)
FAIL: libgomp.fortran/vla2.f90 -O3 -fomit-frame-pointer -funroll-all-loops -finline-functions (test for excess errors)
FAIL: libgomp.fortran/vla2.f90 -Os (test for excess errors)
FAIL: libgomp.fortran/vla3.f90 -O0 (test for excess errors)
FAIL: libgomp.fortran/vla3.f90 -O1 (test for excess errors)
FAIL: libgomp.fortran/vla3.f90 -O2 (test for excess errors)
FAIL: libgomp.fortran/vla3.f90 -O3 -fomit-frame-pointer (test for excess errors)
FAIL: libgomp.fortran/vla3.f90 -O3 -fomit-frame-pointer -funroll-loops (test for excess errors)
FAIL: libgomp.fortran/vla3.f90 -O3 -fomit-frame-pointer -funroll-all-loops -finline-functions (test for excess errors)
FAIL: libgomp.fortran/vla3.f90 -Os (test for excess errors)
FAIL: libgomp.fortran/vla4.f90 -O0 (test for excess errors)
FAIL: libgomp.fortran/vla4.f90 -O1 (test for excess errors)
FAIL: libgomp.fortran/vla4.f90 -O2 (test for excess errors)
FAIL: libgomp.fortran/vla4.f90 -O3 -fomit-frame-pointer (test for excess errors)
FAIL: libgomp.fortran/vla4.f90 -O3 -fomit-frame-pointer -funroll-loops (test for excess errors)
FAIL: libgomp.fortran/vla4.f90 -O3 -fomit-frame-pointer -funroll-all-loops -finline-functions (test for excess errors)
FAIL: libgomp.fortran/vla4.f90 -Os (test for excess errors)
FAIL: libgomp.fortran/vla5.f90 -O0 (test for excess errors)
FAIL: libgomp.fortran/vla5.f90 -O1 (test for excess errors)
FAIL: libgomp.fortran/vla5.f90 -O2 (test for excess errors)
FAIL: libgomp.fortran/vla5.f90 -O3 -fomit-frame-pointer (test for excess errors)
FAIL: libgomp.fortran/vla5.f90 -O3 -fomit-frame-pointer -funroll-loops (test for excess errors)
FAIL: libgomp.fortran/vla5.f90 -O3 -fomit-frame-pointer -funroll-all-loops -finline-functions (test for excess errors)
FAIL: libgomp.fortran/vla5.f90 -Os (test for excess errors)
FAIL: libgomp.fortran/vla6.f90 -O0 (test for excess errors)
FAIL: libgomp.fortran/vla6.f90 -O1 (test for excess errors)
FAIL: libgomp.fortran/vla6.f90 -O2 (test for excess errors)
FAIL: libgomp.fortran/vla6.f90 -O3 -fomit-frame-pointer (test for excess errors)
FAIL: libgomp.fortran/vla6.f90 -O3 -fomit-frame-pointer -funroll-loops (test for excess errors)
FAIL: libgomp.fortran/vla6.f90 -O3 -fomit-frame-pointer -funroll-all-loops -finline-functions (test for excess errors)
FAIL: libgomp.fortran/vla6.f90 -Os (test for excess errors)
FAIL: libgomp.fortran/vla7.f90 -O0 (test for excess errors)
FAIL: libgomp.fortran/vla7.f90 -O1 (test for excess errors)
FAIL: libgomp.fortran/vla7.f90 -O2 (test for excess errors)
FAIL: libgomp.fortran/vla7.f90 -O3 -fomit-frame-pointer (test for excess errors)
FAIL: libgomp.fortran/vla7.f90 -O3 -fomit-frame-pointer -funroll-loops (test for excess errors)
FAIL: libgomp.fortran/vla7.f90 -O3 -fomit-frame-pointer -funroll-all-loops -finline-functions (test for excess errors)
FAIL: libgomp.fortran/vla7.f90 -Os (test for excess errors)
FAIL: libgomp.fortran/vla8.f90 -O0 (test for excess errors)
FAIL: libgomp.fortran/vla8.f90 -O1 (test for excess errors)
FAIL: libgomp.fortran/vla8.f90 -O2 (test for excess errors)
FAIL: libgomp.fortran/vla8.f90 -O3 -fomit-frame-pointer (test for excess errors)
FAIL: libgomp.fortran/vla8.f90 -O3 -fomit-frame-pointer -funroll-loops (test for excess errors)
FAIL: libgomp.fortran/vla8.f90 -O3 -fomit-frame-pointer -funroll-all-loops -finline-functions (test for excess errors)
FAIL: libgomp.fortran/vla8.f90 -Os (test for excess errors)
FAIL: libgomp.fortran/workshare1.f90 -O (test for excess errors)
FAIL: libgomp.fortran/workshare2.f90 -O (test for excess errors)
=== libgomp Summary for unix/-m64 ===
# of expected passes 1854
# of unexpected failures 1108
# of unsupported tests 3
=== libgomp Summary ===
# of expected passes 3387
# of unexpected failures 2205
# of unsupported tests 172
=== libitm tests ===
Running target unix
=== libitm Summary for unix ===
# of expected passes 26
# of expected failures 3
# of unsupported tests 1
Running target unix/-m64
=== libitm Summary for unix/-m64 ===
# of expected passes 26
# of expected failures 3
# of unsupported tests 1
=== libitm Summary ===
# of expected passes 52
# of expected failures 6
# of unsupported tests 2
=== libjava tests ===
Running target unix
=== libjava Summary for unix ===
# of expected passes 2574
Running target unix/-m64
=== libjava Summary for unix/-m64 ===
# of expected passes 2574
=== libjava Summary ===
# of expected passes 5148
=== libmudflap tests ===
Running target unix
FAIL: libmudflap.c/fail11-frag.c (-O3) crash test
FAIL: libmudflap.c/fail11-frag.c (-O3) output pattern test
FAIL: libmudflap.c/fail12-frag.c (-O3) crash test
FAIL: libmudflap.c/fail12-frag.c (-O3) output pattern test
=== libmudflap Summary for unix ===
# of expected passes 1438
# of unexpected failures 4
Running target unix/-m64
FAIL: libmudflap.c/fail11-frag.c (-O3) crash test
FAIL: libmudflap.c/fail11-frag.c (-O3) output pattern test
FAIL: libmudflap.c/fail12-frag.c (-O3) crash test
FAIL: libmudflap.c/fail12-frag.c (-O3) output pattern test
FAIL: libmudflap.c++/pass55-frag.cxx execution test
FAIL: libmudflap.c++/pass55-frag.cxx ( -O) execution test
FAIL: libmudflap.c++/pass55-frag.cxx (-O2) execution test
FAIL: libmudflap.c++/pass55-frag.cxx (-O3) execution test
=== libmudflap Summary for unix/-m64 ===
# of expected passes 1434
# of unexpected failures 8
=== libmudflap Summary ===
# of expected passes 2872
# of unexpected failures 12
=== libstdc++ tests ===
Running target unix
FAIL: libstdc++-prettyprinters/shared_ptr.cc print esp
FAIL: libstdc++-prettyprinters/shared_ptr.cc print ewp1
FAIL: libstdc++-prettyprinters/shared_ptr.cc print ewp2
FAIL: libstdc++-prettyprinters/shared_ptr.cc print sp1
FAIL: libstdc++-prettyprinters/shared_ptr.cc print wp1
FAIL: libstdc++-prettyprinters/shared_ptr.cc print wp2
=== libstdc++ Summary for unix ===
# of expected passes 7984
# of unexpected failures 6
# of expected failures 43
# of unsupported tests 536
Running target unix/-m64
FAIL: libstdc++-prettyprinters/shared_ptr.cc print esp
FAIL: libstdc++-prettyprinters/shared_ptr.cc print ewp1
FAIL: libstdc++-prettyprinters/shared_ptr.cc print ewp2
FAIL: libstdc++-prettyprinters/shared_ptr.cc print sp1
FAIL: libstdc++-prettyprinters/shared_ptr.cc print wp1
FAIL: libstdc++-prettyprinters/shared_ptr.cc print wp2
=== libstdc++ Summary for unix/-m64 ===
# of expected passes 7984
# of unexpected failures 6
# of expected failures 43
# of unsupported tests 536
=== libstdc++ Summary ===
# of expected passes 15968
# of unexpected failures 12
# of expected failures 86
# of unsupported tests 1072
Compiler version: 4.8.0 20120608 (experimental) [trunk revision 188324] (GCC)
Platform: i386-pc-solaris2.11
configure flags: --prefix=/vol/gcc --target=i386-pc-solaris2.11 --enable-objc-gc --enable-libmudflap --with-host-libstdcxx='-L/vol/gcc-4.4/lib -Wl,-Bstatic -lstdc++ -Wl,-Bdynamic -lm' --with-boot-ldflags='-static-libstdc++ -static-libgcc -L/vol/gcc-4.4/lib' --with-as=/vol/gcc/bin/gas-2.22 --with-gnu-as --with-gmp-include=/vol/gcc/include --with-gmp-lib=/vol/gcc/lib --with-mpfr-include=/vol/gcc/include --with-mpfr-lib=/vol/gcc/lib --with-mpc-include=/vol/gcc/include --with-mpc-lib=/vol/gcc/lib --enable-languages=all,ada,obj-c++,go --with-ppl-include=/vol/gcc/include --with-ppl-lib=/vol/gcc/lib --with-cloog-include=/vol/gcc/include --with-cloog-lib=/vol/gcc/lib --enable-cloog-backend=ppl
BOOT_CFLAGS=-g -O2
More information about the Gcc-testresults
mailing list