Results for 4.8.0 20120608 (experimental) [trunk revision 188324] (GCC) testsuite on sparc-sun-solaris2.11
Rainer Orth
ro@CeBiTec.Uni-Bielefeld.DE
Mon Jun 11 08:24:00 GMT 2012
LAST_UPDATED: Fri Jun 8 08:58:09 UTC 2012 (revision 188324)
=== acats tests ===
=== acats Summary ===
# of expected passes 2320
# of unexpected failures 0
Native configuration is sparc-sun-solaris2.11
=== g++ tests ===
Running target unix
=== g++ Summary for unix ===
# of expected passes 47051
# of expected failures 286
# of unsupported tests 725
Running target unix/-m64
=== g++ Summary for unix/-m64 ===
# of expected passes 48288
# of expected failures 286
# of unsupported tests 718
=== g++ Summary ===
# of expected passes 95339
# of expected failures 572
# of unsupported tests 1443
/var/gcc/regression/trunk/11-gcc-gas/build/gcc/testsuite/g++/../../g++ version 4.8.0 20120608 (experimental) [trunk revision 188324] (GCC)
=== gcc tests ===
Running target unix
XPASS: gcc.dg/Wstrict-overflow-18.c (test for bogus messages, line 20)
FAIL: gcc.dg/attr-weakref-1.c (test for excess errors)
WARNING: gcc.dg/attr-weakref-1.c compilation failed to produce executable
FAIL: gcc.dg/lower-subreg-1.c scan-rtl-dump subreg1 "Splitting reg"
FAIL: gcc.dg/simulate-thread/atomic-other-int.c -O2 -g thread simulation test
FAIL: gcc.dg/simulate-thread/atomic-other-int.c -O3 -g thread simulation test
FAIL: gcc.dg/simulate-thread/atomic-other-short.c -O2 -g thread simulation test
FAIL: gcc.dg/simulate-thread/speculative-store.c -O0 -g thread simulation test
FAIL: gcc.dg/torture/pr51106-2.c -O0 (internal compiler error)
FAIL: gcc.dg/torture/pr51106-2.c -O0 (test for excess errors)
FAIL: gcc.dg/torture/pr51106-2.c -O1 (internal compiler error)
FAIL: gcc.dg/torture/pr51106-2.c -O1 (test for excess errors)
FAIL: gcc.dg/torture/pr51106-2.c -O2 (internal compiler error)
FAIL: gcc.dg/torture/pr51106-2.c -O2 (test for excess errors)
FAIL: gcc.dg/torture/pr51106-2.c -O3 -fomit-frame-pointer (internal compiler error)
FAIL: gcc.dg/torture/pr51106-2.c -O3 -fomit-frame-pointer (test for excess errors)
FAIL: gcc.dg/torture/pr51106-2.c -O3 -g (internal compiler error)
FAIL: gcc.dg/torture/pr51106-2.c -O3 -g (test for excess errors)
FAIL: gcc.dg/torture/pr51106-2.c -Os (internal compiler error)
FAIL: gcc.dg/torture/pr51106-2.c -Os (test for excess errors)
FAIL: gcc.dg/torture/pr51106-2.c -O2 -flto -flto-partition=none (internal compiler error)
FAIL: gcc.dg/torture/pr51106-2.c -O2 -flto -flto-partition=none (test for excess errors)
FAIL: gcc.dg/torture/pr51106-2.c -O2 -flto (internal compiler error)
FAIL: gcc.dg/torture/pr51106-2.c -O2 -flto (test for excess errors)
=== gcc Summary for unix ===
# of expected passes 76234
# of unexpected failures 22
# of unexpected successes 1
# of expected failures 320
# of unsupported tests 1583
Running target unix/-m64
XPASS: gcc.dg/Wstrict-overflow-18.c (test for bogus messages, line 20)
FAIL: gcc.dg/attr-weakref-1.c (test for excess errors)
WARNING: gcc.dg/attr-weakref-1.c compilation failed to produce executable
FAIL: gcc.dg/pr44194-1.c scan-rtl-dump dse1 "global deletions = 2"
FAIL: gcc.dg/torture/pr51106-2.c -O0 (internal compiler error)
FAIL: gcc.dg/torture/pr51106-2.c -O0 (test for excess errors)
FAIL: gcc.dg/torture/pr51106-2.c -O1 (internal compiler error)
FAIL: gcc.dg/torture/pr51106-2.c -O1 (test for excess errors)
FAIL: gcc.dg/torture/pr51106-2.c -O2 (internal compiler error)
FAIL: gcc.dg/torture/pr51106-2.c -O2 (test for excess errors)
FAIL: gcc.dg/torture/pr51106-2.c -O3 -fomit-frame-pointer (internal compiler error)
FAIL: gcc.dg/torture/pr51106-2.c -O3 -fomit-frame-pointer (test for excess errors)
FAIL: gcc.dg/torture/pr51106-2.c -O3 -g (internal compiler error)
FAIL: gcc.dg/torture/pr51106-2.c -O3 -g (test for excess errors)
FAIL: gcc.dg/torture/pr51106-2.c -Os (internal compiler error)
FAIL: gcc.dg/torture/pr51106-2.c -Os (test for excess errors)
FAIL: gcc.dg/torture/pr51106-2.c -O2 -flto -flto-partition=none (internal compiler error)
FAIL: gcc.dg/torture/pr51106-2.c -O2 -flto -flto-partition=none (test for excess errors)
FAIL: gcc.dg/torture/pr51106-2.c -O2 -flto (internal compiler error)
FAIL: gcc.dg/torture/pr51106-2.c -O2 -flto (test for excess errors)
=== gcc Summary for unix/-m64 ===
# of expected passes 76910
# of unexpected failures 18
# of unexpected successes 1
# of expected failures 309
# of unsupported tests 1568
=== gcc Summary ===
# of expected passes 153144
# of unexpected failures 40
# of unexpected successes 2
# of expected failures 629
# of unsupported tests 3151
/var/gcc/regression/trunk/11-gcc-gas/build/gcc/xgcc version 4.8.0 20120608 (experimental) [trunk revision 188324] (GCC)
=== gfortran tests ===
Running target unix
FAIL: gfortran.dg/lto/pr45586-2 f_lto_pr45586-2_0.o-f_lto_pr45586-2_0.o link, -O0 -flto -flto-partition=none
UNRESOLVED: gfortran.dg/lto/pr45586-2 f_lto_pr45586-2_0.o-f_lto_pr45586-2_0.o execute -O0 -flto -flto-partition=none
FAIL: gfortran.dg/lto/pr45586-2 f_lto_pr45586-2_0.o-f_lto_pr45586-2_0.o link, -O0 -flto -flto-partition=1to1
UNRESOLVED: gfortran.dg/lto/pr45586-2 f_lto_pr45586-2_0.o-f_lto_pr45586-2_0.o execute -O0 -flto -flto-partition=1to1
FAIL: gfortran.dg/lto/pr45586-2 f_lto_pr45586-2_0.o-f_lto_pr45586-2_0.o link, -O0 -flto
UNRESOLVED: gfortran.dg/lto/pr45586-2 f_lto_pr45586-2_0.o-f_lto_pr45586-2_0.o execute -O0 -flto
FAIL: gfortran.dg/lto/pr45586 f_lto_pr45586_0.o-f_lto_pr45586_0.o link, -O0 -flto -flto-partition=none
UNRESOLVED: gfortran.dg/lto/pr45586 f_lto_pr45586_0.o-f_lto_pr45586_0.o execute -O0 -flto -flto-partition=none
FAIL: gfortran.dg/lto/pr45586 f_lto_pr45586_0.o-f_lto_pr45586_0.o link, -O0 -flto -flto-partition=1to1
UNRESOLVED: gfortran.dg/lto/pr45586 f_lto_pr45586_0.o-f_lto_pr45586_0.o execute -O0 -flto -flto-partition=1to1
FAIL: gfortran.dg/lto/pr45586 f_lto_pr45586_0.o-f_lto_pr45586_0.o link, -O0 -flto
UNRESOLVED: gfortran.dg/lto/pr45586 f_lto_pr45586_0.o-f_lto_pr45586_0.o execute -O0 -flto
=== gfortran Summary for unix ===
# of expected passes 41184
# of unexpected failures 6
# of expected failures 58
# of unresolved testcases 6
# of unsupported tests 261
Running target unix/-m64
FAIL: gfortran.dg/array_constructor_4.f90 -O3 -fomit-frame-pointer execution test
FAIL: gfortran.dg/array_constructor_4.f90 -O3 -fomit-frame-pointer -funroll-loops execution test
FAIL: gfortran.dg/array_constructor_4.f90 -O3 -fomit-frame-pointer -funroll-all-loops -finline-functions execution test
FAIL: gfortran.dg/array_constructor_4.f90 -O3 -g execution test
FAIL: gfortran.dg/lto/pr45586-2 f_lto_pr45586-2_0.o-f_lto_pr45586-2_0.o link, -O0 -flto -flto-partition=none
UNRESOLVED: gfortran.dg/lto/pr45586-2 f_lto_pr45586-2_0.o-f_lto_pr45586-2_0.o execute -O0 -flto -flto-partition=none
FAIL: gfortran.dg/lto/pr45586-2 f_lto_pr45586-2_0.o-f_lto_pr45586-2_0.o link, -O0 -flto -flto-partition=1to1
UNRESOLVED: gfortran.dg/lto/pr45586-2 f_lto_pr45586-2_0.o-f_lto_pr45586-2_0.o execute -O0 -flto -flto-partition=1to1
FAIL: gfortran.dg/lto/pr45586-2 f_lto_pr45586-2_0.o-f_lto_pr45586-2_0.o link, -O0 -flto
UNRESOLVED: gfortran.dg/lto/pr45586-2 f_lto_pr45586-2_0.o-f_lto_pr45586-2_0.o execute -O0 -flto
FAIL: gfortran.dg/lto/pr45586 f_lto_pr45586_0.o-f_lto_pr45586_0.o link, -O0 -flto -flto-partition=none
UNRESOLVED: gfortran.dg/lto/pr45586 f_lto_pr45586_0.o-f_lto_pr45586_0.o execute -O0 -flto -flto-partition=none
FAIL: gfortran.dg/lto/pr45586 f_lto_pr45586_0.o-f_lto_pr45586_0.o link, -O0 -flto -flto-partition=1to1
UNRESOLVED: gfortran.dg/lto/pr45586 f_lto_pr45586_0.o-f_lto_pr45586_0.o execute -O0 -flto -flto-partition=1to1
FAIL: gfortran.dg/lto/pr45586 f_lto_pr45586_0.o-f_lto_pr45586_0.o link, -O0 -flto
UNRESOLVED: gfortran.dg/lto/pr45586 f_lto_pr45586_0.o-f_lto_pr45586_0.o execute -O0 -flto
=== gfortran Summary for unix/-m64 ===
# of expected passes 41506
# of unexpected failures 10
# of expected failures 58
# of unresolved testcases 6
# of unsupported tests 101
=== gfortran Summary ===
# of expected passes 82690
# of unexpected failures 16
# of expected failures 116
# of unresolved testcases 12
# of unsupported tests 362
/var/gcc/regression/trunk/11-gcc-gas/build/gcc/testsuite/gfortran/../../gfortran version 4.8.0 20120608 (experimental) [trunk revision 188324] (GCC)
=== gnat tests ===
Running target unix
FAIL: gnat.dg/array11.adb (test for warnings, line 12)
FAIL: gnat.dg/object_overflow.adb (test for warnings, line 8)
=== gnat Summary for unix ===
# of expected passes 1089
# of unexpected failures 2
# of expected failures 17
# of unsupported tests 13
Running target unix/-m64
FAIL: gnat.dg/array11.adb (test for warnings, line 12)
FAIL: gnat.dg/object_overflow.adb (test for warnings, line 8)
=== gnat Summary for unix/-m64 ===
# of expected passes 1089
# of unexpected failures 2
# of expected failures 17
# of unsupported tests 13
=== gnat Summary ===
# of expected passes 2178
# of unexpected failures 4
# of expected failures 34
# of unsupported tests 26
/var/gcc/regression/trunk/11-gcc-gas/build/gcc/gnatmake version 4.8.0 20120608 (experimental) [trunk revision 188324]
=== go tests ===
Running target unix
=== go Summary for unix ===
# of expected passes 3290
# of expected failures 4
# of untested testcases 7
Running target unix/-m64
=== go Summary for unix/-m64 ===
# of expected passes 3290
# of expected failures 4
# of untested testcases 7
=== go Summary ===
# of expected passes 6580
# of expected failures 8
# of untested testcases 14
/var/gcc/regression/trunk/11-gcc-gas/build/gcc/testsuite/go/../../gccgo version 4.8.0 20120608 (experimental) [trunk revision 188324] (GCC)
=== obj-c++ tests ===
Running target unix
=== obj-c++ Summary for unix ===
# of expected passes 1450
# of expected failures 2
# of unsupported tests 86
Running target unix/-m64
=== obj-c++ Summary for unix/-m64 ===
# of expected passes 1442
# of expected failures 10
# of unsupported tests 86
=== obj-c++ Summary ===
# of expected passes 2892
# of expected failures 12
# of unsupported tests 172
/var/gcc/regression/trunk/11-gcc-gas/build/gcc/testsuite/obj-c++/../../g++ version 4.8.0 20120608 (experimental) [trunk revision 188324] (GCC)
=== objc tests ===
Running target unix
=== objc Summary for unix ===
# of expected passes 2994
# of unsupported tests 74
Running target unix/-m64
=== objc Summary for unix/-m64 ===
# of expected passes 2994
# of unsupported tests 74
=== objc Summary ===
# of expected passes 5988
# of unsupported tests 148
/var/gcc/regression/trunk/11-gcc-gas/build/gcc/xgcc version 4.8.0 20120608 (experimental) [trunk revision 188324] (GCC)
=== boehm-gc tests ===
Running target unix
=== boehm-gc Summary for unix ===
# of expected passes 12
# of unsupported tests 1
Running target unix/-m64
=== boehm-gc Summary for unix/-m64 ===
# of expected passes 12
# of unsupported tests 1
=== boehm-gc Summary ===
# of expected passes 24
# of unsupported tests 2
=== libatomic tests ===
Running target unix
=== libatomic Summary for unix ===
# of expected passes 34
# of unsupported tests 10
Running target unix/-m64
=== libatomic Summary for unix/-m64 ===
# of expected passes 44
# of unsupported tests 5
=== libatomic Summary ===
# of expected passes 78
# of unsupported tests 15
=== libffi tests ===
Running target unix
=== libffi Summary for unix ===
# of expected passes 1659
# of unsupported tests 55
Running target unix/-m64
=== libffi Summary for unix/-m64 ===
# of expected passes 1659
# of unsupported tests 55
=== libffi Summary ===
# of expected passes 3318
# of unsupported tests 110
=== libgo tests ===
Running target unix
FAIL: text/template
FAIL: testing/quick
=== libgo Summary for unix ===
# of expected passes 111
# of unexpected failures 2
Running target unix/-m64
=== libgo Summary for unix/-m64 ===
# of expected passes 113
=== libgo Summary ===
# of expected passes 224
# of unexpected failures 2
/var/gcc/regression/trunk/11-gcc-gas/build/./gcc/gccgo version 4.8.0 20120608 (experimental) [trunk revision 188324] (GCC)
=== libgomp tests ===
Running target unix
FAIL: libgomp.c++/for-7.C -O0 (test for excess errors)
WARNING: libgomp.c++/for-7.C -O0 compilation failed to produce executable
FAIL: libgomp.c++/for-7.C -O1 (test for excess errors)
WARNING: libgomp.c++/for-7.C -O1 compilation failed to produce executable
FAIL: libgomp.c++/for-7.C -O2 (test for excess errors)
WARNING: libgomp.c++/for-7.C -O2 compilation failed to produce executable
FAIL: libgomp.c++/for-7.C -O3 -fomit-frame-pointer (test for excess errors)
WARNING: libgomp.c++/for-7.C -O3 -fomit-frame-pointer compilation failed to produce executable
FAIL: libgomp.c++/for-7.C -O3 -fomit-frame-pointer -funroll-loops (test for excess errors)
WARNING: libgomp.c++/for-7.C -O3 -fomit-frame-pointer -funroll-loops compilation failed to produce executable
FAIL: libgomp.c++/for-7.C -O3 -fomit-frame-pointer -funroll-all-loops -finline-functions (test for excess errors)
WARNING: libgomp.c++/for-7.C -O3 -fomit-frame-pointer -funroll-all-loops -finline-functions compilation failed to produce executable
FAIL: libgomp.c++/for-7.C -O3 -g (test for excess errors)
WARNING: libgomp.c++/for-7.C -O3 -g compilation failed to produce executable
FAIL: libgomp.c++/for-7.C -Os (test for excess errors)
WARNING: libgomp.c++/for-7.C -Os compilation failed to produce executable
=== libgomp Summary for unix ===
# of expected passes 2954
# of unexpected failures 8
# of unsupported tests 3
Running target unix/-m64
FAIL: libgomp.c++/for-7.C -O0 (test for excess errors)
WARNING: libgomp.c++/for-7.C -O0 compilation failed to produce executable
FAIL: libgomp.c++/for-7.C -O1 (test for excess errors)
WARNING: libgomp.c++/for-7.C -O1 compilation failed to produce executable
FAIL: libgomp.c++/for-7.C -O2 (test for excess errors)
WARNING: libgomp.c++/for-7.C -O2 compilation failed to produce executable
FAIL: libgomp.c++/for-7.C -O3 -fomit-frame-pointer (test for excess errors)
WARNING: libgomp.c++/for-7.C -O3 -fomit-frame-pointer compilation failed to produce executable
FAIL: libgomp.c++/for-7.C -O3 -fomit-frame-pointer -funroll-loops (test for excess errors)
WARNING: libgomp.c++/for-7.C -O3 -fomit-frame-pointer -funroll-loops compilation failed to produce executable
FAIL: libgomp.c++/for-7.C -O3 -fomit-frame-pointer -funroll-all-loops -finline-functions (test for excess errors)
WARNING: libgomp.c++/for-7.C -O3 -fomit-frame-pointer -funroll-all-loops -finline-functions compilation failed to produce executable
FAIL: libgomp.c++/for-7.C -O3 -g (test for excess errors)
WARNING: libgomp.c++/for-7.C -O3 -g compilation failed to produce executable
FAIL: libgomp.c++/for-7.C -Os (test for excess errors)
WARNING: libgomp.c++/for-7.C -Os compilation failed to produce executable
=== libgomp Summary for unix/-m64 ===
# of expected passes 2954
# of unexpected failures 8
# of unsupported tests 3
=== libgomp Summary ===
# of expected passes 5908
# of unexpected failures 16
# of unsupported tests 6
=== libitm tests ===
Running target unix
=== libitm Summary for unix ===
# of expected passes 26
# of expected failures 3
# of unsupported tests 1
Running target unix/-m64
=== libitm Summary for unix/-m64 ===
# of expected passes 26
# of expected failures 3
# of unsupported tests 1
=== libitm Summary ===
# of expected passes 52
# of expected failures 6
# of unsupported tests 2
=== libjava tests ===
Running target unix
=== libjava Summary for unix ===
# of expected passes 2574
Running target unix/-m64
=== libjava Summary for unix/-m64 ===
# of expected passes 2574
=== libjava Summary ===
# of expected passes 5148
=== libmudflap tests ===
Running target unix
FAIL: libmudflap.c/fail11-frag.c (-O3) crash test
FAIL: libmudflap.c/fail11-frag.c (-O3) output pattern test
FAIL: libmudflap.c/fail12-frag.c (-O3) crash test
FAIL: libmudflap.c/fail12-frag.c (-O3) output pattern test
=== libmudflap Summary for unix ===
# of expected passes 1438
# of unexpected failures 4
Running target unix/-m64
FAIL: libmudflap.c/fail11-frag.c (-O3) crash test
FAIL: libmudflap.c/fail11-frag.c (-O3) output pattern test
FAIL: libmudflap.c/fail12-frag.c (-O3) crash test
FAIL: libmudflap.c/fail12-frag.c (-O3) output pattern test
FAIL: libmudflap.c++/pass55-frag.cxx execution test
FAIL: libmudflap.c++/pass55-frag.cxx ( -O) execution test
FAIL: libmudflap.c++/pass55-frag.cxx (-O2) execution test
FAIL: libmudflap.c++/pass55-frag.cxx (-O3) execution test
=== libmudflap Summary for unix/-m64 ===
# of expected passes 1434
# of unexpected failures 8
=== libmudflap Summary ===
# of expected passes 2872
# of unexpected failures 12
=== libstdc++ tests ===
Running target unix
=== libstdc++ Summary for unix ===
# of expected passes 7977
# of expected failures 43
# of unsupported tests 533
Running target unix/-m64
=== libstdc++ Summary for unix/-m64 ===
# of expected passes 7977
# of expected failures 43
# of unsupported tests 533
=== libstdc++ Summary ===
# of expected passes 15954
# of expected failures 86
# of unsupported tests 1066
Compiler version: 4.8.0 20120608 (experimental) [trunk revision 188324] (GCC)
Platform: sparc-sun-solaris2.11
configure flags: --prefix=/vol/gcc --target=sparc-sun-solaris2.11 --enable-objc-gc --enable-libmudflap --with-host-libstdcxx='-L/vol/gcc-4.4/lib -Wl,-Bstatic -lstdc++ -Wl,-Bdynamic -lm' --with-boot-ldflags='-static-libstdc++ -static-libgcc -L/vol/gcc-4.4/lib' --with-as=/vol/gcc/bin/gas-2.22 --with-gnu-as --with-gmp-include=/vol/gcc/include --with-gmp-lib=/vol/gcc/lib --with-mpfr-include=/vol/gcc/include --with-mpfr-lib=/vol/gcc/lib --with-mpc-include=/vol/gcc/include --with-mpc-lib=/vol/gcc/lib --enable-languages=all,ada,obj-c++,go --with-ppl-include=/vol/gcc/include --with-ppl-lib=/vol/gcc/lib --with-cloog-include=/vol/gcc/include --with-cloog-lib=/vol/gcc/lib --enable-cloog-backend=ppl
BOOT_CFLAGS=-g -O2
More information about the Gcc-testresults
mailing list