Results for 4.8.0 20120727 (experimental) [trunk revision 189920] (GCC) testsuite on hppa2.0w-hp-hpux11.11
John David Anglin
dave@hiauly3.hia.nrc.ca
Sat Jul 28 21:15:00 GMT 2012
Native configuration is hppa2.0w-hp-hpux11.11
=== gcc tests ===
Running target unix
XPASS: gcc.dg/Wstrict-overflow-18.c (test for bogus messages, line 20)
WARNING: program timed out.
FAIL: gcc.dg/pch/decl-3.c -O0 -g assembly comparison
FAIL: gcc.dg/pch/decl-3.c -O3 -g assembly comparison
FAIL: gcc.dg/pch/decl-4.c -O0 -g assembly comparison
FAIL: gcc.dg/pch/decl-4.c -O3 -g assembly comparison
FAIL: gcc.dg/pch/struct-1.c -O0 -g assembly comparison
FAIL: gcc.dg/pch/struct-1.c -O3 -g assembly comparison
FAIL: gcc.dg/pch/system-1.c -O0 -g assembly comparison
FAIL: gcc.dg/pch/system-1.c -O3 -g assembly comparison
FAIL: gcc.dg/torture/pr51106-2.c -O0 (internal compiler error)
FAIL: gcc.dg/torture/pr51106-2.c -O0 (test for excess errors)
FAIL: gcc.dg/torture/pr51106-2.c -O1 (internal compiler error)
FAIL: gcc.dg/torture/pr51106-2.c -O1 (test for excess errors)
FAIL: gcc.dg/torture/pr51106-2.c -O2 (internal compiler error)
FAIL: gcc.dg/torture/pr51106-2.c -O2 (test for excess errors)
FAIL: gcc.dg/torture/pr51106-2.c -O3 -fomit-frame-pointer (internal compiler error)
FAIL: gcc.dg/torture/pr51106-2.c -O3 -fomit-frame-pointer (test for excess errors)
FAIL: gcc.dg/torture/pr51106-2.c -O3 -g (internal compiler error)
FAIL: gcc.dg/torture/pr51106-2.c -O3 -g (test for excess errors)
FAIL: gcc.dg/torture/pr51106-2.c -Os (internal compiler error)
FAIL: gcc.dg/torture/pr51106-2.c -Os (test for excess errors)
XPASS: gcc.dg/torture/pr52402.c -O0 execution test
XPASS: gcc.dg/torture/pr52402.c -O1 execution test
XPASS: gcc.dg/torture/pr52402.c -O2 execution test
XPASS: gcc.dg/torture/pr52402.c -O3 -fomit-frame-pointer execution test
XPASS: gcc.dg/torture/pr52402.c -O3 -g execution test
XPASS: gcc.dg/torture/pr52402.c -Os execution test
FAIL: gcc.dg/torture/pr53922.c -O0 (test for excess errors)
FAIL: gcc.dg/torture/pr53922.c -O0 execution test
FAIL: gcc.dg/torture/pr53922.c -O1 (test for excess errors)
FAIL: gcc.dg/torture/pr53922.c -O1 execution test
FAIL: gcc.dg/torture/pr53922.c -O2 (test for excess errors)
FAIL: gcc.dg/torture/pr53922.c -O2 execution test
FAIL: gcc.dg/torture/pr53922.c -O3 -fomit-frame-pointer (test for excess errors)
FAIL: gcc.dg/torture/pr53922.c -O3 -fomit-frame-pointer execution test
FAIL: gcc.dg/torture/pr53922.c -O3 -g (test for excess errors)
FAIL: gcc.dg/torture/pr53922.c -O3 -g execution test
FAIL: gcc.dg/torture/pr53922.c -Os (test for excess errors)
FAIL: gcc.dg/torture/pr53922.c -Os execution test
FAIL: gcc.dg/tree-ssa/vector-4.c scan-tree-dump-times gimple "VEC_PERM_EXPR <a, b, { 0, 4, 1, 5 }>;" 1
=== gcc Summary ===
# of expected passes 59978
# of unexpected failures 33
# of unexpected successes 7
# of expected failures 114
# of unsupported tests 1393
/test/gnu/gcc/objdir/gcc/xgcc version 4.8.0 20120727 (experimental) [trunk revision 189920] (GCC)
=== libatomic tests ===
Running target unix
=== libatomic Summary ===
# of expected passes 4
# of unsupported tests 25
=== libgomp tests ===
Running target unix
=== libgomp Summary ===
# of expected passes 266
# of unsupported tests 10
Compiler version: 4.8.0 20120727 (experimental) [trunk revision 189920] (GCC)
Platform: hppa2.0w-hp-hpux11.11
configure flags:Test Run By dave on Fri Jul 27 21:34:42 2012
More information about the Gcc-testresults
mailing list