Results for 4.7.2 20120720 (prerelease) [gcc-4_7-branch revision 189710] (GCC) testsuite on sparc-sun-solaris2.11
Rainer Orth
ro@CeBiTec.Uni-Bielefeld.DE
Mon Jul 23 08:32:00 GMT 2012
LAST_UPDATED: Fri Jul 20 13:07:12 UTC 2012 (revision 189710)
=== acats tests ===
=== acats Summary ===
# of expected passes 2320
# of unexpected failures 0
Native configuration is sparc-sun-solaris2.11
=== g++ tests ===
Running target unix
=== g++ Summary for unix ===
# of expected passes 46486
# of expected failures 288
# of unsupported tests 717
Running target unix/-m64
FAIL: g++.dg/cpp0x/nullptr28.C -std=c++11 execution test
=== g++ Summary for unix/-m64 ===
# of expected passes 47722
# of unexpected failures 1
# of expected failures 288
# of unsupported tests 710
=== g++ Summary ===
# of expected passes 94208
# of unexpected failures 1
# of expected failures 576
# of unsupported tests 1427
/var/gcc/regression/gcc-4.7-branch/11-gcc/build/gcc/testsuite/g++/../../g++ version 4.7.2 20120720 (prerelease) [gcc-4_7-branch revision 189710] (GCC)
=== gcc tests ===
Running target unix
FAIL: gcc.dg/simulate-thread/atomic-other-int.c -O2 -g thread simulation test
FAIL: gcc.dg/simulate-thread/atomic-other-int.c -O3 -g thread simulation test
FAIL: gcc.dg/simulate-thread/atomic-other-short.c -O2 -g thread simulation test
FAIL: gcc.dg/simulate-thread/atomic-other-short.c -O3 -g thread simulation test
FAIL: gcc.dg/simulate-thread/speculative-store.c -O0 -g thread simulation test
=== gcc Summary for unix ===
# of expected passes 75589
# of unexpected failures 5
# of expected failures 319
# of unsupported tests 1581
Running target unix/-m64
FAIL: gcc.dg/pr44194-1.c scan-rtl-dump dse1 "global deletions = 2"
=== gcc Summary for unix/-m64 ===
# of expected passes 76267
# of unexpected failures 1
# of expected failures 306
# of unsupported tests 1566
=== gcc Summary ===
# of expected passes 151856
# of unexpected failures 6
# of expected failures 625
# of unsupported tests 3147
/var/gcc/regression/gcc-4.7-branch/11-gcc/build/gcc/xgcc version 4.7.2 20120720 (prerelease) [gcc-4_7-branch revision 189710] (GCC)
=== gfortran tests ===
Running target unix
=== gfortran Summary for unix ===
# of expected passes 40517
# of expected failures 44
# of unsupported tests 257
Running target unix/-m64
=== gfortran Summary for unix/-m64 ===
# of expected passes 40844
# of expected failures 44
# of unsupported tests 96
=== gfortran Summary ===
# of expected passes 81361
# of expected failures 88
# of unsupported tests 353
/var/gcc/regression/gcc-4.7-branch/11-gcc/build/gcc/testsuite/gfortran/../../gfortran version 4.7.2 20120720 (prerelease) [gcc-4_7-branch revision 189710] (GCC)
=== gnat tests ===
Running target unix
FAIL: gnat.dg/lto14.adb (test for excess errors)
=== gnat Summary for unix ===
# of expected passes 1092
# of unexpected failures 1
# of expected failures 14
# of unsupported tests 12
Running target unix/-m64
FAIL: gnat.dg/lto14.adb (test for excess errors)
=== gnat Summary for unix/-m64 ===
# of expected passes 1092
# of unexpected failures 1
# of expected failures 14
# of unsupported tests 12
=== gnat Summary ===
# of expected passes 2184
# of unexpected failures 2
# of expected failures 28
# of unsupported tests 24
/var/gcc/regression/gcc-4.7-branch/11-gcc/build/gcc/gnatmake version 4.7.2 20120720 (prerelease) [gcc-4_7-branch revision 189710]
=== go tests ===
Running target unix
=== go Summary for unix ===
# of expected passes 3290
# of expected failures 4
# of untested testcases 7
Running target unix/-m64
=== go Summary for unix/-m64 ===
# of expected passes 3290
# of expected failures 4
# of untested testcases 7
=== go Summary ===
# of expected passes 6580
# of expected failures 8
# of untested testcases 14
/var/gcc/regression/gcc-4.7-branch/11-gcc/build/gcc/testsuite/go/../../gccgo version 4.7.2 20120720 (prerelease) [gcc-4_7-branch revision 189710] (GCC)
=== obj-c++ tests ===
Running target unix
=== obj-c++ Summary for unix ===
# of expected passes 1450
# of expected failures 2
# of unsupported tests 86
Running target unix/-m64
=== obj-c++ Summary for unix/-m64 ===
# of expected passes 1442
# of expected failures 10
# of unsupported tests 86
=== obj-c++ Summary ===
# of expected passes 2892
# of expected failures 12
# of unsupported tests 172
/var/gcc/regression/gcc-4.7-branch/11-gcc/build/gcc/testsuite/obj-c++/../../g++ version 4.7.2 20120720 (prerelease) [gcc-4_7-branch revision 189710] (GCC)
=== objc tests ===
Running target unix
=== objc Summary for unix ===
# of expected passes 2994
# of unsupported tests 74
Running target unix/-m64
=== objc Summary for unix/-m64 ===
# of expected passes 2994
# of unsupported tests 74
=== objc Summary ===
# of expected passes 5988
# of unsupported tests 148
/var/gcc/regression/gcc-4.7-branch/11-gcc/build/gcc/xgcc version 4.7.2 20120720 (prerelease) [gcc-4_7-branch revision 189710] (GCC)
=== boehm-gc tests ===
Running target unix
=== boehm-gc Summary for unix ===
# of expected passes 12
# of unsupported tests 1
Running target unix/-m64
=== boehm-gc Summary for unix/-m64 ===
# of expected passes 12
# of unsupported tests 1
=== boehm-gc Summary ===
# of expected passes 24
# of unsupported tests 2
=== libffi tests ===
Running target unix
=== libffi Summary for unix ===
# of expected passes 1634
# of expected failures 10
# of unsupported tests 55
Running target unix/-m64
=== libffi Summary for unix/-m64 ===
# of expected passes 1634
# of expected failures 10
# of unsupported tests 55
=== libffi Summary ===
# of expected passes 3268
# of expected failures 20
# of unsupported tests 110
=== libgo tests ===
Running target unix
=== libgo Summary for unix ===
# of expected passes 123
Running target unix/-m64
=== libgo Summary for unix/-m64 ===
# of expected passes 123
=== libgo Summary ===
# of expected passes 246
/var/gcc/regression/gcc-4.7-branch/11-gcc/build/./gcc/gccgo version 4.7.2 20120720 (prerelease) [gcc-4_7-branch revision 189710] (GCC)
=== libgomp tests ===
Running target unix
=== libgomp Summary for unix ===
# of expected passes 2924
# of unsupported tests 3
Running target unix/-m64
=== libgomp Summary for unix/-m64 ===
# of expected passes 2924
# of unsupported tests 3
=== libgomp Summary ===
# of expected passes 5848
# of unsupported tests 6
=== libitm tests ===
Running target unix
=== libitm Summary for unix ===
# of expected passes 26
# of expected failures 3
# of unsupported tests 1
Running target unix/-m64
=== libitm Summary for unix/-m64 ===
# of expected passes 26
# of expected failures 3
# of unsupported tests 1
=== libitm Summary ===
# of expected passes 52
# of expected failures 6
# of unsupported tests 2
=== libjava tests ===
Running target unix
=== libjava Summary for unix ===
# of expected passes 2574
Running target unix/-m64
=== libjava Summary for unix/-m64 ===
# of expected passes 2574
=== libjava Summary ===
# of expected passes 5148
=== libmudflap tests ===
Running target unix
=== libmudflap Summary for unix ===
# of expected passes 1442
Running target unix/-m64
FAIL: libmudflap.c++/pass55-frag.cxx ( -O) execution test
=== libmudflap Summary for unix/-m64 ===
# of expected passes 1441
# of unexpected failures 1
=== libmudflap Summary ===
# of expected passes 2883
# of unexpected failures 1
=== libstdc++ tests ===
Running target unix
=== libstdc++ Summary for unix ===
# of expected passes 7945
# of expected failures 43
# of unsupported tests 504
Running target unix/-m64
=== libstdc++ Summary for unix/-m64 ===
# of expected passes 7945
# of expected failures 43
# of unsupported tests 504
=== libstdc++ Summary ===
# of expected passes 15890
# of expected failures 86
# of unsupported tests 1008
Compiler version: 4.7.2 20120720 (prerelease) [gcc-4_7-branch revision 189710] (GCC)
Platform: sparc-sun-solaris2.11
configure flags: --prefix=/vol/gcc --target=sparc-sun-solaris2.11 --enable-objc-gc --enable-libmudflap --with-host-libstdcxx='-L/vol/gcc-4.4/lib -Wl,-Bstatic -lstdc++ -Wl,-Bdynamic -lm' --with-boot-ldflags='-static-libstdc++ -static-libgcc -L/vol/gcc-4.4/lib' --with-gmp-include=/vol/gcc/include --with-gmp-lib=/vol/gcc/lib --with-mpfr-include=/vol/gcc/include --with-mpfr-lib=/vol/gcc/lib --with-mpc-include=/vol/gcc/include --with-mpc-lib=/vol/gcc/lib --enable-languages=all,ada,obj-c++,go --without-ppl --without-isl --without-cloog
BOOT_CFLAGS=-g -O2
More information about the Gcc-testresults
mailing list