Results for 4.8.0 20120722 (experimental) (GCC) testsuite on m68k-unknown-elf
CodeSourcery Automatic Testing System
gcc@codesourcery.com
Mon Jul 23 02:44:00 GMT 2012
LAST_UPDATED: Sun Jul 22 07:11:26 UTC 2012 (/trunk revision 189754)
Target is m68k-unknown-elf
Host is i686-pc-linux-gnu
=== g++ tests ===
Running target qemu-coldfire-elf-prebuilt-fsf
FAIL: g++.dg/eh/gcsec1.C -std=gnu++98 execution test
FAIL: g++.dg/eh/gcsec1.C -std=gnu++11 execution test
FAIL: g++.dg/lookup/builtin5.C -std=c++11 scan-assembler _ZSt5atanhd
FAIL: g++.dg/torture/pr47559.C -O3 -fomit-frame-pointer (test for excess errors)
FAIL: g++.dg/torture/pr47559.C -O3 -fomit-frame-pointer -funroll-loops (test for excess errors)
FAIL: g++.dg/torture/pr47559.C -O3 -fomit-frame-pointer -funroll-all-loops -finline-functions (test for excess errors)
FAIL: g++.dg/torture/pr48271.C -O3 -fomit-frame-pointer (test for excess errors)
FAIL: g++.dg/torture/pr48271.C -O3 -fomit-frame-pointer -funroll-loops (test for excess errors)
FAIL: g++.dg/torture/pr48271.C -O3 -fomit-frame-pointer -funroll-all-loops -finline-functions (test for excess errors)
FAIL: g++.dg/torture/pr49394.C -O3 -fomit-frame-pointer (test for excess errors)
FAIL: g++.dg/torture/pr51903.C -O3 -fomit-frame-pointer (test for excess errors)
FAIL: g++.dg/torture/type-generic-1.C -O0 execution test
FAIL: g++.dg/torture/type-generic-1.C -O1 execution test
FAIL: g++.dg/torture/type-generic-1.C -O2 execution test
FAIL: g++.dg/torture/type-generic-1.C -O3 -fomit-frame-pointer execution test
FAIL: g++.dg/torture/type-generic-1.C -O3 -g execution test
FAIL: g++.dg/torture/type-generic-1.C -Os execution test
FAIL: g++.dg/torture/type-generic-1.C -O2 -flto -fno-use-linker-plugin -flto-partition=none execution test
FAIL: g++.dg/torture/type-generic-1.C -O2 -flto -fuse-linker-plugin -fno-fat-lto-objects execution test
=== g++ Summary ===
# of expected passes 45461
# of unexpected failures 19
# of expected failures 280
# of unsupported tests 839
/scratch/gcc/nightly-2012-07-22-mainline/coldfire-elf/obj/test-mainline-0-m68k-elf/host-i686-pc-linux-gnu/fsf-mainline/bin/m68k-elf-g++ version 4.8.0 20120722 (experimental) (GCC)
=== Summary adjusted for local xfails ===
# of unexpected failures 19
# of expected passes 45461
# of expected failures 280
# of unsupported tests 839
Host is i686-pc-linux-gnu
=== gcc tests ===
Running target qemu-coldfire-elf-prebuilt-fsf
WARNING: program timed out.
FAIL: gcc.c-torture/compile/pr37669-2.c -O3 -g (test for excess errors)
FAIL: gcc.c-torture/execute/builtins/20010124-1.c compilation, -O2 -flto -fuse-linker-plugin -fno-fat-lto-objects
UNRESOLVED: gcc.c-torture/execute/builtins/20010124-1.c execution, -O2 -flto -fuse-linker-plugin -fno-fat-lto-objects
FAIL: gcc.c-torture/execute/builtins/memcpy-chk.c compilation, -O2 -flto -fuse-linker-plugin -fno-fat-lto-objects
UNRESOLVED: gcc.c-torture/execute/builtins/memcpy-chk.c execution, -O2 -flto -fuse-linker-plugin -fno-fat-lto-objects
FAIL: gcc.c-torture/execute/builtins/memmove-chk.c compilation, -O2 -flto -fuse-linker-plugin -fno-fat-lto-objects
UNRESOLVED: gcc.c-torture/execute/builtins/memmove-chk.c execution, -O2 -flto -fuse-linker-plugin -fno-fat-lto-objects
FAIL: gcc.c-torture/execute/builtins/memops-asm.c compilation, -O2 -flto -fuse-linker-plugin -fno-fat-lto-objects
UNRESOLVED: gcc.c-torture/execute/builtins/memops-asm.c execution, -O2 -flto -fuse-linker-plugin -fno-fat-lto-objects
FAIL: gcc.c-torture/execute/builtins/mempcpy-chk.c compilation, -O2 -flto -fuse-linker-plugin -fno-fat-lto-objects
UNRESOLVED: gcc.c-torture/execute/builtins/mempcpy-chk.c execution, -O2 -flto -fuse-linker-plugin -fno-fat-lto-objects
FAIL: gcc.c-torture/execute/builtins/memset-chk.c compilation, -O2 -flto -fuse-linker-plugin -fno-fat-lto-objects
UNRESOLVED: gcc.c-torture/execute/builtins/memset-chk.c execution, -O2 -flto -fuse-linker-plugin -fno-fat-lto-objects
FAIL: gcc.c-torture/execute/builtins/memset.c compilation, -O2 -flto -fuse-linker-plugin -fno-fat-lto-objects
UNRESOLVED: gcc.c-torture/execute/builtins/memset.c execution, -O2 -flto -fuse-linker-plugin -fno-fat-lto-objects
FAIL: gcc.c-torture/execute/builtins/pr22237.c compilation, -O2 -flto -fuse-linker-plugin -fno-fat-lto-objects
UNRESOLVED: gcc.c-torture/execute/builtins/pr22237.c execution, -O2 -flto -fuse-linker-plugin -fno-fat-lto-objects
FAIL: gcc.c-torture/execute/builtins/pr23484-chk.c compilation, -O2 -flto -fuse-linker-plugin -fno-fat-lto-objects
UNRESOLVED: gcc.c-torture/execute/builtins/pr23484-chk.c execution, -O2 -flto -fuse-linker-plugin -fno-fat-lto-objects
FAIL: gcc.c-torture/execute/builtins/snprintf-chk.c compilation, -O2 -flto -fuse-linker-plugin -fno-fat-lto-objects
UNRESOLVED: gcc.c-torture/execute/builtins/snprintf-chk.c execution, -O2 -flto -fuse-linker-plugin -fno-fat-lto-objects
FAIL: gcc.c-torture/execute/builtins/sprintf-chk.c compilation, -O2 -flto -fuse-linker-plugin -fno-fat-lto-objects
UNRESOLVED: gcc.c-torture/execute/builtins/sprintf-chk.c execution, -O2 -flto -fuse-linker-plugin -fno-fat-lto-objects
FAIL: gcc.c-torture/execute/builtins/stpcpy-chk.c compilation, -O2 -flto -fuse-linker-plugin -fno-fat-lto-objects
UNRESOLVED: gcc.c-torture/execute/builtins/stpcpy-chk.c execution, -O2 -flto -fuse-linker-plugin -fno-fat-lto-objects
FAIL: gcc.c-torture/execute/builtins/stpncpy-chk.c compilation, -O2 -flto -fuse-linker-plugin -fno-fat-lto-objects
UNRESOLVED: gcc.c-torture/execute/builtins/stpncpy-chk.c execution, -O2 -flto -fuse-linker-plugin -fno-fat-lto-objects
FAIL: gcc.c-torture/execute/builtins/strcat-chk.c compilation, -O2 -flto -fuse-linker-plugin -fno-fat-lto-objects
UNRESOLVED: gcc.c-torture/execute/builtins/strcat-chk.c execution, -O2 -flto -fuse-linker-plugin -fno-fat-lto-objects
FAIL: gcc.c-torture/execute/builtins/strcpy-chk.c compilation, -O2 -flto -fuse-linker-plugin -fno-fat-lto-objects
UNRESOLVED: gcc.c-torture/execute/builtins/strcpy-chk.c execution, -O2 -flto -fuse-linker-plugin -fno-fat-lto-objects
FAIL: gcc.c-torture/execute/builtins/strlen-2.c compilation, -O2 -flto -fuse-linker-plugin -fno-fat-lto-objects
UNRESOLVED: gcc.c-torture/execute/builtins/strlen-2.c execution, -O2 -flto -fuse-linker-plugin -fno-fat-lto-objects
FAIL: gcc.c-torture/execute/builtins/strlen-3.c compilation, -O2 -flto -fuse-linker-plugin -fno-fat-lto-objects
UNRESOLVED: gcc.c-torture/execute/builtins/strlen-3.c execution, -O2 -flto -fuse-linker-plugin -fno-fat-lto-objects
FAIL: gcc.c-torture/execute/builtins/strlen.c compilation, -O2 -flto -fuse-linker-plugin -fno-fat-lto-objects
UNRESOLVED: gcc.c-torture/execute/builtins/strlen.c execution, -O2 -flto -fuse-linker-plugin -fno-fat-lto-objects
FAIL: gcc.c-torture/execute/builtins/strncat-chk.c compilation, -O2 -flto -fuse-linker-plugin -fno-fat-lto-objects
UNRESOLVED: gcc.c-torture/execute/builtins/strncat-chk.c execution, -O2 -flto -fuse-linker-plugin -fno-fat-lto-objects
FAIL: gcc.c-torture/execute/builtins/strncpy-chk.c compilation, -O2 -flto -fuse-linker-plugin -fno-fat-lto-objects
UNRESOLVED: gcc.c-torture/execute/builtins/strncpy-chk.c execution, -O2 -flto -fuse-linker-plugin -fno-fat-lto-objects
FAIL: gcc.c-torture/execute/builtins/vsnprintf-chk.c compilation, -O2 -flto -fuse-linker-plugin -fno-fat-lto-objects
UNRESOLVED: gcc.c-torture/execute/builtins/vsnprintf-chk.c execution, -O2 -flto -fuse-linker-plugin -fno-fat-lto-objects
FAIL: gcc.c-torture/execute/builtins/vsprintf-chk.c compilation, -O2 -flto -fuse-linker-plugin -fno-fat-lto-objects
UNRESOLVED: gcc.c-torture/execute/builtins/vsprintf-chk.c execution, -O2 -flto -fuse-linker-plugin -fno-fat-lto-objects
FAIL: gcc.c-torture/execute/930921-1.c execution, -O0
FAIL: gcc.c-torture/execute/930921-1.c execution, -O1
FAIL: gcc.c-torture/execute/pr51581-1.c execution, -O0
FAIL: gcc.c-torture/execute/pr51581-1.c execution, -O1
FAIL: gcc.c-torture/execute/pr51581-1.c execution, -O2
FAIL: gcc.c-torture/execute/pr51581-1.c execution, -O3 -fomit-frame-pointer
FAIL: gcc.c-torture/execute/pr51581-1.c execution, -O3 -fomit-frame-pointer -funroll-loops
FAIL: gcc.c-torture/execute/pr51581-1.c execution, -O3 -fomit-frame-pointer -funroll-all-loops -finline-functions
FAIL: gcc.c-torture/execute/pr51581-1.c execution, -O3 -g
FAIL: gcc.c-torture/execute/pr51581-1.c execution, -Os
FAIL: gcc.c-torture/execute/pr51581-1.c execution, -O2 -flto -fno-use-linker-plugin -flto-partition=none
FAIL: gcc.c-torture/execute/pr51581-1.c execution, -O2 -flto -fuse-linker-plugin -fno-fat-lto-objects
FAIL: gcc.c-torture/execute/pr51581-2.c execution, -O0
FAIL: gcc.c-torture/execute/pr51581-2.c execution, -O1
FAIL: gcc.c-torture/execute/pr51581-2.c execution, -O2
FAIL: gcc.c-torture/execute/pr51581-2.c execution, -O3 -fomit-frame-pointer
FAIL: gcc.c-torture/execute/pr51581-2.c execution, -O3 -fomit-frame-pointer -funroll-loops
FAIL: gcc.c-torture/execute/pr51581-2.c execution, -O3 -fomit-frame-pointer -funroll-all-loops -finline-functions
FAIL: gcc.c-torture/execute/pr51581-2.c execution, -O3 -g
FAIL: gcc.c-torture/execute/pr51581-2.c execution, -Os
FAIL: gcc.c-torture/execute/pr51581-2.c execution, -O2 -flto -fno-use-linker-plugin -flto-partition=none
FAIL: gcc.c-torture/execute/pr51581-2.c execution, -O2 -flto -fuse-linker-plugin -fno-fat-lto-objects
XPASS: gcc.dg/Wstrict-overflow-18.c (test for bogus messages, line 20)
FAIL: gcc.dg/attr-weakref-1.c (test for excess errors)
UNRESOLVED: gcc.dg/attr-weakref-1.c compilation failed to produce executable
FAIL: gcc.dg/pr28796-2.c execution test
FAIL: gcc.dg/pr46309.c scan-tree-dump-times reassoc1 "Optimizing range tests a_[0-9]*.D. -.1, 1. and -.2, 2. and -.3, 3. and -.4, 4.[\\n\\r]* into" 2
FAIL: gcc.dg/pr46309.c scan-tree-dump-times reassoc1 "Optimizing range tests a_[0-9]*.D. -.1, 1. and -.3, 3.[\\n\\r]* into" 1
FAIL: gcc.dg/pr46309.c scan-tree-dump-times reassoc1 "Optimizing range tests a_[0-9]*.D. -.1, 1. and -.2, 2.[\\n\\r]* into" 1
FAIL: gcc.dg/pr46309.c scan-tree-dump-times reassoc1 "Optimizing range tests a_[0-9]*.D. -.0, 31. and -.64, 95.[\\n\\r]* into" 2
FAIL: gcc.dg/pr46309.c scan-tree-dump-times reassoc1 "Optimizing range tests a_[0-9]*.D. -.128, 159. and -.192, 223.[\\n\\r]* into" 1
FAIL: gcc.dg/pr46309.c scan-tree-dump-times reassoc2 "Optimizing range tests D.[0-9]*_[0-9]* -.0, 31. and -.128, 159.[\\n\\r]* into" 1
FAIL: gcc.dg/pr46647.c scan-tree-dump-not optimized "memset"
FAIL: gcc.dg/pr52139.c (internal compiler error)
FAIL: gcc.dg/pr52139.c (test for excess errors)
FAIL: gcc.dg/torture/pr37731-1.c -O1 execution test
FAIL: gcc.dg/torture/pr37731-1.c -O2 execution test
FAIL: gcc.dg/torture/pr37731-1.c -O3 -fomit-frame-pointer execution test
FAIL: gcc.dg/torture/pr37731-1.c -O3 -g execution test
FAIL: gcc.dg/torture/pr37731-1.c -Os execution test
FAIL: gcc.dg/torture/pr37731-1.c -O2 -flto -fno-use-linker-plugin -flto-partition=none execution test
FAIL: gcc.dg/torture/pr37731-2.c -O1 execution test
FAIL: gcc.dg/torture/pr37731-2.c -O2 execution test
FAIL: gcc.dg/torture/pr37731-2.c -O3 -fomit-frame-pointer execution test
FAIL: gcc.dg/torture/pr37731-2.c -O3 -g execution test
FAIL: gcc.dg/torture/pr37731-2.c -Os execution test
FAIL: gcc.dg/torture/pr37731-2.c -O2 -flto -fno-use-linker-plugin -flto-partition=none execution test
FAIL: gcc.dg/torture/pr49997.c -O3 -fomit-frame-pointer (test for excess errors)
FAIL: gcc.dg/torture/pr49997.c -O3 -fomit-frame-pointer -funroll-loops (test for excess errors)
FAIL: gcc.dg/torture/pr49997.c -O3 -fomit-frame-pointer -funroll-all-loops -finline-functions (test for excess errors)
FAIL: gcc.dg/torture/pr51106-2.c -O0 (internal compiler error)
FAIL: gcc.dg/torture/pr51106-2.c -O0 (test for excess errors)
FAIL: gcc.dg/torture/pr51106-2.c -O1 (internal compiler error)
FAIL: gcc.dg/torture/pr51106-2.c -O1 (test for excess errors)
FAIL: gcc.dg/torture/pr51106-2.c -O2 (internal compiler error)
FAIL: gcc.dg/torture/pr51106-2.c -O2 (test for excess errors)
FAIL: gcc.dg/torture/pr51106-2.c -O3 -fomit-frame-pointer (internal compiler error)
FAIL: gcc.dg/torture/pr51106-2.c -O3 -fomit-frame-pointer (test for excess errors)
FAIL: gcc.dg/torture/pr51106-2.c -O3 -g (internal compiler error)
FAIL: gcc.dg/torture/pr51106-2.c -O3 -g (test for excess errors)
FAIL: gcc.dg/torture/pr51106-2.c -Os (internal compiler error)
FAIL: gcc.dg/torture/pr51106-2.c -Os (test for excess errors)
FAIL: gcc.dg/torture/pr51106-2.c -O2 -flto -fno-use-linker-plugin -flto-partition=none (internal compiler error)
FAIL: gcc.dg/torture/pr51106-2.c -O2 -flto -fno-use-linker-plugin -flto-partition=none (test for excess errors)
FAIL: gcc.dg/torture/type-generic-1.c -O0 execution test
FAIL: gcc.dg/torture/type-generic-1.c -O1 execution test
FAIL: gcc.dg/torture/type-generic-1.c -O2 execution test
FAIL: gcc.dg/torture/type-generic-1.c -O3 -fomit-frame-pointer execution test
FAIL: gcc.dg/torture/type-generic-1.c -O3 -g execution test
FAIL: gcc.dg/torture/type-generic-1.c -Os execution test
FAIL: gcc.dg/torture/type-generic-1.c -O2 -flto -fno-use-linker-plugin -flto-partition=none execution test
FAIL: gcc.dg/torture/type-generic-1.c -O2 -flto -fuse-linker-plugin -fno-fat-lto-objects execution test
FAIL: gcc.dg/tree-ssa/ssa-dom-thread-4.c scan-tree-dump-times dom1 "Threaded" 3
FAIL: gcc.dg/tree-ssa/vrp47.c scan-tree-dump-times vrp1 "[xy][^ ]* !=" 0
FAIL: gcc.dg/tree-ssa/vrp47.c scan-tree-dump-times dom2 "x[^ ]* & y" 1
FAIL: gcc.dg/tree-ssa/vrp47.c scan-tree-dump-times vrp1 "x[^ ]* [|] y" 1
FAIL: gcc.target/m68k/20090709-1.c scan-assembler-times .LC0 3
=== gcc Summary ===
# of expected passes 71984
# of unexpected failures 98
# of unexpected successes 1
# of expected failures 103
# of unresolved testcases 23
# of unsupported tests 1497
/scratch/gcc/nightly-2012-07-22-mainline/coldfire-elf/obj/test-mainline-0-m68k-elf/host-i686-pc-linux-gnu/fsf-mainline/bin/m68k-elf-gcc version 4.8.0 20120722 (experimental) (GCC)
=== Summary adjusted for local xfails ===
# of unexpected failures 98
# of expected passes 71984
# of unexpected successes 1
# of expected failures 103
# of unresolved testcases 23
# of unsupported tests 1497
Host is i686-pc-linux-gnu
=== libstdc++ tests ===
Running target qemu-coldfire-elf-prebuilt-fsf
ERROR: tcl error sourcing /scratch/gcc/nightly-2012-07-22-mainline/src/gcc-mainline/libstdc++-v3/testsuite/libstdc++-abi/abi.exp.
ERROR: can't read "baseline_subdir_switch": no such variable
WARNING: program timed out.
FAIL: 20_util/hash/chi2_quality.cc execution test
WARNING: program timed out.
FAIL: 20_util/hash/quality.cc execution test
FAIL: 22_locale/collate/transform/wchar_t/28277.cc execution test
FAIL: 23_containers/vector/profile/vector.cc execution test
FAIL: 26_numerics/random/mt19937_64.cc execution test
FAIL: 27_io/basic_filebuf/sgetn/char/1-in.cc execution test
FAIL: 27_io/basic_filebuf/sgetn/char/1-io.cc execution test
FAIL: 27_io/basic_filebuf/sgetn/char/2-in.cc execution test
FAIL: 27_io/basic_filebuf/sgetn/char/2-io.cc execution test
FAIL: 27_io/basic_filebuf/underflow/wchar_t/11603.cc execution test
FAIL: 27_io/basic_istream/extractors_arithmetic/char/12.cc execution test
FAIL: 27_io/basic_istream/extractors_arithmetic/wchar_t/12.cc execution test
FAIL: 27_io/basic_istream/readsome/char/6746-2.cc execution test
FAIL: 27_io/basic_istream/readsome/wchar_t/6746-2.cc execution test
FAIL: 27_io/basic_stringbuf/overflow/wchar_t/1.cc execution test
XPASS: 27_io/ios_base/sync_with_stdio/1.cc execution test
FAIL: 27_io/objects/char/6.cc execution test
FAIL: 27_io/objects/wchar_t/6.cc execution test
FAIL: 29_atomics/atomic/cons/user_pod.cc (test for excess errors)
FAIL: 29_atomics/atomic/operators/integral_assignment.cc (test for excess errors)
UNRESOLVED: 29_atomics/atomic/operators/integral_assignment.cc compilation failed to produce executable
FAIL: 29_atomics/atomic/operators/integral_conversion.cc (test for excess errors)
UNRESOLVED: 29_atomics/atomic/operators/integral_conversion.cc compilation failed to produce executable
FAIL: 29_atomics/atomic_integral/operators/integral_assignment.cc (test for excess errors)
UNRESOLVED: 29_atomics/atomic_integral/operators/integral_assignment.cc compilation failed to produce executable
FAIL: 29_atomics/atomic_integral/operators/integral_conversion.cc (test for excess errors)
UNRESOLVED: 29_atomics/atomic_integral/operators/integral_conversion.cc compilation failed to produce executable
FAIL: backward/hash_map/1.cc execution test
FAIL: tr2/headers/all.cc (test for excess errors)
=== libstdc++ Summary ===
# of expected passes 7294
# of unexpected failures 24
# of unexpected successes 1
# of expected failures 42
# of unresolved testcases 4
# of unsupported tests 604
=== Summary adjusted for local xfails ===
# of errors 2
# of unexpected failures 24
# of expected passes 7294
# of unexpected successes 1
# of expected failures 42
# of unresolved testcases 4
# of unsupported tests 604
Host is i686-pc-linux-gnu
=== g++ tests ===
Running target qemu-coldfire-elf-prebuilt-fsf/-mcpu=5208
FAIL: g++.dg/eh/gcsec1.C -std=gnu++98 execution test
FAIL: g++.dg/eh/gcsec1.C -std=gnu++11 execution test
FAIL: g++.dg/lookup/builtin5.C -std=c++11 scan-assembler _ZSt5atanhd
FAIL: g++.dg/torture/pr47559.C -O3 -fomit-frame-pointer (test for excess errors)
FAIL: g++.dg/torture/pr47559.C -O3 -fomit-frame-pointer -funroll-loops (test for excess errors)
FAIL: g++.dg/torture/pr47559.C -O3 -fomit-frame-pointer -funroll-all-loops -finline-functions (test for excess errors)
FAIL: g++.dg/torture/pr48271.C -O3 -fomit-frame-pointer (test for excess errors)
FAIL: g++.dg/torture/pr48271.C -O3 -fomit-frame-pointer -funroll-loops (test for excess errors)
FAIL: g++.dg/torture/pr48271.C -O3 -fomit-frame-pointer -funroll-all-loops -finline-functions (test for excess errors)
FAIL: g++.dg/torture/pr49394.C -O3 -fomit-frame-pointer (test for excess errors)
FAIL: g++.dg/torture/pr51903.C -O3 -fomit-frame-pointer (test for excess errors)
FAIL: g++.dg/torture/type-generic-1.C -O0 execution test
FAIL: g++.dg/torture/type-generic-1.C -O1 execution test
FAIL: g++.dg/torture/type-generic-1.C -O2 execution test
FAIL: g++.dg/torture/type-generic-1.C -O3 -fomit-frame-pointer execution test
FAIL: g++.dg/torture/type-generic-1.C -O3 -g execution test
FAIL: g++.dg/torture/type-generic-1.C -Os execution test
FAIL: g++.dg/torture/type-generic-1.C -O2 -flto -fno-use-linker-plugin -flto-partition=none execution test
FAIL: g++.dg/torture/type-generic-1.C -O2 -flto -fuse-linker-plugin -fno-fat-lto-objects execution test
=== g++ Summary ===
# of expected passes 45461
# of unexpected failures 19
# of expected failures 280
# of unsupported tests 839
/scratch/gcc/nightly-2012-07-22-mainline/coldfire-elf/obj/test-mainline-0-m68k-elf/host-i686-pc-linux-gnu/fsf-mainline/bin/m68k-elf-g++ version 4.8.0 20120722 (experimental) (GCC)
=== Summary adjusted for local xfails ===
# of unexpected failures 19
# of expected passes 45461
# of expected failures 280
# of unsupported tests 839
Host is i686-pc-linux-gnu
=== gcc tests ===
Running target qemu-coldfire-elf-prebuilt-fsf/-mcpu=5208
WARNING: program timed out.
FAIL: gcc.c-torture/compile/pr37669-2.c -O3 -g (test for excess errors)
FAIL: gcc.c-torture/execute/builtins/20010124-1.c compilation, -O2 -flto -fuse-linker-plugin -fno-fat-lto-objects
UNRESOLVED: gcc.c-torture/execute/builtins/20010124-1.c execution, -O2 -flto -fuse-linker-plugin -fno-fat-lto-objects
FAIL: gcc.c-torture/execute/builtins/memcpy-chk.c compilation, -O2 -flto -fuse-linker-plugin -fno-fat-lto-objects
UNRESOLVED: gcc.c-torture/execute/builtins/memcpy-chk.c execution, -O2 -flto -fuse-linker-plugin -fno-fat-lto-objects
FAIL: gcc.c-torture/execute/builtins/memmove-chk.c compilation, -O2 -flto -fuse-linker-plugin -fno-fat-lto-objects
UNRESOLVED: gcc.c-torture/execute/builtins/memmove-chk.c execution, -O2 -flto -fuse-linker-plugin -fno-fat-lto-objects
FAIL: gcc.c-torture/execute/builtins/memops-asm.c compilation, -O2 -flto -fuse-linker-plugin -fno-fat-lto-objects
UNRESOLVED: gcc.c-torture/execute/builtins/memops-asm.c execution, -O2 -flto -fuse-linker-plugin -fno-fat-lto-objects
FAIL: gcc.c-torture/execute/builtins/mempcpy-chk.c compilation, -O2 -flto -fuse-linker-plugin -fno-fat-lto-objects
UNRESOLVED: gcc.c-torture/execute/builtins/mempcpy-chk.c execution, -O2 -flto -fuse-linker-plugin -fno-fat-lto-objects
FAIL: gcc.c-torture/execute/builtins/memset-chk.c compilation, -O2 -flto -fuse-linker-plugin -fno-fat-lto-objects
UNRESOLVED: gcc.c-torture/execute/builtins/memset-chk.c execution, -O2 -flto -fuse-linker-plugin -fno-fat-lto-objects
FAIL: gcc.c-torture/execute/builtins/memset.c compilation, -O2 -flto -fuse-linker-plugin -fno-fat-lto-objects
UNRESOLVED: gcc.c-torture/execute/builtins/memset.c execution, -O2 -flto -fuse-linker-plugin -fno-fat-lto-objects
FAIL: gcc.c-torture/execute/builtins/pr22237.c compilation, -O2 -flto -fuse-linker-plugin -fno-fat-lto-objects
UNRESOLVED: gcc.c-torture/execute/builtins/pr22237.c execution, -O2 -flto -fuse-linker-plugin -fno-fat-lto-objects
FAIL: gcc.c-torture/execute/builtins/pr23484-chk.c compilation, -O2 -flto -fuse-linker-plugin -fno-fat-lto-objects
UNRESOLVED: gcc.c-torture/execute/builtins/pr23484-chk.c execution, -O2 -flto -fuse-linker-plugin -fno-fat-lto-objects
FAIL: gcc.c-torture/execute/builtins/snprintf-chk.c compilation, -O2 -flto -fuse-linker-plugin -fno-fat-lto-objects
UNRESOLVED: gcc.c-torture/execute/builtins/snprintf-chk.c execution, -O2 -flto -fuse-linker-plugin -fno-fat-lto-objects
FAIL: gcc.c-torture/execute/builtins/sprintf-chk.c compilation, -O2 -flto -fuse-linker-plugin -fno-fat-lto-objects
UNRESOLVED: gcc.c-torture/execute/builtins/sprintf-chk.c execution, -O2 -flto -fuse-linker-plugin -fno-fat-lto-objects
FAIL: gcc.c-torture/execute/builtins/stpcpy-chk.c compilation, -O2 -flto -fuse-linker-plugin -fno-fat-lto-objects
UNRESOLVED: gcc.c-torture/execute/builtins/stpcpy-chk.c execution, -O2 -flto -fuse-linker-plugin -fno-fat-lto-objects
FAIL: gcc.c-torture/execute/builtins/stpncpy-chk.c compilation, -O2 -flto -fuse-linker-plugin -fno-fat-lto-objects
UNRESOLVED: gcc.c-torture/execute/builtins/stpncpy-chk.c execution, -O2 -flto -fuse-linker-plugin -fno-fat-lto-objects
FAIL: gcc.c-torture/execute/builtins/strcat-chk.c compilation, -O2 -flto -fuse-linker-plugin -fno-fat-lto-objects
UNRESOLVED: gcc.c-torture/execute/builtins/strcat-chk.c execution, -O2 -flto -fuse-linker-plugin -fno-fat-lto-objects
FAIL: gcc.c-torture/execute/builtins/strcpy-chk.c compilation, -O2 -flto -fuse-linker-plugin -fno-fat-lto-objects
UNRESOLVED: gcc.c-torture/execute/builtins/strcpy-chk.c execution, -O2 -flto -fuse-linker-plugin -fno-fat-lto-objects
FAIL: gcc.c-torture/execute/builtins/strlen-2.c compilation, -O2 -flto -fuse-linker-plugin -fno-fat-lto-objects
UNRESOLVED: gcc.c-torture/execute/builtins/strlen-2.c execution, -O2 -flto -fuse-linker-plugin -fno-fat-lto-objects
FAIL: gcc.c-torture/execute/builtins/strlen-3.c compilation, -O2 -flto -fuse-linker-plugin -fno-fat-lto-objects
UNRESOLVED: gcc.c-torture/execute/builtins/strlen-3.c execution, -O2 -flto -fuse-linker-plugin -fno-fat-lto-objects
FAIL: gcc.c-torture/execute/builtins/strlen.c compilation, -O2 -flto -fuse-linker-plugin -fno-fat-lto-objects
UNRESOLVED: gcc.c-torture/execute/builtins/strlen.c execution, -O2 -flto -fuse-linker-plugin -fno-fat-lto-objects
FAIL: gcc.c-torture/execute/builtins/strncat-chk.c compilation, -O2 -flto -fuse-linker-plugin -fno-fat-lto-objects
UNRESOLVED: gcc.c-torture/execute/builtins/strncat-chk.c execution, -O2 -flto -fuse-linker-plugin -fno-fat-lto-objects
FAIL: gcc.c-torture/execute/builtins/strncpy-chk.c compilation, -O2 -flto -fuse-linker-plugin -fno-fat-lto-objects
UNRESOLVED: gcc.c-torture/execute/builtins/strncpy-chk.c execution, -O2 -flto -fuse-linker-plugin -fno-fat-lto-objects
FAIL: gcc.c-torture/execute/builtins/vsnprintf-chk.c compilation, -O2 -flto -fuse-linker-plugin -fno-fat-lto-objects
UNRESOLVED: gcc.c-torture/execute/builtins/vsnprintf-chk.c execution, -O2 -flto -fuse-linker-plugin -fno-fat-lto-objects
FAIL: gcc.c-torture/execute/builtins/vsprintf-chk.c compilation, -O2 -flto -fuse-linker-plugin -fno-fat-lto-objects
UNRESOLVED: gcc.c-torture/execute/builtins/vsprintf-chk.c execution, -O2 -flto -fuse-linker-plugin -fno-fat-lto-objects
FAIL: gcc.c-torture/execute/930921-1.c execution, -O0
FAIL: gcc.c-torture/execute/930921-1.c execution, -O1
FAIL: gcc.c-torture/execute/pr51581-1.c execution, -O0
FAIL: gcc.c-torture/execute/pr51581-1.c execution, -O1
FAIL: gcc.c-torture/execute/pr51581-1.c execution, -O2
FAIL: gcc.c-torture/execute/pr51581-1.c execution, -O3 -fomit-frame-pointer
FAIL: gcc.c-torture/execute/pr51581-1.c execution, -O3 -fomit-frame-pointer -funroll-loops
FAIL: gcc.c-torture/execute/pr51581-1.c execution, -O3 -fomit-frame-pointer -funroll-all-loops -finline-functions
FAIL: gcc.c-torture/execute/pr51581-1.c execution, -O3 -g
FAIL: gcc.c-torture/execute/pr51581-1.c execution, -Os
FAIL: gcc.c-torture/execute/pr51581-1.c execution, -O2 -flto -fno-use-linker-plugin -flto-partition=none
FAIL: gcc.c-torture/execute/pr51581-1.c execution, -O2 -flto -fuse-linker-plugin -fno-fat-lto-objects
FAIL: gcc.c-torture/execute/pr51581-2.c execution, -O0
FAIL: gcc.c-torture/execute/pr51581-2.c execution, -O1
FAIL: gcc.c-torture/execute/pr51581-2.c execution, -O2
FAIL: gcc.c-torture/execute/pr51581-2.c execution, -O3 -fomit-frame-pointer
FAIL: gcc.c-torture/execute/pr51581-2.c execution, -O3 -fomit-frame-pointer -funroll-loops
FAIL: gcc.c-torture/execute/pr51581-2.c execution, -O3 -fomit-frame-pointer -funroll-all-loops -finline-functions
FAIL: gcc.c-torture/execute/pr51581-2.c execution, -O3 -g
FAIL: gcc.c-torture/execute/pr51581-2.c execution, -Os
FAIL: gcc.c-torture/execute/pr51581-2.c execution, -O2 -flto -fno-use-linker-plugin -flto-partition=none
FAIL: gcc.c-torture/execute/pr51581-2.c execution, -O2 -flto -fuse-linker-plugin -fno-fat-lto-objects
XPASS: gcc.dg/Wstrict-overflow-18.c (test for bogus messages, line 20)
FAIL: gcc.dg/attr-weakref-1.c (test for excess errors)
UNRESOLVED: gcc.dg/attr-weakref-1.c compilation failed to produce executable
FAIL: gcc.dg/pr28796-2.c execution test
FAIL: gcc.dg/pr46309.c scan-tree-dump-times reassoc1 "Optimizing range tests a_[0-9]*.D. -.1, 1. and -.2, 2. and -.3, 3. and -.4, 4.[\\n\\r]* into" 2
FAIL: gcc.dg/pr46309.c scan-tree-dump-times reassoc1 "Optimizing range tests a_[0-9]*.D. -.1, 1. and -.3, 3.[\\n\\r]* into" 1
FAIL: gcc.dg/pr46309.c scan-tree-dump-times reassoc1 "Optimizing range tests a_[0-9]*.D. -.1, 1. and -.2, 2.[\\n\\r]* into" 1
FAIL: gcc.dg/pr46309.c scan-tree-dump-times reassoc1 "Optimizing range tests a_[0-9]*.D. -.0, 31. and -.64, 95.[\\n\\r]* into" 2
FAIL: gcc.dg/pr46309.c scan-tree-dump-times reassoc1 "Optimizing range tests a_[0-9]*.D. -.128, 159. and -.192, 223.[\\n\\r]* into" 1
FAIL: gcc.dg/pr46309.c scan-tree-dump-times reassoc2 "Optimizing range tests D.[0-9]*_[0-9]* -.0, 31. and -.128, 159.[\\n\\r]* into" 1
FAIL: gcc.dg/pr46647.c scan-tree-dump-not optimized "memset"
FAIL: gcc.dg/pr52139.c (internal compiler error)
FAIL: gcc.dg/pr52139.c (test for excess errors)
FAIL: gcc.dg/torture/pr37731-1.c -O1 execution test
FAIL: gcc.dg/torture/pr37731-1.c -O2 execution test
FAIL: gcc.dg/torture/pr37731-1.c -O3 -fomit-frame-pointer execution test
FAIL: gcc.dg/torture/pr37731-1.c -O3 -g execution test
FAIL: gcc.dg/torture/pr37731-1.c -Os execution test
FAIL: gcc.dg/torture/pr37731-1.c -O2 -flto -fno-use-linker-plugin -flto-partition=none execution test
FAIL: gcc.dg/torture/pr37731-2.c -O1 execution test
FAIL: gcc.dg/torture/pr37731-2.c -O2 execution test
FAIL: gcc.dg/torture/pr37731-2.c -O3 -fomit-frame-pointer execution test
FAIL: gcc.dg/torture/pr37731-2.c -O3 -g execution test
FAIL: gcc.dg/torture/pr37731-2.c -Os execution test
FAIL: gcc.dg/torture/pr37731-2.c -O2 -flto -fno-use-linker-plugin -flto-partition=none execution test
FAIL: gcc.dg/torture/pr49997.c -O3 -fomit-frame-pointer (test for excess errors)
FAIL: gcc.dg/torture/pr49997.c -O3 -fomit-frame-pointer -funroll-loops (test for excess errors)
FAIL: gcc.dg/torture/pr49997.c -O3 -fomit-frame-pointer -funroll-all-loops -finline-functions (test for excess errors)
FAIL: gcc.dg/torture/pr51106-2.c -O0 (internal compiler error)
FAIL: gcc.dg/torture/pr51106-2.c -O0 (test for excess errors)
FAIL: gcc.dg/torture/pr51106-2.c -O1 (internal compiler error)
FAIL: gcc.dg/torture/pr51106-2.c -O1 (test for excess errors)
FAIL: gcc.dg/torture/pr51106-2.c -O2 (internal compiler error)
FAIL: gcc.dg/torture/pr51106-2.c -O2 (test for excess errors)
FAIL: gcc.dg/torture/pr51106-2.c -O3 -fomit-frame-pointer (internal compiler error)
FAIL: gcc.dg/torture/pr51106-2.c -O3 -fomit-frame-pointer (test for excess errors)
FAIL: gcc.dg/torture/pr51106-2.c -O3 -g (internal compiler error)
FAIL: gcc.dg/torture/pr51106-2.c -O3 -g (test for excess errors)
FAIL: gcc.dg/torture/pr51106-2.c -Os (internal compiler error)
FAIL: gcc.dg/torture/pr51106-2.c -Os (test for excess errors)
FAIL: gcc.dg/torture/pr51106-2.c -O2 -flto -fno-use-linker-plugin -flto-partition=none (internal compiler error)
FAIL: gcc.dg/torture/pr51106-2.c -O2 -flto -fno-use-linker-plugin -flto-partition=none (test for excess errors)
FAIL: gcc.dg/torture/type-generic-1.c -O0 execution test
FAIL: gcc.dg/torture/type-generic-1.c -O1 execution test
FAIL: gcc.dg/torture/type-generic-1.c -O2 execution test
FAIL: gcc.dg/torture/type-generic-1.c -O3 -fomit-frame-pointer execution test
FAIL: gcc.dg/torture/type-generic-1.c -O3 -g execution test
FAIL: gcc.dg/torture/type-generic-1.c -Os execution test
FAIL: gcc.dg/torture/type-generic-1.c -O2 -flto -fno-use-linker-plugin -flto-partition=none execution test
FAIL: gcc.dg/torture/type-generic-1.c -O2 -flto -fuse-linker-plugin -fno-fat-lto-objects execution test
FAIL: gcc.dg/tree-ssa/ssa-dom-thread-4.c scan-tree-dump-times dom1 "Threaded" 3
FAIL: gcc.dg/tree-ssa/vrp47.c scan-tree-dump-times vrp1 "[xy][^ ]* !=" 0
FAIL: gcc.dg/tree-ssa/vrp47.c scan-tree-dump-times dom2 "x[^ ]* & y" 1
FAIL: gcc.dg/tree-ssa/vrp47.c scan-tree-dump-times vrp1 "x[^ ]* [|] y" 1
FAIL: gcc.target/m68k/20090709-1.c scan-assembler-times .LC0 3
=== gcc Summary ===
# of expected passes 71984
# of unexpected failures 98
# of unexpected successes 1
# of expected failures 103
# of unresolved testcases 23
# of unsupported tests 1497
/scratch/gcc/nightly-2012-07-22-mainline/coldfire-elf/obj/test-mainline-0-m68k-elf/host-i686-pc-linux-gnu/fsf-mainline/bin/m68k-elf-gcc version 4.8.0 20120722 (experimental) (GCC)
=== Summary adjusted for local xfails ===
# of unexpected failures 98
# of expected passes 71984
# of unexpected successes 1
# of expected failures 103
# of unresolved testcases 23
# of unsupported tests 1497
Host is i686-pc-linux-gnu
=== libstdc++ tests ===
Running target qemu-coldfire-elf-prebuilt-fsf/-mcpu=5208
ERROR: tcl error sourcing /scratch/gcc/nightly-2012-07-22-mainline/src/gcc-mainline/libstdc++-v3/testsuite/libstdc++-abi/abi.exp.
ERROR: can't read "baseline_subdir_switch": no such variable
WARNING: program timed out.
FAIL: 20_util/hash/chi2_quality.cc execution test
WARNING: program timed out.
FAIL: 20_util/hash/quality.cc execution test
FAIL: 22_locale/collate/transform/wchar_t/28277.cc execution test
FAIL: 23_containers/vector/profile/vector.cc execution test
FAIL: 26_numerics/random/mt19937_64.cc execution test
FAIL: 27_io/basic_filebuf/sgetn/char/1-in.cc execution test
FAIL: 27_io/basic_filebuf/sgetn/char/1-io.cc execution test
FAIL: 27_io/basic_filebuf/sgetn/char/2-in.cc execution test
FAIL: 27_io/basic_filebuf/sgetn/char/2-io.cc execution test
FAIL: 27_io/basic_filebuf/underflow/wchar_t/11603.cc execution test
FAIL: 27_io/basic_istream/extractors_arithmetic/char/12.cc execution test
FAIL: 27_io/basic_istream/extractors_arithmetic/wchar_t/12.cc execution test
FAIL: 27_io/basic_istream/readsome/char/6746-2.cc execution test
FAIL: 27_io/basic_istream/readsome/wchar_t/6746-2.cc execution test
FAIL: 27_io/basic_stringbuf/overflow/wchar_t/1.cc execution test
XPASS: 27_io/ios_base/sync_with_stdio/1.cc execution test
FAIL: 27_io/objects/char/6.cc execution test
FAIL: 27_io/objects/wchar_t/6.cc execution test
FAIL: 29_atomics/atomic/cons/user_pod.cc (test for excess errors)
FAIL: 29_atomics/atomic/operators/integral_assignment.cc (test for excess errors)
UNRESOLVED: 29_atomics/atomic/operators/integral_assignment.cc compilation failed to produce executable
FAIL: 29_atomics/atomic/operators/integral_conversion.cc (test for excess errors)
UNRESOLVED: 29_atomics/atomic/operators/integral_conversion.cc compilation failed to produce executable
FAIL: 29_atomics/atomic_integral/operators/integral_assignment.cc (test for excess errors)
UNRESOLVED: 29_atomics/atomic_integral/operators/integral_assignment.cc compilation failed to produce executable
FAIL: 29_atomics/atomic_integral/operators/integral_conversion.cc (test for excess errors)
UNRESOLVED: 29_atomics/atomic_integral/operators/integral_conversion.cc compilation failed to produce executable
FAIL: backward/hash_map/1.cc execution test
FAIL: tr2/headers/all.cc (test for excess errors)
=== libstdc++ Summary ===
# of expected passes 7294
# of unexpected failures 24
# of unexpected successes 1
# of expected failures 42
# of unresolved testcases 4
# of unsupported tests 604
=== Summary adjusted for local xfails ===
# of errors 2
# of unexpected failures 24
# of expected passes 7294
# of unexpected successes 1
# of expected failures 42
# of unresolved testcases 4
# of unsupported tests 604
Host is i686-pc-linux-gnu
=== g++ tests ===
Running target qemu-coldfire-elf-prebuilt-fsf/-mcpu=5475
FAIL: g++.dg/eh/gcsec1.C -std=gnu++98 execution test
FAIL: g++.dg/eh/gcsec1.C -std=gnu++11 execution test
FAIL: g++.dg/lookup/builtin5.C -std=c++11 scan-assembler _ZSt5atanhd
FAIL: g++.dg/torture/pr47559.C -O3 -fomit-frame-pointer (test for excess errors)
FAIL: g++.dg/torture/pr47559.C -O3 -fomit-frame-pointer -funroll-loops (test for excess errors)
FAIL: g++.dg/torture/pr47559.C -O3 -fomit-frame-pointer -funroll-all-loops -finline-functions (test for excess errors)
FAIL: g++.dg/torture/pr48271.C -O3 -fomit-frame-pointer (test for excess errors)
FAIL: g++.dg/torture/pr48271.C -O3 -fomit-frame-pointer -funroll-loops (test for excess errors)
FAIL: g++.dg/torture/pr48271.C -O3 -fomit-frame-pointer -funroll-all-loops -finline-functions (test for excess errors)
FAIL: g++.dg/torture/pr49394.C -O3 -fomit-frame-pointer (test for excess errors)
FAIL: g++.dg/torture/pr51903.C -O3 -fomit-frame-pointer (test for excess errors)
FAIL: g++.dg/torture/type-generic-1.C -O0 execution test
FAIL: g++.dg/torture/type-generic-1.C -O1 execution test
FAIL: g++.dg/torture/type-generic-1.C -O2 execution test
FAIL: g++.dg/torture/type-generic-1.C -O3 -fomit-frame-pointer execution test
FAIL: g++.dg/torture/type-generic-1.C -O3 -g execution test
FAIL: g++.dg/torture/type-generic-1.C -Os execution test
FAIL: g++.dg/torture/type-generic-1.C -O2 -flto -fno-use-linker-plugin -flto-partition=none execution test
FAIL: g++.dg/torture/type-generic-1.C -O2 -flto -fuse-linker-plugin -fno-fat-lto-objects execution test
=== g++ Summary ===
# of expected passes 45461
# of unexpected failures 19
# of expected failures 280
# of unsupported tests 839
/scratch/gcc/nightly-2012-07-22-mainline/coldfire-elf/obj/test-mainline-0-m68k-elf/host-i686-pc-linux-gnu/fsf-mainline/bin/m68k-elf-g++ version 4.8.0 20120722 (experimental) (GCC)
=== Summary adjusted for local xfails ===
# of unexpected failures 19
# of expected passes 45461
# of expected failures 280
# of unsupported tests 839
Host is i686-pc-linux-gnu
=== gcc tests ===
Running target qemu-coldfire-elf-prebuilt-fsf/-mcpu=5475
WARNING: program timed out.
FAIL: gcc.c-torture/compile/pr37669-2.c -O3 -g (test for excess errors)
FAIL: gcc.c-torture/execute/builtins/20010124-1.c compilation, -O2 -flto -fuse-linker-plugin -fno-fat-lto-objects
UNRESOLVED: gcc.c-torture/execute/builtins/20010124-1.c execution, -O2 -flto -fuse-linker-plugin -fno-fat-lto-objects
FAIL: gcc.c-torture/execute/builtins/memcpy-chk.c compilation, -O2 -flto -fuse-linker-plugin -fno-fat-lto-objects
UNRESOLVED: gcc.c-torture/execute/builtins/memcpy-chk.c execution, -O2 -flto -fuse-linker-plugin -fno-fat-lto-objects
FAIL: gcc.c-torture/execute/builtins/memmove-chk.c compilation, -O2 -flto -fuse-linker-plugin -fno-fat-lto-objects
UNRESOLVED: gcc.c-torture/execute/builtins/memmove-chk.c execution, -O2 -flto -fuse-linker-plugin -fno-fat-lto-objects
FAIL: gcc.c-torture/execute/builtins/memops-asm.c compilation, -O2 -flto -fuse-linker-plugin -fno-fat-lto-objects
UNRESOLVED: gcc.c-torture/execute/builtins/memops-asm.c execution, -O2 -flto -fuse-linker-plugin -fno-fat-lto-objects
FAIL: gcc.c-torture/execute/builtins/mempcpy-chk.c compilation, -O2 -flto -fuse-linker-plugin -fno-fat-lto-objects
UNRESOLVED: gcc.c-torture/execute/builtins/mempcpy-chk.c execution, -O2 -flto -fuse-linker-plugin -fno-fat-lto-objects
FAIL: gcc.c-torture/execute/builtins/memset-chk.c compilation, -O2 -flto -fuse-linker-plugin -fno-fat-lto-objects
UNRESOLVED: gcc.c-torture/execute/builtins/memset-chk.c execution, -O2 -flto -fuse-linker-plugin -fno-fat-lto-objects
FAIL: gcc.c-torture/execute/builtins/memset.c compilation, -O2 -flto -fuse-linker-plugin -fno-fat-lto-objects
UNRESOLVED: gcc.c-torture/execute/builtins/memset.c execution, -O2 -flto -fuse-linker-plugin -fno-fat-lto-objects
FAIL: gcc.c-torture/execute/builtins/pr22237.c compilation, -O2 -flto -fuse-linker-plugin -fno-fat-lto-objects
UNRESOLVED: gcc.c-torture/execute/builtins/pr22237.c execution, -O2 -flto -fuse-linker-plugin -fno-fat-lto-objects
FAIL: gcc.c-torture/execute/builtins/pr23484-chk.c compilation, -O2 -flto -fuse-linker-plugin -fno-fat-lto-objects
UNRESOLVED: gcc.c-torture/execute/builtins/pr23484-chk.c execution, -O2 -flto -fuse-linker-plugin -fno-fat-lto-objects
FAIL: gcc.c-torture/execute/builtins/snprintf-chk.c compilation, -O2 -flto -fuse-linker-plugin -fno-fat-lto-objects
UNRESOLVED: gcc.c-torture/execute/builtins/snprintf-chk.c execution, -O2 -flto -fuse-linker-plugin -fno-fat-lto-objects
FAIL: gcc.c-torture/execute/builtins/sprintf-chk.c compilation, -O2 -flto -fuse-linker-plugin -fno-fat-lto-objects
UNRESOLVED: gcc.c-torture/execute/builtins/sprintf-chk.c execution, -O2 -flto -fuse-linker-plugin -fno-fat-lto-objects
FAIL: gcc.c-torture/execute/builtins/stpcpy-chk.c compilation, -O2 -flto -fuse-linker-plugin -fno-fat-lto-objects
UNRESOLVED: gcc.c-torture/execute/builtins/stpcpy-chk.c execution, -O2 -flto -fuse-linker-plugin -fno-fat-lto-objects
FAIL: gcc.c-torture/execute/builtins/stpncpy-chk.c compilation, -O2 -flto -fuse-linker-plugin -fno-fat-lto-objects
UNRESOLVED: gcc.c-torture/execute/builtins/stpncpy-chk.c execution, -O2 -flto -fuse-linker-plugin -fno-fat-lto-objects
FAIL: gcc.c-torture/execute/builtins/strcat-chk.c compilation, -O2 -flto -fuse-linker-plugin -fno-fat-lto-objects
UNRESOLVED: gcc.c-torture/execute/builtins/strcat-chk.c execution, -O2 -flto -fuse-linker-plugin -fno-fat-lto-objects
FAIL: gcc.c-torture/execute/builtins/strcpy-chk.c compilation, -O2 -flto -fuse-linker-plugin -fno-fat-lto-objects
UNRESOLVED: gcc.c-torture/execute/builtins/strcpy-chk.c execution, -O2 -flto -fuse-linker-plugin -fno-fat-lto-objects
FAIL: gcc.c-torture/execute/builtins/strlen-2.c compilation, -O2 -flto -fuse-linker-plugin -fno-fat-lto-objects
UNRESOLVED: gcc.c-torture/execute/builtins/strlen-2.c execution, -O2 -flto -fuse-linker-plugin -fno-fat-lto-objects
FAIL: gcc.c-torture/execute/builtins/strlen-3.c compilation, -O2 -flto -fuse-linker-plugin -fno-fat-lto-objects
UNRESOLVED: gcc.c-torture/execute/builtins/strlen-3.c execution, -O2 -flto -fuse-linker-plugin -fno-fat-lto-objects
FAIL: gcc.c-torture/execute/builtins/strlen.c compilation, -O2 -flto -fuse-linker-plugin -fno-fat-lto-objects
UNRESOLVED: gcc.c-torture/execute/builtins/strlen.c execution, -O2 -flto -fuse-linker-plugin -fno-fat-lto-objects
FAIL: gcc.c-torture/execute/builtins/strncat-chk.c compilation, -O2 -flto -fuse-linker-plugin -fno-fat-lto-objects
UNRESOLVED: gcc.c-torture/execute/builtins/strncat-chk.c execution, -O2 -flto -fuse-linker-plugin -fno-fat-lto-objects
FAIL: gcc.c-torture/execute/builtins/strncpy-chk.c compilation, -O2 -flto -fuse-linker-plugin -fno-fat-lto-objects
UNRESOLVED: gcc.c-torture/execute/builtins/strncpy-chk.c execution, -O2 -flto -fuse-linker-plugin -fno-fat-lto-objects
FAIL: gcc.c-torture/execute/builtins/vsnprintf-chk.c compilation, -O2 -flto -fuse-linker-plugin -fno-fat-lto-objects
UNRESOLVED: gcc.c-torture/execute/builtins/vsnprintf-chk.c execution, -O2 -flto -fuse-linker-plugin -fno-fat-lto-objects
FAIL: gcc.c-torture/execute/builtins/vsprintf-chk.c compilation, -O2 -flto -fuse-linker-plugin -fno-fat-lto-objects
UNRESOLVED: gcc.c-torture/execute/builtins/vsprintf-chk.c execution, -O2 -flto -fuse-linker-plugin -fno-fat-lto-objects
FAIL: gcc.c-torture/execute/930921-1.c execution, -O0
FAIL: gcc.c-torture/execute/930921-1.c execution, -O1
FAIL: gcc.c-torture/execute/pr28982b.c compilation, -O1 (internal compiler error)
UNRESOLVED: gcc.c-torture/execute/pr28982b.c execution, -O1
FAIL: gcc.c-torture/execute/pr28982b.c compilation, -O2 (internal compiler error)
UNRESOLVED: gcc.c-torture/execute/pr28982b.c execution, -O2
FAIL: gcc.c-torture/execute/pr28982b.c compilation, -O3 -fomit-frame-pointer (internal compiler error)
UNRESOLVED: gcc.c-torture/execute/pr28982b.c execution, -O3 -fomit-frame-pointer
FAIL: gcc.c-torture/execute/pr28982b.c compilation, -O3 -fomit-frame-pointer -funroll-loops (internal compiler error)
UNRESOLVED: gcc.c-torture/execute/pr28982b.c execution, -O3 -fomit-frame-pointer -funroll-loops
FAIL: gcc.c-torture/execute/pr28982b.c compilation, -O3 -fomit-frame-pointer -funroll-all-loops -finline-functions (internal compiler error)
UNRESOLVED: gcc.c-torture/execute/pr28982b.c execution, -O3 -fomit-frame-pointer -funroll-all-loops -finline-functions
FAIL: gcc.c-torture/execute/pr28982b.c compilation, -O3 -g (internal compiler error)
UNRESOLVED: gcc.c-torture/execute/pr28982b.c execution, -O3 -g
FAIL: gcc.c-torture/execute/pr28982b.c compilation, -Os (internal compiler error)
UNRESOLVED: gcc.c-torture/execute/pr28982b.c execution, -Os
FAIL: gcc.c-torture/execute/pr28982b.c compilation, -O2 -flto -fno-use-linker-plugin -flto-partition=none (internal compiler error)
UNRESOLVED: gcc.c-torture/execute/pr28982b.c execution, -O2 -flto -fno-use-linker-plugin -flto-partition=none
FAIL: gcc.c-torture/execute/pr28982b.c compilation, -O2 -flto -fuse-linker-plugin -fno-fat-lto-objects (internal compiler error)
UNRESOLVED: gcc.c-torture/execute/pr28982b.c execution, -O2 -flto -fuse-linker-plugin -fno-fat-lto-objects
FAIL: gcc.c-torture/execute/pr51581-1.c execution, -O0
FAIL: gcc.c-torture/execute/pr51581-1.c execution, -O1
FAIL: gcc.c-torture/execute/pr51581-1.c execution, -O2
FAIL: gcc.c-torture/execute/pr51581-1.c execution, -O3 -fomit-frame-pointer
FAIL: gcc.c-torture/execute/pr51581-1.c execution, -O3 -fomit-frame-pointer -funroll-loops
FAIL: gcc.c-torture/execute/pr51581-1.c execution, -O3 -fomit-frame-pointer -funroll-all-loops -finline-functions
FAIL: gcc.c-torture/execute/pr51581-1.c execution, -O3 -g
FAIL: gcc.c-torture/execute/pr51581-1.c execution, -Os
FAIL: gcc.c-torture/execute/pr51581-1.c execution, -O2 -flto -fno-use-linker-plugin -flto-partition=none
FAIL: gcc.c-torture/execute/pr51581-1.c execution, -O2 -flto -fuse-linker-plugin -fno-fat-lto-objects
FAIL: gcc.c-torture/execute/pr51581-2.c execution, -O0
FAIL: gcc.c-torture/execute/pr51581-2.c execution, -O1
FAIL: gcc.c-torture/execute/pr51581-2.c execution, -O2
FAIL: gcc.c-torture/execute/pr51581-2.c execution, -O3 -fomit-frame-pointer
FAIL: gcc.c-torture/execute/pr51581-2.c execution, -O3 -fomit-frame-pointer -funroll-loops
FAIL: gcc.c-torture/execute/pr51581-2.c execution, -O3 -fomit-frame-pointer -funroll-all-loops -finline-functions
FAIL: gcc.c-torture/execute/pr51581-2.c execution, -O3 -g
FAIL: gcc.c-torture/execute/pr51581-2.c execution, -Os
FAIL: gcc.c-torture/execute/pr51581-2.c execution, -O2 -flto -fno-use-linker-plugin -flto-partition=none
FAIL: gcc.c-torture/execute/pr51581-2.c execution, -O2 -flto -fuse-linker-plugin -fno-fat-lto-objects
XPASS: gcc.c-torture/execute/ieee/20000320-1.c execution, -O0
XPASS: gcc.c-torture/execute/ieee/20000320-1.c execution, -O1
XPASS: gcc.c-torture/execute/ieee/20000320-1.c execution, -O2
XPASS: gcc.c-torture/execute/ieee/20000320-1.c execution, -O3 -fomit-frame-pointer
XPASS: gcc.c-torture/execute/ieee/20000320-1.c execution, -O3 -g
XPASS: gcc.c-torture/execute/ieee/20000320-1.c execution, -Os
XPASS: gcc.c-torture/execute/ieee/20000320-1.c execution, -O2 -flto -fno-use-linker-plugin -flto-partition=none
XPASS: gcc.c-torture/execute/ieee/20000320-1.c execution, -O2 -flto -fuse-linker-plugin -fno-fat-lto-objects
FAIL: gcc.c-torture/execute/ieee/compare-fp-1.c execution, -O0
FAIL: gcc.c-torture/execute/ieee/compare-fp-1.c execution, -O1
FAIL: gcc.c-torture/execute/ieee/compare-fp-1.c execution, -O2
FAIL: gcc.c-torture/execute/ieee/compare-fp-1.c execution, -O3 -fomit-frame-pointer
FAIL: gcc.c-torture/execute/ieee/compare-fp-1.c execution, -O3 -g
FAIL: gcc.c-torture/execute/ieee/compare-fp-1.c execution, -Os
FAIL: gcc.c-torture/execute/ieee/compare-fp-1.c execution, -O2 -flto -fno-use-linker-plugin -flto-partition=none
FAIL: gcc.c-torture/execute/ieee/compare-fp-1.c execution, -O2 -flto -fuse-linker-plugin -fno-fat-lto-objects
FAIL: gcc.c-torture/execute/ieee/compare-fp-4.c execution, -O0
FAIL: gcc.c-torture/execute/ieee/fp-cmp-4.c execution, -O0
FAIL: gcc.c-torture/execute/ieee/fp-cmp-4.c execution, -O1
FAIL: gcc.c-torture/execute/ieee/fp-cmp-4.c execution, -O2
FAIL: gcc.c-torture/execute/ieee/fp-cmp-4.c execution, -O3 -fomit-frame-pointer
FAIL: gcc.c-torture/execute/ieee/fp-cmp-4.c execution, -O3 -fomit-frame-pointer -funroll-loops
FAIL: gcc.c-torture/execute/ieee/fp-cmp-4.c execution, -O3 -fomit-frame-pointer -funroll-all-loops -finline-functions
FAIL: gcc.c-torture/execute/ieee/fp-cmp-4.c execution, -O3 -g
FAIL: gcc.c-torture/execute/ieee/fp-cmp-4.c execution, -Os
FAIL: gcc.c-torture/execute/ieee/fp-cmp-4.c execution, -O2 -flto -fno-use-linker-plugin -flto-partition=none
FAIL: gcc.c-torture/execute/ieee/fp-cmp-4.c execution, -O2 -flto -fuse-linker-plugin -fno-fat-lto-objects
FAIL: gcc.c-torture/execute/ieee/fp-cmp-4f.c execution, -O0
FAIL: gcc.c-torture/execute/ieee/fp-cmp-4f.c execution, -O1
FAIL: gcc.c-torture/execute/ieee/fp-cmp-4f.c execution, -O2
FAIL: gcc.c-torture/execute/ieee/fp-cmp-4f.c execution, -O3 -fomit-frame-pointer
FAIL: gcc.c-torture/execute/ieee/fp-cmp-4f.c execution, -O3 -g
FAIL: gcc.c-torture/execute/ieee/fp-cmp-4f.c execution, -Os
FAIL: gcc.c-torture/execute/ieee/fp-cmp-4f.c execution, -O2 -flto -fno-use-linker-plugin -flto-partition=none
FAIL: gcc.c-torture/execute/ieee/fp-cmp-4f.c execution, -O2 -flto -fuse-linker-plugin -fno-fat-lto-objects
FAIL: gcc.c-torture/execute/ieee/fp-cmp-4l.c execution, -O0
FAIL: gcc.c-torture/execute/ieee/fp-cmp-4l.c execution, -O1
FAIL: gcc.c-torture/execute/ieee/fp-cmp-4l.c execution, -O2
FAIL: gcc.c-torture/execute/ieee/fp-cmp-4l.c execution, -O3 -fomit-frame-pointer
FAIL: gcc.c-torture/execute/ieee/fp-cmp-4l.c execution, -O3 -g
FAIL: gcc.c-torture/execute/ieee/fp-cmp-4l.c execution, -Os
FAIL: gcc.c-torture/execute/ieee/fp-cmp-4l.c execution, -O2 -flto -fno-use-linker-plugin -flto-partition=none
FAIL: gcc.c-torture/execute/ieee/fp-cmp-4l.c execution, -O2 -flto -fuse-linker-plugin -fno-fat-lto-objects
FAIL: gcc.c-torture/execute/ieee/fp-cmp-5.c execution, -O0
FAIL: gcc.c-torture/execute/ieee/fp-cmp-5.c execution, -O1
FAIL: gcc.c-torture/execute/ieee/fp-cmp-5.c execution, -O2
FAIL: gcc.c-torture/execute/ieee/fp-cmp-5.c execution, -O3 -fomit-frame-pointer
FAIL: gcc.c-torture/execute/ieee/fp-cmp-5.c execution, -O3 -fomit-frame-pointer -funroll-loops
FAIL: gcc.c-torture/execute/ieee/fp-cmp-5.c execution, -O3 -fomit-frame-pointer -funroll-all-loops -finline-functions
FAIL: gcc.c-torture/execute/ieee/fp-cmp-5.c execution, -O3 -g
FAIL: gcc.c-torture/execute/ieee/fp-cmp-5.c execution, -Os
FAIL: gcc.c-torture/execute/ieee/fp-cmp-5.c execution, -O2 -flto -fno-use-linker-plugin -flto-partition=none
FAIL: gcc.c-torture/execute/ieee/fp-cmp-5.c execution, -O2 -flto -fuse-linker-plugin -fno-fat-lto-objects
FAIL: gcc.c-torture/execute/ieee/fp-cmp-8.c execution, -O0
FAIL: gcc.c-torture/execute/ieee/fp-cmp-8.c execution, -O1
FAIL: gcc.c-torture/execute/ieee/fp-cmp-8.c execution, -O2
FAIL: gcc.c-torture/execute/ieee/fp-cmp-8.c execution, -O3 -fomit-frame-pointer
FAIL: gcc.c-torture/execute/ieee/fp-cmp-8.c execution, -O3 -fomit-frame-pointer -funroll-loops
FAIL: gcc.c-torture/execute/ieee/fp-cmp-8.c execution, -O3 -fomit-frame-pointer -funroll-all-loops -finline-functions
FAIL: gcc.c-torture/execute/ieee/fp-cmp-8.c execution, -O3 -g
FAIL: gcc.c-torture/execute/ieee/fp-cmp-8.c execution, -Os
FAIL: gcc.c-torture/execute/ieee/fp-cmp-8.c execution, -O2 -flto -fno-use-linker-plugin -flto-partition=none
FAIL: gcc.c-torture/execute/ieee/fp-cmp-8.c execution, -O2 -flto -fuse-linker-plugin -fno-fat-lto-objects
FAIL: gcc.c-torture/execute/ieee/fp-cmp-8f.c execution, -O0
FAIL: gcc.c-torture/execute/ieee/fp-cmp-8f.c execution, -O1
FAIL: gcc.c-torture/execute/ieee/fp-cmp-8f.c execution, -O2
FAIL: gcc.c-torture/execute/ieee/fp-cmp-8f.c execution, -O3 -fomit-frame-pointer
FAIL: gcc.c-torture/execute/ieee/fp-cmp-8f.c execution, -O3 -g
FAIL: gcc.c-torture/execute/ieee/fp-cmp-8f.c execution, -Os
FAIL: gcc.c-torture/execute/ieee/fp-cmp-8f.c execution, -O2 -flto -fno-use-linker-plugin -flto-partition=none
FAIL: gcc.c-torture/execute/ieee/fp-cmp-8f.c execution, -O2 -flto -fuse-linker-plugin -fno-fat-lto-objects
FAIL: gcc.c-torture/execute/ieee/fp-cmp-8l.c execution, -O0
FAIL: gcc.c-torture/execute/ieee/fp-cmp-8l.c execution, -O1
FAIL: gcc.c-torture/execute/ieee/fp-cmp-8l.c execution, -O2
FAIL: gcc.c-torture/execute/ieee/fp-cmp-8l.c execution, -O3 -fomit-frame-pointer
FAIL: gcc.c-torture/execute/ieee/fp-cmp-8l.c execution, -O3 -g
FAIL: gcc.c-torture/execute/ieee/fp-cmp-8l.c execution, -Os
FAIL: gcc.c-torture/execute/ieee/fp-cmp-8l.c execution, -O2 -flto -fno-use-linker-plugin -flto-partition=none
FAIL: gcc.c-torture/execute/ieee/fp-cmp-8l.c execution, -O2 -flto -fuse-linker-plugin -fno-fat-lto-objects
XPASS: gcc.c-torture/execute/ieee/mul-subnormal-single-1.c execution, -O0
XPASS: gcc.c-torture/execute/ieee/mul-subnormal-single-1.c execution, -O1
XPASS: gcc.c-torture/execute/ieee/mul-subnormal-single-1.c execution, -O2
XPASS: gcc.c-torture/execute/ieee/mul-subnormal-single-1.c execution, -O3 -fomit-frame-pointer
XPASS: gcc.c-torture/execute/ieee/mul-subnormal-single-1.c execution, -O3 -fomit-frame-pointer -funroll-loops
XPASS: gcc.c-torture/execute/ieee/mul-subnormal-single-1.c execution, -O3 -fomit-frame-pointer -funroll-all-loops -finline-functions
XPASS: gcc.c-torture/execute/ieee/mul-subnormal-single-1.c execution, -O3 -g
XPASS: gcc.c-torture/execute/ieee/mul-subnormal-single-1.c execution, -Os
XPASS: gcc.c-torture/execute/ieee/mul-subnormal-single-1.c execution, -O2 -flto -fno-use-linker-plugin -flto-partition=none
XPASS: gcc.c-torture/execute/ieee/mul-subnormal-single-1.c execution, -O2 -flto -fuse-linker-plugin -fno-fat-lto-objects
FAIL: gcc.c-torture/execute/ieee/pr38016.c execution, -O0
FAIL: gcc.c-torture/execute/ieee/pr38016.c execution, -O1
FAIL: gcc.c-torture/execute/ieee/pr38016.c execution, -O2
FAIL: gcc.c-torture/execute/ieee/pr38016.c execution, -O3 -fomit-frame-pointer
FAIL: gcc.c-torture/execute/ieee/pr38016.c execution, -O3 -g
FAIL: gcc.c-torture/execute/ieee/pr38016.c execution, -Os
FAIL: gcc.c-torture/execute/ieee/pr38016.c execution, -O2 -flto -fno-use-linker-plugin -flto-partition=none
FAIL: gcc.c-torture/execute/ieee/pr38016.c execution, -O2 -flto -fuse-linker-plugin -fno-fat-lto-objects
FAIL: gcc.c-torture/execute/ieee/pr50310.c execution, -O0
FAIL: gcc.c-torture/execute/ieee/pr50310.c execution, -O1
FAIL: gcc.c-torture/execute/ieee/pr50310.c execution, -O2
FAIL: gcc.c-torture/execute/ieee/pr50310.c execution, -O3 -fomit-frame-pointer
FAIL: gcc.c-torture/execute/ieee/pr50310.c execution, -O3 -fomit-frame-pointer -funroll-loops
FAIL: gcc.c-torture/execute/ieee/pr50310.c execution, -O3 -fomit-frame-pointer -funroll-all-loops -finline-functions
FAIL: gcc.c-torture/execute/ieee/pr50310.c execution, -O3 -g
FAIL: gcc.c-torture/execute/ieee/pr50310.c execution, -Os
FAIL: gcc.c-torture/execute/ieee/pr50310.c execution, -O2 -flto -fno-use-linker-plugin -flto-partition=none
FAIL: gcc.c-torture/execute/ieee/pr50310.c execution, -O2 -flto -fuse-linker-plugin -fno-fat-lto-objects
XPASS: gcc.dg/Wstrict-overflow-18.c (test for bogus messages, line 20)
FAIL: gcc.dg/attr-weakref-1.c (test for excess errors)
UNRESOLVED: gcc.dg/attr-weakref-1.c compilation failed to produce executable
FAIL: gcc.dg/pr28796-2.c execution test
FAIL: gcc.dg/pr46309.c scan-tree-dump-times reassoc1 "Optimizing range tests a_[0-9]*.D. -.1, 1. and -.2, 2. and -.3, 3. and -.4, 4.[\\n\\r]* into" 2
FAIL: gcc.dg/pr46309.c scan-tree-dump-times reassoc1 "Optimizing range tests a_[0-9]*.D. -.1, 1. and -.3, 3.[\\n\\r]* into" 1
FAIL: gcc.dg/pr46309.c scan-tree-dump-times reassoc1 "Optimizing range tests a_[0-9]*.D. -.1, 1. and -.2, 2.[\\n\\r]* into" 1
FAIL: gcc.dg/pr46309.c scan-tree-dump-times reassoc1 "Optimizing range tests a_[0-9]*.D. -.0, 31. and -.64, 95.[\\n\\r]* into" 2
FAIL: gcc.dg/pr46309.c scan-tree-dump-times reassoc1 "Optimizing range tests a_[0-9]*.D. -.128, 159. and -.192, 223.[\\n\\r]* into" 1
FAIL: gcc.dg/pr46309.c scan-tree-dump-times reassoc2 "Optimizing range tests D.[0-9]*_[0-9]* -.0, 31. and -.128, 159.[\\n\\r]* into" 1
FAIL: gcc.dg/pr46647.c scan-tree-dump-not optimized "memset"
FAIL: gcc.dg/pr52139.c (internal compiler error)
FAIL: gcc.dg/pr52139.c (test for excess errors)
FAIL: gcc.dg/torture/builtin-complex-1.c -O0 execution test
FAIL: gcc.dg/torture/builtin-complex-1.c -O1 execution test
FAIL: gcc.dg/torture/builtin-complex-1.c -O2 execution test
FAIL: gcc.dg/torture/builtin-complex-1.c -Os execution test
FAIL: gcc.dg/torture/builtin-complex-1.c -O2 -flto -fno-use-linker-plugin -flto-partition=none execution test
FAIL: gcc.dg/torture/builtin-complex-1.c -O2 -flto -fuse-linker-plugin -fno-fat-lto-objects execution test
FAIL: gcc.dg/torture/pr37731-1.c -O1 execution test
FAIL: gcc.dg/torture/pr37731-1.c -O2 execution test
FAIL: gcc.dg/torture/pr37731-1.c -O3 -fomit-frame-pointer execution test
FAIL: gcc.dg/torture/pr37731-1.c -O3 -g execution test
FAIL: gcc.dg/torture/pr37731-1.c -Os execution test
FAIL: gcc.dg/torture/pr37731-1.c -O2 -flto -fno-use-linker-plugin -flto-partition=none execution test
FAIL: gcc.dg/torture/pr37731-2.c -O1 execution test
FAIL: gcc.dg/torture/pr37731-2.c -O2 execution test
FAIL: gcc.dg/torture/pr37731-2.c -O3 -fomit-frame-pointer execution test
FAIL: gcc.dg/torture/pr37731-2.c -O3 -g execution test
FAIL: gcc.dg/torture/pr37731-2.c -Os execution test
FAIL: gcc.dg/torture/pr37731-2.c -O2 -flto -fno-use-linker-plugin -flto-partition=none execution test
FAIL: gcc.dg/torture/pr49997.c -O3 -fomit-frame-pointer (test for excess errors)
FAIL: gcc.dg/torture/pr49997.c -O3 -fomit-frame-pointer -funroll-loops (test for excess errors)
FAIL: gcc.dg/torture/pr49997.c -O3 -fomit-frame-pointer -funroll-all-loops -finline-functions (test for excess errors)
FAIL: gcc.dg/torture/pr51106-2.c -O0 (internal compiler error)
FAIL: gcc.dg/torture/pr51106-2.c -O0 (test for excess errors)
FAIL: gcc.dg/torture/pr51106-2.c -O1 (internal compiler error)
FAIL: gcc.dg/torture/pr51106-2.c -O1 (test for excess errors)
FAIL: gcc.dg/torture/pr51106-2.c -O2 (internal compiler error)
FAIL: gcc.dg/torture/pr51106-2.c -O2 (test for excess errors)
FAIL: gcc.dg/torture/pr51106-2.c -O3 -fomit-frame-pointer (internal compiler error)
FAIL: gcc.dg/torture/pr51106-2.c -O3 -fomit-frame-pointer (test for excess errors)
FAIL: gcc.dg/torture/pr51106-2.c -O3 -g (internal compiler error)
FAIL: gcc.dg/torture/pr51106-2.c -O3 -g (test for excess errors)
FAIL: gcc.dg/torture/pr51106-2.c -Os (internal compiler error)
FAIL: gcc.dg/torture/pr51106-2.c -Os (test for excess errors)
FAIL: gcc.dg/torture/pr51106-2.c -O2 -flto -fno-use-linker-plugin -flto-partition=none (internal compiler error)
FAIL: gcc.dg/torture/pr51106-2.c -O2 -flto -fno-use-linker-plugin -flto-partition=none (test for excess errors)
FAIL: gcc.dg/torture/type-generic-1.c -O0 execution test
FAIL: gcc.dg/torture/type-generic-1.c -O1 execution test
FAIL: gcc.dg/torture/type-generic-1.c -O2 execution test
FAIL: gcc.dg/torture/type-generic-1.c -O3 -fomit-frame-pointer execution test
FAIL: gcc.dg/torture/type-generic-1.c -O3 -g execution test
FAIL: gcc.dg/torture/type-generic-1.c -Os execution test
FAIL: gcc.dg/torture/type-generic-1.c -O2 -flto -fno-use-linker-plugin -flto-partition=none execution test
FAIL: gcc.dg/torture/type-generic-1.c -O2 -flto -fuse-linker-plugin -fno-fat-lto-objects execution test
FAIL: gcc.dg/tree-ssa/ssa-dom-thread-4.c scan-tree-dump-times dom1 "Threaded" 3
FAIL: gcc.dg/tree-ssa/vrp47.c scan-tree-dump-times vrp1 "[xy][^ ]* !=" 0
FAIL: gcc.dg/tree-ssa/vrp47.c scan-tree-dump-times dom2 "x[^ ]* & y" 1
FAIL: gcc.dg/tree-ssa/vrp47.c scan-tree-dump-times vrp1 "x[^ ]* [|] y" 1
FAIL: gcc.target/m68k/20090709-1.c scan-assembler-times .LC0 3
=== gcc Summary ===
# of expected passes 71854
# of unexpected failures 202
# of unexpected successes 19
# of expected failures 104
# of unresolved testcases 32
# of unsupported tests 1496
/scratch/gcc/nightly-2012-07-22-mainline/coldfire-elf/obj/test-mainline-0-m68k-elf/host-i686-pc-linux-gnu/fsf-mainline/bin/m68k-elf-gcc version 4.8.0 20120722 (experimental) (GCC)
=== Summary adjusted for local xfails ===
# of unexpected failures 202
# of expected passes 71854
# of unexpected successes 19
# of expected failures 104
# of unresolved testcases 32
# of unsupported tests 1496
Host is i686-pc-linux-gnu
=== libstdc++ tests ===
Running target qemu-coldfire-elf-prebuilt-fsf/-mcpu=5475
ERROR: tcl error sourcing /scratch/gcc/nightly-2012-07-22-mainline/src/gcc-mainline/libstdc++-v3/testsuite/libstdc++-abi/abi.exp.
ERROR: can't read "baseline_subdir_switch": no such variable
WARNING: program timed out.
FAIL: 20_util/hash/chi2_quality.cc execution test
WARNING: program timed out.
FAIL: 20_util/hash/quality.cc execution test
FAIL: 22_locale/collate/transform/wchar_t/28277.cc execution test
FAIL: 23_containers/vector/profile/vector.cc execution test
FAIL: 26_numerics/random/mt19937_64.cc execution test
FAIL: 27_io/basic_filebuf/sgetn/char/1-in.cc execution test
FAIL: 27_io/basic_filebuf/sgetn/char/1-io.cc execution test
FAIL: 27_io/basic_filebuf/sgetn/char/2-in.cc execution test
FAIL: 27_io/basic_filebuf/sgetn/char/2-io.cc execution test
FAIL: 27_io/basic_filebuf/underflow/wchar_t/11603.cc execution test
FAIL: 27_io/basic_istream/readsome/char/6746-2.cc execution test
FAIL: 27_io/basic_istream/readsome/wchar_t/6746-2.cc execution test
FAIL: 27_io/basic_stringbuf/overflow/wchar_t/1.cc execution test
XPASS: 27_io/ios_base/sync_with_stdio/1.cc execution test
FAIL: 27_io/objects/char/6.cc execution test
FAIL: 27_io/objects/wchar_t/6.cc execution test
FAIL: 29_atomics/atomic/cons/user_pod.cc (test for excess errors)
FAIL: 29_atomics/atomic/operators/integral_assignment.cc (test for excess errors)
UNRESOLVED: 29_atomics/atomic/operators/integral_assignment.cc compilation failed to produce executable
FAIL: 29_atomics/atomic/operators/integral_conversion.cc (test for excess errors)
UNRESOLVED: 29_atomics/atomic/operators/integral_conversion.cc compilation failed to produce executable
FAIL: 29_atomics/atomic_integral/operators/integral_assignment.cc (test for excess errors)
UNRESOLVED: 29_atomics/atomic_integral/operators/integral_assignment.cc compilation failed to produce executable
FAIL: 29_atomics/atomic_integral/operators/integral_conversion.cc (test for excess errors)
UNRESOLVED: 29_atomics/atomic_integral/operators/integral_conversion.cc compilation failed to produce executable
FAIL: backward/hash_map/1.cc execution test
FAIL: tr2/headers/all.cc (test for excess errors)
=== libstdc++ Summary ===
# of expected passes 7230
# of unexpected failures 22
# of unexpected successes 1
# of expected failures 42
# of unresolved testcases 4
# of unsupported tests 644
=== Summary adjusted for local xfails ===
# of errors 2
# of unexpected failures 22
# of expected passes 7230
# of unexpected successes 1
# of expected failures 42
# of unresolved testcases 4
# of unsupported tests 644
Compiler version: 4.8.0 20120722 (experimental) (GCC)
Platform: m68k-unknown-elf
configure flags: --build=i686-pc-linux-gnu --host=i686-pc-linux-gnu --target=m68k-elf --enable-threads --disable-libmudflap --disable-libssp --disable-libstdcxx-pch --with-arch=cf --disable-threads --with-gnu-as --with-gnu-ld --enable-languages=c,c++ --disable-shared --enable-lto --with-newlib --disable-nls --prefix=/opt/codesourcery --with-headers=yes --with-sysroot=/opt/codesourcery/m68k-elf --with-build-sysroot=/scratch/gcc/nightly-2012-07-22-mainline/coldfire-elf/install/m68k-elf --with-gmp=/scratch/gcc/nightly-2012-07-22-mainline/coldfire-elf/obj/pkg-mainline-0-m68k-elf/fsf-mainline-0-m68k-elf.extras/host-libs-i686-pc-linux-gnu/usr --with-mpfr=/scratch/gcc/nightly-2012-07-22-mainline/coldfire-elf/obj/pkg-mainline-0-m68k-elf/fsf-mainline-0-m68k-elf.extras/host-libs-i686-pc-linux-gnu/usr --with-mpc=/scratch/gcc/nightly-2012-07-22-mainline/coldfire-elf/obj/pkg-mainline-0-m68k-elf/fsf-mainline-0-m68k-elf.extras/host-libs-i686-pc-linux-gnu/usr --with-isl=/scratch/gcc/nightly-
2012-07-22-mainline/coldfire-elf/obj/pkg-mainline-0-m68k-elf/fsf-mainline-0-m68k-elf.extras/host-libs-i686-pc-linux-gnu/usr --with-cloog=/scratch/gcc/nightly-2012-07-22-mainline/coldfire-elf/obj/pkg-mainline-0-m68k-elf/fsf-mainline-0-m68k-elf.extras/host-libs-i686-pc-linux-gnu/usr --with-libelf=/scratch/gcc/nightly-2012-07-22-mainline/coldfire-elf/obj/pkg-mainline-0-m68k-elf/fsf-mainline-0-m68k-elf.extras/host-libs-i686-pc-linux-gnu/usr --disable-libgomp --disable-libitm --enable-poison-system-directories --with-build-time-tools=/scratch/gcc/nightly-2012-07-22-mainline/coldfire-elf/install/m68k-elf/bin --with-build-time-tools=/scratch/gcc/nightly-2012-07-22-mainline/coldfire-elf/install/m68k-elf/bin
More information about the Gcc-testresults
mailing list