Results for 4.8.0 20120720 (experimental) [trunk revision 189718] (GCC) testsuite on i386-pc-solaris2.11
Rainer Orth
ro@CeBiTec.Uni-Bielefeld.DE
Fri Jul 20 18:58:00 GMT 2012
LAST_UPDATED: Fri Jul 20 13:06:05 UTC 2012 (revision 189718)
=== acats tests ===
=== acats Summary ===
# of expected passes 2320
# of unexpected failures 0
Native configuration is i386-pc-solaris2.11
=== g++ tests ===
Running target unix
FAIL: g++.dg/debug/dwarf2/nested-4.C -std=gnu++98 scan-assembler-times debug_types 2
FAIL: g++.dg/debug/dwarf2/nested-4.C -std=gnu++11 scan-assembler-times debug_types 2
FAIL: g++.dg/debug/dwarf2/thunk1.C -std=gnu++98 scan-assembler-times LFB3 1
FAIL: g++.dg/debug/dwarf2/thunk1.C -std=gnu++11 scan-assembler-times LFB3 1
FAIL: g++.dg/lto/20091219 cp_lto_20091219_0.o-cp_lto_20091219_0.o link, -O3 -flto
UNRESOLVED: g++.dg/lto/20091219 cp_lto_20091219_0.o-cp_lto_20091219_0.o execute -O3 -flto
=== g++ Summary for unix ===
# of expected passes 47993
# of unexpected failures 5
# of expected failures 286
# of unresolved testcases 1
# of unsupported tests 421
Running target unix/-m64
FAIL: g++.dg/debug/dwarf2/nested-4.C -std=gnu++98 scan-assembler-times debug_types 2
FAIL: g++.dg/debug/dwarf2/nested-4.C -std=gnu++11 scan-assembler-times debug_types 2
FAIL: g++.dg/debug/dwarf2/thunk1.C -std=gnu++98 scan-assembler-times LFB3 1
FAIL: g++.dg/debug/dwarf2/thunk1.C -std=gnu++11 scan-assembler-times LFB3 1
FAIL: g++.dg/lto/20091219 cp_lto_20091219_0.o-cp_lto_20091219_0.o link, -O3 -flto
UNRESOLVED: g++.dg/lto/20091219 cp_lto_20091219_0.o-cp_lto_20091219_0.o execute -O3 -flto
=== g++ Summary for unix/-m64 ===
# of expected passes 48774
# of unexpected failures 5
# of expected failures 286
# of unresolved testcases 1
# of unsupported tests 661
=== g++ Summary ===
# of expected passes 96767
# of unexpected failures 10
# of expected failures 572
# of unresolved testcases 2
# of unsupported tests 1082
/var/gcc/regression/trunk/11-gcc/build/gcc/testsuite/g++/../../g++ version 4.8.0 20120720 (experimental) [trunk revision 189718] (GCC)
=== gcc tests ===
Running target unix
FAIL: gcc.dg/debug/dwarf2/const-2b.c scan-assembler DW_AT_const_value
XPASS: gcc.dg/Wstrict-overflow-18.c (test for bogus messages, line 20)
FAIL: gcc.dg/attr-weakref-1.c (test for excess errors)
WARNING: gcc.dg/attr-weakref-1.c compilation failed to produce executable
FAIL: gcc.dg/torture/pr51106-2.c -O0 (internal compiler error)
FAIL: gcc.dg/torture/pr51106-2.c -O0 (test for excess errors)
FAIL: gcc.dg/torture/pr51106-2.c -O1 (internal compiler error)
FAIL: gcc.dg/torture/pr51106-2.c -O1 (test for excess errors)
FAIL: gcc.dg/torture/pr51106-2.c -O2 (internal compiler error)
FAIL: gcc.dg/torture/pr51106-2.c -O2 (test for excess errors)
FAIL: gcc.dg/torture/pr51106-2.c -O3 -fomit-frame-pointer (internal compiler error)
FAIL: gcc.dg/torture/pr51106-2.c -O3 -fomit-frame-pointer (test for excess errors)
FAIL: gcc.dg/torture/pr51106-2.c -O3 -g (internal compiler error)
FAIL: gcc.dg/torture/pr51106-2.c -O3 -g (test for excess errors)
FAIL: gcc.dg/torture/pr51106-2.c -Os (internal compiler error)
FAIL: gcc.dg/torture/pr51106-2.c -Os (test for excess errors)
FAIL: gcc.dg/torture/pr51106-2.c -O2 -flto -flto-partition=none (internal compiler error)
FAIL: gcc.dg/torture/pr51106-2.c -O2 -flto -flto-partition=none (test for excess errors)
FAIL: gcc.dg/torture/pr51106-2.c -O2 -flto (internal compiler error)
FAIL: gcc.dg/torture/pr51106-2.c -O2 -flto (test for excess errors)
=== gcc Summary for unix ===
# of expected passes 85024
# of unexpected failures 18
# of unexpected successes 1
# of expected failures 260
# of unsupported tests 1089
Running target unix/-m64
FAIL: gcc.dg/debug/dwarf2/const-2b.c scan-assembler DW_AT_const_value
XPASS: gcc.dg/Wstrict-overflow-18.c (test for bogus messages, line 20)
FAIL: gcc.dg/attr-weakref-1.c (test for excess errors)
WARNING: gcc.dg/attr-weakref-1.c compilation failed to produce executable
FAIL: gcc.dg/torture/pr51106-2.c -O0 (internal compiler error)
FAIL: gcc.dg/torture/pr51106-2.c -O0 (test for excess errors)
FAIL: gcc.dg/torture/pr51106-2.c -O1 (internal compiler error)
FAIL: gcc.dg/torture/pr51106-2.c -O1 (test for excess errors)
FAIL: gcc.dg/torture/pr51106-2.c -O2 (internal compiler error)
FAIL: gcc.dg/torture/pr51106-2.c -O2 (test for excess errors)
FAIL: gcc.dg/torture/pr51106-2.c -O3 -fomit-frame-pointer (internal compiler error)
FAIL: gcc.dg/torture/pr51106-2.c -O3 -fomit-frame-pointer (test for excess errors)
FAIL: gcc.dg/torture/pr51106-2.c -O3 -g (internal compiler error)
FAIL: gcc.dg/torture/pr51106-2.c -O3 -g (test for excess errors)
FAIL: gcc.dg/torture/pr51106-2.c -Os (internal compiler error)
FAIL: gcc.dg/torture/pr51106-2.c -Os (test for excess errors)
FAIL: gcc.dg/torture/pr51106-2.c -O2 -flto -flto-partition=none (internal compiler error)
FAIL: gcc.dg/torture/pr51106-2.c -O2 -flto -flto-partition=none (test for excess errors)
FAIL: gcc.dg/torture/pr51106-2.c -O2 -flto (internal compiler error)
FAIL: gcc.dg/torture/pr51106-2.c -O2 -flto (test for excess errors)
FAIL: gcc.target/i386/pr53249.c (test for excess errors)
=== gcc Summary for unix/-m64 ===
# of expected passes 85268
# of unexpected failures 19
# of unexpected successes 1
# of expected failures 262
# of unsupported tests 1454
=== gcc Summary ===
# of expected passes 170292
# of unexpected failures 37
# of unexpected successes 2
# of expected failures 522
# of unsupported tests 2543
/var/gcc/regression/trunk/11-gcc/build/gcc/xgcc version 4.8.0 20120720 (experimental) [trunk revision 189718] (GCC)
=== gfortran tests ===
Running target unix
FAIL: gfortran.dg/assumed_rank_12.f90 -O0 scan-tree-dump original " = f \\\\(\\\\);.*desc.0.dtype = 600;.*desc.0.data = .void .. D.*;.*sub \\\\(&desc.0\\\\);.*D.*= .integer.kind=4. .. desc.0.data;"
FAIL: gfortran.dg/assumed_rank_12.f90 -O1 scan-tree-dump original " = f \\\\(\\\\);.*desc.0.dtype = 600;.*desc.0.data = .void .. D.*;.*sub \\\\(&desc.0\\\\);.*D.*= .integer.kind=4. .. desc.0.data;"
FAIL: gfortran.dg/assumed_rank_12.f90 -O2 scan-tree-dump original " = f \\\\(\\\\);.*desc.0.dtype = 600;.*desc.0.data = .void .. D.*;.*sub \\\\(&desc.0\\\\);.*D.*= .integer.kind=4. .. desc.0.data;"
FAIL: gfortran.dg/assumed_rank_12.f90 -O3 -fomit-frame-pointer scan-tree-dump original " = f \\\\(\\\\);.*desc.0.dtype = 600;.*desc.0.data = .void .. D.*;.*sub \\\\(&desc.0\\\\);.*D.*= .integer.kind=4. .. desc.0.data;"
FAIL: gfortran.dg/assumed_rank_12.f90 -O3 -fomit-frame-pointer -funroll-loops scan-tree-dump original " = f \\\\(\\\\);.*desc.0.dtype = 600;.*desc.0.data = .void .. D.*;.*sub \\\\(&desc.0\\\\);.*D.*= .integer.kind=4. .. desc.0.data;"
FAIL: gfortran.dg/assumed_rank_12.f90 -O3 -fomit-frame-pointer -funroll-all-loops -finline-functions scan-tree-dump original " = f \\\\(\\\\);.*desc.0.dtype = 600;.*desc.0.data = .void .. D.*;.*sub \\\\(&desc.0\\\\);.*D.*= .integer.kind=4. .. desc.0.data;"
FAIL: gfortran.dg/assumed_rank_12.f90 -O3 -g scan-tree-dump original " = f \\\\(\\\\);.*desc.0.dtype = 600;.*desc.0.data = .void .. D.*;.*sub \\\\(&desc.0\\\\);.*D.*= .integer.kind=4. .. desc.0.data;"
FAIL: gfortran.dg/assumed_rank_12.f90 -Os scan-tree-dump original " = f \\\\(\\\\);.*desc.0.dtype = 600;.*desc.0.data = .void .. D.*;.*sub \\\\(&desc.0\\\\);.*D.*= .integer.kind=4. .. desc.0.data;"
FAIL: gfortran.dg/assumed_rank_6.f90 -O (internal compiler error)
FAIL: gfortran.dg/assumed_rank_6.f90 -O (test for errors, line 9)
FAIL: gfortran.dg/assumed_rank_6.f90 -O (test for errors, line 19)
FAIL: gfortran.dg/assumed_rank_6.f90 -O (test for errors, line 20)
FAIL: gfortran.dg/assumed_rank_6.f90 -O (test for errors, line 21)
FAIL: gfortran.dg/assumed_rank_6.f90 -O (test for errors, line 26)
FAIL: gfortran.dg/assumed_rank_6.f90 -O (test for errors, line 33)
FAIL: gfortran.dg/assumed_rank_6.f90 -O (test for errors, line 37)
FAIL: gfortran.dg/assumed_rank_6.f90 -O (test for excess errors)
FAIL: gfortran.dg/lto/pr45586-2 f_lto_pr45586-2_0.o-f_lto_pr45586-2_0.o link, -O0 -flto -flto-partition=none
UNRESOLVED: gfortran.dg/lto/pr45586-2 f_lto_pr45586-2_0.o-f_lto_pr45586-2_0.o execute -O0 -flto -flto-partition=none
FAIL: gfortran.dg/lto/pr45586-2 f_lto_pr45586-2_0.o-f_lto_pr45586-2_0.o link, -O0 -flto -flto-partition=1to1
UNRESOLVED: gfortran.dg/lto/pr45586-2 f_lto_pr45586-2_0.o-f_lto_pr45586-2_0.o execute -O0 -flto -flto-partition=1to1
FAIL: gfortran.dg/lto/pr45586-2 f_lto_pr45586-2_0.o-f_lto_pr45586-2_0.o link, -O0 -flto
UNRESOLVED: gfortran.dg/lto/pr45586-2 f_lto_pr45586-2_0.o-f_lto_pr45586-2_0.o execute -O0 -flto
FAIL: gfortran.dg/lto/pr45586 f_lto_pr45586_0.o-f_lto_pr45586_0.o link, -O0 -flto -flto-partition=none
UNRESOLVED: gfortran.dg/lto/pr45586 f_lto_pr45586_0.o-f_lto_pr45586_0.o execute -O0 -flto -flto-partition=none
FAIL: gfortran.dg/lto/pr45586 f_lto_pr45586_0.o-f_lto_pr45586_0.o link, -O0 -flto -flto-partition=1to1
UNRESOLVED: gfortran.dg/lto/pr45586 f_lto_pr45586_0.o-f_lto_pr45586_0.o execute -O0 -flto -flto-partition=1to1
FAIL: gfortran.dg/lto/pr45586 f_lto_pr45586_0.o-f_lto_pr45586_0.o link, -O0 -flto
UNRESOLVED: gfortran.dg/lto/pr45586 f_lto_pr45586_0.o-f_lto_pr45586_0.o execute -O0 -flto
=== gfortran Summary for unix ===
# of expected passes 41542
# of unexpected failures 23
# of expected failures 56
# of unresolved testcases 6
# of unsupported tests 228
Running target unix/-m64
FAIL: gfortran.dg/assumed_rank_6.f90 -O (internal compiler error)
FAIL: gfortran.dg/assumed_rank_6.f90 -O (test for errors, line 9)
FAIL: gfortran.dg/assumed_rank_6.f90 -O (test for errors, line 19)
FAIL: gfortran.dg/assumed_rank_6.f90 -O (test for errors, line 20)
FAIL: gfortran.dg/assumed_rank_6.f90 -O (test for errors, line 21)
FAIL: gfortran.dg/assumed_rank_6.f90 -O (test for errors, line 26)
FAIL: gfortran.dg/assumed_rank_6.f90 -O (test for errors, line 33)
FAIL: gfortran.dg/assumed_rank_6.f90 -O (test for errors, line 37)
FAIL: gfortran.dg/assumed_rank_6.f90 -O (test for excess errors)
FAIL: gfortran.dg/lto/pr45586-2 f_lto_pr45586-2_0.o-f_lto_pr45586-2_0.o link, -O0 -flto -flto-partition=none
UNRESOLVED: gfortran.dg/lto/pr45586-2 f_lto_pr45586-2_0.o-f_lto_pr45586-2_0.o execute -O0 -flto -flto-partition=none
FAIL: gfortran.dg/lto/pr45586-2 f_lto_pr45586-2_0.o-f_lto_pr45586-2_0.o link, -O0 -flto -flto-partition=1to1
UNRESOLVED: gfortran.dg/lto/pr45586-2 f_lto_pr45586-2_0.o-f_lto_pr45586-2_0.o execute -O0 -flto -flto-partition=1to1
FAIL: gfortran.dg/lto/pr45586-2 f_lto_pr45586-2_0.o-f_lto_pr45586-2_0.o link, -O0 -flto
UNRESOLVED: gfortran.dg/lto/pr45586-2 f_lto_pr45586-2_0.o-f_lto_pr45586-2_0.o execute -O0 -flto
FAIL: gfortran.dg/lto/pr45586 f_lto_pr45586_0.o-f_lto_pr45586_0.o link, -O0 -flto -flto-partition=none
UNRESOLVED: gfortran.dg/lto/pr45586 f_lto_pr45586_0.o-f_lto_pr45586_0.o execute -O0 -flto -flto-partition=none
FAIL: gfortran.dg/lto/pr45586 f_lto_pr45586_0.o-f_lto_pr45586_0.o link, -O0 -flto -flto-partition=1to1
UNRESOLVED: gfortran.dg/lto/pr45586 f_lto_pr45586_0.o-f_lto_pr45586_0.o execute -O0 -flto -flto-partition=1to1
FAIL: gfortran.dg/lto/pr45586 f_lto_pr45586_0.o-f_lto_pr45586_0.o link, -O0 -flto
UNRESOLVED: gfortran.dg/lto/pr45586 f_lto_pr45586_0.o-f_lto_pr45586_0.o execute -O0 -flto
=== gfortran Summary for unix/-m64 ===
# of expected passes 41853
# of unexpected failures 15
# of expected failures 56
# of unresolved testcases 6
# of unsupported tests 82
=== gfortran Summary ===
# of expected passes 83395
# of unexpected failures 38
# of expected failures 112
# of unresolved testcases 12
# of unsupported tests 310
/var/gcc/regression/trunk/11-gcc/build/gcc/testsuite/gfortran/../../gfortran version 4.8.0 20120720 (experimental) [trunk revision 189718] (GCC)
=== gnat tests ===
Running target unix
FAIL: gnat.dg/array11.adb (test for warnings, line 12)
FAIL: gnat.dg/object_overflow.adb (test for warnings, line 8)
=== gnat Summary for unix ===
# of expected passes 1112
# of unexpected failures 2
# of expected failures 17
# of unsupported tests 6
Running target unix/-m64
FAIL: gnat.dg/array11.adb (test for warnings, line 12)
FAIL: gnat.dg/object_overflow.adb (test for warnings, line 8)
=== gnat Summary for unix/-m64 ===
# of expected passes 1112
# of unexpected failures 2
# of expected failures 17
# of unsupported tests 6
=== gnat Summary ===
# of expected passes 2224
# of unexpected failures 4
# of expected failures 34
# of unsupported tests 12
/var/gcc/regression/trunk/11-gcc/build/gcc/gnatmake version 4.8.0 20120720 (experimental) [trunk revision 189718]
=== go tests ===
Running target unix
=== go Summary for unix ===
# of expected passes 3292
# of expected failures 4
# of untested testcases 6
Running target unix/-m64
FAIL: go.test/test/chan/powser1.go execution, -O2 -g
=== go Summary for unix/-m64 ===
# of expected passes 3291
# of unexpected failures 1
# of expected failures 4
# of untested testcases 6
=== go Summary ===
# of expected passes 6583
# of unexpected failures 1
# of expected failures 8
# of untested testcases 12
/var/gcc/regression/trunk/11-gcc/build/gcc/testsuite/go/../../gccgo version 4.8.0 20120720 (experimental) [trunk revision 189718] (GCC)
=== obj-c++ tests ===
Running target unix
=== obj-c++ Summary for unix ===
# of expected passes 1450
# of expected failures 2
# of unsupported tests 86
Running target unix/-m64
=== obj-c++ Summary for unix/-m64 ===
# of expected passes 1442
# of expected failures 10
# of unsupported tests 86
=== obj-c++ Summary ===
# of expected passes 2892
# of expected failures 12
# of unsupported tests 172
/var/gcc/regression/trunk/11-gcc/build/gcc/testsuite/obj-c++/../../g++ version 4.8.0 20120720 (experimental) [trunk revision 189718] (GCC)
=== objc tests ===
Running target unix
=== objc Summary for unix ===
# of expected passes 2988
# of expected failures 6
# of unsupported tests 74
Running target unix/-m64
=== objc Summary for unix/-m64 ===
# of expected passes 2988
# of expected failures 6
# of unsupported tests 74
=== objc Summary ===
# of expected passes 5976
# of expected failures 12
# of unsupported tests 148
/var/gcc/regression/trunk/11-gcc/build/gcc/xgcc version 4.8.0 20120720 (experimental) [trunk revision 189718] (GCC)
=== boehm-gc tests ===
Running target unix
FAIL: boehm-gc.c/gctest.c -O2 execution test
FAIL: boehm-gc.c/leak_test.c -O2 execution test
FAIL: boehm-gc.c/thread_leak_test.c -O2 execution test
FAIL: boehm-gc.lib/staticrootstest.c -O2 execution test
=== boehm-gc Summary for unix ===
# of expected passes 8
# of unexpected failures 4
# of unsupported tests 1
Running target unix/-m64
=== boehm-gc Summary for unix/-m64 ===
# of expected passes 12
# of unsupported tests 1
=== boehm-gc Summary ===
# of expected passes 20
# of unexpected failures 4
# of unsupported tests 2
=== libatomic tests ===
Running target unix
=== libatomic Summary for unix ===
# of expected passes 44
# of unsupported tests 5
Running target unix/-m64
=== libatomic Summary for unix/-m64 ===
# of expected passes 54
=== libatomic Summary ===
# of expected passes 98
# of unsupported tests 5
=== libffi tests ===
Running target unix
=== libffi Summary for unix ===
# of expected passes 1659
# of unsupported tests 55
Running target unix/-m64
=== libffi Summary for unix/-m64 ===
# of expected passes 1659
# of unsupported tests 55
=== libffi Summary ===
# of expected passes 3318
# of unsupported tests 110
=== libgo tests ===
Running target unix
=== libgo Summary for unix ===
# of expected passes 123
Running target unix/-m64
FAIL: errors
FAIL: expvar
FAIL: flag
FAIL: os
FAIL: regexp
FAIL: unicode
FAIL: compress/gzip
FAIL: crypto/des
FAIL: crypto/dsa
FAIL: crypto/ecdsa
FAIL: crypto/elliptic
FAIL: crypto/tls
FAIL: database/sql/driver
FAIL: encoding/csv
FAIL: encoding/gob
FAIL: encoding/pem
FAIL: exp/norm
FAIL: go/ast
FAIL: go/token
FAIL: hash/adler32
FAIL: hash/crc32
FAIL: hash/crc64
FAIL: index/suffixarray
FAIL: io/ioutil
FAIL: math/big
FAIL: net/http
FAIL: net/http/cgi
FAIL: net/http/fcgi
FAIL: net/rpc
FAIL: old/netchan
FAIL: old/template
FAIL: os/exec
FAIL: text/scanner
FAIL: text/tabwriter
FAIL: text/template
FAIL: unicode/utf8
=== libgo Summary for unix/-m64 ===
# of expected passes 87
# of unexpected failures 36
=== libgo Summary ===
# of expected passes 210
# of unexpected failures 36
/var/gcc/regression/trunk/11-gcc/build/./gcc/gccgo version 4.8.0 20120720 (experimental) [trunk revision 189718] (GCC)
=== libgomp tests ===
Running target unix
=== libgomp Summary for unix ===
# of expected passes 2973
# of unsupported tests 3
Running target unix/-m64
=== libgomp Summary for unix/-m64 ===
# of expected passes 2973
# of unsupported tests 3
=== libgomp Summary ===
# of expected passes 5946
# of unsupported tests 6
=== libitm tests ===
Running target unix
=== libitm Summary for unix ===
# of expected passes 26
# of expected failures 3
# of unsupported tests 1
Running target unix/-m64
=== libitm Summary for unix/-m64 ===
# of expected passes 26
# of expected failures 3
# of unsupported tests 1
=== libitm Summary ===
# of expected passes 52
# of expected failures 6
# of unsupported tests 2
=== libjava tests ===
Running target unix
=== libjava Summary for unix ===
# of expected passes 2574
Running target unix/-m64
=== libjava Summary for unix/-m64 ===
# of expected passes 2574
=== libjava Summary ===
# of expected passes 5148
=== libmudflap tests ===
Running target unix
=== libmudflap Summary for unix ===
# of expected passes 1442
Running target unix/-m64
FAIL: libmudflap.c++/pass55-frag.cxx ( -O) execution test
FAIL: libmudflap.c++/pass55-frag.cxx (-O2) execution test
FAIL: libmudflap.c++/pass55-frag.cxx (-O3) execution test
=== libmudflap Summary for unix/-m64 ===
# of expected passes 1439
# of unexpected failures 3
=== libmudflap Summary ===
# of expected passes 2881
# of unexpected failures 3
=== libstdc++ tests ===
Running target unix
FAIL: libstdc++-prettyprinters/shared_ptr.cc print esp
FAIL: libstdc++-prettyprinters/shared_ptr.cc print ewp1
FAIL: libstdc++-prettyprinters/shared_ptr.cc print ewp2
FAIL: libstdc++-prettyprinters/shared_ptr.cc print sp1
FAIL: libstdc++-prettyprinters/shared_ptr.cc print wp1
FAIL: libstdc++-prettyprinters/shared_ptr.cc print wp2
=== libstdc++ Summary for unix ===
# of expected passes 7990
# of unexpected failures 6
# of expected failures 42
# of unsupported tests 537
Running target unix/-m64
FAIL: libstdc++-abi/abi_check
FAIL: libstdc++-prettyprinters/shared_ptr.cc print esp
FAIL: libstdc++-prettyprinters/shared_ptr.cc print ewp1
FAIL: libstdc++-prettyprinters/shared_ptr.cc print ewp2
FAIL: libstdc++-prettyprinters/shared_ptr.cc print sp1
FAIL: libstdc++-prettyprinters/shared_ptr.cc print wp1
FAIL: libstdc++-prettyprinters/shared_ptr.cc print wp2
=== libstdc++ Summary for unix/-m64 ===
# of expected passes 7989
# of unexpected failures 7
# of expected failures 42
# of unsupported tests 537
=== libstdc++ Summary ===
# of expected passes 15979
# of unexpected failures 13
# of expected failures 84
# of unsupported tests 1074
Compiler version: 4.8.0 20120720 (experimental) [trunk revision 189718] (GCC)
Platform: i386-pc-solaris2.11
configure flags: --prefix=/vol/gcc --target=i386-pc-solaris2.11 --enable-objc-gc --enable-libmudflap --with-host-libstdcxx='-L/vol/gcc-4.4/lib -Wl,-Bstatic -lstdc++ -Wl,-Bdynamic -lm' --with-boot-ldflags='-static-libstdc++ -static-libgcc -L/vol/gcc-4.4/lib' --with-gmp-include=/vol/gcc/include --with-gmp-lib=/vol/gcc/lib --with-mpfr-include=/vol/gcc/include --with-mpfr-lib=/vol/gcc/lib --with-mpc-include=/vol/gcc/include --with-mpc-lib=/vol/gcc/lib --enable-languages=all,ada,obj-c++,go --with-isl-include=/vol/gcc/include --with-isl-lib=/vol/gcc/lib --with-cloog-include=/vol/gcc/include --with-cloog-lib=/vol/gcc/lib --enable-cloog-backend=isl
BOOT_CFLAGS=-g -O2
More information about the Gcc-testresults
mailing list