Results for 4.8.0 20120713 (experimental) [trunk revision 189464] (GCC) testsuite on sparcv9-sun-solaris2.11
Rainer Orth
ro@CeBiTec.Uni-Bielefeld.DE
Tue Jul 17 08:50:00 GMT 2012
LAST_UPDATED: Fri Jul 13 15:04:31 UTC 2012 (revision 189464)
=== acats tests ===
=== acats Summary ===
# of expected passes 2320
# of unexpected failures 0
Native configuration is sparcv9-sun-solaris2.11
=== g++ tests ===
Running target unix
FAIL: g++.dg/debug/dwarf2/pubnames-2.C scan-assembler .section\\t.debug_pubnames
FAIL: g++.dg/debug/dwarf2/pubnames-2.C scan-assembler "\\\\(anonymous namespace\\\\)\\\\\\\\0"+[ \\t]+[#;/]+[ \\t]+external name
FAIL: g++.dg/debug/dwarf2/pubnames-2.C scan-assembler "one\\\\\\\\0"+[ \\t]+[#;/]+[ \\t]+external name
FAIL: g++.dg/debug/dwarf2/pubnames-2.C scan-assembler "one::G_A\\\\\\\\0"+[ \\t]+[#;/]+[ \\t]+external name
FAIL: g++.dg/debug/dwarf2/pubnames-2.C scan-assembler "one::G_B\\\\\\\\0"+[ \\t]+[#;/]+[ \\t]+external name
FAIL: g++.dg/debug/dwarf2/pubnames-2.C scan-assembler "one::G_C\\\\\\\\0"+[ \\t]+[#;/]+[ \\t]+external name
FAIL: g++.dg/debug/dwarf2/pubnames-2.C scan-assembler "one::\\\\(anonymous namespace\\\\)\\\\\\\\0"+[ \\t]+[#;/]+[ \\t]+external name
FAIL: g++.dg/debug/dwarf2/pubnames-2.C scan-assembler "two\\\\\\\\0"+[ \\t]+[#;/]+[ \\t]+external name
FAIL: g++.dg/debug/dwarf2/pubnames-2.C scan-assembler "F_A\\\\\\\\0"+[ \\t]+[#;/]+[ \\t]+external name
FAIL: g++.dg/debug/dwarf2/pubnames-2.C scan-assembler "F_B\\\\\\\\0"+[ \\t]+[#;/]+[ \\t]+external name
FAIL: g++.dg/debug/dwarf2/pubnames-2.C scan-assembler "F_C\\\\\\\\0"+[ \\t]+[#;/]+[ \\t]+external name
FAIL: g++.dg/debug/dwarf2/pubnames-2.C scan-assembler "inline_func_1\\\\\\\\0"+[ \\t]+[#;/]+[ \\t]+external name
FAIL: g++.dg/debug/dwarf2/pubnames-2.C scan-assembler "one::c1::c1\\\\\\\\0"+[ \\t]+[#;/]+[ \\t]+external name
FAIL: g++.dg/debug/dwarf2/pubnames-2.C scan-assembler "one::c1::~c1\\\\\\\\0"+[ \\t]+[#;/]+[ \\t]+external name
FAIL: g++.dg/debug/dwarf2/pubnames-2.C scan-assembler "one::c1::val\\\\\\\\0"+[ \\t]+[#;/]+[ \\t]+external name
FAIL: g++.dg/debug/dwarf2/pubnames-2.C scan-assembler "check_enum\\\\\\\\0"+[ \\t]+[#;/]+[ \\t]+external name
FAIL: g++.dg/debug/dwarf2/pubnames-2.C scan-assembler "main\\\\\\\\0"+[ \\t]+[#;/]+[ \\t]+external name
FAIL: g++.dg/debug/dwarf2/pubnames-2.C scan-assembler "two::c2<int>::c2\\\\\\\\0"+[ \\t]+[#;/]+[ \\t]+external name
FAIL: g++.dg/debug/dwarf2/pubnames-2.C scan-assembler "two::c2<double>::c2\\\\\\\\0"+[ \\t]+[#;/]+[ \\t]+external name
FAIL: g++.dg/debug/dwarf2/pubnames-2.C scan-assembler "two::c2<int const\\\\*>::c2\\\\\\\\0"+[ \\t]+[#;/]+[ \\t]+external name
FAIL: g++.dg/debug/dwarf2/pubnames-2.C scan-assembler "check<one::c1>\\\\\\\\0"+[ \\t]+[#;/]+[ \\t]+external name
FAIL: g++.dg/debug/dwarf2/pubnames-2.C scan-assembler "check<two::c2<int> \\\\>\\\\\\\\0"+[ \\t]+[#;/]+[ \\t]+external name
FAIL: g++.dg/debug/dwarf2/pubnames-2.C scan-assembler "check<two::c2<double> \\\\>\\\\\\\\0"+[ \\t]+[#;/]+[ \\t]+external name
FAIL: g++.dg/debug/dwarf2/pubnames-2.C scan-assembler "check<two::c2<int const\\\\*> \\\\>\\\\\\\\0"+[ \\t]+[#;/]+[ \\t]+external name
FAIL: g++.dg/debug/dwarf2/pubnames-2.C scan-assembler "two::c2<int>::val\\\\\\\\0"+[ \\t]+[#;/]+[ \\t]+external name
FAIL: g++.dg/debug/dwarf2/pubnames-2.C scan-assembler "two::c2<double>::val\\\\\\\\0"+[ \\t]+[#;/]+[ \\t]+external name
FAIL: g++.dg/debug/dwarf2/pubnames-2.C scan-assembler "two::c2<int const\\\\*>::val\\\\\\\\0"+[ \\t]+[#;/]+[ \\t]+external name
FAIL: g++.dg/debug/dwarf2/pubnames-2.C scan-assembler "__static_initialization_and_destruction_0\\\\\\\\0"+[ \\t]+[#;/]+[ \\t]+external name
FAIL: g++.dg/debug/dwarf2/pubnames-2.C scan-assembler "two::c2<int>::~c2\\\\\\\\0"+[ \\t]+[#;/]+[ \\t]+external name
FAIL: g++.dg/debug/dwarf2/pubnames-2.C scan-assembler "two::c2<double>::~c2\\\\\\\\0"+[ \\t]+[#;/]+[ \\t]+external name
FAIL: g++.dg/debug/dwarf2/pubnames-2.C scan-assembler "two::c2<int const\\\\*>::~c2\\\\\\\\0"+[ \\t]+[#;/]+[ \\t]+external name
FAIL: g++.dg/debug/dwarf2/pubnames-2.C scan-assembler "_GLOBAL__sub_I__ZN3one3c1vE\\\\\\\\0"+[ \\t]+[#;/]+[ \\t]+external name
FAIL: g++.dg/debug/dwarf2/pubnames-2.C scan-assembler "anonymous_union_var\\\\\\\\0"+[ \\t]+[#;/]+[ \\t]+external name
FAIL: g++.dg/debug/dwarf2/pubnames-2.C scan-assembler "two::ci\\\\\\\\0"+[ \\t]+[#;/]+[ \\t]+external name
FAIL: g++.dg/debug/dwarf2/pubnames-2.C scan-assembler "two::c2v1\\\\\\\\0"+[ \\t]+[#;/]+[ \\t]+external name
FAIL: g++.dg/debug/dwarf2/pubnames-2.C scan-assembler "two::c2v2\\\\\\\\0"+[ \\t]+[#;/]+[ \\t]+external name
FAIL: g++.dg/debug/dwarf2/pubnames-2.C scan-assembler "two::c2v3\\\\\\\\0"+[ \\t]+[#;/]+[ \\t]+external name
FAIL: g++.dg/debug/dwarf2/pubnames-2.C scan-assembler "one::c1v\\\\\\\\0"+[ \\t]+[#;/]+[ \\t]+external name
FAIL: g++.dg/debug/dwarf2/pubnames-2.C scan-assembler "one::\\\\(anonymous namespace\\\\)::one_anonymous_var\\\\\\\\0"+[ \\t]+[#;/]+[ \\t]+external name
FAIL: g++.dg/debug/dwarf2/pubnames-2.C scan-assembler "\\\\(anonymous namespace\\\\)::c1_count\\\\\\\\0"+[ \\t]+[#;/]+[ \\t]+external name
FAIL: g++.dg/debug/dwarf2/pubnames-2.C scan-assembler "\\\\(anonymous namespace\\\\)::c2_count\\\\\\\\0"+[ \\t]+[#;/]+[ \\t]+external name
FAIL: g++.dg/debug/dwarf2/pubnames-2.C scan-assembler "\\\\(anonymous namespace\\\\)::three\\\\\\\\0"+[ \\t]+[#;/]+[ \\t]+external name
FAIL: g++.dg/debug/dwarf2/pubnames-2.C scan-assembler "\\\\(anonymous namespace\\\\)::three::anonymous_three_var\\\\\\\\0"+[ \\t]+[#;/]+[ \\t]+external name
FAIL: g++.dg/debug/dwarf2/pubnames-2.C scan-assembler .section\\t.debug_pubtypes
FAIL: g++.dg/debug/dwarf2/pubnames-2.C scan-assembler "one::G\\\\\\\\0"+[ \\t]+[#;/]+[ \\t]+external name
FAIL: g++.dg/debug/dwarf2/pubnames-2.C scan-assembler "one::c1\\\\\\\\0"+[ \\t]+[#;/]+[ \\t]+external name
FAIL: g++.dg/debug/dwarf2/pubnames-2.C scan-assembler "int\\\\\\\\0"+[ \\t]+[#;/]+[ \\t]+external name
FAIL: g++.dg/debug/dwarf2/pubnames-2.C scan-assembler "one::c1\\\\\\\\0"+[ \\t]+[#;/]+[ \\t]+external name
FAIL: g++.dg/debug/dwarf2/pubnames-2.C scan-assembler "two::c2<int>\\\\\\\\0"+[ \\t]+[#;/]+[ \\t]+external name
FAIL: g++.dg/debug/dwarf2/pubnames-2.C scan-assembler "two::c2<int>\\\\\\\\0"+[ \\t]+[#;/]+[ \\t]+external name
FAIL: g++.dg/debug/dwarf2/pubnames-2.C scan-assembler "two::c2<double>\\\\\\\\0"+[ \\t]+[#;/]+[ \\t]+external name
FAIL: g++.dg/debug/dwarf2/pubnames-2.C scan-assembler "double\\\\\\\\0"+[ \\t]+[#;/]+[ \\t]+external name
FAIL: g++.dg/debug/dwarf2/pubnames-2.C scan-assembler "two::c2<double>\\\\\\\\0"+[ \\t]+[#;/]+[ \\t]+external name
FAIL: g++.dg/debug/dwarf2/pubnames-2.C scan-assembler "two::c2<int const\\\\*>\\\\\\\\0"+[ \\t]+[#;/]+[ \\t]+external name
FAIL: g++.dg/debug/dwarf2/pubnames-2.C scan-assembler "two::c2<int const\\\\*>\\\\\\\\0"+[ \\t]+[#;/]+[ \\t]+external name
FAIL: g++.dg/debug/dwarf2/pubnames-2.C scan-assembler "F\\\\\\\\0"+[ \\t]+[#;/]+[ \\t]+external name
FAIL: g++.dg/debug/dwarf2/pubnames-2.C scan-assembler "anonymous_union_container\\\\\\\\0"+[ \\t]+[#;/]+[ \\t]+external name
FAIL: g++.dg/debug/dwarf2/pubnames-2.C scan-assembler "bool\\\\\\\\0"+[ \\t]+[#;/]+[ \\t]+external name
FAIL: g++.dg/lto/20091219 cp_lto_20091219_0.o-cp_lto_20091219_0.o link, -O3 -flto
UNRESOLVED: g++.dg/lto/20091219 cp_lto_20091219_0.o-cp_lto_20091219_0.o execute -O3 -flto
=== g++ Summary for unix ===
# of expected passes 48546
# of unexpected failures 59
# of expected failures 286
# of unresolved testcases 1
# of unsupported tests 737
Running target unix/-m32
FAIL: g++.dg/debug/dwarf2/pubnames-2.C scan-assembler .section\\t.debug_pubnames
FAIL: g++.dg/debug/dwarf2/pubnames-2.C scan-assembler "\\\\(anonymous namespace\\\\)\\\\\\\\0"+[ \\t]+[#;/]+[ \\t]+external name
FAIL: g++.dg/debug/dwarf2/pubnames-2.C scan-assembler "one\\\\\\\\0"+[ \\t]+[#;/]+[ \\t]+external name
FAIL: g++.dg/debug/dwarf2/pubnames-2.C scan-assembler "one::G_A\\\\\\\\0"+[ \\t]+[#;/]+[ \\t]+external name
FAIL: g++.dg/debug/dwarf2/pubnames-2.C scan-assembler "one::G_B\\\\\\\\0"+[ \\t]+[#;/]+[ \\t]+external name
FAIL: g++.dg/debug/dwarf2/pubnames-2.C scan-assembler "one::G_C\\\\\\\\0"+[ \\t]+[#;/]+[ \\t]+external name
FAIL: g++.dg/debug/dwarf2/pubnames-2.C scan-assembler "one::\\\\(anonymous namespace\\\\)\\\\\\\\0"+[ \\t]+[#;/]+[ \\t]+external name
FAIL: g++.dg/debug/dwarf2/pubnames-2.C scan-assembler "two\\\\\\\\0"+[ \\t]+[#;/]+[ \\t]+external name
FAIL: g++.dg/debug/dwarf2/pubnames-2.C scan-assembler "F_A\\\\\\\\0"+[ \\t]+[#;/]+[ \\t]+external name
FAIL: g++.dg/debug/dwarf2/pubnames-2.C scan-assembler "F_B\\\\\\\\0"+[ \\t]+[#;/]+[ \\t]+external name
FAIL: g++.dg/debug/dwarf2/pubnames-2.C scan-assembler "F_C\\\\\\\\0"+[ \\t]+[#;/]+[ \\t]+external name
FAIL: g++.dg/debug/dwarf2/pubnames-2.C scan-assembler "inline_func_1\\\\\\\\0"+[ \\t]+[#;/]+[ \\t]+external name
FAIL: g++.dg/debug/dwarf2/pubnames-2.C scan-assembler "one::c1::c1\\\\\\\\0"+[ \\t]+[#;/]+[ \\t]+external name
FAIL: g++.dg/debug/dwarf2/pubnames-2.C scan-assembler "one::c1::~c1\\\\\\\\0"+[ \\t]+[#;/]+[ \\t]+external name
FAIL: g++.dg/debug/dwarf2/pubnames-2.C scan-assembler "one::c1::val\\\\\\\\0"+[ \\t]+[#;/]+[ \\t]+external name
FAIL: g++.dg/debug/dwarf2/pubnames-2.C scan-assembler "check_enum\\\\\\\\0"+[ \\t]+[#;/]+[ \\t]+external name
FAIL: g++.dg/debug/dwarf2/pubnames-2.C scan-assembler "main\\\\\\\\0"+[ \\t]+[#;/]+[ \\t]+external name
FAIL: g++.dg/debug/dwarf2/pubnames-2.C scan-assembler "two::c2<int>::c2\\\\\\\\0"+[ \\t]+[#;/]+[ \\t]+external name
FAIL: g++.dg/debug/dwarf2/pubnames-2.C scan-assembler "two::c2<double>::c2\\\\\\\\0"+[ \\t]+[#;/]+[ \\t]+external name
FAIL: g++.dg/debug/dwarf2/pubnames-2.C scan-assembler "two::c2<int const\\\\*>::c2\\\\\\\\0"+[ \\t]+[#;/]+[ \\t]+external name
FAIL: g++.dg/debug/dwarf2/pubnames-2.C scan-assembler "check<one::c1>\\\\\\\\0"+[ \\t]+[#;/]+[ \\t]+external name
FAIL: g++.dg/debug/dwarf2/pubnames-2.C scan-assembler "check<two::c2<int> \\\\>\\\\\\\\0"+[ \\t]+[#;/]+[ \\t]+external name
FAIL: g++.dg/debug/dwarf2/pubnames-2.C scan-assembler "check<two::c2<double> \\\\>\\\\\\\\0"+[ \\t]+[#;/]+[ \\t]+external name
FAIL: g++.dg/debug/dwarf2/pubnames-2.C scan-assembler "check<two::c2<int const\\\\*> \\\\>\\\\\\\\0"+[ \\t]+[#;/]+[ \\t]+external name
FAIL: g++.dg/debug/dwarf2/pubnames-2.C scan-assembler "two::c2<int>::val\\\\\\\\0"+[ \\t]+[#;/]+[ \\t]+external name
FAIL: g++.dg/debug/dwarf2/pubnames-2.C scan-assembler "two::c2<double>::val\\\\\\\\0"+[ \\t]+[#;/]+[ \\t]+external name
FAIL: g++.dg/debug/dwarf2/pubnames-2.C scan-assembler "two::c2<int const\\\\*>::val\\\\\\\\0"+[ \\t]+[#;/]+[ \\t]+external name
FAIL: g++.dg/debug/dwarf2/pubnames-2.C scan-assembler "__static_initialization_and_destruction_0\\\\\\\\0"+[ \\t]+[#;/]+[ \\t]+external name
FAIL: g++.dg/debug/dwarf2/pubnames-2.C scan-assembler "two::c2<int>::~c2\\\\\\\\0"+[ \\t]+[#;/]+[ \\t]+external name
FAIL: g++.dg/debug/dwarf2/pubnames-2.C scan-assembler "two::c2<double>::~c2\\\\\\\\0"+[ \\t]+[#;/]+[ \\t]+external name
FAIL: g++.dg/debug/dwarf2/pubnames-2.C scan-assembler "two::c2<int const\\\\*>::~c2\\\\\\\\0"+[ \\t]+[#;/]+[ \\t]+external name
FAIL: g++.dg/debug/dwarf2/pubnames-2.C scan-assembler "_GLOBAL__sub_I__ZN3one3c1vE\\\\\\\\0"+[ \\t]+[#;/]+[ \\t]+external name
FAIL: g++.dg/debug/dwarf2/pubnames-2.C scan-assembler "anonymous_union_var\\\\\\\\0"+[ \\t]+[#;/]+[ \\t]+external name
FAIL: g++.dg/debug/dwarf2/pubnames-2.C scan-assembler "two::ci\\\\\\\\0"+[ \\t]+[#;/]+[ \\t]+external name
FAIL: g++.dg/debug/dwarf2/pubnames-2.C scan-assembler "two::c2v1\\\\\\\\0"+[ \\t]+[#;/]+[ \\t]+external name
FAIL: g++.dg/debug/dwarf2/pubnames-2.C scan-assembler "two::c2v2\\\\\\\\0"+[ \\t]+[#;/]+[ \\t]+external name
FAIL: g++.dg/debug/dwarf2/pubnames-2.C scan-assembler "two::c2v3\\\\\\\\0"+[ \\t]+[#;/]+[ \\t]+external name
FAIL: g++.dg/debug/dwarf2/pubnames-2.C scan-assembler "one::c1v\\\\\\\\0"+[ \\t]+[#;/]+[ \\t]+external name
FAIL: g++.dg/debug/dwarf2/pubnames-2.C scan-assembler "one::\\\\(anonymous namespace\\\\)::one_anonymous_var\\\\\\\\0"+[ \\t]+[#;/]+[ \\t]+external name
FAIL: g++.dg/debug/dwarf2/pubnames-2.C scan-assembler "\\\\(anonymous namespace\\\\)::c1_count\\\\\\\\0"+[ \\t]+[#;/]+[ \\t]+external name
FAIL: g++.dg/debug/dwarf2/pubnames-2.C scan-assembler "\\\\(anonymous namespace\\\\)::c2_count\\\\\\\\0"+[ \\t]+[#;/]+[ \\t]+external name
FAIL: g++.dg/debug/dwarf2/pubnames-2.C scan-assembler "\\\\(anonymous namespace\\\\)::three\\\\\\\\0"+[ \\t]+[#;/]+[ \\t]+external name
FAIL: g++.dg/debug/dwarf2/pubnames-2.C scan-assembler "\\\\(anonymous namespace\\\\)::three::anonymous_three_var\\\\\\\\0"+[ \\t]+[#;/]+[ \\t]+external name
FAIL: g++.dg/debug/dwarf2/pubnames-2.C scan-assembler .section\\t.debug_pubtypes
FAIL: g++.dg/debug/dwarf2/pubnames-2.C scan-assembler "one::G\\\\\\\\0"+[ \\t]+[#;/]+[ \\t]+external name
FAIL: g++.dg/debug/dwarf2/pubnames-2.C scan-assembler "one::c1\\\\\\\\0"+[ \\t]+[#;/]+[ \\t]+external name
FAIL: g++.dg/debug/dwarf2/pubnames-2.C scan-assembler "int\\\\\\\\0"+[ \\t]+[#;/]+[ \\t]+external name
FAIL: g++.dg/debug/dwarf2/pubnames-2.C scan-assembler "one::c1\\\\\\\\0"+[ \\t]+[#;/]+[ \\t]+external name
FAIL: g++.dg/debug/dwarf2/pubnames-2.C scan-assembler "two::c2<int>\\\\\\\\0"+[ \\t]+[#;/]+[ \\t]+external name
FAIL: g++.dg/debug/dwarf2/pubnames-2.C scan-assembler "two::c2<int>\\\\\\\\0"+[ \\t]+[#;/]+[ \\t]+external name
FAIL: g++.dg/debug/dwarf2/pubnames-2.C scan-assembler "two::c2<double>\\\\\\\\0"+[ \\t]+[#;/]+[ \\t]+external name
FAIL: g++.dg/debug/dwarf2/pubnames-2.C scan-assembler "double\\\\\\\\0"+[ \\t]+[#;/]+[ \\t]+external name
FAIL: g++.dg/debug/dwarf2/pubnames-2.C scan-assembler "two::c2<double>\\\\\\\\0"+[ \\t]+[#;/]+[ \\t]+external name
FAIL: g++.dg/debug/dwarf2/pubnames-2.C scan-assembler "two::c2<int const\\\\*>\\\\\\\\0"+[ \\t]+[#;/]+[ \\t]+external name
FAIL: g++.dg/debug/dwarf2/pubnames-2.C scan-assembler "two::c2<int const\\\\*>\\\\\\\\0"+[ \\t]+[#;/]+[ \\t]+external name
FAIL: g++.dg/debug/dwarf2/pubnames-2.C scan-assembler "F\\\\\\\\0"+[ \\t]+[#;/]+[ \\t]+external name
FAIL: g++.dg/debug/dwarf2/pubnames-2.C scan-assembler "anonymous_union_container\\\\\\\\0"+[ \\t]+[#;/]+[ \\t]+external name
FAIL: g++.dg/debug/dwarf2/pubnames-2.C scan-assembler "bool\\\\\\\\0"+[ \\t]+[#;/]+[ \\t]+external name
FAIL: g++.dg/lto/20091219 cp_lto_20091219_0.o-cp_lto_20091219_0.o link, -O3 -flto
UNRESOLVED: g++.dg/lto/20091219 cp_lto_20091219_0.o-cp_lto_20091219_0.o execute -O3 -flto
=== g++ Summary for unix/-m32 ===
# of expected passes 47309
# of unexpected failures 59
# of expected failures 286
# of unresolved testcases 1
# of unsupported tests 744
=== g++ Summary ===
# of expected passes 95855
# of unexpected failures 118
# of expected failures 572
# of unresolved testcases 2
# of unsupported tests 1481
/var/gcc/regression/trunk/11-gcc-64/build/gcc/testsuite/g++/../../g++ version 4.8.0 20120713 (experimental) [trunk revision 189464] (GCC)
=== gcc tests ===
Running target unix
XPASS: gcc.dg/Wstrict-overflow-18.c (test for bogus messages, line 20)
FAIL: gcc.dg/attr-weakref-1.c (test for excess errors)
WARNING: gcc.dg/attr-weakref-1.c compilation failed to produce executable
FAIL: gcc.dg/debug_info_inline.c scan-assembler loc 1 19 0\\n.*\\n.LBB
FAIL: gcc.dg/pr44194-1.c scan-rtl-dump dse1 "global deletions = 2"
FAIL: gcc.dg/torture/pr51106-2.c -O0 (internal compiler error)
FAIL: gcc.dg/torture/pr51106-2.c -O0 (test for excess errors)
FAIL: gcc.dg/torture/pr51106-2.c -O1 (internal compiler error)
FAIL: gcc.dg/torture/pr51106-2.c -O1 (test for excess errors)
FAIL: gcc.dg/torture/pr51106-2.c -O2 (internal compiler error)
FAIL: gcc.dg/torture/pr51106-2.c -O2 (test for excess errors)
FAIL: gcc.dg/torture/pr51106-2.c -O3 -fomit-frame-pointer (internal compiler error)
FAIL: gcc.dg/torture/pr51106-2.c -O3 -fomit-frame-pointer (test for excess errors)
FAIL: gcc.dg/torture/pr51106-2.c -O3 -g (internal compiler error)
FAIL: gcc.dg/torture/pr51106-2.c -O3 -g (test for excess errors)
FAIL: gcc.dg/torture/pr51106-2.c -Os (internal compiler error)
FAIL: gcc.dg/torture/pr51106-2.c -Os (test for excess errors)
FAIL: gcc.dg/torture/pr51106-2.c -O2 -flto -flto-partition=none (internal compiler error)
FAIL: gcc.dg/torture/pr51106-2.c -O2 -flto -flto-partition=none (test for excess errors)
FAIL: gcc.dg/torture/pr51106-2.c -O2 -flto (internal compiler error)
FAIL: gcc.dg/torture/pr51106-2.c -O2 -flto (test for excess errors)
=== gcc Summary for unix ===
# of expected passes 77159
# of unexpected failures 19
# of unexpected successes 1
# of expected failures 310
# of unsupported tests 1568
Running target unix/-m32
XPASS: gcc.dg/Wstrict-overflow-18.c (test for bogus messages, line 20)
FAIL: gcc.dg/attr-weakref-1.c (test for excess errors)
WARNING: gcc.dg/attr-weakref-1.c compilation failed to produce executable
FAIL: gcc.dg/debug_info_inline.c scan-assembler loc 1 19 0\\n.*\\n.LBB
FAIL: gcc.dg/simulate-thread/atomic-other-int.c -O2 -g thread simulation test
FAIL: gcc.dg/simulate-thread/atomic-other-int.c -O3 -g thread simulation test
FAIL: gcc.dg/simulate-thread/atomic-other-short.c -O2 -g thread simulation test
FAIL: gcc.dg/simulate-thread/speculative-store.c -O0 -g thread simulation test
FAIL: gcc.dg/torture/pr51106-2.c -O0 (internal compiler error)
FAIL: gcc.dg/torture/pr51106-2.c -O0 (test for excess errors)
FAIL: gcc.dg/torture/pr51106-2.c -O1 (internal compiler error)
FAIL: gcc.dg/torture/pr51106-2.c -O1 (test for excess errors)
FAIL: gcc.dg/torture/pr51106-2.c -O2 (internal compiler error)
FAIL: gcc.dg/torture/pr51106-2.c -O2 (test for excess errors)
FAIL: gcc.dg/torture/pr51106-2.c -O3 -fomit-frame-pointer (internal compiler error)
FAIL: gcc.dg/torture/pr51106-2.c -O3 -fomit-frame-pointer (test for excess errors)
FAIL: gcc.dg/torture/pr51106-2.c -O3 -g (internal compiler error)
FAIL: gcc.dg/torture/pr51106-2.c -O3 -g (test for excess errors)
FAIL: gcc.dg/torture/pr51106-2.c -Os (internal compiler error)
FAIL: gcc.dg/torture/pr51106-2.c -Os (test for excess errors)
FAIL: gcc.dg/torture/pr51106-2.c -O2 -flto -flto-partition=none (internal compiler error)
FAIL: gcc.dg/torture/pr51106-2.c -O2 -flto -flto-partition=none (test for excess errors)
FAIL: gcc.dg/torture/pr51106-2.c -O2 -flto (internal compiler error)
FAIL: gcc.dg/torture/pr51106-2.c -O2 -flto (test for excess errors)
=== gcc Summary for unix/-m32 ===
# of expected passes 76458
# of unexpected failures 22
# of unexpected successes 1
# of expected failures 321
# of unsupported tests 1601
=== gcc Summary ===
# of expected passes 153617
# of unexpected failures 41
# of unexpected successes 2
# of expected failures 631
# of unsupported tests 3169
/var/gcc/regression/trunk/11-gcc-64/build/gcc/xgcc version 4.8.0 20120713 (experimental) [trunk revision 189464] (GCC)
=== gfortran tests ===
Running target unix
FAIL: gfortran.dg/array_constructor_4.f90 -O3 -fomit-frame-pointer execution test
FAIL: gfortran.dg/array_constructor_4.f90 -O3 -fomit-frame-pointer -funroll-loops execution test
FAIL: gfortran.dg/array_constructor_4.f90 -O3 -fomit-frame-pointer -funroll-all-loops -finline-functions execution test
FAIL: gfortran.dg/array_constructor_4.f90 -O3 -g execution test
FAIL: gfortran.dg/lto/pr45586-2 f_lto_pr45586-2_0.o-f_lto_pr45586-2_0.o link, -O0 -flto -flto-partition=none
UNRESOLVED: gfortran.dg/lto/pr45586-2 f_lto_pr45586-2_0.o-f_lto_pr45586-2_0.o execute -O0 -flto -flto-partition=none
FAIL: gfortran.dg/lto/pr45586-2 f_lto_pr45586-2_0.o-f_lto_pr45586-2_0.o link, -O0 -flto -flto-partition=1to1
UNRESOLVED: gfortran.dg/lto/pr45586-2 f_lto_pr45586-2_0.o-f_lto_pr45586-2_0.o execute -O0 -flto -flto-partition=1to1
FAIL: gfortran.dg/lto/pr45586-2 f_lto_pr45586-2_0.o-f_lto_pr45586-2_0.o link, -O0 -flto
UNRESOLVED: gfortran.dg/lto/pr45586-2 f_lto_pr45586-2_0.o-f_lto_pr45586-2_0.o execute -O0 -flto
FAIL: gfortran.dg/lto/pr45586 f_lto_pr45586_0.o-f_lto_pr45586_0.o link, -O0 -flto -flto-partition=none
UNRESOLVED: gfortran.dg/lto/pr45586 f_lto_pr45586_0.o-f_lto_pr45586_0.o execute -O0 -flto -flto-partition=none
FAIL: gfortran.dg/lto/pr45586 f_lto_pr45586_0.o-f_lto_pr45586_0.o link, -O0 -flto -flto-partition=1to1
UNRESOLVED: gfortran.dg/lto/pr45586 f_lto_pr45586_0.o-f_lto_pr45586_0.o execute -O0 -flto -flto-partition=1to1
FAIL: gfortran.dg/lto/pr45586 f_lto_pr45586_0.o-f_lto_pr45586_0.o link, -O0 -flto
UNRESOLVED: gfortran.dg/lto/pr45586 f_lto_pr45586_0.o-f_lto_pr45586_0.o execute -O0 -flto
=== gfortran Summary for unix ===
# of expected passes 41624
# of unexpected failures 10
# of expected failures 58
# of unresolved testcases 6
# of unsupported tests 101
Running target unix/-m32
FAIL: gfortran.dg/lto/pr45586-2 f_lto_pr45586-2_0.o-f_lto_pr45586-2_0.o link, -O0 -flto -flto-partition=none
UNRESOLVED: gfortran.dg/lto/pr45586-2 f_lto_pr45586-2_0.o-f_lto_pr45586-2_0.o execute -O0 -flto -flto-partition=none
FAIL: gfortran.dg/lto/pr45586-2 f_lto_pr45586-2_0.o-f_lto_pr45586-2_0.o link, -O0 -flto -flto-partition=1to1
UNRESOLVED: gfortran.dg/lto/pr45586-2 f_lto_pr45586-2_0.o-f_lto_pr45586-2_0.o execute -O0 -flto -flto-partition=1to1
FAIL: gfortran.dg/lto/pr45586-2 f_lto_pr45586-2_0.o-f_lto_pr45586-2_0.o link, -O0 -flto
UNRESOLVED: gfortran.dg/lto/pr45586-2 f_lto_pr45586-2_0.o-f_lto_pr45586-2_0.o execute -O0 -flto
FAIL: gfortran.dg/lto/pr45586 f_lto_pr45586_0.o-f_lto_pr45586_0.o link, -O0 -flto -flto-partition=none
UNRESOLVED: gfortran.dg/lto/pr45586 f_lto_pr45586_0.o-f_lto_pr45586_0.o execute -O0 -flto -flto-partition=none
FAIL: gfortran.dg/lto/pr45586 f_lto_pr45586_0.o-f_lto_pr45586_0.o link, -O0 -flto -flto-partition=1to1
UNRESOLVED: gfortran.dg/lto/pr45586 f_lto_pr45586_0.o-f_lto_pr45586_0.o execute -O0 -flto -flto-partition=1to1
FAIL: gfortran.dg/lto/pr45586 f_lto_pr45586_0.o-f_lto_pr45586_0.o link, -O0 -flto
UNRESOLVED: gfortran.dg/lto/pr45586 f_lto_pr45586_0.o-f_lto_pr45586_0.o execute -O0 -flto
=== gfortran Summary for unix/-m32 ===
# of expected passes 41302
# of unexpected failures 6
# of expected failures 58
# of unresolved testcases 6
# of unsupported tests 261
=== gfortran Summary ===
# of expected passes 82926
# of unexpected failures 16
# of expected failures 116
# of unresolved testcases 12
# of unsupported tests 362
/var/gcc/regression/trunk/11-gcc-64/build/gcc/testsuite/gfortran/../../gfortran version 4.8.0 20120713 (experimental) [trunk revision 189464] (GCC)
=== gnat tests ===
Running target unix/-m32
FAIL: gnat.dg/array11.adb (test for warnings, line 12)
FAIL: gnat.dg/object_overflow.adb (test for warnings, line 8)
=== gnat Summary for unix/-m32 ===
# of expected passes 1088
# of unexpected failures 2
# of expected failures 17
# of unsupported tests 13
Running target unix
FAIL: gnat.dg/array11.adb (test for warnings, line 12)
FAIL: gnat.dg/object_overflow.adb (test for warnings, line 8)
=== gnat Summary for unix ===
# of expected passes 1088
# of unexpected failures 2
# of expected failures 17
# of unsupported tests 13
=== gnat Summary ===
# of expected passes 2176
# of unexpected failures 4
# of expected failures 34
# of unsupported tests 26
/var/gcc/regression/trunk/11-gcc-64/build/gcc/gnatmake version 4.8.0 20120713 (experimental) [trunk revision 189464]
=== go tests ===
Running target unix
=== go Summary for unix ===
# of expected passes 3290
# of expected failures 4
# of untested testcases 7
Running target unix/-m32
=== go Summary for unix/-m32 ===
# of expected passes 3290
# of expected failures 4
# of untested testcases 7
=== go Summary ===
# of expected passes 6580
# of expected failures 8
# of untested testcases 14
/var/gcc/regression/trunk/11-gcc-64/build/gcc/testsuite/go/../../gccgo version 4.8.0 20120713 (experimental) [trunk revision 189464] (GCC)
=== obj-c++ tests ===
Running target unix/-m32
=== obj-c++ Summary for unix/-m32 ===
# of expected passes 1450
# of expected failures 2
# of unsupported tests 86
Running target unix
=== obj-c++ Summary for unix ===
# of expected passes 1442
# of expected failures 10
# of unsupported tests 86
=== obj-c++ Summary ===
# of expected passes 2892
# of expected failures 12
# of unsupported tests 172
/var/gcc/regression/trunk/11-gcc-64/build/gcc/testsuite/obj-c++/../../g++ version 4.8.0 20120713 (experimental) [trunk revision 189464] (GCC)
=== objc tests ===
Running target unix
=== objc Summary for unix ===
# of expected passes 2994
# of unsupported tests 74
Running target unix/-m32
=== objc Summary for unix/-m32 ===
# of expected passes 2994
# of unsupported tests 74
=== objc Summary ===
# of expected passes 5988
# of unsupported tests 148
/var/gcc/regression/trunk/11-gcc-64/build/gcc/xgcc version 4.8.0 20120713 (experimental) [trunk revision 189464] (GCC)
=== boehm-gc tests ===
Running target unix/-m32
=== boehm-gc Summary for unix/-m32 ===
# of expected passes 12
# of unsupported tests 1
Running target unix
=== boehm-gc Summary for unix ===
# of expected passes 12
# of unsupported tests 1
=== boehm-gc Summary ===
# of expected passes 24
# of unsupported tests 2
=== libatomic tests ===
Running target unix/-m32
=== libatomic Summary for unix/-m32 ===
# of expected passes 34
# of unsupported tests 10
Running target unix
=== libatomic Summary for unix ===
# of expected passes 44
# of unsupported tests 5
=== libatomic Summary ===
# of expected passes 78
# of unsupported tests 15
=== libffi tests ===
Running target unix/-m32
=== libffi Summary for unix/-m32 ===
# of expected passes 1659
# of unsupported tests 55
Running target unix
=== libffi Summary for unix ===
# of expected passes 1659
# of unsupported tests 55
=== libffi Summary ===
# of expected passes 3318
# of unsupported tests 110
=== libgo tests ===
Running target unix
=== libgo Summary for unix ===
# of expected passes 123
Running target unix/-m32
FAIL: text/template
FAIL: testing/quick
=== libgo Summary for unix/-m32 ===
# of expected passes 121
# of unexpected failures 2
=== libgo Summary ===
# of expected passes 244
# of unexpected failures 2
/var/gcc/regression/trunk/11-gcc-64/build/./gcc/gccgo version 4.8.0 20120713 (experimental) [trunk revision 189464] (GCC)
=== libgomp tests ===
Running target unix/-m32
=== libgomp Summary for unix/-m32 ===
# of expected passes 2973
# of unsupported tests 3
Running target unix
=== libgomp Summary for unix ===
# of expected passes 2973
# of unsupported tests 3
=== libgomp Summary ===
# of expected passes 5946
# of unsupported tests 6
=== libitm tests ===
Running target unix/-m32
=== libitm Summary for unix/-m32 ===
# of expected passes 26
# of expected failures 3
# of unsupported tests 1
Running target unix
=== libitm Summary for unix ===
# of expected passes 26
# of expected failures 3
# of unsupported tests 1
=== libitm Summary ===
# of expected passes 52
# of expected failures 6
# of unsupported tests 2
=== libjava tests ===
Running target unix/-m32
=== libjava Summary for unix/-m32 ===
# of expected passes 2574
Running target unix
=== libjava Summary for unix ===
# of expected passes 2574
=== libjava Summary ===
# of expected passes 5148
=== libmudflap tests ===
Running target unix/-m32
=== libmudflap Summary for unix/-m32 ===
# of expected passes 1442
Running target unix
FAIL: libmudflap.c++/pass55-frag.cxx ( -O) execution test
FAIL: libmudflap.c++/pass55-frag.cxx (-O2) execution test
FAIL: libmudflap.c++/pass55-frag.cxx (-O3) execution test
=== libmudflap Summary for unix ===
# of expected passes 1439
# of unexpected failures 3
=== libmudflap Summary ===
# of expected passes 2881
# of unexpected failures 3
=== libstdc++ tests ===
Running target unix
=== libstdc++ Summary for unix ===
# of expected passes 7981
# of expected failures 42
# of unsupported tests 534
Running target unix/-m32
=== libstdc++ Summary for unix/-m32 ===
# of expected passes 7981
# of expected failures 42
# of unsupported tests 534
=== libstdc++ Summary ===
# of expected passes 15962
# of expected failures 84
# of unsupported tests 1068
Compiler version: 4.8.0 20120713 (experimental) [trunk revision 189464] (GCC)
Platform: sparcv9-sun-solaris2.11
configure flags: --prefix=/vol/gcc --target=sparcv9-sun-solaris2.11 --enable-objc-gc --enable-libmudflap --with-gmp-include=/vol/gcc/include --with-gmp-lib=/vol/gcc/lib/sparcv9 --with-mpfr-include=/vol/gcc/include --with-mpfr-lib=/vol/gcc/lib/sparcv9 --with-mpc-include=/vol/gcc/include --with-mpc-lib=/vol/gcc/lib/sparcv9 --enable-languages=all,ada,obj-c++,go --without-isl --without-cloog --build=sparcv9-sun-solaris2.11 --host=sparcv9-sun-solaris2.11
BOOT_CFLAGS=-g -O2
More information about the Gcc-testresults
mailing list