Results for 4.6.4 20120628 (prerelease) [gcc-4_6-branch revision 189048] (GCC) testsuite on arm-unknown-linux-gnueabi
Linaro Toolchain Builder
michael.hope+cbuild@linaro.org
Mon Jul 2 02:43:00 GMT 2012
LAST_UPDATED: Thu Jun 28 13:34:07 UTC 2012 (revision 189048)
Native configuration is arm-unknown-linux-gnueabi
=== libgomp tests ===
Running target unix
=== libgomp Summary ===
# of expected passes 2678
# of unsupported tests 1
=== libmudflap tests ===
Running target unix
FAIL: libmudflap.c/fail40-frag.c output pattern test
FAIL: libmudflap.c/pass49-frag.c execution test
FAIL: libmudflap.c/pass49-frag.c output pattern test
FAIL: libmudflap.c/pass49-frag.c execution test
FAIL: libmudflap.c/pass49-frag.c output pattern test
FAIL: libmudflap.c/pass51-frag.c execution test
FAIL: libmudflap.c/pass51-frag.c execution test
FAIL: libmudflap.c/fail40-frag.c (-static) output pattern test
FAIL: libmudflap.c/pass49-frag.c (-static) execution test
FAIL: libmudflap.c/pass49-frag.c (-static) output pattern test
FAIL: libmudflap.c/pass49-frag.c (-static) execution test
FAIL: libmudflap.c/pass49-frag.c (-static) output pattern test
FAIL: libmudflap.c/pass51-frag.c (-static) execution test
FAIL: libmudflap.c/pass51-frag.c (-static) execution test
FAIL: libmudflap.c/fail40-frag.c (-O2) output pattern test
FAIL: libmudflap.c/pass49-frag.c (-O2) execution test
FAIL: libmudflap.c/pass49-frag.c (-O2) output pattern test
FAIL: libmudflap.c/pass49-frag.c (-O2) execution test
FAIL: libmudflap.c/pass49-frag.c (-O2) output pattern test
FAIL: libmudflap.c/pass51-frag.c (-O2) execution test
FAIL: libmudflap.c/pass51-frag.c (-O2) execution test
FAIL: libmudflap.c/fail40-frag.c (-O3) output pattern test
FAIL: libmudflap.c/pass49-frag.c (-O3) execution test
FAIL: libmudflap.c/pass49-frag.c (-O3) output pattern test
FAIL: libmudflap.c/pass49-frag.c (-O3) execution test
FAIL: libmudflap.c/pass49-frag.c (-O3) output pattern test
FAIL: libmudflap.c/pass51-frag.c (-O3) execution test
FAIL: libmudflap.c/pass51-frag.c (-O3) execution test
=== libmudflap Summary ===
# of expected passes 1878
# of unexpected failures 28
=== libstdc++ tests ===
Running target unix
=== libstdc++ Summary ===
# of expected passes 7459
# of expected failures 82
# of unsupported tests 451
=== libstdc++ Summary ===
=== g++ tests ===
Running target unix
FAIL: g++.dg/abi/local1.C execution test
ERROR: g++.dg/cpp0x/nullptr28.C: syntax error in target selector "target c++11" for " dg-do 1 run { target c++11 } "
UNRESOLVED: g++.dg/cpp0x/nullptr28.C: syntax error in target selector "target c++11" for " dg-do 1 run { target c++11 } "
XPASS: g++.dg/uninit-pred-3_b.C (test for excess errors)
FAIL: g++.dg/vect/pr36648.cc scan-tree-dump-times vect "vectorized 1 loops" 1
FAIL: g++.dg/vect/pr36648.cc scan-tree-dump-times vect "vectorizing stmts using SLP" 1
=== g++ Summary ===
# of expected passes 26742
# of unexpected failures 3
# of unexpected successes 1
# of expected failures 168
# of unresolved testcases 1
# of unsupported tests 413
/cbuild/slaves/ursa3/gcc-4.6+svn189048/gcc/default/build/gcc/testsuite/g++/../../g++ version 4.6.4 20120628 (prerelease) [gcc-4_6-branch revision 189048] (GCC)
=== gcc tests ===
Running target unix
WARNING: program timed out.
FAIL: gcc.c-torture/compile/limits-fndefn.c -O3 -g (test for excess errors)
FAIL: gcc.dg/builtin-apply2.c execution test
FAIL: gcc.dg/c99-stdint-1.c (test for excess errors)
FAIL: gcc.dg/c99-stdint-7.c (test for excess errors)
FAIL: gcc.dg/pr17957.c (test for excess errors)
FAIL: gcc.dg/pr48335-2.c (internal compiler error)
FAIL: gcc.dg/pr48335-2.c (test for excess errors)
XPASS: gcc.dg/guality/example.c -O0 execution test
XPASS: gcc.dg/guality/guality.c -O0 execution test
XPASS: gcc.dg/guality/guality.c -O1 execution test
XPASS: gcc.dg/guality/guality.c -O2 execution test
XPASS: gcc.dg/guality/guality.c -O3 -fomit-frame-pointer execution test
XPASS: gcc.dg/guality/guality.c -O3 -g execution test
XPASS: gcc.dg/guality/guality.c -Os execution test
XPASS: gcc.dg/guality/guality.c -O2 -flto -flto-partition=none execution test
XPASS: gcc.dg/guality/guality.c -O2 -flto execution test
XPASS: gcc.dg/guality/inline-params.c -O2 execution test
XPASS: gcc.dg/guality/inline-params.c -O3 -fomit-frame-pointer execution test
XPASS: gcc.dg/guality/inline-params.c -O3 -g execution test
XPASS: gcc.dg/guality/inline-params.c -Os execution test
XPASS: gcc.dg/guality/inline-params.c -O2 -flto -flto-partition=none execution test
XPASS: gcc.dg/guality/inline-params.c -O2 -flto execution test
FAIL: gcc.dg/guality/pr36728-1.c -O1 line 12 arg2 == 2
FAIL: gcc.dg/guality/pr36728-1.c -O1 line 12 arg3 == 3
FAIL: gcc.dg/guality/pr36728-1.c -O1 line 12 arg4 == 4
FAIL: gcc.dg/guality/pr36728-1.c -O1 line 14 arg2 == 2
FAIL: gcc.dg/guality/pr36728-1.c -O1 line 14 arg3 == 3
FAIL: gcc.dg/guality/pr36728-1.c -O1 line 14 arg4 == 4
FAIL: gcc.dg/guality/pr36728-1.c -O2 line 12 arg2 == 2
FAIL: gcc.dg/guality/pr36728-1.c -O2 line 12 arg3 == 3
FAIL: gcc.dg/guality/pr36728-1.c -O2 line 12 arg4 == 4
FAIL: gcc.dg/guality/pr36728-1.c -O2 line 14 arg2 == 2
FAIL: gcc.dg/guality/pr36728-1.c -O2 line 14 arg3 == 3
FAIL: gcc.dg/guality/pr36728-1.c -O2 line 14 arg4 == 4
FAIL: gcc.dg/guality/pr36728-1.c -O3 -fomit-frame-pointer line 12 arg2 == 2
FAIL: gcc.dg/guality/pr36728-1.c -O3 -fomit-frame-pointer line 12 arg3 == 3
FAIL: gcc.dg/guality/pr36728-1.c -O3 -fomit-frame-pointer line 12 arg4 == 4
FAIL: gcc.dg/guality/pr36728-1.c -O3 -fomit-frame-pointer line 14 arg2 == 2
FAIL: gcc.dg/guality/pr36728-1.c -O3 -fomit-frame-pointer line 14 arg3 == 3
FAIL: gcc.dg/guality/pr36728-1.c -O3 -fomit-frame-pointer line 14 arg4 == 4
FAIL: gcc.dg/guality/pr36728-1.c -O3 -g line 12 arg2 == 2
FAIL: gcc.dg/guality/pr36728-1.c -O3 -g line 12 arg3 == 3
FAIL: gcc.dg/guality/pr36728-1.c -O3 -g line 12 arg4 == 4
FAIL: gcc.dg/guality/pr36728-1.c -O3 -g line 14 arg2 == 2
FAIL: gcc.dg/guality/pr36728-1.c -O3 -g line 14 arg3 == 3
FAIL: gcc.dg/guality/pr36728-1.c -O3 -g line 14 arg4 == 4
FAIL: gcc.dg/guality/pr36728-1.c -Os line 12 arg2 == 2
FAIL: gcc.dg/guality/pr36728-1.c -Os line 12 arg3 == 3
FAIL: gcc.dg/guality/pr36728-1.c -Os line 12 arg4 == 4
FAIL: gcc.dg/guality/pr36728-1.c -Os line 14 arg2 == 2
FAIL: gcc.dg/guality/pr36728-1.c -Os line 14 arg3 == 3
FAIL: gcc.dg/guality/pr36728-1.c -Os line 14 arg4 == 4
FAIL: gcc.dg/guality/pr36728-1.c -O2 -flto -flto-partition=none line 12 arg2 == 2
FAIL: gcc.dg/guality/pr36728-1.c -O2 -flto -flto-partition=none line 12 arg3 == 3
FAIL: gcc.dg/guality/pr36728-1.c -O2 -flto -flto-partition=none line 12 arg4 == 4
FAIL: gcc.dg/guality/pr36728-1.c -O2 -flto -flto-partition=none line 14 arg2 == 2
FAIL: gcc.dg/guality/pr36728-1.c -O2 -flto -flto-partition=none line 14 arg3 == 3
FAIL: gcc.dg/guality/pr36728-1.c -O2 -flto -flto-partition=none line 14 arg4 == 4
FAIL: gcc.dg/guality/pr36728-1.c -O2 -flto line 12 arg2 == 2
FAIL: gcc.dg/guality/pr36728-1.c -O2 -flto line 12 arg3 == 3
FAIL: gcc.dg/guality/pr36728-1.c -O2 -flto line 12 arg4 == 4
FAIL: gcc.dg/guality/pr36728-1.c -O2 -flto line 14 arg2 == 2
FAIL: gcc.dg/guality/pr36728-1.c -O2 -flto line 14 arg3 == 3
FAIL: gcc.dg/guality/pr36728-1.c -O2 -flto line 14 arg4 == 4
FAIL: gcc.dg/guality/pr36728-2.c -O1 line 12 arg3 == 3
FAIL: gcc.dg/guality/pr36728-2.c -O1 line 12 arg4 == 4
FAIL: gcc.dg/guality/pr36728-2.c -O1 line 14 arg3 == 3
FAIL: gcc.dg/guality/pr36728-2.c -O1 line 14 arg4 == 4
FAIL: gcc.dg/guality/pr36728-2.c -O2 line 12 arg3 == 3
FAIL: gcc.dg/guality/pr36728-2.c -O2 line 12 arg4 == 4
FAIL: gcc.dg/guality/pr36728-2.c -O2 line 14 arg3 == 3
FAIL: gcc.dg/guality/pr36728-2.c -O2 line 14 arg4 == 4
FAIL: gcc.dg/guality/pr36728-2.c -O3 -fomit-frame-pointer line 12 arg3 == 3
FAIL: gcc.dg/guality/pr36728-2.c -O3 -fomit-frame-pointer line 12 arg4 == 4
FAIL: gcc.dg/guality/pr36728-2.c -O3 -fomit-frame-pointer line 14 arg3 == 3
FAIL: gcc.dg/guality/pr36728-2.c -O3 -fomit-frame-pointer line 14 arg4 == 4
FAIL: gcc.dg/guality/pr36728-2.c -O3 -g line 12 arg3 == 3
FAIL: gcc.dg/guality/pr36728-2.c -O3 -g line 12 arg4 == 4
FAIL: gcc.dg/guality/pr36728-2.c -O3 -g line 14 arg3 == 3
FAIL: gcc.dg/guality/pr36728-2.c -O3 -g line 14 arg4 == 4
FAIL: gcc.dg/guality/pr36728-2.c -Os line 12 arg3 == 3
FAIL: gcc.dg/guality/pr36728-2.c -Os line 12 arg4 == 4
FAIL: gcc.dg/guality/pr36728-2.c -Os line 14 arg3 == 3
FAIL: gcc.dg/guality/pr36728-2.c -Os line 14 arg4 == 4
FAIL: gcc.dg/guality/pr36728-2.c -O2 -flto -flto-partition=none line 12 arg3 == 3
FAIL: gcc.dg/guality/pr36728-2.c -O2 -flto -flto-partition=none line 12 arg4 == 4
FAIL: gcc.dg/guality/pr36728-2.c -O2 -flto -flto-partition=none line 14 arg3 == 3
FAIL: gcc.dg/guality/pr36728-2.c -O2 -flto -flto-partition=none line 14 arg4 == 4
FAIL: gcc.dg/guality/pr36728-2.c -O2 -flto line 12 arg3 == 3
FAIL: gcc.dg/guality/pr36728-2.c -O2 -flto line 12 arg4 == 4
FAIL: gcc.dg/guality/pr36728-2.c -O2 -flto line 14 arg3 == 3
FAIL: gcc.dg/guality/pr36728-2.c -O2 -flto line 14 arg4 == 4
XPASS: gcc.dg/guality/pr41353-1.c -O0 line 28 j == 28 + 37
FAIL: gcc.dg/guality/pr41353-1.c -O1 line 28 i == 37
XPASS: gcc.dg/guality/pr41353-1.c -O1 line 28 j == 28 + 37
FAIL: gcc.dg/guality/pr41353-1.c -O1 line 28 i1 == 2 * 37
FAIL: gcc.dg/guality/pr41353-1.c -O1 line 28 i2 == 3 * 37
FAIL: gcc.dg/guality/pr41353-1.c -O2 line 28 i == 37
XPASS: gcc.dg/guality/pr41353-1.c -O2 line 28 j == 28 + 37
FAIL: gcc.dg/guality/pr41353-1.c -O2 line 28 i1 == 2 * 37
FAIL: gcc.dg/guality/pr41353-1.c -O2 line 28 i2 == 3 * 37
FAIL: gcc.dg/guality/pr41353-1.c -O3 -fomit-frame-pointer line 28 i == 37
XPASS: gcc.dg/guality/pr41353-1.c -O3 -fomit-frame-pointer line 28 j == 28 + 37
FAIL: gcc.dg/guality/pr41353-1.c -O3 -fomit-frame-pointer line 28 i1 == 2 * 37
FAIL: gcc.dg/guality/pr41353-1.c -O3 -fomit-frame-pointer line 28 i2 == 3 * 37
FAIL: gcc.dg/guality/pr41353-1.c -O3 -g line 28 i == 37
XPASS: gcc.dg/guality/pr41353-1.c -O3 -g line 28 j == 28 + 37
FAIL: gcc.dg/guality/pr41353-1.c -O3 -g line 28 i1 == 2 * 37
FAIL: gcc.dg/guality/pr41353-1.c -O3 -g line 28 i2 == 3 * 37
FAIL: gcc.dg/guality/pr41353-1.c -Os line 28 i == 37
XPASS: gcc.dg/guality/pr41353-1.c -Os line 28 j == 28 + 37
FAIL: gcc.dg/guality/pr41353-1.c -Os line 28 i1 == 2 * 37
FAIL: gcc.dg/guality/pr41353-1.c -Os line 28 i2 == 3 * 37
FAIL: gcc.dg/guality/pr41353-1.c -O2 -flto -flto-partition=none line 28 i == 37
XPASS: gcc.dg/guality/pr41353-1.c -O2 -flto -flto-partition=none line 28 j == 28 + 37
FAIL: gcc.dg/guality/pr41353-1.c -O2 -flto -flto-partition=none line 28 i1 == 2 * 37
FAIL: gcc.dg/guality/pr41353-1.c -O2 -flto -flto-partition=none line 28 i2 == 3 * 37
FAIL: gcc.dg/guality/pr41353-1.c -O2 -flto line 28 i == 37
XPASS: gcc.dg/guality/pr41353-1.c -O2 -flto line 28 j == 28 + 37
FAIL: gcc.dg/guality/pr41353-1.c -O2 -flto line 28 i1 == 2 * 37
FAIL: gcc.dg/guality/pr41353-1.c -O2 -flto line 28 i2 == 3 * 37
XPASS: gcc.dg/guality/pr41447-1.c -O0 execution test
XPASS: gcc.dg/guality/pr41447-1.c -O1 execution test
XPASS: gcc.dg/guality/pr41447-1.c -O2 execution test
XPASS: gcc.dg/guality/pr41447-1.c -O3 -fomit-frame-pointer execution test
XPASS: gcc.dg/guality/pr41447-1.c -O3 -g execution test
XPASS: gcc.dg/guality/pr41447-1.c -Os execution test
XPASS: gcc.dg/guality/pr41447-1.c -O2 -flto -flto-partition=none execution test
XPASS: gcc.dg/guality/pr41447-1.c -O2 -flto execution test
XPASS: gcc.dg/guality/pr41616-1.c -O0 execution test
XPASS: gcc.dg/guality/pr41616-1.c -O1 execution test
XPASS: gcc.dg/guality/pr41616-1.c -O2 execution test
XPASS: gcc.dg/guality/pr41616-1.c -O3 -fomit-frame-pointer execution test
XPASS: gcc.dg/guality/pr41616-1.c -O3 -g execution test
XPASS: gcc.dg/guality/pr41616-1.c -Os execution test
FAIL: gcc.dg/guality/pr43051-1.c -O1 line 39 c == &a[0]
FAIL: gcc.dg/guality/sra-1.c -O1 line 43 a.j == 14
FAIL: gcc.dg/guality/sra-1.c -O2 line 43 a.j == 14
FAIL: gcc.dg/guality/sra-1.c -O3 -fomit-frame-pointer line 43 a.j == 14
FAIL: gcc.dg/guality/sra-1.c -O3 -g line 43 a.j == 14
FAIL: gcc.dg/guality/sra-1.c -Os line 43 a.j == 14
FAIL: gcc.dg/guality/sra-1.c -O2 -flto -flto-partition=none line 43 a.j == 14
FAIL: gcc.dg/guality/sra-1.c -O2 -flto line 43 a.j == 14
FAIL: gcc.dg/guality/vla-1.c -O0 line 17 sizeof (a) == 6
FAIL: gcc.dg/guality/vla-1.c -O0 line 24 sizeof (a) == 17 * sizeof (short)
FAIL: gcc.dg/guality/vla-1.c -O1 line 24 sizeof (a) == 17 * sizeof (short)
FAIL: gcc.dg/guality/vla-1.c -O2 line 24 sizeof (a) == 17 * sizeof (short)
FAIL: gcc.dg/guality/vla-1.c -O3 -fomit-frame-pointer line 24 sizeof (a) == 17 * sizeof (short)
FAIL: gcc.dg/guality/vla-1.c -O3 -g line 24 sizeof (a) == 17 * sizeof (short)
FAIL: gcc.dg/guality/vla-1.c -Os line 24 sizeof (a) == 17 * sizeof (short)
FAIL: gcc.dg/guality/vla-1.c -O2 -flto -flto-partition=none line 17 sizeof (a) == 6
FAIL: gcc.dg/guality/vla-1.c -O2 -flto -flto-partition=none line 24 sizeof (a) == 17 * sizeof (short)
FAIL: gcc.dg/guality/vla-1.c -O2 -flto line 17 sizeof (a) == 6
FAIL: gcc.dg/guality/vla-1.c -O2 -flto line 24 sizeof (a) == 17 * sizeof (short)
FAIL: gcc.dg/guality/vla-2.c -O0 line 16 sizeof (a) == 5 * sizeof (int)
FAIL: gcc.dg/guality/vla-2.c -O0 line 25 sizeof (a) == 6 * sizeof (int)
FAIL: gcc.dg/guality/vla-2.c -O1 line 16 sizeof (a) == 5 * sizeof (int)
FAIL: gcc.dg/guality/vla-2.c -O1 line 25 sizeof (a) == 6 * sizeof (int)
FAIL: gcc.dg/guality/vla-2.c -O2 line 16 sizeof (a) == 5 * sizeof (int)
FAIL: gcc.dg/guality/vla-2.c -O2 line 25 sizeof (a) == 6 * sizeof (int)
FAIL: gcc.dg/guality/vla-2.c -O3 -fomit-frame-pointer line 16 sizeof (a) == 5 * sizeof (int)
FAIL: gcc.dg/guality/vla-2.c -O3 -fomit-frame-pointer line 25 sizeof (a) == 6 * sizeof (int)
FAIL: gcc.dg/guality/vla-2.c -O3 -g line 16 sizeof (a) == 5 * sizeof (int)
FAIL: gcc.dg/guality/vla-2.c -O3 -g line 25 sizeof (a) == 6 * sizeof (int)
FAIL: gcc.dg/guality/vla-2.c -Os line 16 sizeof (a) == 5 * sizeof (int)
FAIL: gcc.dg/guality/vla-2.c -Os line 25 sizeof (a) == 6 * sizeof (int)
FAIL: gcc.dg/guality/vla-2.c -O2 -flto -flto-partition=none line 16 sizeof (a) == 5 * sizeof (int)
FAIL: gcc.dg/guality/vla-2.c -O2 -flto -flto-partition=none line 25 sizeof (a) == 6 * sizeof (int)
FAIL: gcc.dg/guality/vla-2.c -O2 -flto line 16 sizeof (a) == 5 * sizeof (int)
FAIL: gcc.dg/guality/vla-2.c -O2 -flto line 25 sizeof (a) == 6 * sizeof (int)
FAIL: gcc.dg/tls/pr42894.c (test for excess errors)
FAIL: gcc.dg/torture/pr47975.c -O0 (test for excess errors)
FAIL: gcc.dg/torture/pr47975.c -O1 (test for excess errors)
FAIL: gcc.dg/torture/pr47975.c -O2 (test for excess errors)
FAIL: gcc.dg/torture/pr47975.c -O3 -fomit-frame-pointer (test for excess errors)
FAIL: gcc.dg/torture/pr47975.c -O3 -g (test for excess errors)
FAIL: gcc.dg/torture/pr47975.c -Os (test for excess errors)
FAIL: gcc.dg/torture/pr47975.c -O2 -flto -flto-partition=none (test for excess errors)
FAIL: gcc.dg/torture/pr47975.c -O2 -flto (test for excess errors)
FAIL: gcc.dg/torture/stackalign/builtin-apply-2.c -O0 execution test
FAIL: gcc.dg/torture/stackalign/builtin-apply-2.c -O0 execution test
FAIL: gcc.dg/torture/stackalign/builtin-apply-2.c -O1 execution test
FAIL: gcc.dg/torture/stackalign/builtin-apply-2.c -Os execution test
XPASS: gcc.dg/tree-ssa/20040204-1.c scan-tree-dump-times optimized "link_error" 0
XPASS: gcc.dg/vect/vect-16.c scan-tree-dump-times vect "vectorized 1 loops" 1
FAIL: gcc.dg/vect/vect-72.c scan-tree-dump-times vect "Alignment of access forced using peeling" 0
FAIL: gcc.dg/vect/vect-peel-3.c scan-tree-dump-times vect "Vectorizing an unaligned access" 1
FAIL: gcc.dg/vect/vect-peel-4.c scan-tree-dump-times vect "Vectorizing an unaligned access" 1
FAIL: gcc.dg/vect/slp-reduc-6.c scan-tree-dump-times vect "vectorized 1 loops" 2
FAIL: gcc.dg/vect/bb-slp-10.c scan-tree-dump-times slp "unsupported alignment in basic block." 1
FAIL: gcc.target/arm/g2.c (test for excess errors)
UNRESOLVED: gcc.target/arm/g2.c scan-assembler mla[ \\t].*
FAIL: gcc.target/arm/pr40887.c (test for excess errors)
UNRESOLVED: gcc.target/arm/pr40887.c scan-assembler blx
FAIL: gcc.target/arm/pr42575.c scan-assembler-not mov
FAIL: gcc.target/arm/scd42-1.c (test for excess errors)
UNRESOLVED: gcc.target/arm/scd42-1.c scan-assembler mov[ \\t].*17
FAIL: gcc.target/arm/scd42-2.c (test for excess errors)
UNRESOLVED: gcc.target/arm/scd42-2.c scan-assembler mov[ \\t].*272
FAIL: gcc.target/arm/scd42-3.c (test for excess errors)
UNRESOLVED: gcc.target/arm/scd42-3.c scan-assembler ldr[ \\t].*
FAIL: gcc.target/arm/thumb-ltu.c (test for excess errors)
UNRESOLVED: gcc.target/arm/thumb-ltu.c scan-assembler-not uxtb
FAIL: gcc.target/arm/vfp-1.c scan-assembler flds.+ \\\\[r0, #-1020\\\\]
FAIL: gcc.target/arm/vfp-1.c scan-assembler fldd.+ \\\\[r1, #-1016\\\\]
=== gcc Summary ===
# of expected passes 76792
# of unexpected failures 160
# of unexpected successes 39
# of expected failures 214
# of unresolved testcases 6
# of unsupported tests 1013
/cbuild/slaves/ursa3/gcc-4.6+svn189048/gcc/default/build/gcc/xgcc version 4.6.4 20120628 (prerelease) [gcc-4_6-branch revision 189048] (GCC)
=== gfortran tests ===
Running target unix
FAIL: gfortran.dg/pr45636.f90 -O scan-tree-dump-times forwprop2 "memset" 0
FAIL: gfortran.dg/vect/fast-math-pr38968.f90 scan-tree-dump vect "vectorized 1 loops"
=== gfortran Summary ===
# of expected passes 38061
# of unexpected failures 2
# of expected failures 53
# of unsupported tests 388
/cbuild/slaves/ursa3/gcc-4.6+svn189048/gcc/default/build/gcc/testsuite/gfortran/../../gfortran version 4.6.4 20120628 (prerelease) [gcc-4_6-branch revision 189048] (GCC)
=== obj-c++ tests ===
Running target unix
=== obj-c++ Summary ===
# of expected passes 1388
# of expected failures 2
# of unsupported tests 86
/cbuild/slaves/ursa3/gcc-4.6+svn189048/gcc/default/build/gcc/testsuite/obj-c++/../../g++ version 4.6.4 20120628 (prerelease) [gcc-4_6-branch revision 189048] (GCC)
=== objc tests ===
Running target unix
FAIL: objc.dg-struct-layout-encoding-1/t025_main.m execution test
FAIL: objc.dg-struct-layout-encoding-1/t027_main.m execution test
FAIL: objc.dg-struct-layout-encoding-1/t028_main.m execution test
FAIL: objc.dg-struct-layout-encoding-1/t029_main.m execution test
FAIL: objc.dg-struct-layout-encoding-1/t030_main.m execution test
FAIL: objc.dg-struct-layout-encoding-1/t031_main.m execution test
=== objc Summary ===
# of expected passes 2910
# of unexpected failures 6
# of expected failures 10
# of unsupported tests 74
/cbuild/slaves/ursa3/gcc-4.6+svn189048/gcc/default/build/gcc/xgcc version 4.6.4 20120628 (prerelease) [gcc-4_6-branch revision 189048] (GCC)
Compiler version: 4.6.4 20120628 (prerelease) [gcc-4_6-branch revision 189048] (GCC)
Platform: arm-unknown-linux-gnueabi
configure flags: --prefix=/cbuild/slaves/ursa3/gcc-4.6+svn189048/gcc/default/install --enable-languages=c,c++,objc,obj-c++,fortran,lto --with-mode=thumb --with-arch=armv7-a --with-tune=cortex-a9 --with-fpu=neon --with-float=hard --build=arm-linux-gnueabi
======
Full results at http://builds.linaro.org/toolchain/gcc-4.6+svn189048/logs/armv7l-precise-cbuild340-ursa3-cortexa9hfr1
make[1]: Entering directory `/cbuild/slaves/ursa3'
date:
2012-06-29 02:23:43+00:00
uname:
Linux ursa3 3.2.14-r1 #16 SMP PREEMPT Thu May 17 13:46:10 NZST 2012 armv7l armv7l armv7l GNU/Linux
lsb_release:
Distributor ID: Linaro
Description: Linaro 12.05 (development branch)
Release: 12.05
Codename: precise
/proc/version:
Linux version 3.2.14-r1 (michaelh@crucis) (gcc version 4.6.3 (Ubuntu/Linaro 4.6.3-1ubuntu5) ) #16 SMP PREEMPT Thu May 17 13:46:10 NZST 2012
gcc:
Version: 4:4.6.3-1ubuntu5
gcc (Ubuntu/Linaro 4.6.3-1ubuntu5) 4.6.3
Copyright (C) 2011 Free Software Foundation, Inc.
This is free software; see the source for copying conditions. There is NO
warranty; not even for MERCHANTABILITY or FITNESS FOR A PARTICULAR PURPOSE.
as:
Version: 2.22-6ubuntu1
GNU assembler (GNU Binutils for Ubuntu) 2.22
Copyright 2011 Free Software Foundation, Inc.
This program is free software; you may redistribute it under the terms of
the GNU General Public License version 3 or later.
This program has absolutely no warranty.
This assembler was configured for a target of `arm-linux-gnueabihf'.
ldd:
ldd (Ubuntu EGLIBC 2.15-0ubuntu10) 2.15
Copyright (C) 2012 Free Software Foundation, Inc.
This is free software; see the source for copying conditions. There is NO
warranty; not even for MERCHANTABILITY or FITNESS FOR A PARTICULAR PURPOSE.
Written by Roland McGrath and Ulrich Drepper.
free:
total used free shared buffers cached
Mem: 1032904 165412 867492 0 40564 100828
-/+ buffers/cache: 24020 1008884
Swap: 524284 2828 521456
ulimit:
core file size (blocks, -c) unlimited
data seg size (kbytes, -d) unlimited
scheduling priority (-e) 0
file size (blocks, -f) unlimited
pending signals (-i) 8040
max locked memory (kbytes, -l) 64
max memory size (kbytes, -m) unlimited
open files (-n) 1024
pipe size (512 bytes, -p) 8
POSIX message queues (bytes, -q) 819200
real-time priority (-r) 0
stack size (kbytes, -s) unlimited
cpu time (seconds, -t) unlimited
max user processes (-u) 8040
virtual memory (kbytes, -v) unlimited
file locks (-x) unlimited
cpuinfo:
Processor : ARMv7 Processor rev 2 (v7l)
processor : 0
BogoMIPS : 2013.74
processor : 1
BogoMIPS : 1967.42
Features : swp half thumb fastmult vfp edsp thumbee neon vfpv3 tls
CPU implementer : 0x41
CPU architecture: 7
CPU variant : 0x1
CPU part : 0xc09
CPU revision : 2
Hardware : OMAP4 Panda board
Revision : 0020
Serial : 0000000000000000
ACTLR 00000041
aux_ctrl 4e470000 4e470000 4e470000 4e470000
gdb:
Version: 7.4-2012.04-0ubuntu2
GNU gdb (Ubuntu/Linaro 7.4-2012.04-0ubuntu2) 7.4-2012.04
Copyright (C) 2012 Free Software Foundation, Inc.
License GPLv3+: GNU GPL version 3 or later <http://gnu.org/licenses/gpl.html>
This is free software: you are free to change and redistribute it.
There is NO WARRANTY, to the extent permitted by law. Type "show copying"
and "show warranty" for details.
This GDB was configured as "arm-linux-gnueabihf".
For bug reporting instructions, please see:
<http://bugs.launchpad.net/gdb-linaro/>.
gcc-binary:
libc6:
Version: 2.15-0ubuntu10
PATH:
/usr/local/sbin:/usr/local/bin:/usr/bin:/usr/sbin:/sbin:/bin
df:
Filesystem Size Used Avail Use% Mounted on
/dev/sda1 7.5G 2.0G 5.5G 27% /
make[1]: Leaving directory `/cbuild/slaves/ursa3'
More information about the Gcc-testresults
mailing list