Results for 4.7.0 20120131 (experimental) (GCC) testsuite on arm-none-linux-gnueabi
CodeSourcery Automatic Testing System
gcc@codesourcery.com
Tue Jan 31 17:22:00 GMT 2012
LAST_UPDATED: Tue Jan 31 08:20:04 UTC 2012 (/trunk revision 183750)
Target is arm-none-linux-gnueabi
Host is i686-pc-linux-gnu
=== g++ tests ===
Running target qemu-default
WARNING: program timed out.
WARNING: no shell prompt printed
WARNING: shell not accepting input
WARNING: Rebooting qemu-default
ERROR: Could not run {cd /scratch/gcc/nightly-2012-01-31-mainline/arm-none-linux-gnueabi/obj/test-mainline-0-arm-none-linux-gnueabi/host-i686-pc-linux-gnu/default/g++.d} 146 256:
UNRESOLVED: g++.dg/bprob/g++-bprob-1.C execution, -g -fprofile-arcs
=== g++ Summary ===
# of expected passes 46183
# of expected failures 281
# of unresolved testcases 1
# of unsupported tests 646
/scratch/gcc/nightly-2012-01-31-mainline/arm-none-linux-gnueabi/obj/test-mainline-0-arm-none-linux-gnueabi/host-i686-pc-linux-gnu/fsf-mainline/bin/arm-none-linux-gnueabi-g++ version 4.7.0 20120131 (experimental) (GCC)
=== Summary adjusted for local xfails ===
# of errors 1
# of expected passes 46183
# of expected failures 281
# of unresolved testcases 1
# of unsupported tests 646
Host is i686-pc-linux-gnu
=== gcc tests ===
Running target qemu-default
FAIL: gcc.dg/atomic-compare-exchange-1.c execution test
FAIL: gcc.dg/atomic-compare-exchange-2.c execution test
FAIL: gcc.dg/pr49994-3.c (test for excess errors)
FAIL: gcc.dg/uninit-13.c unconditional (test for warnings, line 8)
FAIL: gcc.dg/uninit-13.c (test for excess errors)
FAIL: gcc.dg/tree-ssa/sra-12.c scan-tree-dump-times release_ssa "l;" 0
FAIL: gcc.dg/vect/vect-104.c scan-tree-dump-times vect "possible dependence between data-refs" 1
FAIL: gcc.dg/vect/vect-multitypes-11.c scan-tree-dump-times vect "vectorized 1 loops" 1
FAIL: gcc.dg/vect/vect-multitypes-12.c scan-tree-dump-times vect "vectorized 1 loops" 1
FAIL: gcc.dg/vect/vect-outer-1-big-array.c scan-tree-dump-times vect "strided access in outer loop" 1
FAIL: gcc.dg/vect/vect-outer-1.c scan-tree-dump-times vect "strided access in outer loop" 1
FAIL: gcc.dg/vect/vect-outer-1a-big-array.c scan-tree-dump-times vect "strided access in outer loop" 1
FAIL: gcc.dg/vect/vect-outer-1a.c scan-tree-dump-times vect "strided access in outer loop" 1
FAIL: gcc.dg/vect/vect-outer-1b-big-array.c scan-tree-dump-times vect "strided access in outer loop" 1
FAIL: gcc.dg/vect/vect-outer-1b.c scan-tree-dump-times vect "strided access in outer loop" 1
FAIL: gcc.dg/vect/vect-outer-2b.c scan-tree-dump-times vect "strided access in outer loop" 1
FAIL: gcc.dg/vect/vect-outer-3a-big-array.c scan-tree-dump-times vect "step doesn't divide the vector-size" 2
FAIL: gcc.dg/vect/vect-outer-3a.c scan-tree-dump-times vect "step doesn't divide the vector-size" 2
FAIL: gcc.dg/vect/vect-outer-3b.c scan-tree-dump-times vect "strided access in outer loop" 2
FAIL: gcc.dg/vect/vect-reduc-dot-s16b.c scan-tree-dump-times vect "vectorized 1 loops" 0
FAIL: gcc.dg/vect/vect-reduc-dot-s8b.c scan-tree-dump-times vect "vect_recog_widen_mult_pattern: detected" 1
FAIL: gcc.dg/vect/vect-reduc-pattern-1a.c scan-tree-dump-times vect "vectorized 1 loops" 0
FAIL: gcc.dg/vect/vect-reduc-pattern-1b-big-array.c scan-tree-dump-times vect "vectorized 1 loops" 0
FAIL: gcc.dg/vect/vect-reduc-pattern-1b.c scan-tree-dump-times vect "vectorized 1 loops" 0
FAIL: gcc.dg/vect/vect-reduc-pattern-1c-big-array.c scan-tree-dump-times vect "vectorized 1 loops" 0
FAIL: gcc.dg/vect/vect-reduc-pattern-1c.c scan-tree-dump-times vect "vectorized 1 loops" 0
FAIL: gcc.dg/vect/vect-reduc-pattern-2a.c scan-tree-dump-times vect "vectorized 1 loops" 0
FAIL: gcc.dg/vect/vect-reduc-pattern-2b-big-array.c scan-tree-dump-times vect "vectorized 1 loops" 0
FAIL: gcc.dg/vect/vect-reduc-pattern-2b.c scan-tree-dump-times vect "vectorized 1 loops" 0
FAIL: gcc.dg/vect/slp-perm-8.c scan-tree-dump-times vect "vectorized 1 loops" 2
XPASS: gcc.dg/vect/slp-reduc-3.c scan-tree-dump-times vect "vectorizing stmts using SLP" 1
FAIL: gcc.dg/vect/vect-104.c -flto scan-tree-dump-times vect "possible dependence between data-refs" 1
FAIL: gcc.dg/vect/vect-multitypes-11.c -flto scan-tree-dump-times vect "vectorized 1 loops" 1
FAIL: gcc.dg/vect/vect-multitypes-12.c -flto scan-tree-dump-times vect "vectorized 1 loops" 1
FAIL: gcc.dg/vect/vect-outer-1-big-array.c -flto scan-tree-dump-times vect "strided access in outer loop" 1
FAIL: gcc.dg/vect/vect-outer-1.c -flto scan-tree-dump-times vect "strided access in outer loop" 1
FAIL: gcc.dg/vect/vect-outer-1a-big-array.c -flto scan-tree-dump-times vect "strided access in outer loop" 1
FAIL: gcc.dg/vect/vect-outer-1a.c -flto scan-tree-dump-times vect "strided access in outer loop" 1
FAIL: gcc.dg/vect/vect-outer-1b-big-array.c -flto scan-tree-dump-times vect "strided access in outer loop" 1
FAIL: gcc.dg/vect/vect-outer-1b.c -flto scan-tree-dump-times vect "strided access in outer loop" 1
FAIL: gcc.dg/vect/vect-outer-2b.c -flto scan-tree-dump-times vect "strided access in outer loop" 1
FAIL: gcc.dg/vect/vect-outer-3a-big-array.c -flto scan-tree-dump-times vect "step doesn't divide the vector-size" 2
FAIL: gcc.dg/vect/vect-outer-3a.c -flto scan-tree-dump-times vect "step doesn't divide the vector-size" 2
FAIL: gcc.dg/vect/vect-outer-3b.c -flto scan-tree-dump-times vect "strided access in outer loop" 2
FAIL: gcc.dg/vect/vect-reduc-dot-s16b.c -flto scan-tree-dump-times vect "vectorized 1 loops" 0
FAIL: gcc.dg/vect/vect-reduc-dot-s8b.c -flto scan-tree-dump-times vect "vect_recog_widen_mult_pattern: detected" 1
FAIL: gcc.dg/vect/vect-reduc-pattern-1a.c -flto scan-tree-dump-times vect "vectorized 1 loops" 0
FAIL: gcc.dg/vect/vect-reduc-pattern-1b-big-array.c -flto scan-tree-dump-times vect "vectorized 1 loops" 0
FAIL: gcc.dg/vect/vect-reduc-pattern-1b.c -flto scan-tree-dump-times vect "vectorized 1 loops" 0
FAIL: gcc.dg/vect/vect-reduc-pattern-1c-big-array.c -flto scan-tree-dump-times vect "vectorized 1 loops" 0
FAIL: gcc.dg/vect/vect-reduc-pattern-1c.c -flto scan-tree-dump-times vect "vectorized 1 loops" 0
FAIL: gcc.dg/vect/vect-reduc-pattern-2a.c -flto scan-tree-dump-times vect "vectorized 1 loops" 0
FAIL: gcc.dg/vect/vect-reduc-pattern-2b-big-array.c -flto scan-tree-dump-times vect "vectorized 1 loops" 0
FAIL: gcc.dg/vect/vect-reduc-pattern-2b.c -flto scan-tree-dump-times vect "vectorized 1 loops" 0
FAIL: gcc.dg/vect/slp-perm-8.c -flto scan-tree-dump-times vect "vectorized 1 loops" 2
XPASS: gcc.dg/vect/slp-reduc-3.c -flto scan-tree-dump-times vect "vectorizing stmts using SLP" 1
FAIL: gcc.dg/vect/no-vfa-vect-101.c scan-tree-dump-times vect "can't determine dependence" 1
FAIL: gcc.dg/vect/no-vfa-vect-102.c scan-tree-dump-times vect "possible dependence between data-refs" 1
FAIL: gcc.dg/vect/no-vfa-vect-102a.c scan-tree-dump-times vect "possible dependence between data-refs" 1
FAIL: gcc.dg/vect/no-vfa-vect-37.c scan-tree-dump-times vect "can't determine dependence" 2
FAIL: gcc.dg/vect/no-vfa-vect-79.c scan-tree-dump-times vect "can't determine dependence" 1
FAIL: gcc.dg/vect/wrapv-vect-reduc-pattern-2c.c scan-tree-dump-times vect "vectorized 1 loops" 0
XPASS: gcc.dg/vect/no-scevccp-outer-16.c scan-tree-dump-times vect "OUTER LOOP VECTORIZED." 1
XPASS: gcc.dg/vect/no-scevccp-outer-17.c scan-tree-dump-times vect "OUTER LOOP VECTORIZED." 1
XPASS: gcc.dg/vect/no-scevccp-outer-19.c scan-tree-dump-times vect "OUTER LOOP VECTORIZED." 1
XPASS: gcc.dg/vect/no-scevccp-outer-21.c scan-tree-dump-times vect "OUTER LOOP VECTORIZED." 1
FAIL: gcc.target/arm/pr42575.c scan-assembler-not mov
=== gcc Summary ===
# of expected passes 80228
# of unexpected failures 61
# of unexpected successes 6
# of expected failures 248
# of unsupported tests 1333
/scratch/gcc/nightly-2012-01-31-mainline/arm-none-linux-gnueabi/obj/test-mainline-0-arm-none-linux-gnueabi/host-i686-pc-linux-gnu/fsf-mainline/bin/arm-none-linux-gnueabi-gcc version 4.7.0 20120131 (experimental) (GCC)
=== Summary adjusted for local xfails ===
# of unexpected failures 61
# of expected passes 80228
# of unexpected successes 6
# of expected failures 248
# of unsupported tests 1333
Host is i686-pc-linux-gnu
=== gfortran tests ===
Running target qemu-default
FAIL: gfortran.dg/zero_sized_1.f90 -O0 execution test
FAIL: gfortran.dg/vect/pr19049.f90 -O scan-tree-dump-times vect "complicated access pattern" 1
=== gfortran Summary ===
# of expected passes 39671
# of unexpected failures 2
# of expected failures 56
# of unsupported tests 386
/scratch/gcc/nightly-2012-01-31-mainline/arm-none-linux-gnueabi/obj/test-mainline-0-arm-none-linux-gnueabi/host-i686-pc-linux-gnu/fsf-mainline/bin/arm-none-linux-gnueabi-gfortran version 4.7.0 20120131 (experimental) (GCC)
=== Summary adjusted for local xfails ===
# of unexpected failures 2
# of expected passes 39671
# of expected failures 56
# of unsupported tests 386
Host is i686-pc-linux-gnu
=== libstdc++ tests ===
Running target qemu-default
ERROR: tcl error sourcing /scratch/gcc/nightly-2012-01-31-mainline/src/gcc-mainline/libstdc++-v3/testsuite/libstdc++-abi/abi.exp.
ERROR: can't read "baseline_subdir_switch": no such variable
FAIL: 21_strings/basic_string/inserters_extractors/wchar_t/28277.cc execution test
FAIL: 27_io/basic_ostream/inserters_character/wchar_t/28277-3.cc execution test
FAIL: 27_io/basic_ostream/inserters_character/wchar_t/28277-4.cc execution test
FAIL: ext/vstring/inserters_extractors/wchar_t/28277.cc execution test
FAIL: tr2/headers/all.cc (test for excess errors)
=== libstdc++ Summary ===
# of expected passes 8405
# of unexpected failures 5
# of expected failures 44
# of unsupported tests 263
=== Summary adjusted for local xfails ===
# of errors 2
# of unexpected failures 5
# of expected passes 8405
# of expected failures 44
# of unsupported tests 263
Host is i686-pc-linux-gnu
=== g++ tests ===
Running target qemu-default-thumb/-mthumb
FAIL: g++.dg/ipa/pr46984.C -std=gnu++98 execution test
FAIL: g++.dg/ipa/pr46984.C -std=gnu++11 execution test
FAIL: g++.dg/torture/covariant-1.C -O2 -flto -fno-use-linker-plugin -flto-partition=none execution test
FAIL: g++.dg/torture/covariant-1.C -O2 -flto -fuse-linker-plugin -fno-fat-lto-objects execution test
FAIL: g++.dg/torture/pr45699.C -O2 -flto -fuse-linker-plugin -fno-fat-lto-objects execution test
=== g++ Summary ===
# of expected passes 46039
# of unexpected failures 5
# of expected failures 281
# of unsupported tests 662
/scratch/gcc/nightly-2012-01-31-mainline/arm-none-linux-gnueabi/obj/test-mainline-0-arm-none-linux-gnueabi/host-i686-pc-linux-gnu/fsf-mainline/bin/arm-none-linux-gnueabi-g++ version 4.7.0 20120131 (experimental) (GCC)
=== Summary adjusted for local xfails ===
# of unexpected failures 5
# of expected passes 46039
# of expected failures 281
# of unsupported tests 662
Host is i686-pc-linux-gnu
=== gcc tests ===
Running target qemu-default-thumb/-mthumb
FAIL: gcc.c-torture/execute/pr45070.c execution, -Os
FAIL: gcc.dg/atomic-compare-exchange-1.c execution test
FAIL: gcc.dg/atomic-compare-exchange-2.c execution test
FAIL: gcc.dg/pr49994-3.c (test for excess errors)
FAIL: gcc.dg/uninit-13.c unconditional (test for warnings, line 8)
FAIL: gcc.dg/uninit-13.c (test for excess errors)
FAIL: gcc.dg/torture/builtin-complex-1.c -O1 execution test
FAIL: gcc.dg/tree-ssa/sra-12.c scan-tree-dump-times release_ssa "l;" 0
FAIL: gcc.target/arm/pr42172-1.c scan-assembler-times ldr 1
FAIL: gcc.target/arm/unsigned-extend-1.c scan-assembler-not uxtb
=== gcc Summary ===
# of expected passes 73796
# of unexpected failures 10
# of expected failures 111
# of unsupported tests 3183
/scratch/gcc/nightly-2012-01-31-mainline/arm-none-linux-gnueabi/obj/test-mainline-0-arm-none-linux-gnueabi/host-i686-pc-linux-gnu/fsf-mainline/bin/arm-none-linux-gnueabi-gcc version 4.7.0 20120131 (experimental) (GCC)
=== Summary adjusted for local xfails ===
# of unexpected failures 10
# of expected passes 73796
# of expected failures 111
# of unsupported tests 3183
Host is i686-pc-linux-gnu
=== gfortran tests ===
Running target qemu-default-thumb/-mthumb
=== gfortran Summary ===
# of expected passes 39625
# of expected failures 56
# of unsupported tests 378
/scratch/gcc/nightly-2012-01-31-mainline/arm-none-linux-gnueabi/obj/test-mainline-0-arm-none-linux-gnueabi/host-i686-pc-linux-gnu/fsf-mainline/bin/arm-none-linux-gnueabi-gfortran version 4.7.0 20120131 (experimental) (GCC)
=== Summary adjusted for local xfails ===
# of expected passes 39625
# of expected failures 56
# of unsupported tests 378
Host is i686-pc-linux-gnu
=== libstdc++ tests ===
Running target qemu-default-thumb/-mthumb
ERROR: tcl error sourcing /scratch/gcc/nightly-2012-01-31-mainline/src/gcc-mainline/libstdc++-v3/testsuite/libstdc++-abi/abi.exp.
ERROR: can't read "baseline_subdir_switch": no such variable
FAIL: 21_strings/basic_string/inserters_extractors/wchar_t/28277.cc execution test
FAIL: 27_io/basic_ostream/inserters_character/wchar_t/28277-3.cc execution test
FAIL: 27_io/basic_ostream/inserters_character/wchar_t/28277-4.cc execution test
FAIL: ext/vstring/inserters_extractors/wchar_t/28277.cc execution test
FAIL: tr2/headers/all.cc (test for excess errors)
=== libstdc++ Summary ===
# of expected passes 8405
# of unexpected failures 5
# of expected failures 44
# of unsupported tests 263
=== Summary adjusted for local xfails ===
# of errors 2
# of unexpected failures 5
# of expected passes 8405
# of expected failures 44
# of unsupported tests 263
Compiler version: 4.7.0 20120131 (experimental) (GCC)
Platform: arm-none-linux-gnueabi
configure flags: --build=i686-pc-linux-gnu --host=i686-pc-linux-gnu --target=arm-none-linux-gnueabi --enable-threads --disable-libmudflap --disable-libssp --disable-libstdcxx-pch --with-gnu-as --with-gnu-ld --enable-languages=c,c++,fortran --enable-shared --enable-lto --enable-symvers=gnu --enable-__cxa_atexit --disable-nls --prefix=/opt/codesourcery --with-sysroot=/opt/codesourcery/arm-none-linux-gnueabi/libc --with-build-sysroot=/scratch/gcc/nightly-2012-01-31-mainline/arm-none-linux-gnueabi/install/arm-none-linux-gnueabi/libc --with-gmp=/scratch/gcc/nightly-2012-01-31-mainline/arm-none-linux-gnueabi/obj/host-libs-mainline-0-arm-none-linux-gnueabi-i686-pc-linux-gnu/usr --with-mpfr=/scratch/gcc/nightly-2012-01-31-mainline/arm-none-linux-gnueabi/obj/host-libs-mainline-0-arm-none-linux-gnueabi-i686-pc-linux-gnu/usr --with-mpc=/scratch/gcc/nightly-2012-01-31-mainline/arm-none-linux-gnueabi/obj/host-libs-mainline-0-arm-none-linux-gnueabi-i686-pc-linux-gnu/usr --with-ppl=/scratch
/gcc/nightly-2012-01-31-mainline/arm-none-linux-gnueabi/obj/host-libs-mainline-0-arm-none-linux-gnueabi-i686-pc-linux-gnu/usr --with-host-libstdcxx='-static-libgcc -Wl,-Bstatic,-lstdc++,-Bdynamic -lm' --with-cloog=/scratch/gcc/nightly-2012-01-31-mainline/arm-none-linux-gnueabi/obj/host-libs-mainline-0-arm-none-linux-gnueabi-i686-pc-linux-gnu/usr --with-libelf=/scratch/gcc/nightly-2012-01-31-mainline/arm-none-linux-gnueabi/obj/host-libs-mainline-0-arm-none-linux-gnueabi-i686-pc-linux-gnu/usr --disable-libgomp --enable-poison-system-directories --with-build-time-tools=/scratch/gcc/nightly-2012-01-31-mainline/arm-none-linux-gnueabi/install/arm-none-linux-gnueabi/bin --with-build-time-tools=/scratch/gcc/nightly-2012-01-31-mainline/arm-none-linux-gnueabi/install/arm-none-linux-gnueabi/bin
More information about the Gcc-testresults
mailing list