Results for 4.6.3 20120129 (prerelease) (GCC) testsuite on i686-pc-linux-gnu
CodeSourcery Automatic Testing System
gcc@codesourcery.com
Sun Jan 29 20:53:00 GMT 2012
LAST_UPDATED: Sun Jan 29 17:34:16 UTC 2012 (/branches/gcc-4_6-branch revision 183674)
Native configuration is i686-pc-linux-gnu
=== g++ tests ===
Running target localhost
UNRESOLVED: g++.dg/abi/mangle60.C scan-assembler _Z3barIiEvP1AIXszcl3foocvT__ELCi0_42EEEE
UNRESOLVED: g++.dg/abi/mangle60.C scan-assembler _Z3bazIiEvP1AIXszcl3foocvT__ELCf00000000_00000000EEEE
XPASS: g++.dg/uninit-pred-3_b.C (test for excess errors)
=== g++ Summary ===
# of expected passes 27454
# of unexpected successes 1
# of expected failures 168
# of unresolved testcases 2
# of unsupported tests 154
/scratch/gcc/nightly-2012-01-29-4.6/i686-pc-linux-gnu/obj/test-4.6-0-i686-pc-linux-gnu/host-i686-pc-linux-gnu/fsf-4.6/bin/i686-pc-linux-gnu-g++ version 4.6.3 20120129 (prerelease) (GCC)
=== Summary adjusted for local xfails ===
# of expected passes 27454
# of unexpected successes 1
# of expected failures 168
# of unresolved testcases 2
# of unsupported tests 154
=== gcc tests ===
Running target localhost
FAIL: gcc.dg/cproj-fails-with-broken-glibc.c execution test
XPASS: gcc.dg/guality/example.c -O0 execution test
XPASS: gcc.dg/guality/example.c -O1 execution test
XPASS: gcc.dg/guality/example.c -O2 execution test
XPASS: gcc.dg/guality/guality.c -O0 execution test
XPASS: gcc.dg/guality/inline-params.c -O2 execution test
XPASS: gcc.dg/guality/inline-params.c -O3 -fomit-frame-pointer execution test
XPASS: gcc.dg/guality/inline-params.c -O3 -g execution test
XPASS: gcc.dg/guality/inline-params.c -Os execution test
XPASS: gcc.dg/guality/inline-params.c -O2 -flto -flto-partition=none execution test
XPASS: gcc.dg/guality/inline-params.c -O2 -flto execution test
FAIL: gcc.dg/guality/pr36728-1.c -O2 -flto -flto-partition=none line 12 arg1 == 1
FAIL: gcc.dg/guality/pr36728-1.c -O2 -flto -flto-partition=none line 14 arg1 == 1
FAIL: gcc.dg/guality/pr36728-1.c -O2 -flto line 12 arg1 == 1
FAIL: gcc.dg/guality/pr36728-1.c -O2 -flto line 14 arg1 == 1
XPASS: gcc.dg/guality/pr41353-1.c -O0 line 28 j == 28 + 37
XPASS: gcc.dg/guality/pr41353-1.c -O1 line 28 j == 28 + 37
XPASS: gcc.dg/guality/pr41353-1.c -O2 line 28 j == 28 + 37
XPASS: gcc.dg/guality/pr41353-1.c -O3 -fomit-frame-pointer line 28 j == 28 + 37
XPASS: gcc.dg/guality/pr41353-1.c -O3 -g line 28 j == 28 + 37
XPASS: gcc.dg/guality/pr41353-1.c -Os line 28 j == 28 + 37
XPASS: gcc.dg/guality/pr41353-1.c -O2 -flto -flto-partition=none line 28 j == 28 + 37
XPASS: gcc.dg/guality/pr41353-1.c -O2 -flto line 28 j == 28 + 37
XPASS: gcc.dg/guality/pr41447-1.c -O0 execution test
XPASS: gcc.dg/guality/pr41447-1.c -O1 execution test
XPASS: gcc.dg/guality/pr41447-1.c -Os execution test
XPASS: gcc.dg/guality/pr41447-1.c -O2 -flto -flto-partition=none execution test
XPASS: gcc.dg/guality/pr41447-1.c -O2 -flto execution test
XPASS: gcc.dg/guality/pr41616-1.c -O0 execution test
XPASS: gcc.dg/guality/pr41616-1.c -O1 execution test
XPASS: gcc.dg/guality/pr41616-1.c -O2 execution test
XPASS: gcc.dg/guality/pr41616-1.c -O3 -fomit-frame-pointer execution test
XPASS: gcc.dg/guality/pr41616-1.c -O3 -g execution test
XPASS: gcc.dg/guality/pr41616-1.c -Os execution test
FAIL: gcc.dg/guality/sra-1.c -O2 -flto -flto-partition=none line 43 a.j == 14
FAIL: gcc.dg/guality/sra-1.c -O2 -flto line 43 a.j == 14
FAIL: gcc.dg/guality/vla-1.c -O0 line 17 sizeof (a) == 6
FAIL: gcc.dg/guality/vla-1.c -O0 line 24 sizeof (a) == 17 * sizeof (short)
FAIL: gcc.dg/guality/vla-1.c -O1 line 24 sizeof (a) == 17 * sizeof (short)
FAIL: gcc.dg/guality/vla-1.c -O2 line 24 sizeof (a) == 17 * sizeof (short)
FAIL: gcc.dg/guality/vla-1.c -O3 -fomit-frame-pointer line 24 sizeof (a) == 17 * sizeof (short)
FAIL: gcc.dg/guality/vla-1.c -O3 -g line 24 sizeof (a) == 17 * sizeof (short)
FAIL: gcc.dg/guality/vla-1.c -Os line 24 sizeof (a) == 17 * sizeof (short)
FAIL: gcc.dg/guality/vla-1.c -O2 -flto -flto-partition=none line 17 sizeof (a) == 6
FAIL: gcc.dg/guality/vla-1.c -O2 -flto -flto-partition=none line 24 sizeof (a) == 17 * sizeof (short)
FAIL: gcc.dg/guality/vla-1.c -O2 -flto line 17 sizeof (a) == 6
FAIL: gcc.dg/guality/vla-1.c -O2 -flto line 24 sizeof (a) == 17 * sizeof (short)
FAIL: gcc.dg/guality/vla-2.c -O0 line 16 sizeof (a) == 5 * sizeof (int)
FAIL: gcc.dg/guality/vla-2.c -O0 line 25 sizeof (a) == 6 * sizeof (int)
FAIL: gcc.dg/guality/vla-2.c -O1 line 16 sizeof (a) == 5 * sizeof (int)
FAIL: gcc.dg/guality/vla-2.c -O1 line 25 sizeof (a) == 6 * sizeof (int)
FAIL: gcc.dg/guality/vla-2.c -O2 line 16 sizeof (a) == 5 * sizeof (int)
FAIL: gcc.dg/guality/vla-2.c -O2 line 25 sizeof (a) == 6 * sizeof (int)
FAIL: gcc.dg/guality/vla-2.c -O3 -fomit-frame-pointer line 16 sizeof (a) == 5 * sizeof (int)
FAIL: gcc.dg/guality/vla-2.c -O3 -fomit-frame-pointer line 25 sizeof (a) == 6 * sizeof (int)
FAIL: gcc.dg/guality/vla-2.c -O3 -g line 16 sizeof (a) == 5 * sizeof (int)
FAIL: gcc.dg/guality/vla-2.c -O3 -g line 25 sizeof (a) == 6 * sizeof (int)
FAIL: gcc.dg/guality/vla-2.c -Os line 16 sizeof (a) == 5 * sizeof (int)
FAIL: gcc.dg/guality/vla-2.c -Os line 25 sizeof (a) == 6 * sizeof (int)
FAIL: gcc.dg/guality/vla-2.c -O2 -flto -flto-partition=none line 16 sizeof (a) == 5 * sizeof (int)
FAIL: gcc.dg/guality/vla-2.c -O2 -flto -flto-partition=none line 25 sizeof (a) == 6 * sizeof (int)
FAIL: gcc.dg/guality/vla-2.c -O2 -flto line 16 sizeof (a) == 5 * sizeof (int)
FAIL: gcc.dg/guality/vla-2.c -O2 -flto line 25 sizeof (a) == 6 * sizeof (int)
=== gcc Summary ===
# of expected passes 79203
# of unexpected failures 34
# of unexpected successes 29
# of expected failures 235
# of unsupported tests 741
/scratch/gcc/nightly-2012-01-29-4.6/i686-pc-linux-gnu/obj/test-4.6-0-i686-pc-linux-gnu/host-i686-pc-linux-gnu/fsf-4.6/bin/i686-pc-linux-gnu-gcc version 4.6.3 20120129 (prerelease) (GCC)
=== Summary adjusted for local xfails ===
# of unexpected failures 34
# of expected passes 79203
# of unexpected successes 29
# of expected failures 235
# of unsupported tests 741
=== gfortran tests ===
Running target localhost
FAIL: gfortran.dg/graphite/vect-pr40979.f90 -O scan-tree-dump-times vect "vectorized 1 loops" 1
=== gfortran Summary ===
# of expected passes 38848
# of unexpected failures 1
# of expected failures 53
# of unsupported tests 211
/scratch/gcc/nightly-2012-01-29-4.6/i686-pc-linux-gnu/obj/test-4.6-0-i686-pc-linux-gnu/host-i686-pc-linux-gnu/fsf-4.6/bin/i686-pc-linux-gnu-gfortran version 4.6.3 20120129 (prerelease) (GCC)
=== Summary adjusted for local xfails ===
# of unexpected failures 1
# of expected passes 38848
# of expected failures 53
# of unsupported tests 211
=== libstdc++ tests ===
Running target localhost
=== libstdc++ Summary ===
# of expected passes 7716
# of expected failures 84
# of unsupported tests 416
=== Summary adjusted for local xfails ===
# of expected passes 7716
# of expected failures 84
# of unsupported tests 416
=== g++ tests ===
Running target localhost/-m64
UNRESOLVED: g++.dg/abi/mangle60.C scan-assembler _Z3barIiEvP1AIXszcl3foocvT__ELCi0_42EEEE
UNRESOLVED: g++.dg/abi/mangle60.C scan-assembler _Z3bazIiEvP1AIXszcl3foocvT__ELCf00000000_00000000EEEE
XPASS: g++.dg/uninit-pred-3_b.C (test for excess errors)
=== g++ Summary ===
# of expected passes 27660
# of unexpected successes 1
# of expected failures 168
# of unresolved testcases 2
# of unsupported tests 369
/scratch/gcc/nightly-2012-01-29-4.6/i686-pc-linux-gnu/obj/test-4.6-0-i686-pc-linux-gnu/host-i686-pc-linux-gnu/fsf-4.6/bin/i686-pc-linux-gnu-g++ version 4.6.3 20120129 (prerelease) (GCC)
=== Summary adjusted for local xfails ===
# of expected passes 27660
# of unexpected successes 1
# of expected failures 168
# of unresolved testcases 2
# of unsupported tests 369
=== gcc tests ===
Running target localhost/-m64
FAIL: gcc.dg/cproj-fails-with-broken-glibc.c execution test
XPASS: gcc.dg/guality/example.c -O0 execution test
XPASS: gcc.dg/guality/example.c -O1 execution test
XPASS: gcc.dg/guality/example.c -O2 execution test
XPASS: gcc.dg/guality/example.c -Os execution test
XPASS: gcc.dg/guality/guality.c -O0 execution test
XPASS: gcc.dg/guality/inline-params.c -O2 execution test
XPASS: gcc.dg/guality/inline-params.c -O3 -fomit-frame-pointer execution test
XPASS: gcc.dg/guality/inline-params.c -O3 -g execution test
XPASS: gcc.dg/guality/inline-params.c -Os execution test
XPASS: gcc.dg/guality/inline-params.c -O2 -flto -flto-partition=none execution test
XPASS: gcc.dg/guality/inline-params.c -O2 -flto execution test
XPASS: gcc.dg/guality/pr41353-1.c -O0 line 28 j == 28 + 37
XPASS: gcc.dg/guality/pr41353-1.c -O1 line 28 j == 28 + 37
XPASS: gcc.dg/guality/pr41353-1.c -O2 line 28 j == 28 + 37
XPASS: gcc.dg/guality/pr41353-1.c -O3 -fomit-frame-pointer line 28 j == 28 + 37
XPASS: gcc.dg/guality/pr41353-1.c -O3 -g line 28 j == 28 + 37
XPASS: gcc.dg/guality/pr41353-1.c -Os line 28 j == 28 + 37
XPASS: gcc.dg/guality/pr41353-1.c -O2 -flto -flto-partition=none line 28 j == 28 + 37
XPASS: gcc.dg/guality/pr41353-1.c -O2 -flto line 28 j == 28 + 37
XPASS: gcc.dg/guality/pr41447-1.c -O0 execution test
XPASS: gcc.dg/guality/pr41447-1.c -O1 execution test
XPASS: gcc.dg/guality/pr41447-1.c -O2 execution test
XPASS: gcc.dg/guality/pr41447-1.c -O3 -fomit-frame-pointer execution test
XPASS: gcc.dg/guality/pr41447-1.c -O3 -g execution test
XPASS: gcc.dg/guality/pr41447-1.c -Os execution test
XPASS: gcc.dg/guality/pr41447-1.c -O2 -flto -flto-partition=none execution test
XPASS: gcc.dg/guality/pr41447-1.c -O2 -flto execution test
XPASS: gcc.dg/guality/pr41616-1.c -O0 execution test
XPASS: gcc.dg/guality/pr41616-1.c -O1 execution test
XPASS: gcc.dg/guality/pr41616-1.c -O2 execution test
XPASS: gcc.dg/guality/pr41616-1.c -O3 -fomit-frame-pointer execution test
XPASS: gcc.dg/guality/pr41616-1.c -O3 -g execution test
XPASS: gcc.dg/guality/pr41616-1.c -Os execution test
FAIL: gcc.dg/guality/sra-1.c -O2 line 43 a.j == 14
FAIL: gcc.dg/guality/sra-1.c -O3 -fomit-frame-pointer line 43 a.j == 14
FAIL: gcc.dg/guality/sra-1.c -O3 -g line 43 a.j == 14
FAIL: gcc.dg/guality/sra-1.c -Os line 43 a.j == 14
FAIL: gcc.dg/guality/sra-1.c -O2 -flto -flto-partition=none line 43 a.j == 14
FAIL: gcc.dg/guality/sra-1.c -O2 -flto line 43 a.j == 14
FAIL: gcc.dg/guality/vla-1.c -O0 line 17 sizeof (a) == 6
FAIL: gcc.dg/guality/vla-1.c -O0 line 24 sizeof (a) == 17 * sizeof (short)
FAIL: gcc.dg/guality/vla-1.c -O1 line 24 sizeof (a) == 17 * sizeof (short)
FAIL: gcc.dg/guality/vla-1.c -O2 line 24 sizeof (a) == 17 * sizeof (short)
FAIL: gcc.dg/guality/vla-1.c -O3 -fomit-frame-pointer line 24 sizeof (a) == 17 * sizeof (short)
FAIL: gcc.dg/guality/vla-1.c -O3 -g line 24 sizeof (a) == 17 * sizeof (short)
FAIL: gcc.dg/guality/vla-1.c -Os line 24 sizeof (a) == 17 * sizeof (short)
FAIL: gcc.dg/guality/vla-1.c -O2 -flto -flto-partition=none line 17 sizeof (a) == 6
FAIL: gcc.dg/guality/vla-1.c -O2 -flto -flto-partition=none line 24 sizeof (a) == 17 * sizeof (short)
FAIL: gcc.dg/guality/vla-1.c -O2 -flto line 17 sizeof (a) == 6
FAIL: gcc.dg/guality/vla-1.c -O2 -flto line 24 sizeof (a) == 17 * sizeof (short)
FAIL: gcc.dg/guality/vla-2.c -O0 line 16 sizeof (a) == 5 * sizeof (int)
FAIL: gcc.dg/guality/vla-2.c -O0 line 25 sizeof (a) == 6 * sizeof (int)
FAIL: gcc.dg/guality/vla-2.c -O1 line 16 sizeof (a) == 5 * sizeof (int)
FAIL: gcc.dg/guality/vla-2.c -O1 line 25 sizeof (a) == 6 * sizeof (int)
FAIL: gcc.dg/guality/vla-2.c -O2 line 16 sizeof (a) == 5 * sizeof (int)
FAIL: gcc.dg/guality/vla-2.c -O2 line 25 sizeof (a) == 6 * sizeof (int)
FAIL: gcc.dg/guality/vla-2.c -O3 -fomit-frame-pointer line 16 sizeof (a) == 5 * sizeof (int)
FAIL: gcc.dg/guality/vla-2.c -O3 -fomit-frame-pointer line 25 sizeof (a) == 6 * sizeof (int)
FAIL: gcc.dg/guality/vla-2.c -O3 -g line 16 sizeof (a) == 5 * sizeof (int)
FAIL: gcc.dg/guality/vla-2.c -O3 -g line 25 sizeof (a) == 6 * sizeof (int)
FAIL: gcc.dg/guality/vla-2.c -Os line 16 sizeof (a) == 5 * sizeof (int)
FAIL: gcc.dg/guality/vla-2.c -Os line 25 sizeof (a) == 6 * sizeof (int)
FAIL: gcc.dg/guality/vla-2.c -O2 -flto -flto-partition=none line 16 sizeof (a) == 5 * sizeof (int)
FAIL: gcc.dg/guality/vla-2.c -O2 -flto -flto-partition=none line 25 sizeof (a) == 6 * sizeof (int)
FAIL: gcc.dg/guality/vla-2.c -O2 -flto line 16 sizeof (a) == 5 * sizeof (int)
FAIL: gcc.dg/guality/vla-2.c -O2 -flto line 25 sizeof (a) == 6 * sizeof (int)
=== gcc Summary ===
# of expected passes 79349
# of unexpected failures 34
# of unexpected successes 33
# of expected failures 231
# of unsupported tests 1142
/scratch/gcc/nightly-2012-01-29-4.6/i686-pc-linux-gnu/obj/test-4.6-0-i686-pc-linux-gnu/host-i686-pc-linux-gnu/fsf-4.6/bin/i686-pc-linux-gnu-gcc version 4.6.3 20120129 (prerelease) (GCC)
=== Summary adjusted for local xfails ===
# of unexpected failures 34
# of expected passes 79349
# of unexpected successes 33
# of expected failures 231
# of unsupported tests 1142
=== gfortran tests ===
Running target localhost/-m64
=== gfortran Summary ===
# of expected passes 39136
# of expected failures 53
# of unsupported tests 73
/scratch/gcc/nightly-2012-01-29-4.6/i686-pc-linux-gnu/obj/test-4.6-0-i686-pc-linux-gnu/host-i686-pc-linux-gnu/fsf-4.6/bin/i686-pc-linux-gnu-gfortran version 4.6.3 20120129 (prerelease) (GCC)
=== Summary adjusted for local xfails ===
# of expected passes 39136
# of expected failures 53
# of unsupported tests 73
=== libstdc++ tests ===
Running target localhost/-m64
=== libstdc++ Summary ===
# of expected passes 7716
# of expected failures 84
# of unsupported tests 416
=== Summary adjusted for local xfails ===
# of expected passes 7716
# of expected failures 84
# of unsupported tests 416
Compiler version: 4.6.3 20120129 (prerelease) (GCC)
Platform: i686-pc-linux-gnu
configure flags: --build=i686-pc-linux-gnu --host=i686-pc-linux-gnu --target=i686-pc-linux-gnu --enable-threads --disable-libmudflap --disable-libssp --disable-libstdcxx-pch --enable-targets=all --with-gnu-as --with-gnu-ld --enable-languages=c,c++,fortran --enable-shared --enable-lto --disable-nls --prefix=/opt/codesourcery --with-gmp=/scratch/gcc/nightly-2012-01-29-4.6/i686-pc-linux-gnu/obj/host-libs-4.6-0-i686-pc-linux-gnu-i686-pc-linux-gnu/usr --with-mpfr=/scratch/gcc/nightly-2012-01-29-4.6/i686-pc-linux-gnu/obj/host-libs-4.6-0-i686-pc-linux-gnu-i686-pc-linux-gnu/usr --with-mpc=/scratch/gcc/nightly-2012-01-29-4.6/i686-pc-linux-gnu/obj/host-libs-4.6-0-i686-pc-linux-gnu-i686-pc-linux-gnu/usr --with-ppl=/scratch/gcc/nightly-2012-01-29-4.6/i686-pc-linux-gnu/obj/host-libs-4.6-0-i686-pc-linux-gnu-i686-pc-linux-gnu/usr --with-host-libstdcxx='-L/usr/local/tools/gcc-4.3.3/i686-pc-linux-gnu/lib -static-libgcc -Wl,-Bstatic,-lstdc++,-Bdynamic -lm' --with-cloog=/scratch/gcc/nightly-201
2-01-29-4.6/i686-pc-linux-gnu/obj/host-libs-4.6-0-i686-pc-linux-gnu-i686-pc-linux-gnu/usr --with-libelf=/scratch/gcc/nightly-2012-01-29-4.6/i686-pc-linux-gnu/obj/host-libs-4.6-0-i686-pc-linux-gnu-i686-pc-linux-gnu/usr --disable-libgomp --with-build-time-tools=/scratch/gcc/nightly-2012-01-29-4.6/i686-pc-linux-gnu/install/opt/codesourcery/i686-pc-linux-gnu/bin --with-build-time-tools=/scratch/gcc/nightly-2012-01-29-4.6/i686-pc-linux-gnu/install/opt/codesourcery/i686-pc-linux-gnu/bin
More information about the Gcc-testresults
mailing list