Results for 4.6.3 20120124 (prerelease) [gcc-4_6-branch revision 183477] (GCC) testsuite on hppa64-hp-hpux11.11

John David Anglin dave@hiauly3.hia.nrc.ca
Wed Jan 25 14:48:00 GMT 2012


Native configuration is hppa64-hp-hpux11.11

		=== g++ tests ===


Running target unix
UNRESOLVED: g++.dg/abi/mangle60.C scan-assembler _Z3barIiEvP1AIXszcl3foocvT__ELCi0_42EEEE
UNRESOLVED: g++.dg/abi/mangle60.C scan-assembler _Z3bazIiEvP1AIXszcl3foocvT__ELCf00000000_00000000EEEE
XPASS: g++.dg/uninit-pred-3_b.C (test for excess errors)
WARNING: program timed out.
FAIL: g++.dg/torture/pr51344.C  -O0  (test for excess errors)
FAIL: g++.dg/torture/pr51344.C  -O1  (test for excess errors)
FAIL: g++.dg/torture/pr51344.C  -O2  (test for excess errors)
FAIL: g++.dg/torture/pr51344.C  -O3 -fomit-frame-pointer  (test for excess errors)
FAIL: g++.dg/torture/pr51344.C  -O3 -g  (test for excess errors)
FAIL: g++.dg/torture/pr51344.C  -Os  (test for excess errors)
FAIL: g++.dg/torture/pr51344.C  -O2 -flto -flto-partition=none  (test for excess errors)
FAIL: g++.dg/torture/pr51344.C  -O2 -flto  (test for excess errors)

		=== g++ Summary ===

# of expected passes		25124
# of unexpected failures	8
# of unexpected successes	1
# of expected failures		170
# of unresolved testcases	2
# of unsupported tests		594
/mnt/gnu/gcc/objdir-test/gcc/testsuite/g++/../../g++  version 4.6.3 20120124 (prerelease) [gcc-4_6-branch revision 183477] (GCC) 

		=== gcc tests ===


Running target unix
WARNING: program timed out.

		=== gcc Summary ===

# of expected passes		67329
# of expected failures		134
# of unsupported tests		1253
/mnt/gnu/gcc/objdir-test/gcc/xgcc  version 4.6.3 20120124 (prerelease) [gcc-4_6-branch revision 183477] (GCC) 

		=== gfortran tests ===


Running target unix

		=== gfortran Summary ===

# of expected passes		37736
# of expected failures		41
# of unsupported tests		363
/mnt/gnu/gcc/objdir-test/gcc/testsuite/gfortran/../../gfortran  version 4.6.3 20120124 (prerelease) [gcc-4_6-branch revision 183477] (GCC) 

		=== obj-c++ tests ===


Running target unix

		=== obj-c++ Summary ===

# of expected passes		1380
# of expected failures		10
# of unsupported tests		86
/mnt/gnu/gcc/objdir-test/gcc/testsuite/obj-c++/../../g++  version 4.6.3 20120124 (prerelease) [gcc-4_6-branch revision 183477] (GCC) 

		=== objc tests ===


Running target unix

		=== objc Summary ===

# of expected passes		2914
# of expected failures		10
# of unsupported tests		75
/mnt/gnu/gcc/objdir-test/gcc/xgcc  version 4.6.3 20120124 (prerelease) [gcc-4_6-branch revision 183477] (GCC) 

		=== libgomp tests ===


Running target unix

		=== libgomp Summary ===

# of expected passes		2612
# of unsupported tests		10
		=== libstdc++ tests ===


Running target unix

		=== libstdc++ Summary ===

# of expected passes		6901
# of expected failures		82
# of unsupported tests		738

Compiler version: 4.6.3 20120124 (prerelease) [gcc-4_6-branch revision 183477] (GCC) 
Platform: hppa64-hp-hpux11.11
configure flags:Test Run By dave on Tue Jan 24 22:51:01 2012



More information about the Gcc-testresults mailing list