Results for 4.7.0 20120121 (experimental) [trunk revision 183370] (GCC) testsuite on hppa2.0w-hp-hpux11.11
John David Anglin
dave@hiauly3.hia.nrc.ca
Mon Jan 23 14:58:00 GMT 2012
=== acats tests ===
=== acats Summary ===
# of expected passes 2321
# of unexpected failures 0
Native configuration is hppa2.0w-hp-hpux11.11
=== g++ tests ===
Running target unix
UNRESOLVED: g++.dg/ext/label13.C -std=gnu++98 compilation failed to produce executable
UNRESOLVED: g++.dg/ext/label13.C -std=gnu++11 compilation failed to produce executable
WARNING: program timed out.
FAIL: g++.dg/simulate-thread/atomics-1.C -O0 -g thread simulation test
FAIL: c-c++-common/simulate-thread/bitfields-2.c -Os -g thread simulation test
FAIL: g++.dg/torture/pr51344.C -O0 (test for excess errors)
FAIL: g++.dg/torture/pr51344.C -O1 (test for excess errors)
FAIL: g++.dg/torture/pr51344.C -O2 (test for excess errors)
FAIL: g++.dg/torture/pr51344.C -O3 -fomit-frame-pointer (test for excess errors)
FAIL: g++.dg/torture/pr51344.C -O3 -g (test for excess errors)
FAIL: g++.dg/torture/pr51344.C -Os (test for excess errors)
FAIL: g++.old-deja/g++.abi/vmihint.C -std=c++98 execution test
FAIL: g++.old-deja/g++.abi/vmihint.C -std=c++11 execution test
=== g++ Summary ===
# of expected passes 42235
# of unexpected failures 10
# of expected failures 290
# of unresolved testcases 2
# of unsupported tests 931
/test/gnu/gcc/objdir/gcc/testsuite/g++/../../g++ version 4.7.0 20120121 (experimental) [trunk revision 183370] (GCC)
=== gcc tests ===
Running target unix
WARNING: program timed out.
FAIL: c-c++-common/simulate-thread/bitfields-2.c -Os -g thread simulation test
=== gcc Summary ===
# of expected passes 58661
# of unexpected failures 1
# of expected failures 114
# of unsupported tests 1399
/test/gnu/gcc/objdir/gcc/xgcc version 4.7.0 20120121 (experimental) [trunk revision 183370] (GCC)
=== gfortran tests ===
Running target unix
FAIL: gfortran.dg/pr45636.f90 -O scan-tree-dump-times forwprop2 "memset" 0
=== gfortran Summary ===
# of expected passes 39064
# of unexpected failures 1
# of expected failures 42
# of unsupported tests 396
/test/gnu/gcc/objdir/gcc/testsuite/gfortran/../../gfortran version 4.7.0 20120121 (experimental) [trunk revision 183370] (GCC)
=== gnat tests ===
Running target unix
=== gnat Summary ===
# of expected passes 1052
# of expected failures 12
# of unsupported tests 11
/test/gnu/gcc/objdir/gcc/gnatmake version 4.7.0 20120121 (experimental) [trunk revision 183370]
=== obj-c++ tests ===
Running target unix
=== obj-c++ Summary ===
# of expected passes 1408
# of expected failures 2
# of unsupported tests 69
/test/gnu/gcc/objdir/gcc/testsuite/obj-c++/../../g++ version 4.7.0 20120121 (experimental) [trunk revision 183370] (GCC)
=== objc tests ===
Running target unix
=== objc Summary ===
# of expected passes 2920
# of unsupported tests 65
/test/gnu/gcc/objdir/gcc/xgcc version 4.7.0 20120121 (experimental) [trunk revision 183370] (GCC)
=== boehm-gc tests ===
Running target unix
=== boehm-gc Summary ===
# of expected passes 12
# of unsupported tests 1
=== libffi tests ===
Running target unix
=== libffi Summary ===
# of expected passes 1634
# of expected failures 10
# of unsupported tests 15
=== libgomp tests ===
Running target unix
=== libgomp Summary ===
# of expected passes 2928
# of unsupported tests 10
=== libjava tests ===
Running target unix
FAIL: LargeFile execution - source compiled test
FAIL: LargeFile -findirect-dispatch execution - source compiled test
FAIL: LargeFile -O3 execution - source compiled test
FAIL: LargeFile -O3 -findirect-dispatch execution - source compiled test
=== libjava Summary ===
# of expected passes 2566
# of unexpected failures 4
# of untested testcases 4
=== libstdc++ tests ===
Running target unix
FAIL: libstdc++-prettyprinters/48362.cc print t1
FAIL: libstdc++-prettyprinters/48362.cc print t2
FAIL: libstdc++-prettyprinters/simple.cc print str
FAIL: libstdc++-prettyprinters/simple.cc print bs
FAIL: libstdc++-prettyprinters/simple.cc print deq
FAIL: libstdc++-prettyprinters/simple.cc print lst
FAIL: libstdc++-prettyprinters/simple.cc print mp
=== libstdc++ Summary ===
# of expected passes 7289
# of unexpected failures 7
# of expected failures 44
# of unsupported tests 790
Compiler version: 4.7.0 20120121 (experimental) [trunk revision 183370] (GCC)
Platform: hppa2.0w-hp-hpux11.11
configure flags:Test Run By dave on Sun Jan 22 06:14:54 EST 2012
More information about the Gcc-testresults
mailing list