Results for 4.7.0 20120120 (experimental) [trunk revision 183345] (GCC) testsuite on sparcv9-sun-solaris2.11
Rainer Orth
ro@CeBiTec.Uni-Bielefeld.DE
Mon Jan 23 10:21:00 GMT 2012
LAST_UPDATED: Fri Jan 20 18:45:06 UTC 2012 (revision 183345)
=== acats tests ===
FAIL: c52103x
FAIL: c52104x
FAIL: c52104y
FAIL: cb1010a
FAIL: cb1010c
FAIL: cb1010d
FAIL: cxg1003
=== acats Summary ===
# of expected passes 2314
# of unexpected failures 7
Native configuration is sparcv9-sun-solaris2.11
=== g++ tests ===
Running target unix
FAIL: g++.dg/torture/pr51344.C -O0 (test for excess errors)
FAIL: g++.dg/torture/pr51344.C -O1 (test for excess errors)
FAIL: g++.dg/torture/pr51344.C -O2 (test for excess errors)
FAIL: g++.dg/torture/pr51344.C -O3 -fomit-frame-pointer (test for excess errors)
FAIL: g++.dg/torture/pr51344.C -O3 -g (test for excess errors)
FAIL: g++.dg/torture/pr51344.C -Os (test for excess errors)
FAIL: g++.dg/torture/pr51344.C -O2 -flto -flto-partition=none (test for excess errors)
FAIL: g++.dg/torture/pr51344.C -O2 -flto (test for excess errors)
=== g++ Summary for unix ===
# of expected passes 47490
# of unexpected failures 8
# of expected failures 288
# of unsupported tests 685
Running target unix/-m32
FAIL: g++.dg/torture/pr51344.C -O0 (test for excess errors)
FAIL: g++.dg/torture/pr51344.C -O1 (test for excess errors)
FAIL: g++.dg/torture/pr51344.C -O2 (test for excess errors)
FAIL: g++.dg/torture/pr51344.C -O3 -fomit-frame-pointer (test for excess errors)
FAIL: g++.dg/torture/pr51344.C -O3 -g (test for excess errors)
FAIL: g++.dg/torture/pr51344.C -Os (test for excess errors)
FAIL: g++.dg/torture/pr51344.C -O2 -flto -flto-partition=none (test for excess errors)
FAIL: g++.dg/torture/pr51344.C -O2 -flto (test for excess errors)
=== g++ Summary for unix/-m32 ===
# of expected passes 46253
# of unexpected failures 8
# of expected failures 288
# of unsupported tests 692
=== g++ Summary ===
# of expected passes 93743
# of unexpected failures 16
# of expected failures 576
# of unsupported tests 1377
/var/gcc/regression/trunk/11-gcc-gas-64/build/gcc/testsuite/g++/../../g++ version 4.7.0 20120120 (experimental) [trunk revision 183345] (GCC)
=== gcc tests ===
Running target unix
FAIL: gcc.c-torture/execute/960513-1.c execution, -Os
FAIL: gcc.dg/pr44194-1.c scan-rtl-dump dse1 "global deletions = 2"
FAIL: gcc.dg/simulate-thread/atomic-load-int.c -O0 -g thread simulation test
FAIL: gcc.dg/simulate-thread/atomic-load-short.c -O0 -g thread simulation test
FAIL: gcc.dg/simulate-thread/atomic-other-int.c -O0 -g thread simulation test
FAIL: gcc.dg/simulate-thread/atomic-other-int.c -O1 -g thread simulation test
FAIL: gcc.dg/simulate-thread/atomic-other-int.c -Os -g thread simulation test
FAIL: gcc.dg/simulate-thread/atomic-other-short.c -O0 -g thread simulation test
FAIL: gcc.dg/simulate-thread/atomic-other-short.c -O1 -g thread simulation test
FAIL: gcc.dg/simulate-thread/atomic-other-short.c -O2 -g thread simulation test
FAIL: gcc.dg/simulate-thread/atomic-other-short.c -O3 -g thread simulation test
FAIL: gcc.dg/simulate-thread/atomic-other-short.c -Os -g thread simulation test
FAIL: gcc.target/sparc/vec-init-1-vis1.c (test for excess errors)
WARNING: gcc.target/sparc/vec-init-1-vis1.c compilation failed to produce executable
=== gcc Summary for unix ===
# of expected passes 75254
# of unexpected failures 13
# of expected failures 304
# of unsupported tests 1561
Running target unix/-m32
FAIL: gcc.c-torture/execute/960513-1.c execution, -Os
FAIL: gcc.c-torture/execute/stdarg-2.c execution, -O2
FAIL: gcc.c-torture/execute/stdarg-2.c execution, -O3 -fomit-frame-pointer
FAIL: gcc.c-torture/execute/stdarg-2.c execution, -O3 -g
FAIL: gcc.c-torture/execute/stdarg-2.c execution, -Os
FAIL: gcc.c-torture/execute/stdarg-2.c execution, -O2 -flto -flto-partition=none
FAIL: gcc.c-torture/execute/stdarg-2.c execution, -O2 -flto
FAIL: gcc.dg/simulate-thread/atomic-other-int.c -O0 -g thread simulation test
FAIL: gcc.dg/simulate-thread/atomic-other-int.c -O1 -g thread simulation test
FAIL: gcc.dg/simulate-thread/atomic-other-int.c -O2 -g thread simulation test
FAIL: gcc.dg/simulate-thread/atomic-other-int.c -O3 -g thread simulation test
FAIL: gcc.dg/simulate-thread/atomic-other-int.c -Os -g thread simulation test
FAIL: gcc.dg/simulate-thread/atomic-other-short.c -O0 -g thread simulation test
FAIL: gcc.dg/simulate-thread/atomic-other-short.c -O1 -g thread simulation test
FAIL: gcc.dg/simulate-thread/atomic-other-short.c -O2 -g thread simulation test
FAIL: gcc.dg/simulate-thread/atomic-other-short.c -O3 -g thread simulation test
FAIL: gcc.dg/simulate-thread/atomic-other-short.c -Os -g thread simulation test
FAIL: gcc.dg/simulate-thread/speculative-store.c -Os -g thread simulation test
=== gcc Summary for unix/-m32 ===
# of expected passes 74578
# of unexpected failures 18
# of expected failures 317
# of unsupported tests 1581
=== gcc Summary ===
# of expected passes 149832
# of unexpected failures 31
# of expected failures 621
# of unsupported tests 3142
/var/gcc/regression/trunk/11-gcc-gas-64/build/gcc/xgcc version 4.7.0 20120120 (experimental) [trunk revision 183345] (GCC)
=== gfortran tests ===
Running target unix
=== gfortran Summary for unix ===
# of expected passes 40539
# of expected failures 44
# of unsupported tests 93
Running target unix/-m32
=== gfortran Summary for unix/-m32 ===
# of expected passes 40212
# of expected failures 44
# of unsupported tests 254
=== gfortran Summary ===
# of expected passes 80751
# of expected failures 88
# of unsupported tests 347
/var/gcc/regression/trunk/11-gcc-gas-64/build/gcc/testsuite/gfortran/../../gfortran version 4.7.0 20120120 (experimental) [trunk revision 183345] (GCC)
=== gnat tests ===
Running target unix/-m32
FAIL: gnat.dg/null_pointer_deref1.adb execution test
FAIL: gnat.dg/null_pointer_deref2.adb execution test
FAIL: gnat.dg/stack_check1.adb execution test
FAIL: gnat.dg/stack_check2.adb execution test
=== gnat Summary for unix/-m32 ===
# of expected passes 1044
# of unexpected failures 4
# of expected failures 12
# of unsupported tests 12
Running target unix
FAIL: gnat.dg/null_pointer_deref1.adb execution test
FAIL: gnat.dg/null_pointer_deref2.adb execution test
FAIL: gnat.dg/stack_check1.adb execution test
FAIL: gnat.dg/stack_check2.adb execution test
=== gnat Summary for unix ===
# of expected passes 1044
# of unexpected failures 4
# of expected failures 12
# of unsupported tests 12
=== gnat Summary ===
# of expected passes 2088
# of unexpected failures 8
# of expected failures 24
# of unsupported tests 24
/var/gcc/regression/trunk/11-gcc-gas-64/build/gcc/gnatmake version 4.7.0 20120120 (experimental) [trunk revision 183345]
=== go tests ===
Running target unix
FAIL: go.go-torture/execute/select-1.go execution, -O0
FAIL: go.go-torture/execute/select-1.go execution, -O1
FAIL: go.go-torture/execute/select-1.go execution, -O2
FAIL: go.go-torture/execute/select-1.go execution, -O2 -fomit-frame-pointer -finline-functions
FAIL: go.go-torture/execute/select-1.go execution, -O2 -fomit-frame-pointer -finline-functions -funroll-loops
FAIL: go.go-torture/execute/select-1.go execution, -O2 -fbounds-check
FAIL: go.go-torture/execute/select-1.go execution, -O3 -g
FAIL: go.go-torture/execute/select-1.go execution, -Os
FAIL: ./tmp.go compilation, -O2 -g
FAIL: go.test/test/64bit.go execution
FAIL: go.test/test/append.go execution, -O2 -g
FAIL: go.test/test/chan/doubleselect.go execution, -O2 -g
FAIL: go.test/test/chan/fifo.go execution, -O2 -g
FAIL: go.test/test/chan/nonblock.go execution, -O2 -g
FAIL: go.test/test/chan/powser1.go execution, -O2 -g
FAIL: go.test/test/chan/powser2.go execution, -O2 -g
FAIL: go.test/test/chan/select.go execution, -O2 -g
FAIL: go.test/test/chan/select2.go execution, -O2 -g
FAIL: go.test/test/chan/select3.go execution, -O2 -g
FAIL: go.test/test/chan/select4.go execution, -O2 -g
FAIL: go.test/test/chan/select5.go execution
FAIL: go.test/test/chan/select6.go execution, -O2 -g
FAIL: go.test/test/chan/sendstmt.go execution, -O2 -g
FAIL: go.test/test/chan/sieve1.go execution, -O2 -g
FAIL: go.test/test/chan/sieve2.go execution, -O2 -g
FAIL: go.test/test/closedchan.go execution, -O2 -g
FAIL: go.test/test/closure.go execution, -O2 -g
FAIL: go.test/test/escape.go execution, -O2 -g
FAIL: go.test/test/fixedbugs/bug225.go execution, -O2 -g
FAIL: go.test/test/fixedbugs/bug234.go execution, -O2 -g
FAIL: go.test/test/fixedbugs/bug242.go execution, -O2 -g
FAIL: go.test/test/fixedbugs/bug312.go execution, -O2 -g
FAIL: go.test/test/fixedbugs/bug320.go execution, -O2 -g
FAIL: go.test/test/func5.go execution, -O2 -g
FAIL: go.test/test/ken/chan.go execution, -O2 -g
FAIL: go.test/test/ken/chan1.go execution, -O2 -g
FAIL: go.test/test/mallocfin.go execution, -O2 -g
FAIL: go.test/test/map.go execution, -O2 -g
FAIL: go.test/test/nil.go execution, -O2 -g
FAIL: go.test/test/peano.go execution, -O2 -g
FAIL: go.test/test/range.go execution, -O2 -g
FAIL: go.test/test/recover.go execution, -O2 -g
FAIL: go.test/test/recover1.go execution, -O2 -g
FAIL: go.test/test/recover2.go execution, -O2 -g
FAIL: go.test/test/recover3.go execution, -O2 -g
FAIL: go.test/test/stack.go execution, -O2 -g
WARNING: program timed out.
WARNING: program timed out.
=== go Summary for unix ===
# of expected passes 3105
# of unexpected failures 46
# of expected failures 22
# of untested testcases 3
Running target unix/-m32
FAIL: go.go-torture/execute/select-1.go execution, -O0
FAIL: go.go-torture/execute/select-1.go execution, -O1
FAIL: go.go-torture/execute/select-1.go execution, -O2
FAIL: go.go-torture/execute/select-1.go execution, -O2 -fomit-frame-pointer -finline-functions
FAIL: go.go-torture/execute/select-1.go execution, -O2 -fomit-frame-pointer -finline-functions -funroll-loops
FAIL: go.go-torture/execute/select-1.go execution, -O2 -fbounds-check
FAIL: go.go-torture/execute/select-1.go execution, -O3 -g
FAIL: go.go-torture/execute/select-1.go execution, -Os
FAIL: ./tmp.go compilation, -O2 -g
FAIL: go.test/test/64bit.go execution
FAIL: go.test/test/append.go execution, -O2 -g
FAIL: go.test/test/chan/doubleselect.go execution, -O2 -g
FAIL: go.test/test/chan/fifo.go execution, -O2 -g
FAIL: go.test/test/chan/nonblock.go execution, -O2 -g
FAIL: go.test/test/chan/select.go execution, -O2 -g
FAIL: go.test/test/chan/select2.go execution, -O2 -g
FAIL: go.test/test/chan/select3.go execution, -O2 -g
FAIL: go.test/test/chan/select4.go execution, -O2 -g
FAIL: go.test/test/chan/select5.go execution
FAIL: go.test/test/chan/sendstmt.go execution, -O2 -g
FAIL: go.test/test/chan/sieve1.go execution, -O2 -g
FAIL: go.test/test/chan/sieve2.go execution, -O2 -g
FAIL: go.test/test/closedchan.go execution, -O2 -g
FAIL: go.test/test/closure.go execution, -O2 -g
FAIL: go.test/test/escape.go execution, -O2 -g
FAIL: go.test/test/fixedbugs/bug234.go execution, -O2 -g
FAIL: go.test/test/fixedbugs/bug242.go execution, -O2 -g
FAIL: go.test/test/fixedbugs/bug273.go execution, -O2 -g
FAIL: go.test/test/fixedbugs/bug312.go execution, -O2 -g
FAIL: go.test/test/fixedbugs/bug320.go execution, -O2 -g
FAIL: go.test/test/func5.go execution, -O2 -g
FAIL: go.test/test/ken/chan.go execution, -O2 -g
FAIL: go.test/test/ken/chan1.go execution, -O2 -g
FAIL: go.test/test/nil.go execution, -O2 -g
FAIL: go.test/test/peano.go execution, -O2 -g
FAIL: go.test/test/range.go execution, -O2 -g
FAIL: go.test/test/recover.go execution, -O2 -g
FAIL: go.test/test/recover1.go execution, -O2 -g
FAIL: go.test/test/recover2.go execution, -O2 -g
FAIL: go.test/test/recover3.go execution, -O2 -g
FAIL: go.test/test/stack.go execution, -O2 -g
WARNING: program timed out.
WARNING: program timed out.
=== go Summary for unix/-m32 ===
# of expected passes 3110
# of unexpected failures 41
# of expected failures 22
# of untested testcases 3
=== go Summary ===
# of expected passes 6215
# of unexpected failures 87
# of expected failures 44
# of untested testcases 6
/var/gcc/regression/trunk/11-gcc-gas-64/build/gcc/testsuite/go/../../gccgo version 4.7.0 20120120 (experimental) [trunk revision 183345] (GCC)
=== obj-c++ tests ===
Running target unix/-m32
=== obj-c++ Summary for unix/-m32 ===
# of expected passes 1450
# of expected failures 2
# of unsupported tests 86
Running target unix
=== obj-c++ Summary for unix ===
# of expected passes 1442
# of expected failures 10
# of unsupported tests 86
=== obj-c++ Summary ===
# of expected passes 2892
# of expected failures 12
# of unsupported tests 172
/var/gcc/regression/trunk/11-gcc-gas-64/build/gcc/testsuite/obj-c++/../../g++ version 4.7.0 20120120 (experimental) [trunk revision 183345] (GCC)
=== objc tests ===
Running target unix
=== objc Summary for unix ===
# of expected passes 2994
# of unsupported tests 74
Running target unix/-m32
=== objc Summary for unix/-m32 ===
# of expected passes 2994
# of unsupported tests 74
=== objc Summary ===
# of expected passes 5988
# of unsupported tests 148
/var/gcc/regression/trunk/11-gcc-gas-64/build/gcc/xgcc version 4.7.0 20120120 (experimental) [trunk revision 183345] (GCC)
=== boehm-gc tests ===
Running target unix/-m32
=== boehm-gc Summary for unix/-m32 ===
# of expected passes 12
# of unsupported tests 1
Running target unix
=== boehm-gc Summary for unix ===
# of expected passes 12
# of unsupported tests 1
=== boehm-gc Summary ===
# of expected passes 24
# of unsupported tests 2
=== libffi tests ===
Running target unix/-m32
=== libffi Summary for unix/-m32 ===
# of expected passes 1634
# of expected failures 10
# of unsupported tests 15
Running target unix
=== libffi Summary for unix ===
# of expected passes 1634
# of expected failures 10
# of unsupported tests 15
=== libffi Summary ===
# of expected passes 3268
# of expected failures 20
# of unsupported tests 30
=== libgo tests ===
Running target unix
FAIL: flag
FAIL: fmt
FAIL: html
FAIL: image
FAIL: io
FAIL: log
FAIL: math
FAIL: net
FAIL: reflect
FAIL: regexp
FAIL: runtime
FAIL: sort
FAIL: sync
FAIL: time
FAIL: websocket
FAIL: archive/zip
FAIL: compress/flate
FAIL: compress/zlib
FAIL: container/ring
FAIL: crypto/cast5
FAIL: crypto/des
FAIL: crypto/dsa
FAIL: crypto/ecdsa
FAIL: crypto/elliptic
FAIL: crypto/openpgp
FAIL: crypto/rand
FAIL: crypto/ripemd160
FAIL: crypto/sha512
FAIL: crypto/subtle
FAIL: crypto/x509
FAIL: crypto/openpgp/elgamal
FAIL: debug/dwarf
FAIL: debug/elf
FAIL: debug/macho
FAIL: encoding/binary
FAIL: encoding/gob
FAIL: encoding/json
FAIL: encoding/xml
FAIL: exp/norm
FAIL: exp/spdy
FAIL: exp/sql
FAIL: exp/ssh
FAIL: html/template
FAIL: go/parser
FAIL: go/printer
FAIL: go/scanner
FAIL: go/token
FAIL: image/jpeg
FAIL: image/png
FAIL: index/suffixarray
FAIL: io/ioutil
FAIL: math/big
FAIL: mime/multipart
FAIL: net/http
FAIL: net/mail
FAIL: net/rpc
FAIL: net/textproto
FAIL: net/rpc/jsonrpc
FAIL: old/netchan
FAIL: old/regexp
FAIL: old/template
FAIL: os/exec
FAIL: path/filepath
FAIL: regexp/syntax
FAIL: sync/atomic
FAIL: text/scanner
FAIL: text/template
FAIL: text/template/parse
FAIL: testing/quick
=== libgo Summary for unix ===
# of expected passes 69
# of unexpected failures 69
Running target unix/-m32
FAIL: fmt
FAIL: html
FAIL: image
FAIL: io
FAIL: log
FAIL: math
FAIL: mime
FAIL: reflect
FAIL: regexp
FAIL: runtime
FAIL: sort
FAIL: sync
FAIL: time
FAIL: websocket
FAIL: archive/zip
FAIL: compress/flate
FAIL: compress/gzip
FAIL: compress/zlib
FAIL: container/ring
FAIL: crypto/cast5
FAIL: crypto/des
FAIL: crypto/ecdsa
FAIL: crypto/elliptic
FAIL: crypto/md4
FAIL: crypto/openpgp
FAIL: crypto/rand
FAIL: crypto/rsa
FAIL: crypto/subtle
FAIL: crypto/tls
FAIL: crypto/x509
FAIL: crypto/openpgp/packet
FAIL: debug/dwarf
FAIL: debug/elf
FAIL: debug/pe
FAIL: encoding/asn1
FAIL: encoding/gob
FAIL: encoding/json
FAIL: encoding/xml
FAIL: exp/norm
FAIL: exp/spdy
FAIL: exp/sql
FAIL: html/template
FAIL: go/parser
FAIL: go/printer
FAIL: go/scanner
FAIL: go/token
FAIL: image/jpeg
FAIL: image/png
FAIL: index/suffixarray
FAIL: math/big
FAIL: net/http
FAIL: net/mail
FAIL: net/rpc
FAIL: net/textproto
FAIL: net/url
FAIL: net/rpc/jsonrpc
FAIL: old/netchan
FAIL: old/regexp
FAIL: old/template
FAIL: os/exec
FAIL: path/filepath
FAIL: regexp/syntax
FAIL: sync/atomic
FAIL: text/scanner
FAIL: text/tabwriter
FAIL: text/template
FAIL: text/template/parse
FAIL: testing/quick
=== libgo Summary for unix/-m32 ===
# of expected passes 70
# of unexpected failures 68
=== libgo Summary ===
# of expected passes 139
# of unexpected failures 137
/var/gcc/regression/trunk/11-gcc-gas-64/build/./gcc/gccgo version 4.7.0 20120120 (experimental) [trunk revision 183345] (GCC)
=== libgomp tests ===
Running target unix/-m32
=== libgomp Summary for unix/-m32 ===
# of expected passes 2942
# of unsupported tests 3
Running target unix
=== libgomp Summary for unix ===
# of expected passes 2942
# of unsupported tests 3
=== libgomp Summary ===
# of expected passes 5884
# of unsupported tests 6
=== libjava tests ===
Running target unix/-m32
FAIL: TestClosureGC run
FAIL: Array_3 execution - source compiled test
FAIL: Array_3 -findirect-dispatch execution - source compiled test
FAIL: Array_3 -O3 execution - source compiled test
FAIL: Array_3 -O3 -findirect-dispatch execution - source compiled test
FAIL: Invoke_1 execution - source compiled test
FAIL: Invoke_1 -findirect-dispatch execution - source compiled test
FAIL: Invoke_1 -O3 execution - source compiled test
FAIL: Invoke_1 -O3 -findirect-dispatch execution - source compiled test
FAIL: PR218 execution - source compiled test
FAIL: PR218 -O3 execution - source compiled test
FAIL: StackTrace2 execution - source compiled test
FAIL: StackTrace2 -findirect-dispatch execution - source compiled test
FAIL: StackTrace2 -O3 execution - source compiled test
FAIL: StackTrace2 -O3 -findirect-dispatch execution - source compiled test
FAIL: Throw_2 execution - source compiled test
FAIL: Throw_2 -findirect-dispatch execution - source compiled test
FAIL: Throw_2 -O3 execution - source compiled test
FAIL: Throw_2 -O3 -findirect-dispatch execution - source compiled test
FAIL: Throw_3 execution - source compiled test
FAIL: Throw_3 -findirect-dispatch execution - source compiled test
FAIL: Throw_3 -O3 execution - source compiled test
FAIL: Throw_3 -O3 -findirect-dispatch execution - source compiled test
FAIL: pr83 -findirect-dispatch execution - source compiled test
FAIL: pr83 -O3 -findirect-dispatch execution - source compiled test
=== libjava Summary for unix/-m32 ===
# of expected passes 2525
# of unexpected failures 25
# of untested testcases 25
Running target unix
FAIL: TestClosureGC run
FAIL: Array_3 execution - source compiled test
FAIL: Array_3 -findirect-dispatch execution - source compiled test
FAIL: Array_3 -O3 execution - source compiled test
FAIL: Array_3 -O3 -findirect-dispatch execution - source compiled test
FAIL: Invoke_1 execution - source compiled test
FAIL: Invoke_1 -findirect-dispatch execution - source compiled test
FAIL: Invoke_1 -O3 execution - source compiled test
FAIL: Invoke_1 -O3 -findirect-dispatch execution - source compiled test
FAIL: PR218 execution - source compiled test
FAIL: PR218 -O3 execution - source compiled test
FAIL: StackTrace2 execution - source compiled test
FAIL: StackTrace2 -findirect-dispatch execution - source compiled test
FAIL: StackTrace2 -O3 execution - source compiled test
FAIL: StackTrace2 -O3 -findirect-dispatch execution - source compiled test
FAIL: Throw_2 execution - source compiled test
FAIL: Throw_2 -findirect-dispatch execution - source compiled test
FAIL: Throw_2 -O3 execution - source compiled test
FAIL: Throw_2 -O3 -findirect-dispatch execution - source compiled test
FAIL: Throw_3 execution - source compiled test
FAIL: Throw_3 -findirect-dispatch execution - source compiled test
FAIL: Throw_3 -O3 execution - source compiled test
FAIL: Throw_3 -O3 -findirect-dispatch execution - source compiled test
FAIL: pr83 -findirect-dispatch execution - source compiled test
FAIL: pr83 -O3 -findirect-dispatch execution - source compiled test
=== libjava Summary for unix ===
# of expected passes 2525
# of unexpected failures 25
# of untested testcases 25
=== libjava Summary ===
# of expected passes 5050
# of unexpected failures 50
# of untested testcases 50
=== libmudflap tests ===
Running target unix/-m32
=== libmudflap Summary for unix/-m32 ===
# of expected passes 1442
Running target unix
FAIL: libmudflap.c++/pass55-frag.cxx ( -O) execution test
=== libmudflap Summary for unix ===
# of expected passes 1441
# of unexpected failures 1
=== libmudflap Summary ===
# of expected passes 2883
# of unexpected failures 1
=== libstdc++ tests ===
Running target unix
=== libstdc++ Summary for unix ===
# of expected passes 7914
# of expected failures 44
# of unsupported tests 502
Running target unix/-m32
=== libstdc++ Summary for unix/-m32 ===
# of expected passes 7914
# of expected failures 44
# of unsupported tests 502
=== libstdc++ Summary ===
# of expected passes 15828
# of expected failures 88
# of unsupported tests 1004
Compiler version: 4.7.0 20120120 (experimental) [trunk revision 183345] (GCC)
Platform: sparcv9-sun-solaris2.11
configure flags: --prefix=/vol/gcc --target=sparcv9-sun-solaris2.11 --enable-objc-gc --enable-libmudflap --with-as=/vol/gcc/bin/gas-2.22 --with-gnu-as --with-gmp-include=/vol/gcc/include --with-gmp-lib=/vol/gcc/lib/sparcv9 --with-mpfr-include=/vol/gcc/include --with-mpfr-lib=/vol/gcc/lib/sparcv9 --with-mpc-include=/vol/gcc/include --with-mpc-lib=/vol/gcc/lib/sparcv9 --enable-languages=all,ada,obj-c++,go --without-ppl --without-cloog --build=sparcv9-sun-solaris2.11 --host=sparcv9-sun-solaris2.11
BOOT_CFLAGS=-g -O2
More information about the Gcc-testresults
mailing list