Results for 4.6.3 20120120 (prerelease) [gcc-4_6-branch revision 183331] (GCC) testsuite on i386-pc-solaris2.11
Rainer Orth
ro@CeBiTec.Uni-Bielefeld.DE
Mon Jan 23 10:19:00 GMT 2012
LAST_UPDATED: Fri Jan 20 18:46:05 UTC 2012 (revision 183331)
=== acats tests ===
=== acats Summary ===
# of expected passes 2321
# of unexpected failures 0
Native configuration is i386-pc-solaris2.11
=== g++ tests ===
Running target unix
UNRESOLVED: g++.dg/abi/mangle60.C scan-assembler _Z3barIiEvP1AIXszcl3foocvT__ELCi0_42EEEE
UNRESOLVED: g++.dg/abi/mangle60.C scan-assembler _Z3bazIiEvP1AIXszcl3foocvT__ELCf00000000_00000000EEEE
XPASS: g++.dg/uninit-pred-3_b.C (test for excess errors)
FAIL: g++.dg/lto/20091219 cp_lto_20091219_0.o-cp_lto_20091219_0.o link, -O3 -flto
UNRESOLVED: g++.dg/lto/20091219 cp_lto_20091219_0.o-cp_lto_20091219_0.o execute -O3 -flto
=== g++ Summary for unix ===
# of expected passes 27077
# of unexpected failures 1
# of unexpected successes 1
# of expected failures 169
# of unresolved testcases 3
# of unsupported tests 191
Running target unix/-m64
UNRESOLVED: g++.dg/abi/mangle60.C scan-assembler _Z3barIiEvP1AIXszcl3foocvT__ELCi0_42EEEE
UNRESOLVED: g++.dg/abi/mangle60.C scan-assembler _Z3bazIiEvP1AIXszcl3foocvT__ELCf00000000_00000000EEEE
XPASS: g++.dg/uninit-pred-3_b.C (test for excess errors)
FAIL: g++.dg/lto/20091219 cp_lto_20091219_0.o-cp_lto_20091219_0.o link, -O3 -flto
UNRESOLVED: g++.dg/lto/20091219 cp_lto_20091219_0.o-cp_lto_20091219_0.o execute -O3 -flto
=== g++ Summary for unix/-m64 ===
# of expected passes 27309
# of unexpected failures 1
# of unexpected successes 1
# of expected failures 169
# of unresolved testcases 3
# of unsupported tests 390
=== g++ Summary ===
# of expected passes 54386
# of unexpected failures 2
# of unexpected successes 2
# of expected failures 338
# of unresolved testcases 6
# of unsupported tests 581
/var/gcc/regression/gcc-4.6-branch/11-gcc/build/gcc/testsuite/g++/../../g++ version 4.6.3 20120120 (prerelease) [gcc-4_6-branch revision 183331] (GCC)
=== gcc tests ===
Running target unix
FAIL: gcc.dg/lto/20110201-1 c_lto_20110201-1_0.o-c_lto_20110201-1_0.o link, -O0 -flto
UNRESOLVED: gcc.dg/lto/20110201-1 c_lto_20110201-1_0.o-c_lto_20110201-1_0.o execute -O0 -flto
=== gcc Summary for unix ===
# of expected passes 76639
# of unexpected failures 1
# of expected failures 213
# of unresolved testcases 1
# of unsupported tests 835
Running target unix/-m64
=== gcc Summary for unix/-m64 ===
# of expected passes 76732
# of expected failures 212
# of unsupported tests 1243
=== gcc Summary ===
# of expected passes 153371
# of unexpected failures 1
# of expected failures 425
# of unresolved testcases 1
# of unsupported tests 2078
/var/gcc/regression/gcc-4.6-branch/11-gcc/build/gcc/xgcc version 4.6.3 20120120 (prerelease) [gcc-4_6-branch revision 183331] (GCC)
=== gfortran tests ===
Running target unix
=== gfortran Summary for unix ===
# of expected passes 38687
# of expected failures 41
# of unsupported tests 227
Running target unix/-m64
=== gfortran Summary for unix/-m64 ===
# of expected passes 38992
# of expected failures 41
# of unsupported tests 79
=== gfortran Summary ===
# of expected passes 77679
# of expected failures 82
# of unsupported tests 306
/var/gcc/regression/gcc-4.6-branch/11-gcc/build/gcc/testsuite/gfortran/../../gfortran version 4.6.3 20120120 (prerelease) [gcc-4_6-branch revision 183331] (GCC)
=== gnat tests ===
Running target unix
=== gnat Summary for unix ===
# of expected passes 872
# of expected failures 10
# of unsupported tests 3
Running target unix/-m64
=== gnat Summary for unix/-m64 ===
# of expected passes 872
# of expected failures 10
# of unsupported tests 3
=== gnat Summary ===
# of expected passes 1744
# of expected failures 20
# of unsupported tests 6
/var/gcc/regression/gcc-4.6-branch/11-gcc/build/gcc/gnatmake version 4.6.3 20120120 (prerelease) [gcc-4_6-branch revision 183331]
=== objc tests ===
Running target unix
=== objc Summary for unix ===
# of expected passes 2920
# of expected failures 6
# of unsupported tests 74
Running target unix/-m64
=== objc Summary for unix/-m64 ===
# of expected passes 2910
# of expected failures 16
# of unsupported tests 74
=== objc Summary ===
# of expected passes 5830
# of expected failures 22
# of unsupported tests 148
/var/gcc/regression/gcc-4.6-branch/11-gcc/build/gcc/xgcc version 4.6.3 20120120 (prerelease) [gcc-4_6-branch revision 183331] (GCC)
=== libffi tests ===
Running target unix
=== libffi Summary for unix ===
# of expected passes 1634
# of expected failures 10
# of unsupported tests 15
Running target unix/-m64
=== libffi Summary for unix/-m64 ===
# of expected passes 1634
# of expected failures 10
# of unsupported tests 15
=== libffi Summary ===
# of expected passes 3268
# of expected failures 20
# of unsupported tests 30
=== libgomp tests ===
Running target unix
=== libgomp Summary for unix ===
# of expected passes 2626
# of unsupported tests 3
Running target unix/-m64
=== libgomp Summary for unix/-m64 ===
# of expected passes 2626
# of unsupported tests 3
=== libgomp Summary ===
# of expected passes 5252
# of unsupported tests 6
=== libjava tests ===
Running target unix
=== libjava Summary for unix ===
# of expected passes 2574
Running target unix/-m64
=== libjava Summary for unix/-m64 ===
# of expected passes 2574
=== libjava Summary ===
# of expected passes 5148
=== libstdc++ tests ===
Running target unix
=== libstdc++ Summary for unix ===
# of expected passes 7427
# of expected failures 82
# of unsupported tests 461
Running target unix/-m64
FAIL: libstdc++-abi/abi_check
=== libstdc++ Summary for unix/-m64 ===
# of expected passes 7426
# of unexpected failures 1
# of expected failures 82
# of unsupported tests 461
=== libstdc++ Summary ===
# of expected passes 14853
# of unexpected failures 1
# of expected failures 164
# of unsupported tests 922
Compiler version: 4.6.3 20120120 (prerelease) [gcc-4_6-branch revision 183331] (GCC)
Platform: i386-pc-solaris2.11
configure flags: --prefix=/vol/gcc --target=i386-pc-solaris2.11 --with-gmp-include=/vol/gcc/include --with-gmp-lib=/vol/gcc/lib --with-mpfr-include=/vol/gcc/include --with-mpfr-lib=/vol/gcc/lib --with-mpc-include=/vol/gcc/include --with-mpc-lib=/vol/gcc/lib --enable-languages=all,ada --without-ppl --without-cloog
BOOT_CFLAGS=-g -O2
More information about the Gcc-testresults
mailing list