Results for 4.6.3 20120122 (prerelease) (GCC) testsuite on s390-ibm-linux-gnu esa
Andreas Krebbel
Andreas.Krebbel@de.ibm.com
Sun Jan 22 20:51:00 GMT 2012
LAST_UPDATED: Sun Jan 22 18:15:34 UTC 2012 (revision 183394)
=== acats tests ===
FAIL: c52103x
FAIL: c52104x
FAIL: c52104y
=== acats Summary ===
# of expected passes 2318
# of unexpected failures 3
Native configuration is s390-ibm-linux-gnu esa
=== g++ tests ===
Running target unix
FAIL: g++.dg/debug/dwarf2/icf.C scan-assembler \\\\.section.*.debug_dcall
FAIL: g++.dg/debug/dwarf2/icf.C scan-assembler New caller
FAIL: g++.dg/debug/dwarf2/icf.C scan-assembler Caller DIE offset
FAIL: g++.dg/debug/dwarf2/icf.C scan-assembler Callee DIE offset
UNRESOLVED: g++.dg/abi/mangle60.C scan-assembler _Z3barIiEvP1AIXszcl3foocvT__ELCi0_42EEEE
UNRESOLVED: g++.dg/abi/mangle60.C scan-assembler _Z3bazIiEvP1AIXszcl3foocvT__ELCf00000000_00000000EEEE
XPASS: g++.dg/uninit-pred-3_b.C (test for excess errors)
FAIL: g++.dg/torture/pr51344.C -O0 (test for excess errors)
FAIL: g++.dg/torture/pr51344.C -O1 (test for excess errors)
FAIL: g++.dg/torture/pr51344.C -O2 (test for excess errors)
FAIL: g++.dg/torture/pr51344.C -O3 -fomit-frame-pointer (test for excess errors)
FAIL: g++.dg/torture/pr51344.C -O3 -g (test for excess errors)
FAIL: g++.dg/torture/pr51344.C -Os (test for excess errors)
FAIL: g++.dg/torture/pr51344.C -O2 -flto -flto-partition=none (test for excess errors)
FAIL: g++.dg/torture/pr51344.C -O2 -flto (test for excess errors)
=== g++ Summary ===
# of expected passes 26971
# of unexpected failures 12
# of unexpected successes 1
# of expected failures 168
# of unresolved testcases 2
# of unsupported tests 412
-esa/gcc/testsuite/g++/../../g++ version 4.6.3 20120122 (prerelease) (GCC)
=== gcc tests ===
Running target unix
FAIL: gcc.dg/c99-stdint-1.c (test for excess errors)
FAIL: gcc.dg/uninit-13.c unconditional (test for warnings, line 8)
FAIL: gcc.dg/uninit-13.c (test for excess errors)
FAIL: gcc.dg/uninit-pred-7_a.c bogus warning (test for bogus messages, line 26)
FAIL: gcc.dg/uninit-pred-8_a.c bogus warning (test for bogus messages, line 26)
XPASS: gcc.dg/guality/example.c -O0 execution test
XPASS: gcc.dg/guality/example.c -O1 execution test
XPASS: gcc.dg/guality/example.c -O2 execution test
XPASS: gcc.dg/guality/example.c -Os execution test
XPASS: gcc.dg/guality/example.c -O2 -flto -flto-partition=none execution test
XPASS: gcc.dg/guality/example.c -O2 -flto execution test
XPASS: gcc.dg/guality/guality.c -O0 execution test
XPASS: gcc.dg/guality/guality.c -O1 execution test
XPASS: gcc.dg/guality/guality.c -O2 execution test
XPASS: gcc.dg/guality/guality.c -O3 -fomit-frame-pointer execution test
XPASS: gcc.dg/guality/guality.c -O3 -g execution test
XPASS: gcc.dg/guality/guality.c -Os execution test
XPASS: gcc.dg/guality/guality.c -O2 -flto -flto-partition=none execution test
XPASS: gcc.dg/guality/guality.c -O2 -flto execution test
XPASS: gcc.dg/guality/inline-params.c -O2 execution test
XPASS: gcc.dg/guality/inline-params.c -O3 -fomit-frame-pointer execution test
XPASS: gcc.dg/guality/inline-params.c -O3 -g execution test
XPASS: gcc.dg/guality/inline-params.c -Os execution test
XPASS: gcc.dg/guality/inline-params.c -O2 -flto -flto-partition=none execution test
XPASS: gcc.dg/guality/inline-params.c -O2 -flto execution test
FAIL: gcc.dg/guality/pr36728-1.c -O1 line 12 arg4 == 4
FAIL: gcc.dg/guality/pr36728-1.c -O1 line 14 arg4 == 4
FAIL: gcc.dg/guality/pr36728-1.c -O2 line 12 arg4 == 4
FAIL: gcc.dg/guality/pr36728-1.c -O2 line 14 arg4 == 4
FAIL: gcc.dg/guality/pr36728-1.c -O3 -fomit-frame-pointer line 12 arg4 == 4
FAIL: gcc.dg/guality/pr36728-1.c -O3 -fomit-frame-pointer line 14 arg4 == 4
FAIL: gcc.dg/guality/pr36728-1.c -O3 -g line 12 arg4 == 4
FAIL: gcc.dg/guality/pr36728-1.c -O3 -g line 14 arg4 == 4
FAIL: gcc.dg/guality/pr36728-1.c -Os line 12 arg4 == 4
FAIL: gcc.dg/guality/pr36728-1.c -Os line 14 arg4 == 4
FAIL: gcc.dg/guality/pr36728-1.c -O2 -flto -flto-partition=none line 12 arg4 == 4
FAIL: gcc.dg/guality/pr36728-1.c -O2 -flto -flto-partition=none line 14 arg4 == 4
FAIL: gcc.dg/guality/pr36728-1.c -O2 -flto line 12 arg4 == 4
FAIL: gcc.dg/guality/pr36728-1.c -O2 -flto line 14 arg4 == 4
FAIL: gcc.dg/guality/pr36728-2.c -O1 line 12 arg4 == 4
FAIL: gcc.dg/guality/pr36728-2.c -O1 line 14 arg4 == 4
FAIL: gcc.dg/guality/pr36728-2.c -O2 line 12 arg4 == 4
FAIL: gcc.dg/guality/pr36728-2.c -O2 line 14 arg4 == 4
FAIL: gcc.dg/guality/pr36728-2.c -O3 -fomit-frame-pointer line 12 arg4 == 4
FAIL: gcc.dg/guality/pr36728-2.c -O3 -fomit-frame-pointer line 14 arg4 == 4
FAIL: gcc.dg/guality/pr36728-2.c -O3 -g line 12 arg4 == 4
FAIL: gcc.dg/guality/pr36728-2.c -O3 -g line 14 arg4 == 4
FAIL: gcc.dg/guality/pr36728-2.c -Os line 12 arg4 == 4
FAIL: gcc.dg/guality/pr36728-2.c -Os line 14 arg4 == 4
FAIL: gcc.dg/guality/pr36728-2.c -O2 -flto -flto-partition=none line 12 arg4 == 4
FAIL: gcc.dg/guality/pr36728-2.c -O2 -flto -flto-partition=none line 14 arg4 == 4
FAIL: gcc.dg/guality/pr36728-2.c -O2 -flto line 12 arg4 == 4
FAIL: gcc.dg/guality/pr36728-2.c -O2 -flto line 14 arg4 == 4
XPASS: gcc.dg/guality/pr41353-1.c -O0 line 28 j == 28 + 37
XPASS: gcc.dg/guality/pr41353-1.c -O1 line 28 j == 28 + 37
XPASS: gcc.dg/guality/pr41353-1.c -O2 line 28 j == 28 + 37
XPASS: gcc.dg/guality/pr41353-1.c -O3 -fomit-frame-pointer line 28 j == 28 + 37
XPASS: gcc.dg/guality/pr41353-1.c -O3 -g line 28 j == 28 + 37
XPASS: gcc.dg/guality/pr41353-1.c -Os line 28 j == 28 + 37
XPASS: gcc.dg/guality/pr41353-1.c -O2 -flto -flto-partition=none line 28 j == 28 + 37
XPASS: gcc.dg/guality/pr41353-1.c -O2 -flto line 28 j == 28 + 37
XPASS: gcc.dg/guality/pr41447-1.c -O0 execution test
XPASS: gcc.dg/guality/pr41447-1.c -O1 execution test
XPASS: gcc.dg/guality/pr41447-1.c -O2 execution test
XPASS: gcc.dg/guality/pr41447-1.c -O3 -fomit-frame-pointer execution test
XPASS: gcc.dg/guality/pr41447-1.c -O3 -g execution test
XPASS: gcc.dg/guality/pr41447-1.c -Os execution test
XPASS: gcc.dg/guality/pr41447-1.c -O2 -flto -flto-partition=none execution test
XPASS: gcc.dg/guality/pr41447-1.c -O2 -flto execution test
XPASS: gcc.dg/guality/pr41616-1.c -O0 execution test
XPASS: gcc.dg/guality/pr41616-1.c -O1 execution test
XPASS: gcc.dg/guality/pr41616-1.c -O2 execution test
XPASS: gcc.dg/guality/pr41616-1.c -O3 -fomit-frame-pointer execution test
XPASS: gcc.dg/guality/pr41616-1.c -O3 -g execution test
XPASS: gcc.dg/guality/pr41616-1.c -Os execution test
XPASS: gcc.dg/guality/pr41616-1.c -O2 -flto -flto-partition=none execution test
XPASS: gcc.dg/guality/pr41616-1.c -O2 -flto execution test
FAIL: gcc.dg/guality/sra-1.c -O1 line 43 a.i == 4
FAIL: gcc.dg/guality/sra-1.c -O1 line 43 a.j == 14
FAIL: gcc.dg/guality/sra-1.c -O2 line 43 a.i == 4
FAIL: gcc.dg/guality/sra-1.c -O2 line 43 a.j == 14
FAIL: gcc.dg/guality/sra-1.c -O3 -fomit-frame-pointer line 43 a.i == 4
FAIL: gcc.dg/guality/sra-1.c -O3 -fomit-frame-pointer line 43 a.j == 14
FAIL: gcc.dg/guality/sra-1.c -O3 -g line 43 a.i == 4
FAIL: gcc.dg/guality/sra-1.c -O3 -g line 43 a.j == 14
FAIL: gcc.dg/guality/sra-1.c -Os line 43 a.i == 4
FAIL: gcc.dg/guality/sra-1.c -Os line 43 a.j == 14
FAIL: gcc.dg/guality/sra-1.c -O2 -flto -flto-partition=none line 43 a.i == 4
FAIL: gcc.dg/guality/sra-1.c -O2 -flto -flto-partition=none line 43 a.j == 14
FAIL: gcc.dg/guality/sra-1.c -O2 -flto line 43 a.i == 4
FAIL: gcc.dg/guality/sra-1.c -O2 -flto line 43 a.j == 14
FAIL: gcc.dg/guality/vla-1.c -O1 line 17 sizeof (a) == 6
FAIL: gcc.dg/guality/vla-1.c -O2 line 17 sizeof (a) == 6
FAIL: gcc.dg/guality/vla-1.c -O2 line 24 sizeof (a) == 17 * sizeof (short)
FAIL: gcc.dg/guality/vla-1.c -O3 -fomit-frame-pointer line 17 sizeof (a) == 6
FAIL: gcc.dg/guality/vla-1.c -O3 -fomit-frame-pointer line 24 sizeof (a) == 17 * sizeof (short)
FAIL: gcc.dg/guality/vla-1.c -O3 -g line 17 sizeof (a) == 6
FAIL: gcc.dg/guality/vla-1.c -O3 -g line 24 sizeof (a) == 17 * sizeof (short)
FAIL: gcc.dg/guality/vla-1.c -Os line 17 sizeof (a) == 6
FAIL: gcc.dg/guality/vla-1.c -O2 -flto -flto-partition=none line 17 sizeof (a) == 6
FAIL: gcc.dg/guality/vla-1.c -O2 -flto -flto-partition=none line 24 sizeof (a) == 17 * sizeof (short)
FAIL: gcc.dg/guality/vla-1.c -O2 -flto line 17 sizeof (a) == 6
FAIL: gcc.dg/guality/vla-1.c -O2 -flto line 24 sizeof (a) == 17 * sizeof (short)
FAIL: gcc.dg/guality/vla-2.c -O2 -flto -flto-partition=none line 16 sizeof (a) == 5 * sizeof (int)
FAIL: gcc.dg/guality/vla-2.c -O2 -flto -flto-partition=none line 25 sizeof (a) == 6 * sizeof (int)
FAIL: gcc.dg/guality/vla-2.c -O2 -flto line 16 sizeof (a) == 5 * sizeof (int)
FAIL: gcc.dg/guality/vla-2.c -O2 -flto line 25 sizeof (a) == 6 * sizeof (int)
XPASS: gcc.dg/tree-ssa/20040204-1.c scan-tree-dump-times optimized "link_error" 0
=== gcc Summary ===
# of expected passes 71266
# of unexpected failures 63
# of unexpected successes 45
# of expected failures 134
# of unsupported tests 1036
-esa/gcc/xgcc version 4.6.3 20120122 (prerelease) (GCC)
=== gfortran tests ===
Running target unix
=== gfortran Summary ===
# of expected passes 38108
# of expected failures 41
# of unsupported tests 227
-esa/gcc/testsuite/gfortran/../../gfortran version 4.6.3 20120122 (prerelease) (GCC)
=== gnat tests ===
Running target unix
=== gnat Summary ===
# of expected passes 868
# of expected failures 10
# of unsupported tests 5
-esa/gcc/gnatmake version 4.6.3 20120122 (prerelease)
=== obj-c++ tests ===
Running target unix
=== obj-c++ Summary ===
# of expected passes 1388
# of expected failures 2
# of unsupported tests 86
-esa/gcc/testsuite/obj-c++/../../g++ version 4.6.3 20120122 (prerelease) (GCC)
=== objc tests ===
Running target unix
=== objc Summary ===
# of expected passes 2916
# of expected failures 10
# of unsupported tests 74
-esa/gcc/xgcc version 4.6.3 20120122 (prerelease) (GCC)
=== libffi tests ===
Running target unix
=== libffi Summary ===
# of expected passes 1634
# of expected failures 10
# of unsupported tests 15
=== libgomp tests ===
Running target unix
=== libgomp Summary ===
# of expected passes 2630
# of unsupported tests 1
=== libjava tests ===
Running target unix
=== libjava Summary ===
# of expected passes 2574
=== libmudflap tests ===
Running target unix
FAIL: libmudflap.c/fail40-frag.c output pattern test
FAIL: libmudflap.c/pass49-frag.c execution test
FAIL: libmudflap.c/pass49-frag.c output pattern test
FAIL: libmudflap.c/pass49-frag.c execution test
FAIL: libmudflap.c/pass49-frag.c output pattern test
FAIL: libmudflap.c/pass51-frag.c execution test
FAIL: libmudflap.c/pass51-frag.c execution test
FAIL: libmudflap.c/fail40-frag.c (-static) output pattern test
FAIL: libmudflap.c/pass49-frag.c (-static) execution test
FAIL: libmudflap.c/pass49-frag.c (-static) output pattern test
FAIL: libmudflap.c/pass49-frag.c (-static) execution test
FAIL: libmudflap.c/pass49-frag.c (-static) output pattern test
FAIL: libmudflap.c/pass51-frag.c (-static) execution test
FAIL: libmudflap.c/pass51-frag.c (-static) execution test
FAIL: libmudflap.c/fail40-frag.c (-O2) output pattern test
FAIL: libmudflap.c/pass49-frag.c (-O2) execution test
FAIL: libmudflap.c/pass49-frag.c (-O2) output pattern test
FAIL: libmudflap.c/pass49-frag.c (-O2) execution test
FAIL: libmudflap.c/pass49-frag.c (-O2) output pattern test
FAIL: libmudflap.c/pass51-frag.c (-O2) execution test
FAIL: libmudflap.c/pass51-frag.c (-O2) execution test
FAIL: libmudflap.c/fail40-frag.c (-O3) output pattern test
FAIL: libmudflap.c/pass49-frag.c (-O3) execution test
FAIL: libmudflap.c/pass49-frag.c (-O3) output pattern test
FAIL: libmudflap.c/pass49-frag.c (-O3) execution test
FAIL: libmudflap.c/pass49-frag.c (-O3) output pattern test
FAIL: libmudflap.c/pass51-frag.c (-O3) execution test
FAIL: libmudflap.c/pass51-frag.c (-O3) execution test
FAIL: libmudflap.c++/pass41-frag.cxx (-static) (test for excess errors)
WARNING: libmudflap.c++/pass41-frag.cxx (-static) compilation failed to produce executable
=== libmudflap Summary ===
# of expected passes 1864
# of unexpected failures 29
=== libstdc++ tests ===
Running target unix
=== libstdc++ Summary ===
# of expected passes 8331
# of expected failures 84
# of unsupported tests 109
Version: 4.6.3 20120122 (prerelease) (GCC)
Platform: s390-ibm-linux-gnu esa
configure flags: --prefix=/build/build-system/build/20120122/gcc-4.6/install-s390-esa --enable-shared --with-system-zlib --enable-threads=posix --enable-__cxa_atexit --enable-checking --enable-languages=c,c++,objc,obj-c++,java,fortran,ada
More information about the Gcc-testresults
mailing list