Results for 4.6.2 (Debian 4.6.2-12) testsuite on s390x-ibm-linux-gnu
Matthias Klose
doko@debian.org
Sun Jan 22 17:56:00 GMT 2012
LAST_UPDATED: Fri Jan 20 10:39:29 UTC 2012 (revision 183333)
Target: s390x-linux-gnu
gcc version 4.6.2 (Debian 4.6.2-12)
Native configuration is s390x-ibm-linux-gnu
=== g++ tests ===
Running target unix
UNRESOLVED: g++.dg/abi/mangle60.C scan-assembler _Z3barIiEvP1AIXszcl3foocvT__ELCi0_42EEEE
UNRESOLVED: g++.dg/abi/mangle60.C scan-assembler _Z3bazIiEvP1AIXszcl3foocvT__ELCf00000000_00000000EEEE
XPASS: g++.dg/uninit-pred-3_b.C (test for excess errors)
UNRESOLVED: attribute_plugin.c compilation, -I. -I/build/buildd-gcc-4.6_4.6.2-12-s390x-kM7mGy/gcc-4.6-4.6.2/src/gcc/testsuite -I/build/buildd-gcc-4.6_4.6.2-12-s390x-kM7mGy/gcc-4.6-4.6.2/src/gcc/testsuite/../../gcc -I/build/buildd-gcc-4.6_4.6.2-12-s390x-kM7mGy/gcc-4.6-4.6.2/build/gcc/testsuite/g++/../../../gcc -I/build/buildd-gcc-4.6_4.6.2-12-s390x-kM7mGy/gcc-4.6-4.6.2/src/gcc/testsuite/../../include -I/build/buildd-gcc-4.6_4.6.2-12-s390x-kM7mGy/gcc-4.6-4.6.2/src/gcc/testsuite/../../libcpp/include -I/build/buildd-gcc-4.6_4.6.2-12-s390x-kM7mGy/gcc-4.6-4.6.2/build/gcc/testsuite/g++/../../../intl -DIN_GCC -fPIC -shared
UNRESOLVED: pragma_plugin.c compilation, -I. -I/build/buildd-gcc-4.6_4.6.2-12-s390x-kM7mGy/gcc-4.6-4.6.2/src/gcc/testsuite -I/build/buildd-gcc-4.6_4.6.2-12-s390x-kM7mGy/gcc-4.6-4.6.2/src/gcc/testsuite/../../gcc -I/build/buildd-gcc-4.6_4.6.2-12-s390x-kM7mGy/gcc-4.6-4.6.2/build/gcc/testsuite/g++/../../../gcc -I/build/buildd-gcc-4.6_4.6.2-12-s390x-kM7mGy/gcc-4.6-4.6.2/src/gcc/testsuite/../../include -I/build/buildd-gcc-4.6_4.6.2-12-s390x-kM7mGy/gcc-4.6-4.6.2/src/gcc/testsuite/../../libcpp/include -I/build/buildd-gcc-4.6_4.6.2-12-s390x-kM7mGy/gcc-4.6-4.6.2/build/gcc/testsuite/g++/../../../intl -DIN_GCC -fPIC -shared
UNRESOLVED: selfassign.c compilation, -I. -I/build/buildd-gcc-4.6_4.6.2-12-s390x-kM7mGy/gcc-4.6-4.6.2/src/gcc/testsuite -I/build/buildd-gcc-4.6_4.6.2-12-s390x-kM7mGy/gcc-4.6-4.6.2/src/gcc/testsuite/../../gcc -I/build/buildd-gcc-4.6_4.6.2-12-s390x-kM7mGy/gcc-4.6-4.6.2/build/gcc/testsuite/g++/../../../gcc -I/build/buildd-gcc-4.6_4.6.2-12-s390x-kM7mGy/gcc-4.6-4.6.2/src/gcc/testsuite/../../include -I/build/buildd-gcc-4.6_4.6.2-12-s390x-kM7mGy/gcc-4.6-4.6.2/src/gcc/testsuite/../../libcpp/include -I/build/buildd-gcc-4.6_4.6.2-12-s390x-kM7mGy/gcc-4.6-4.6.2/build/gcc/testsuite/g++/../../../intl -O -DIN_GCC -fPIC -shared
UNRESOLVED: dumb_plugin.c compilation, -I. -I/build/buildd-gcc-4.6_4.6.2-12-s390x-kM7mGy/gcc-4.6-4.6.2/src/gcc/testsuite -I/build/buildd-gcc-4.6_4.6.2-12-s390x-kM7mGy/gcc-4.6-4.6.2/src/gcc/testsuite/../../gcc -I/build/buildd-gcc-4.6_4.6.2-12-s390x-kM7mGy/gcc-4.6-4.6.2/build/gcc/testsuite/g++/../../../gcc -I/build/buildd-gcc-4.6_4.6.2-12-s390x-kM7mGy/gcc-4.6-4.6.2/src/gcc/testsuite/../../include -I/build/buildd-gcc-4.6_4.6.2-12-s390x-kM7mGy/gcc-4.6-4.6.2/src/gcc/testsuite/../../libcpp/include -I/build/buildd-gcc-4.6_4.6.2-12-s390x-kM7mGy/gcc-4.6-4.6.2/build/gcc/testsuite/g++/../../../intl -DIN_GCC -fPIC -shared
UNRESOLVED: header_plugin.c compilation, -I. -I/build/buildd-gcc-4.6_4.6.2-12-s390x-kM7mGy/gcc-4.6-4.6.2/src/gcc/testsuite -I/build/buildd-gcc-4.6_4.6.2-12-s390x-kM7mGy/gcc-4.6-4.6.2/src/gcc/testsuite/../../gcc -I/build/buildd-gcc-4.6_4.6.2-12-s390x-kM7mGy/gcc-4.6-4.6.2/build/gcc/testsuite/g++/../../../gcc -I/build/buildd-gcc-4.6_4.6.2-12-s390x-kM7mGy/gcc-4.6-4.6.2/src/gcc/testsuite/../../include -I/build/buildd-gcc-4.6_4.6.2-12-s390x-kM7mGy/gcc-4.6-4.6.2/src/gcc/testsuite/../../libcpp/include -I/build/buildd-gcc-4.6_4.6.2-12-s390x-kM7mGy/gcc-4.6-4.6.2/build/gcc/testsuite/g++/../../../intl -DIN_GCC -fPIC -shared
FAIL: g++.dg/torture/pr51344.C -O0 (test for excess errors)
FAIL: g++.dg/torture/pr51344.C -O1 (test for excess errors)
FAIL: g++.dg/torture/pr51344.C -O2 (test for excess errors)
FAIL: g++.dg/torture/pr51344.C -O3 -fomit-frame-pointer (test for excess errors)
FAIL: g++.dg/torture/pr51344.C -O3 -g (test for excess errors)
FAIL: g++.dg/torture/pr51344.C -Os (test for excess errors)
FAIL: g++.dg/torture/pr51344.C -O2 -flto -flto-partition=none (test for excess errors)
FAIL: g++.dg/torture/pr51344.C -O2 -flto (test for excess errors)
=== g++ Summary for unix ===
# of expected passes 27495
# of unexpected failures 8
# of unexpected successes 1
# of expected failures 168
# of unresolved testcases 7
# of unsupported tests 390
Running target unix/-fstack-protector
UNRESOLVED: g++.dg/abi/mangle60.C scan-assembler _Z3barIiEvP1AIXszcl3foocvT__ELCi0_42EEEE
UNRESOLVED: g++.dg/abi/mangle60.C scan-assembler _Z3bazIiEvP1AIXszcl3foocvT__ELCf00000000_00000000EEEE
XPASS: g++.dg/uninit-pred-3_b.C (test for excess errors)
UNRESOLVED: attribute_plugin.c compilation, -I. -I/build/buildd-gcc-4.6_4.6.2-12-s390x-kM7mGy/gcc-4.6-4.6.2/src/gcc/testsuite -I/build/buildd-gcc-4.6_4.6.2-12-s390x-kM7mGy/gcc-4.6-4.6.2/src/gcc/testsuite/../../gcc -I/build/buildd-gcc-4.6_4.6.2-12-s390x-kM7mGy/gcc-4.6-4.6.2/build/gcc/testsuite/g++/../../../gcc -I/build/buildd-gcc-4.6_4.6.2-12-s390x-kM7mGy/gcc-4.6-4.6.2/src/gcc/testsuite/../../include -I/build/buildd-gcc-4.6_4.6.2-12-s390x-kM7mGy/gcc-4.6-4.6.2/src/gcc/testsuite/../../libcpp/include -I/build/buildd-gcc-4.6_4.6.2-12-s390x-kM7mGy/gcc-4.6-4.6.2/build/gcc/testsuite/g++/../../../intl -DIN_GCC -fPIC -shared
UNRESOLVED: pragma_plugin.c compilation, -I. -I/build/buildd-gcc-4.6_4.6.2-12-s390x-kM7mGy/gcc-4.6-4.6.2/src/gcc/testsuite -I/build/buildd-gcc-4.6_4.6.2-12-s390x-kM7mGy/gcc-4.6-4.6.2/src/gcc/testsuite/../../gcc -I/build/buildd-gcc-4.6_4.6.2-12-s390x-kM7mGy/gcc-4.6-4.6.2/build/gcc/testsuite/g++/../../../gcc -I/build/buildd-gcc-4.6_4.6.2-12-s390x-kM7mGy/gcc-4.6-4.6.2/src/gcc/testsuite/../../include -I/build/buildd-gcc-4.6_4.6.2-12-s390x-kM7mGy/gcc-4.6-4.6.2/src/gcc/testsuite/../../libcpp/include -I/build/buildd-gcc-4.6_4.6.2-12-s390x-kM7mGy/gcc-4.6-4.6.2/build/gcc/testsuite/g++/../../../intl -DIN_GCC -fPIC -shared
UNRESOLVED: selfassign.c compilation, -I. -I/build/buildd-gcc-4.6_4.6.2-12-s390x-kM7mGy/gcc-4.6-4.6.2/src/gcc/testsuite -I/build/buildd-gcc-4.6_4.6.2-12-s390x-kM7mGy/gcc-4.6-4.6.2/src/gcc/testsuite/../../gcc -I/build/buildd-gcc-4.6_4.6.2-12-s390x-kM7mGy/gcc-4.6-4.6.2/build/gcc/testsuite/g++/../../../gcc -I/build/buildd-gcc-4.6_4.6.2-12-s390x-kM7mGy/gcc-4.6-4.6.2/src/gcc/testsuite/../../include -I/build/buildd-gcc-4.6_4.6.2-12-s390x-kM7mGy/gcc-4.6-4.6.2/src/gcc/testsuite/../../libcpp/include -I/build/buildd-gcc-4.6_4.6.2-12-s390x-kM7mGy/gcc-4.6-4.6.2/build/gcc/testsuite/g++/../../../intl -O -DIN_GCC -fPIC -shared
UNRESOLVED: dumb_plugin.c compilation, -I. -I/build/buildd-gcc-4.6_4.6.2-12-s390x-kM7mGy/gcc-4.6-4.6.2/src/gcc/testsuite -I/build/buildd-gcc-4.6_4.6.2-12-s390x-kM7mGy/gcc-4.6-4.6.2/src/gcc/testsuite/../../gcc -I/build/buildd-gcc-4.6_4.6.2-12-s390x-kM7mGy/gcc-4.6-4.6.2/build/gcc/testsuite/g++/../../../gcc -I/build/buildd-gcc-4.6_4.6.2-12-s390x-kM7mGy/gcc-4.6-4.6.2/src/gcc/testsuite/../../include -I/build/buildd-gcc-4.6_4.6.2-12-s390x-kM7mGy/gcc-4.6-4.6.2/src/gcc/testsuite/../../libcpp/include -I/build/buildd-gcc-4.6_4.6.2-12-s390x-kM7mGy/gcc-4.6-4.6.2/build/gcc/testsuite/g++/../../../intl -DIN_GCC -fPIC -shared
UNRESOLVED: header_plugin.c compilation, -I. -I/build/buildd-gcc-4.6_4.6.2-12-s390x-kM7mGy/gcc-4.6-4.6.2/src/gcc/testsuite -I/build/buildd-gcc-4.6_4.6.2-12-s390x-kM7mGy/gcc-4.6-4.6.2/src/gcc/testsuite/../../gcc -I/build/buildd-gcc-4.6_4.6.2-12-s390x-kM7mGy/gcc-4.6-4.6.2/build/gcc/testsuite/g++/../../../gcc -I/build/buildd-gcc-4.6_4.6.2-12-s390x-kM7mGy/gcc-4.6-4.6.2/src/gcc/testsuite/../../include -I/build/buildd-gcc-4.6_4.6.2-12-s390x-kM7mGy/gcc-4.6-4.6.2/src/gcc/testsuite/../../libcpp/include -I/build/buildd-gcc-4.6_4.6.2-12-s390x-kM7mGy/gcc-4.6-4.6.2/build/gcc/testsuite/g++/../../../intl -DIN_GCC -fPIC -shared
FAIL: g++.dg/torture/pr51344.C -O0 (test for excess errors)
FAIL: g++.dg/torture/pr51344.C -O1 (test for excess errors)
FAIL: g++.dg/torture/pr51344.C -O2 (test for excess errors)
FAIL: g++.dg/torture/pr51344.C -O3 -fomit-frame-pointer (test for excess errors)
FAIL: g++.dg/torture/pr51344.C -O3 -g (test for excess errors)
FAIL: g++.dg/torture/pr51344.C -Os (test for excess errors)
FAIL: g++.dg/torture/pr51344.C -O2 -flto -flto-partition=none (test for excess errors)
FAIL: g++.dg/torture/pr51344.C -O2 -flto (test for excess errors)
=== g++ Summary for unix/-fstack-protector ===
# of expected passes 27495
# of unexpected failures 8
# of unexpected successes 1
# of expected failures 168
# of unresolved testcases 7
# of unsupported tests 390
=== g++ Summary ===
# of expected passes 54990
# of unexpected failures 16
# of unexpected successes 2
# of expected failures 336
# of unresolved testcases 14
# of unsupported tests 780
/build/buildd-gcc-4.6_4.6.2-12-s390x-kM7mGy/gcc-4.6-4.6.2/build/gcc/testsuite/g++/../../g++ version 4.6.2 (Debian 4.6.2-12)
=== gcc tests ===
Running target unix
FAIL: gcc.dg/dfp/pr41049.c execution test
FAIL: gcc.dg/uninit-13.c unconditional (test for warnings, line 8)
FAIL: gcc.dg/uninit-13.c (test for excess errors)
FAIL: gcc.dg/uninit-pred-7_a.c bogus warning (test for bogus messages, line 26)
FAIL: gcc.dg/uninit-pred-8_a.c bogus warning (test for bogus messages, line 26)
UNRESOLVED: selfassign.c compilation, -I. -I/build/buildd-gcc-4.6_4.6.2-12-s390x-kM7mGy/gcc-4.6-4.6.2/src/gcc/testsuite -I/build/buildd-gcc-4.6_4.6.2-12-s390x-kM7mGy/gcc-4.6-4.6.2/src/gcc/testsuite/../../gcc -I/build/buildd-gcc-4.6_4.6.2-12-s390x-kM7mGy/gcc-4.6-4.6.2/build/gcc/testsuite/gcc/../../../gcc -I/build/buildd-gcc-4.6_4.6.2-12-s390x-kM7mGy/gcc-4.6-4.6.2/src/gcc/testsuite/../../include -I/build/buildd-gcc-4.6_4.6.2-12-s390x-kM7mGy/gcc-4.6-4.6.2/src/gcc/testsuite/../../libcpp/include -I/build/buildd-gcc-4.6_4.6.2-12-s390x-kM7mGy/gcc-4.6-4.6.2/build/gcc/testsuite/gcc/../../../intl -O -DIN_GCC -fPIC -shared
UNRESOLVED: ggcplug.c compilation, -I. -I/build/buildd-gcc-4.6_4.6.2-12-s390x-kM7mGy/gcc-4.6-4.6.2/src/gcc/testsuite -I/build/buildd-gcc-4.6_4.6.2-12-s390x-kM7mGy/gcc-4.6-4.6.2/src/gcc/testsuite/../../gcc -I/build/buildd-gcc-4.6_4.6.2-12-s390x-kM7mGy/gcc-4.6-4.6.2/build/gcc/testsuite/gcc/../../../gcc -I/build/buildd-gcc-4.6_4.6.2-12-s390x-kM7mGy/gcc-4.6-4.6.2/src/gcc/testsuite/../../include -I/build/buildd-gcc-4.6_4.6.2-12-s390x-kM7mGy/gcc-4.6-4.6.2/src/gcc/testsuite/../../libcpp/include -I/build/buildd-gcc-4.6_4.6.2-12-s390x-kM7mGy/gcc-4.6-4.6.2/build/gcc/testsuite/gcc/../../../intl -O -DIN_GCC -fPIC -shared
UNRESOLVED: one_time_plugin.c compilation, -I. -I/build/buildd-gcc-4.6_4.6.2-12-s390x-kM7mGy/gcc-4.6-4.6.2/src/gcc/testsuite -I/build/buildd-gcc-4.6_4.6.2-12-s390x-kM7mGy/gcc-4.6-4.6.2/src/gcc/testsuite/../../gcc -I/build/buildd-gcc-4.6_4.6.2-12-s390x-kM7mGy/gcc-4.6-4.6.2/build/gcc/testsuite/gcc/../../../gcc -I/build/buildd-gcc-4.6_4.6.2-12-s390x-kM7mGy/gcc-4.6-4.6.2/src/gcc/testsuite/../../include -I/build/buildd-gcc-4.6_4.6.2-12-s390x-kM7mGy/gcc-4.6-4.6.2/src/gcc/testsuite/../../libcpp/include -I/build/buildd-gcc-4.6_4.6.2-12-s390x-kM7mGy/gcc-4.6-4.6.2/build/gcc/testsuite/gcc/../../../intl -DIN_GCC -fPIC -shared
UNRESOLVED: start_unit_plugin.c compilation, -I. -I/build/buildd-gcc-4.6_4.6.2-12-s390x-kM7mGy/gcc-4.6-4.6.2/src/gcc/testsuite -I/build/buildd-gcc-4.6_4.6.2-12-s390x-kM7mGy/gcc-4.6-4.6.2/src/gcc/testsuite/../../gcc -I/build/buildd-gcc-4.6_4.6.2-12-s390x-kM7mGy/gcc-4.6-4.6.2/build/gcc/testsuite/gcc/../../../gcc -I/build/buildd-gcc-4.6_4.6.2-12-s390x-kM7mGy/gcc-4.6-4.6.2/src/gcc/testsuite/../../include -I/build/buildd-gcc-4.6_4.6.2-12-s390x-kM7mGy/gcc-4.6-4.6.2/src/gcc/testsuite/../../libcpp/include -I/build/buildd-gcc-4.6_4.6.2-12-s390x-kM7mGy/gcc-4.6-4.6.2/build/gcc/testsuite/gcc/../../../intl -DIN_GCC -fPIC -shared
UNRESOLVED: finish_unit_plugin.c compilation, -I. -I/build/buildd-gcc-4.6_4.6.2-12-s390x-kM7mGy/gcc-4.6-4.6.2/src/gcc/testsuite -I/build/buildd-gcc-4.6_4.6.2-12-s390x-kM7mGy/gcc-4.6-4.6.2/src/gcc/testsuite/../../gcc -I/build/buildd-gcc-4.6_4.6.2-12-s390x-kM7mGy/gcc-4.6-4.6.2/build/gcc/testsuite/gcc/../../../gcc -I/build/buildd-gcc-4.6_4.6.2-12-s390x-kM7mGy/gcc-4.6-4.6.2/src/gcc/testsuite/../../include -I/build/buildd-gcc-4.6_4.6.2-12-s390x-kM7mGy/gcc-4.6-4.6.2/src/gcc/testsuite/../../libcpp/include -I/build/buildd-gcc-4.6_4.6.2-12-s390x-kM7mGy/gcc-4.6-4.6.2/build/gcc/testsuite/gcc/../../../intl -DIN_GCC -fPIC -shared
XPASS: gcc.dg/tree-ssa/20040204-1.c scan-tree-dump-times optimized "link_error" 0
=== gcc Summary for unix ===
# of expected passes 71261
# of unexpected failures 5
# of unexpected successes 1
# of expected failures 135
# of unresolved testcases 5
# of unsupported tests 960
Running target unix/-fstack-protector
FAIL: gcc.dg/dfp/pr41049.c execution test
FAIL: gcc.dg/uninit-13.c unconditional (test for warnings, line 8)
FAIL: gcc.dg/uninit-13.c (test for excess errors)
FAIL: gcc.dg/uninit-pred-7_a.c bogus warning (test for bogus messages, line 26)
FAIL: gcc.dg/uninit-pred-8_a.c bogus warning (test for bogus messages, line 26)
UNRESOLVED: selfassign.c compilation, -I. -I/build/buildd-gcc-4.6_4.6.2-12-s390x-kM7mGy/gcc-4.6-4.6.2/src/gcc/testsuite -I/build/buildd-gcc-4.6_4.6.2-12-s390x-kM7mGy/gcc-4.6-4.6.2/src/gcc/testsuite/../../gcc -I/build/buildd-gcc-4.6_4.6.2-12-s390x-kM7mGy/gcc-4.6-4.6.2/build/gcc/testsuite/gcc/../../../gcc -I/build/buildd-gcc-4.6_4.6.2-12-s390x-kM7mGy/gcc-4.6-4.6.2/src/gcc/testsuite/../../include -I/build/buildd-gcc-4.6_4.6.2-12-s390x-kM7mGy/gcc-4.6-4.6.2/src/gcc/testsuite/../../libcpp/include -I/build/buildd-gcc-4.6_4.6.2-12-s390x-kM7mGy/gcc-4.6-4.6.2/build/gcc/testsuite/gcc/../../../intl -O -DIN_GCC -fPIC -shared
UNRESOLVED: ggcplug.c compilation, -I. -I/build/buildd-gcc-4.6_4.6.2-12-s390x-kM7mGy/gcc-4.6-4.6.2/src/gcc/testsuite -I/build/buildd-gcc-4.6_4.6.2-12-s390x-kM7mGy/gcc-4.6-4.6.2/src/gcc/testsuite/../../gcc -I/build/buildd-gcc-4.6_4.6.2-12-s390x-kM7mGy/gcc-4.6-4.6.2/build/gcc/testsuite/gcc/../../../gcc -I/build/buildd-gcc-4.6_4.6.2-12-s390x-kM7mGy/gcc-4.6-4.6.2/src/gcc/testsuite/../../include -I/build/buildd-gcc-4.6_4.6.2-12-s390x-kM7mGy/gcc-4.6-4.6.2/src/gcc/testsuite/../../libcpp/include -I/build/buildd-gcc-4.6_4.6.2-12-s390x-kM7mGy/gcc-4.6-4.6.2/build/gcc/testsuite/gcc/../../../intl -O -DIN_GCC -fPIC -shared
UNRESOLVED: one_time_plugin.c compilation, -I. -I/build/buildd-gcc-4.6_4.6.2-12-s390x-kM7mGy/gcc-4.6-4.6.2/src/gcc/testsuite -I/build/buildd-gcc-4.6_4.6.2-12-s390x-kM7mGy/gcc-4.6-4.6.2/src/gcc/testsuite/../../gcc -I/build/buildd-gcc-4.6_4.6.2-12-s390x-kM7mGy/gcc-4.6-4.6.2/build/gcc/testsuite/gcc/../../../gcc -I/build/buildd-gcc-4.6_4.6.2-12-s390x-kM7mGy/gcc-4.6-4.6.2/src/gcc/testsuite/../../include -I/build/buildd-gcc-4.6_4.6.2-12-s390x-kM7mGy/gcc-4.6-4.6.2/src/gcc/testsuite/../../libcpp/include -I/build/buildd-gcc-4.6_4.6.2-12-s390x-kM7mGy/gcc-4.6-4.6.2/build/gcc/testsuite/gcc/../../../intl -DIN_GCC -fPIC -shared
UNRESOLVED: start_unit_plugin.c compilation, -I. -I/build/buildd-gcc-4.6_4.6.2-12-s390x-kM7mGy/gcc-4.6-4.6.2/src/gcc/testsuite -I/build/buildd-gcc-4.6_4.6.2-12-s390x-kM7mGy/gcc-4.6-4.6.2/src/gcc/testsuite/../../gcc -I/build/buildd-gcc-4.6_4.6.2-12-s390x-kM7mGy/gcc-4.6-4.6.2/build/gcc/testsuite/gcc/../../../gcc -I/build/buildd-gcc-4.6_4.6.2-12-s390x-kM7mGy/gcc-4.6-4.6.2/src/gcc/testsuite/../../include -I/build/buildd-gcc-4.6_4.6.2-12-s390x-kM7mGy/gcc-4.6-4.6.2/src/gcc/testsuite/../../libcpp/include -I/build/buildd-gcc-4.6_4.6.2-12-s390x-kM7mGy/gcc-4.6-4.6.2/build/gcc/testsuite/gcc/../../../intl -DIN_GCC -fPIC -shared
UNRESOLVED: finish_unit_plugin.c compilation, -I. -I/build/buildd-gcc-4.6_4.6.2-12-s390x-kM7mGy/gcc-4.6-4.6.2/src/gcc/testsuite -I/build/buildd-gcc-4.6_4.6.2-12-s390x-kM7mGy/gcc-4.6-4.6.2/src/gcc/testsuite/../../gcc -I/build/buildd-gcc-4.6_4.6.2-12-s390x-kM7mGy/gcc-4.6-4.6.2/build/gcc/testsuite/gcc/../../../gcc -I/build/buildd-gcc-4.6_4.6.2-12-s390x-kM7mGy/gcc-4.6-4.6.2/src/gcc/testsuite/../../include -I/build/buildd-gcc-4.6_4.6.2-12-s390x-kM7mGy/gcc-4.6-4.6.2/src/gcc/testsuite/../../libcpp/include -I/build/buildd-gcc-4.6_4.6.2-12-s390x-kM7mGy/gcc-4.6-4.6.2/build/gcc/testsuite/gcc/../../../intl -DIN_GCC -fPIC -shared
XPASS: gcc.dg/tree-ssa/20040204-1.c scan-tree-dump-times optimized "link_error" 0
=== gcc Summary for unix/-fstack-protector ===
# of expected passes 71261
# of unexpected failures 5
# of unexpected successes 1
# of expected failures 135
# of unresolved testcases 5
# of unsupported tests 960
=== gcc Summary ===
# of expected passes 142522
# of unexpected failures 10
# of unexpected successes 2
# of expected failures 270
# of unresolved testcases 10
# of unsupported tests 1920
/build/buildd-gcc-4.6_4.6.2-12-s390x-kM7mGy/gcc-4.6-4.6.2/build/gcc/xgcc version 4.6.2 (Debian 4.6.2-12)
=== gfortran tests ===
Running target unix
FAIL: gfortran.dg/bessel_7.f90 -O0 execution test
FAIL: gfortran.dg/bessel_7.f90 -O1 execution test
FAIL: gfortran.dg/bessel_7.f90 -O2 execution test
FAIL: gfortran.dg/bessel_7.f90 -O3 -fomit-frame-pointer execution test
FAIL: gfortran.dg/bessel_7.f90 -O3 -fomit-frame-pointer -funroll-loops execution test
FAIL: gfortran.dg/bessel_7.f90 -O3 -fomit-frame-pointer -funroll-all-loops -finline-functions execution test
FAIL: gfortran.dg/bessel_7.f90 -O3 -g execution test
FAIL: gfortran.dg/bessel_7.f90 -Os execution test
=== gfortran Summary for unix ===
# of expected passes 38517
# of unexpected failures 8
# of expected failures 53
# of unsupported tests 84
Running target unix/-fstack-protector
FAIL: gfortran.dg/bessel_7.f90 -O0 execution test
FAIL: gfortran.dg/bessel_7.f90 -O1 execution test
FAIL: gfortran.dg/bessel_7.f90 -O2 execution test
FAIL: gfortran.dg/bessel_7.f90 -O3 -fomit-frame-pointer execution test
FAIL: gfortran.dg/bessel_7.f90 -O3 -fomit-frame-pointer -funroll-loops execution test
FAIL: gfortran.dg/bessel_7.f90 -O3 -fomit-frame-pointer -funroll-all-loops -finline-functions execution test
FAIL: gfortran.dg/bessel_7.f90 -O3 -g execution test
FAIL: gfortran.dg/bessel_7.f90 -Os execution test
=== gfortran Summary for unix/-fstack-protector ===
# of expected passes 38517
# of unexpected failures 8
# of expected failures 53
# of unsupported tests 84
=== gfortran Summary ===
# of expected passes 77034
# of unexpected failures 16
# of expected failures 106
# of unsupported tests 168
/build/buildd-gcc-4.6_4.6.2-12-s390x-kM7mGy/gcc-4.6-4.6.2/build/gcc/testsuite/gfortran/../../gfortran version 4.6.2 (Debian 4.6.2-12)
=== obj-c++ tests ===
Running target unix
=== obj-c++ Summary for unix ===
# of expected passes 1380
# of expected failures 10
# of unsupported tests 86
Running target unix/-fstack-protector
=== obj-c++ Summary for unix/-fstack-protector ===
# of expected passes 1380
# of expected failures 10
# of unsupported tests 86
=== obj-c++ Summary ===
# of expected passes 2760
# of expected failures 20
# of unsupported tests 172
/build/buildd-gcc-4.6_4.6.2-12-s390x-kM7mGy/gcc-4.6-4.6.2/build/gcc/testsuite/obj-c++/../../g++ version 4.6.2 (Debian 4.6.2-12)
=== objc tests ===
Running target unix
=== objc Summary for unix ===
# of expected passes 2916
# of expected failures 10
# of unsupported tests 74
Running target unix/-fstack-protector
=== objc Summary for unix/-fstack-protector ===
# of expected passes 2916
# of expected failures 10
# of unsupported tests 74
=== objc Summary ===
# of expected passes 5832
# of expected failures 20
# of unsupported tests 148
/build/buildd-gcc-4.6_4.6.2-12-s390x-kM7mGy/gcc-4.6-4.6.2/build/gcc/xgcc version 4.6.2 (Debian 4.6.2-12)
=== libgomp tests ===
Running target unix
=== libgomp Summary for unix ===
# of expected passes 2676
# of unsupported tests 1
Running target unix/-fstack-protector
=== libgomp Summary for unix/-fstack-protector ===
# of expected passes 2676
# of unsupported tests 1
=== libgomp Summary ===
# of expected passes 5352
# of unsupported tests 2
=== libmudflap tests ===
Running target unix
=== libmudflap Summary for unix ===
# of expected passes 1894
Running target unix/-fstack-protector
=== libmudflap Summary for unix/-fstack-protector ===
# of expected passes 1894
=== libmudflap Summary ===
# of expected passes 3788
=== libstdc++ tests ===
Running target unix
FAIL: 22_locale/time_get/get_date/wchar_t/4.cc execution test
FAIL: decimal/comparison.cc execution test
=== libstdc++ Summary for unix ===
# of expected passes 8329
# of unexpected failures 2
# of expected failures 84
# of unsupported tests 109
Running target unix/-fstack-protector
FAIL: 22_locale/time_get/get_date/wchar_t/4.cc execution test
FAIL: 30_threads/condition_variable/members/2.cc execution test
FAIL: decimal/comparison.cc execution test
=== libstdc++ Summary for unix/-fstack-protector ===
# of expected passes 8328
# of unexpected failures 3
# of expected failures 84
# of unsupported tests 109
=== libstdc++ Summary ===
# of expected passes 16657
# of unexpected failures 5
# of expected failures 168
# of unsupported tests 218
Compiler version: 4.6.2 (Debian 4.6.2-12)
Platform: s390x-ibm-linux-gnu
configure flags: -v --with-pkgversion='Debian 4.6.2-12' --with-bugurl=file:///usr/share/doc/gcc-4.6/README.Bugs --enable-languages=c,c++,fortran,objc,obj-c++ --prefix=/usr --program-suffix=-4.6 --enable-shared --enable-linker-build-id --with-system-zlib --libexecdir=/usr/lib --without-included-gettext --enable-threads=posix --with-gxx-include-dir=/usr/include/c++/4.6 --libdir=/usr/lib --enable-nls --enable-clocale=gnu --enable-libstdcxx-debug --enable-libstdcxx-time=yes --enable-plugin --enable-objc-gc --with-long-double-128 --enable-checking=release --build=s390x-linux-gnu --host=s390x-linux-gnu --target=s390x-linux-gnu
BOOT_CFLAGS=
Build Dependencies:
Desired=Unknown/Install/Remove/Purge/Hold
| Status=Not/Inst/Conf-files/Unpacked/halF-conf/Half-inst/trig-aWait/Trig-pend
|/ Err?=(none)/Reinst-required (Status,Err: uppercase=bad)
||/ Name Version Description
+++-===============================-========================-=======================================================================
ii binutils 2.22-3 GNU assembler, linker and binary utilities
ii g++-4.6 4.6.2-11 GNU C++ compiler
ii g++-4.6-multilib 4.6.2-11 GNU C++ compiler (multilib files)
ii g++-multilib 4:4.6.2-4 GNU C++ compiler (multilib files)
ii libc6 2.13-24 Embedded GNU C Library: Shared libraries
ii libcloog-ppl-dev 0.15.11-4 Chunky Loop Generator (development files)
ii libgmp-dev 2:5.0.2+dfsg-2+b1 Multiprecision arithmetic library developers tools
ii libmpc-dev 0.9-4+b1 multiple precision complex floating-point library development package
ii libmpfr-dev 3.1.0-3+b1 multiple precision floating-point computation developers tools
ii libppl0.11-dev 0.11.2-6+b1 Parma Polyhedra Library (development)
svn-updates:
updates from the 4.6 branch upto 20120120 (r183333).
gcc-gfdl-build:
Build a dummy s-tm-texi without access to the texinfo sources
gcc-textdomain:
Set gettext's domain and textdomain to the versioned package name.
gcc-driver-extra-langs:
Add options and specs for languages that are not built from a source
(but built from separate sources).
gcc-hash-style-both:
Link using --hash-style=both (alpha, amd64, armel, armhf, ia64, i386, powerpc, ppc64, s390, sparc)
libstdc++-pic:
Build and install libstdc++_pic.a library.
libstdc++-doclink:
adjust hrefs to point to the local documentation
libstdc++-man-3cxx:
Install libstdc++ man pages with suffix .3cxx instead of .3
libstdc++-test-installed:
Add support to run the libstdc++-v3 testsuite using the
installed shared libraries.
libjava-stacktrace:
libgcj: Lookup source file name and line number in separated
debug files found in /usr/lib/debug
libjava-jnipath:
- Add /usr/lib/jni and /usr/lib/<multiarch>/jni to java.library.path.
- When running the i386 binaries on amd64, look in
- /usr/lib32/gcj-x.y and /usr/lib32/jni instead.
libjava-sjlj:
Don't try to use _Unwind_Backtrace on SJLJ targets.
See bug #387875, #388505, GCC PR 29206.
libjava-disable-plugin:
Don't build the gcjwebplugin, even when configured with --enable-plugin
alpha-no-ev4-directive:
never emit .ev4 directive.
boehm-gc-getnprocs:
boehm-gc/pthread_support.c (GC_get_nprocs): Use sysconf as fallback.
note-gnu-stack:
Add .note.GNU-stack sections for gcc's crt files, libffi and boehm-gc
Taken from FC.
libgomp-omp_h-multilib:
Fix up omp.h for multilibs.
sparc-force-cpu:
On sparc default to ultrasparc (v9a) in 32bit mode
pr24619:
Proposed patch for PR mudflap/24619 (instrumentation of dlopen)
pr45979:
gccgo-version:
Omit the subminor number from the go libdir
no_fpr_in_libgcc:
It does not really harm by including them since nobody should use them
but gas does not wont to assmebly hard float since they are not
available on this cpu. Upstream did not respond.
pr48226:
Fix PR target/48226, Allow Iterator::vector vector on powerpc with VSX.
pr47487:
Fix PR target/47487 powerpc64 ICE building libgo
mudflap-varargs:
Add mudflap support for varargs
mudflapth-link:
Link libmudflapth.so with -lpthread
pr45078:
Proposed patch for PR plugin/45078
pr43804:
Fix for PR target/43804 backported from SVN
pr47818:
Fix PR ada/47818: Pragma Assert is rejected with No_Implementation_Pragmas restriction.
pr48830:
Fix for PR rtl-optimization/{48830,48808,48792}, taken from the trunk.
pr49169:
* Fix PR tree-optimization/49169, optimisations strip the Thumb/ARM mode bit
off function pointers (Richard Sandiford).
pr49756:
Fix PR c++/49756, backport from trunk
pr49940:
Apply proposed patch for PR ada/49940.
pr49944:
apply proposed patch for PR ada/49444.
gcc-cloog-dl:
Link against -ldl instead of -lcloog -lppl. Exit with an error when using
the Graphite loop transformation infrastructure without having the
libcloog-ppl0 package installed. Packages using these optimizations
should build-depend on libcloog-ppl0.
libffi-kfreebsd:
libffi: Define FFI_MMAP_EXEC_WRIT on kfreebsd-*.
gcc-base-version:
Set base version to 4.6, introduce full version 4.6.x.
pr49696:
libffi-powerpc-sf:
libffi-powerpc-sysv-without-string-ops:
pr49030:
Fix PR target/49030 (ARM), taken from Linaro
pr50193:
Fix PR target/50193 (ARM), taken from Linaro.
pr50114:
Fix PR c++/50114, backport from trunk.
gcc-d-lang:
Add D options and specs for the gcc driver.
libjava-disable-static:
Disable building the static libjava.
s390-biarch:
Build a bi-arch compiler on s390-linux-gnu.
http://gcc.gnu.org/ml/gcc-patches/2009-03/msg01044.html
mips-triarch:
Build a tri-arch compiler on mips-linux-gnu.
http://gcc.gnu.org/ml/gcc-patches/2009-03/msg01047.html
arm-dynamic-linker:
For ARM hard float, set the dynamic linker to
/lib/arm-linux-gnueabihf/ld-linux.so.3.
arm-multilib:
ARM hard/soft float multilib
gcc-ice-hack:
Retry the build on an ice, save the calling options and preprocessed
source when the ice is reproducible.
gcc-ice-apport:
Report an ICE to apport (if apport is available
and the environment variable GCC_NOAPPORT is not set)
libjava-fixed-symlinks:
Remove unneed '..' elements from symlinks in JAVA_HOME
libstdc++-arm-wno-abi:
Temporary work around:
On arm-linux-gnueabi run the libstdc++v3 testsuite with -Wno-abi
ada-mips:
Improve support for mips.
libffi-ro-eh_frame_sect:
PR libffi/47248, force a read only eh frame section.
gcc-multiarch:
Add multiarch support to GCC.
Convert the multilib option to a target triplet,
add multiarch include directories and libraries path:
/usr/local/include/<arch>-linux-gnu
/usr/include/<arch>-linux-gnu
/usr/lib/<arch>-linux-gnu
to the system paths.
libjava-multiarch:
Install libjava libraries to multiarch location
libjava-nobiarch-check:
For biarch builds, disable the testsuite for the non-default architecture
for runtime libraries, which are not built by default (libjava).
config-ml:
disable some biarch libraries for biarch builds
gcc-powerpc-nof:
Don't build nof multlib on powerpc.
gcc-powerpc-undef:
Undefine LINK_EH_SPEC before redefining it
http://gcc.gnu.org/ml/gcc-patches/2011-02/msg01082.html
gcc-multilib64-multiarch:
Use lib instead of lib64 as the 64bit system dir on biarch
architectures defaulting to 64bit.
gcc-no-add-needed:
On linux targets pass --no-add-needed to the linker.
mips-fix-loongson2f-nop:
On mips, pass -mfix-loongson2f-nop to as, if -mno-fix-loongson2f-nop
is not passed.
gcc-system-root:
Avoid include paths starting with a double slash
libgomp-kfreebsd-testsuite:
Disable lock-2.c test on kfreebsd-*
armhf-triplet:
add support for arm-linux-*eabi* triplets; useful for armhf
Counting all warnings,
there are 0 warnings in stage3 of this bootstrap.
Number of warnings per file:
Number of warning types:
More information about the Gcc-testresults
mailing list