Results for 4.7.0 20120120 (experimental) [trunk revision 183350] (GCC) testsuite on x86_64-unknown-linux-gnu
H.J. Lu x32
x32@gnu-35.sc.intel.com
Fri Jan 20 22:20:00 GMT 2012
LAST_UPDATED: Fri Jan 20 20:56:01 UTC 2012 (revision 183350)
Native configuration is x86_64-unknown-linux-gnu
=== g++ tests ===
Running target unix/-mx32
=== g++ Summary ===
# of expected passes 48546
# of expected failures 286
# of unsupported tests 493
/export/gnu/import/svn/gcc-test-x32/bld/gcc/testsuite/g++/../../g++ version 4.7.0 20120120 (experimental) [trunk revision 183350] (GCC)
=== gcc tests ===
Running target unix/-mx32
XPASS: gcc.dg/inline_3.c (test for excess errors)
XPASS: gcc.dg/inline_4.c (test for excess errors)
XPASS: gcc.dg/unroll_2.c (test for excess errors)
XPASS: gcc.dg/unroll_3.c (test for excess errors)
XPASS: gcc.dg/unroll_4.c (test for excess errors)
XPASS: gcc.dg/guality/example.c -O0 execution test
XPASS: gcc.dg/guality/guality.c -O0 execution test
FAIL: gcc.dg/guality/inline-params.c -O1 execution test
XPASS: gcc.dg/guality/pr41353-1.c -O0 line 28 j == 28 + 37
XPASS: gcc.dg/guality/pr41353-1.c -O1 line 28 j == 28 + 37
XPASS: gcc.dg/guality/pr41353-1.c -O2 line 28 j == 28 + 37
XPASS: gcc.dg/guality/pr41353-1.c -O3 -fomit-frame-pointer line 28 j == 28 + 37
XPASS: gcc.dg/guality/pr41353-1.c -O3 -g line 28 j == 28 + 37
XPASS: gcc.dg/guality/pr41353-1.c -Os line 28 j == 28 + 37
XPASS: gcc.dg/guality/pr41353-1.c -O2 -flto -fno-use-linker-plugin -flto-partition=none line 28 j == 28 + 37
XPASS: gcc.dg/guality/pr41353-1.c -O2 -flto -fuse-linker-plugin -fno-fat-lto-objects line 28 j == 28 + 37
XPASS: gcc.dg/guality/pr41447-1.c -O0 execution test
XPASS: gcc.dg/guality/pr41447-1.c -O1 execution test
XPASS: gcc.dg/guality/pr41447-1.c -O2 execution test
XPASS: gcc.dg/guality/pr41447-1.c -O3 -fomit-frame-pointer execution test
XPASS: gcc.dg/guality/pr41447-1.c -O3 -g execution test
XPASS: gcc.dg/guality/pr41447-1.c -Os execution test
XPASS: gcc.dg/guality/pr41447-1.c -O2 -flto -fuse-linker-plugin -fno-fat-lto-objects execution test
XPASS: gcc.dg/guality/pr41616-1.c -O0 execution test
XPASS: gcc.dg/guality/pr41616-1.c -O1 execution test
XPASS: gcc.dg/guality/pr41616-1.c -O2 execution test
XPASS: gcc.dg/guality/pr41616-1.c -O3 -fomit-frame-pointer execution test
XPASS: gcc.dg/guality/pr41616-1.c -O3 -g execution test
XPASS: gcc.dg/guality/pr41616-1.c -Os execution test
XPASS: gcc.dg/guality/pr41616-1.c -O2 -flto -fno-use-linker-plugin -flto-partition=none execution test
FAIL: gcc.dg/guality/pr43051-1.c -O1 line 34 c == &a[0]
FAIL: gcc.dg/guality/pr43051-1.c -O1 line 36 e == &a[1]
FAIL: gcc.dg/guality/pr43051-1.c -O1 line 39 c == &a[0]
FAIL: gcc.dg/guality/pr43051-1.c -O1 line 41 e == &a[1]
FAIL: gcc.dg/guality/pr43051-1.c -O2 line 34 c == &a[0]
FAIL: gcc.dg/guality/pr43051-1.c -O2 line 36 e == &a[1]
FAIL: gcc.dg/guality/pr43051-1.c -O2 line 39 c == &a[0]
FAIL: gcc.dg/guality/pr43051-1.c -O2 line 41 e == &a[1]
FAIL: gcc.dg/guality/pr43051-1.c -O3 -fomit-frame-pointer line 34 c == &a[0]
FAIL: gcc.dg/guality/pr43051-1.c -O3 -fomit-frame-pointer line 36 e == &a[1]
FAIL: gcc.dg/guality/pr43051-1.c -O3 -fomit-frame-pointer line 39 c == &a[0]
FAIL: gcc.dg/guality/pr43051-1.c -O3 -fomit-frame-pointer line 41 e == &a[1]
FAIL: gcc.dg/guality/pr43051-1.c -O3 -fomit-frame-pointer -funroll-loops line 36 e == &a[1]
FAIL: gcc.dg/guality/pr43051-1.c -O3 -fomit-frame-pointer -funroll-loops line 41 e == &a[1]
FAIL: gcc.dg/guality/pr43051-1.c -O3 -fomit-frame-pointer -funroll-all-loops -finline-functions line 36 e == &a[1]
FAIL: gcc.dg/guality/pr43051-1.c -O3 -fomit-frame-pointer -funroll-all-loops -finline-functions line 41 e == &a[1]
FAIL: gcc.dg/guality/pr43051-1.c -O3 -g line 34 c == &a[0]
FAIL: gcc.dg/guality/pr43051-1.c -O3 -g line 36 e == &a[1]
FAIL: gcc.dg/guality/pr43051-1.c -O3 -g line 39 c == &a[0]
FAIL: gcc.dg/guality/pr43051-1.c -O3 -g line 41 e == &a[1]
FAIL: gcc.dg/guality/pr43051-1.c -Os line 36 e == &a[1]
FAIL: gcc.dg/guality/pr43051-1.c -Os line 41 e == &a[1]
FAIL: gcc.dg/guality/pr43051-1.c -O2 -flto -fno-use-linker-plugin -flto-partition=none line 34 c == &a[0]
FAIL: gcc.dg/guality/pr43051-1.c -O2 -flto -fno-use-linker-plugin -flto-partition=none line 36 e == &a[1]
FAIL: gcc.dg/guality/pr43051-1.c -O2 -flto -fno-use-linker-plugin -flto-partition=none line 39 c == &a[0]
FAIL: gcc.dg/guality/pr43051-1.c -O2 -flto -fno-use-linker-plugin -flto-partition=none line 41 e == &a[1]
FAIL: gcc.dg/guality/pr43051-1.c -O2 -flto -fuse-linker-plugin -fno-fat-lto-objects line 34 c == &a[0]
FAIL: gcc.dg/guality/pr43051-1.c -O2 -flto -fuse-linker-plugin -fno-fat-lto-objects line 36 e == &a[1]
FAIL: gcc.dg/guality/pr43051-1.c -O2 -flto -fuse-linker-plugin -fno-fat-lto-objects line 39 c == &a[0]
FAIL: gcc.dg/guality/pr43051-1.c -O2 -flto -fuse-linker-plugin -fno-fat-lto-objects line 41 e == &a[1]
FAIL: gcc.dg/guality/sra-1.c -O1 line 43 a.i == 4
FAIL: gcc.dg/guality/sra-1.c -O1 line 43 a.j == 14
FAIL: gcc.dg/guality/vla-1.c -O0 line 17 sizeof (a) == 6
FAIL: gcc.dg/guality/vla-1.c -O0 line 24 sizeof (a) == 17 * sizeof (short)
FAIL: gcc.dg/guality/vla-1.c -O1 line 17 sizeof (a) == 6
FAIL: gcc.dg/guality/vla-1.c -O1 line 24 sizeof (a) == 17 * sizeof (short)
FAIL: gcc.dg/guality/vla-1.c -O2 line 17 sizeof (a) == 6
FAIL: gcc.dg/guality/vla-1.c -O2 line 24 sizeof (a) == 17 * sizeof (short)
FAIL: gcc.dg/guality/vla-1.c -O3 -fomit-frame-pointer line 17 sizeof (a) == 6
FAIL: gcc.dg/guality/vla-1.c -O3 -fomit-frame-pointer line 24 sizeof (a) == 17 * sizeof (short)
FAIL: gcc.dg/guality/vla-1.c -O3 -g line 17 sizeof (a) == 6
FAIL: gcc.dg/guality/vla-1.c -O3 -g line 24 sizeof (a) == 17 * sizeof (short)
FAIL: gcc.dg/guality/vla-1.c -Os line 17 sizeof (a) == 6
FAIL: gcc.dg/guality/vla-1.c -Os line 24 sizeof (a) == 17 * sizeof (short)
FAIL: gcc.dg/guality/vla-1.c -O2 -flto -fno-use-linker-plugin -flto-partition=none line 17 sizeof (a) == 6
FAIL: gcc.dg/guality/vla-1.c -O2 -flto -fno-use-linker-plugin -flto-partition=none line 24 sizeof (a) == 17 * sizeof (short)
FAIL: gcc.dg/guality/vla-1.c -O2 -flto -fuse-linker-plugin -fno-fat-lto-objects line 17 sizeof (a) == 6
FAIL: gcc.dg/guality/vla-1.c -O2 -flto -fuse-linker-plugin -fno-fat-lto-objects line 24 sizeof (a) == 17 * sizeof (short)
FAIL: gcc.dg/guality/vla-2.c -O0 line 16 sizeof (a) == 5 * sizeof (int)
FAIL: gcc.dg/guality/vla-2.c -O0 line 25 sizeof (a) == 6 * sizeof (int)
FAIL: gcc.dg/guality/vla-2.c -O1 line 16 sizeof (a) == 5 * sizeof (int)
FAIL: gcc.dg/guality/vla-2.c -O1 line 25 sizeof (a) == 6 * sizeof (int)
FAIL: gcc.dg/guality/vla-2.c -O2 line 16 sizeof (a) == 5 * sizeof (int)
FAIL: gcc.dg/guality/vla-2.c -O2 line 25 sizeof (a) == 6 * sizeof (int)
FAIL: gcc.dg/guality/vla-2.c -O3 -fomit-frame-pointer line 16 sizeof (a) == 5 * sizeof (int)
FAIL: gcc.dg/guality/vla-2.c -O3 -fomit-frame-pointer line 25 sizeof (a) == 6 * sizeof (int)
FAIL: gcc.dg/guality/vla-2.c -O3 -g line 16 sizeof (a) == 5 * sizeof (int)
FAIL: gcc.dg/guality/vla-2.c -O3 -g line 25 sizeof (a) == 6 * sizeof (int)
FAIL: gcc.dg/guality/vla-2.c -Os line 16 sizeof (a) == 5 * sizeof (int)
FAIL: gcc.dg/guality/vla-2.c -Os line 25 sizeof (a) == 6 * sizeof (int)
FAIL: gcc.dg/guality/vla-2.c -O2 -flto -fno-use-linker-plugin -flto-partition=none line 16 sizeof (a) == 5 * sizeof (int)
FAIL: gcc.dg/guality/vla-2.c -O2 -flto -fno-use-linker-plugin -flto-partition=none line 25 sizeof (a) == 6 * sizeof (int)
FAIL: gcc.dg/guality/vla-2.c -O2 -flto -fuse-linker-plugin -fno-fat-lto-objects line 16 sizeof (a) == 5 * sizeof (int)
FAIL: gcc.dg/guality/vla-2.c -O2 -flto -fuse-linker-plugin -fno-fat-lto-objects line 25 sizeof (a) == 6 * sizeof (int)
=== gcc Summary ===
# of expected passes 85837
# of unexpected failures 65
# of unexpected successes 29
# of expected failures 283
# of unsupported tests 1309
/export/gnu/import/svn/gcc-test-x32/bld/gcc/xgcc version 4.7.0 20120120 (experimental) [trunk revision 183350] (GCC)
=== gfortran tests ===
Running target unix/-mx32
=== gfortran Summary ===
# of expected passes 40732
# of expected failures 56
# of unsupported tests 56
/export/gnu/import/svn/gcc-test-x32/bld/gcc/testsuite/gfortran/../../gfortran version 4.7.0 20120120 (experimental) [trunk revision 183350] (GCC)
=== objc tests ===
Running target unix/-mx32
=== objc Summary ===
# of expected passes 2988
# of expected failures 6
# of unsupported tests 74
/export/gnu/import/svn/gcc-test-x32/bld/gcc/xgcc version 4.7.0 20120120 (experimental) [trunk revision 183350] (GCC)
=== libgomp tests ===
Running target unix/-mx32
=== libgomp Summary ===
# of expected passes 2994
=== libitm tests ===
Running target unix/-mx32
=== libitm Summary ===
# of expected passes 26
# of expected failures 3
# of unsupported tests 1
=== libmudflap tests ===
Running target unix/-mx32
FAIL: libmudflap.c++/pass55-frag.cxx ( -O) execution test
=== libmudflap Summary ===
# of expected passes 1435
# of unexpected failures 1
=== libstdc++ tests ===
Running target unix/-mx32
=== libstdc++ Summary ===
# of expected passes 8832
# of expected failures 44
# of unsupported tests 143
Compiler version: 4.7.0 20120120 (experimental) [trunk revision 183350] (GCC)
Platform: x86_64-unknown-linux-gnu
configure flags: --prefix=/usr/local --enable-clocale=gnu --with-system-zlib --enable-shared --with-demangler-in-ld --with-multilib-list=m32,m64,mx32 --with-fpmath=sse --enable-languages=c,c++,fortran,objc
More information about the Gcc-testresults
mailing list