Results for 4.7.0 20120117 (experimental) [trunk revision 183228] (GCC) testsuite on x86_64-apple-darwin10.8.0
Sean McGovern
sean@seanmcgovern.ca
Wed Jan 18 08:42:00 GMT 2012
LAST_UPDATED: Tue Jan 17 01:03:03 UTC 2012 (revision 183228)
Native configuration is x86_64-apple-darwin10.8.0
=== g++ tests ===
Running target unix/-m32
UNRESOLVED: g++.dg/ext/label13.C -std=gnu++98 compilation failed to produce executable
UNRESOLVED: g++.dg/ext/label13.C -std=gnu++11 compilation failed to produce executable
FAIL: c-c++-common/cxxbitfields-3.c scan-assembler movl.*, var
FAIL: c-c++-common/cxxbitfields-3.c scan-assembler movl.*, var
FAIL: g++.dg/simulate-thread/atomics-1.C -O0 -g thread simulation test
FAIL: g++.dg/simulate-thread/atomics-1.C -O1 -g thread simulation test
FAIL: g++.dg/simulate-thread/atomics-1.C -O2 -g -std=c++98 thread simulation test
FAIL: g++.dg/simulate-thread/atomics-1.C -O3 -g -std=c++11 thread simulation test
FAIL: g++.dg/simulate-thread/atomics-1.C -Os -g thread simulation test
FAIL: g++.dg/simulate-thread/atomics-2.C -O0 -g thread simulation test
FAIL: g++.dg/simulate-thread/atomics-2.C -O2 -g -std=c++98 thread simulation test
FAIL: g++.dg/simulate-thread/atomics-2.C -Os -g thread simulation test
FAIL: g++.dg/simulate-thread/bitfields-2.C -O0 -g thread simulation test
FAIL: g++.dg/simulate-thread/bitfields-2.C -O2 -g -std=c++98 thread simulation test
FAIL: g++.dg/simulate-thread/bitfields-2.C -O3 -g -std=c++11 thread simulation test
FAIL: g++.dg/simulate-thread/bitfields-2.C -Os -g thread simulation test
FAIL: g++.dg/simulate-thread/bitfields.C -O0 -g thread simulation test
FAIL: g++.dg/simulate-thread/bitfields.C -O1 -g thread simulation test
FAIL: g++.dg/simulate-thread/bitfields.C -O2 -g -std=c++98 thread simulation test
FAIL: g++.dg/simulate-thread/bitfields.C -O3 -g -std=c++11 thread simulation test
FAIL: c-c++-common/simulate-thread/bitfields-1.c -O0 -g thread simulation test
FAIL: c-c++-common/simulate-thread/bitfields-1.c -O1 -g thread simulation test
FAIL: c-c++-common/simulate-thread/bitfields-2.c -O0 -g thread simulation test
=== g++ Summary for unix/-m32 ===
# of expected passes 46896
# of unexpected failures 21
# of expected failures 288
# of unresolved testcases 2
# of unsupported tests 360
Running target unix/-m64
UNRESOLVED: g++.dg/ext/label13.C -std=gnu++98 compilation failed to produce executable
UNRESOLVED: g++.dg/ext/label13.C -std=gnu++11 compilation failed to produce executable
FAIL: c-c++-common/cxxbitfields-3.c scan-assembler movl.*, var
FAIL: c-c++-common/cxxbitfields-3.c scan-assembler movl.*, var
FAIL: g++.dg/simulate-thread/atomics-1.C -O0 -g thread simulation test
FAIL: g++.dg/simulate-thread/atomics-1.C -O1 -g thread simulation test
FAIL: c-c++-common/simulate-thread/bitfields-2.c -Os -g thread simulation test
FAIL: c-c++-common/simulate-thread/bitfields-3.c -Os -g thread simulation test
FAIL: c-c++-common/simulate-thread/bitfields-4.c -O0 -g thread simulation test
FAIL: c-c++-common/simulate-thread/bitfields-4.c -O2 -g -std=c++98 thread simulation test
FAIL: c-c++-common/simulate-thread/bitfields-4.c -O3 -g -std=c++11 thread simulation test
=== g++ Summary for unix/-m64 ===
# of expected passes 47703
# of unexpected failures 9
# of expected failures 288
# of unresolved testcases 2
# of unsupported tests 588
=== g++ Summary ===
# of expected passes 94599
# of unexpected failures 30
# of expected failures 576
# of unresolved testcases 4
# of unsupported tests 948
/BUILD/gcc/obj-183228/gcc/testsuite/g++/../../g++ version 4.7.0 20120117 (experimental) [trunk revision 183228] (GCC)
=== gcc tests ===
Running target unix/-m32
FAIL: c-c++-common/cxxbitfields-3.c scan-assembler movl.*, var
FAIL: gcc.dg/tree-prof/pr44777.c execution, -fprofile-generate -D_PROFILE_GENERATE
UNRESOLVED: gcc.dg/tree-prof/pr44777.c compilation, -fprofile-use -D_PROFILE_USE
UNRESOLVED: gcc.dg/tree-prof/pr44777.c execution, -fprofile-use -D_PROFILE_USE
XPASS: gcc.dg/vect/vect-multitypes-1.c scan-tree-dump-times vect "Alignment of access forced using peeling" 2
XPASS: gcc.dg/vect/vect-multitypes-1.c scan-tree-dump-times vect "Vectorizing an unaligned access" 4
XPASS: gcc.dg/vect/vect-peel-3.c scan-tree-dump-times vect "Vectorizing an unaligned access" 1
XPASS: gcc.dg/vect/vect-peel-3.c scan-tree-dump-times vect "Alignment of access forced using peeling" 1
XPASS: gcc.dg/vect/vect-multitypes-1.c -flto scan-tree-dump-times vect "Alignment of access forced using peeling" 2
XPASS: gcc.dg/vect/vect-multitypes-1.c -flto scan-tree-dump-times vect "Vectorizing an unaligned access" 4
XPASS: gcc.dg/vect/vect-peel-3.c -flto scan-tree-dump-times vect "Vectorizing an unaligned access" 1
XPASS: gcc.dg/vect/vect-peel-3.c -flto scan-tree-dump-times vect "Alignment of access forced using peeling" 1
XPASS: gcc.dg/vect/no-section-anchors-vect-69.c scan-tree-dump-times vect "Alignment of access forced using peeling" 2
=== gcc Summary for unix/-m32 ===
# of expected passes 81568
# of unexpected failures 2
# of unexpected successes 9
# of expected failures 264
# of unresolved testcases 2
# of unsupported tests 1928
Running target unix/-m64
FAIL: c-c++-common/cxxbitfields-3.c scan-assembler movl.*, var
FAIL: gcc.dg/matrix/transpose-3.c execution, -fprofile-use -fipa-matrix-reorg -fdump-ipa-matrix-reorg -O3 -fwhole-program -fno-tree-fre
FAIL: gcc.dg/simulate-thread/atomic-load-int128.c -O0 -g thread simulation test
FAIL: gcc.dg/simulate-thread/atomic-load-int128.c -O1 -g thread simulation test
FAIL: gcc.dg/simulate-thread/atomic-load-int128.c -O2 -g thread simulation test
FAIL: gcc.dg/simulate-thread/atomic-load-int128.c -O3 -g thread simulation test
FAIL: gcc.dg/simulate-thread/atomic-load-int128.c -Os -g thread simulation test
FAIL: gcc.dg/simulate-thread/atomic-other-int128.c -O1 -g thread simulation test
FAIL: gcc.dg/simulate-thread/atomic-other-int128.c -O2 -g thread simulation test
FAIL: gcc.dg/simulate-thread/atomic-other-int128.c -O3 -g thread simulation test
FAIL: gcc.dg/simulate-thread/atomic-other-int128.c -Os -g thread simulation test
FAIL: gcc.target/i386/pr49866.c (test for excess errors)
=== gcc Summary for unix/-m64 ===
# of expected passes 81808
# of unexpected failures 12
# of expected failures 265
# of unsupported tests 2258
=== gcc Summary ===
# of expected passes 163376
# of unexpected failures 14
# of unexpected successes 9
# of expected failures 529
# of unresolved testcases 2
# of unsupported tests 4186
/BUILD/gcc/obj-183228/gcc/xgcc version 4.7.0 20120117 (experimental) [trunk revision 183228] (GCC)
=== libgomp tests ===
Running target unix/-m64
=== libgomp Summary for unix/-m64 ===
# of expected passes 1283
# of unsupported tests 3
Running target unix/-m32
=== libgomp Summary for unix/-m32 ===
# of expected passes 1283
# of unsupported tests 3
=== libgomp Summary ===
# of expected passes 2566
# of unsupported tests 6
=== libitm tests ===
Running target unix/-m64
UNRESOLVED: libitm.c++/static_ctor.C compilation failed to produce executable
=== libitm Summary for unix/-m64 ===
# of expected passes 26
# of expected failures 4
# of unresolved testcases 1
Running target unix/-m32
FAIL: libitm.c/memcpy-1.c execution test
FAIL: libitm.c/memset-1.c execution test
UNRESOLVED: libitm.c++/static_ctor.C compilation failed to produce executable
=== libitm Summary for unix/-m32 ===
# of expected passes 24
# of unexpected failures 2
# of expected failures 4
# of unresolved testcases 1
=== libitm Summary ===
# of expected passes 50
# of unexpected failures 2
# of expected failures 8
# of unresolved testcases 2
=== libstdc++ tests ===
Running target unix/-m32
=== libstdc++ Summary for unix/-m32 ===
# of expected passes 7718
# of expected failures 44
# of unsupported tests 564
Running target unix/-m64
=== libstdc++ Summary for unix/-m64 ===
# of expected passes 7716
# of expected failures 44
# of unsupported tests 565
=== libstdc++ Summary ===
# of expected passes 15434
# of expected failures 88
# of unsupported tests 1129
=== libstdc++ Summary ===
Compiler version: 4.7.0 20120117 (experimental) [trunk revision 183228] (GCC)
Platform: x86_64-apple-darwin10.8.0
configure flags: --prefix=/BUILD/gcc/183228 --target=x86_64-apple-darwin10.8.0 --host=x86_64-apple-darwin10.8.0 --build=x86_64-apple-darwin10.8.0 --with-tune=core2 --with-gmp=/opt/gnu --with-mpfr=/opt/gnu --with-mpc=/opt/gnu --with-ppl=/opt/gnu --with-cloog=/opt/gnu --enable-cloog-backend=isl --enable-languages=c,c++,lto --program-suffix=-trunk
BOOT_CFLAGS=-g -O2
More information about the Gcc-testresults
mailing list