Results for 4.7.0 20120113 (experimental) [trunk revision 183155] (GCC) testsuite on mips-sgi-irix6.5
Rainer Orth
ro@CeBiTec.Uni-Bielefeld.DE
Tue Jan 17 15:25:00 GMT 2012
LAST_UPDATED: Fri Jan 13 16:17:03 UTC 2012 (revision 183155)
=== acats tests ===
FAIL: c954026
FAIL: cb1010c
=== acats Summary ===
# of expected passes 2319
# of unexpected failures 2
Native configuration is mips-sgi-irix6.5
=== g++ tests ===
Running target unix
WARNING: program timed out.
FAIL: g++.dg/simulate-thread/atomics-1.C -O0 -g thread simulation test
FAIL: g++.dg/simulate-thread/atomics-2.C -O0 -g thread simulation test
FAIL: g++.dg/simulate-thread/bitfields-2.C -O0 -g thread simulation test
FAIL: g++.dg/simulate-thread/bitfields-2.C -O1 -g thread simulation test
FAIL: g++.dg/simulate-thread/bitfields.C -O0 -g thread simulation test
FAIL: c-c++-common/simulate-thread/bitfields-3.c -O0 -g thread simulation test
FAIL: g++.dg/torture/pr31863.C -O2 -flto (test for excess errors)
WARNING: program timed out.
FAIL: g++.old-deja/g++.pt/ptrmem6.C -std=c++11 (test for errors, line 28)
=== g++ Summary for unix ===
# of expected passes 47107
# of unexpected failures 8
# of expected failures 288
# of unsupported tests 795
Running target unix/-mabi=64
WARNING: program timed out.
FAIL: g++.dg/simulate-thread/atomics-1.C -O0 -g thread simulation test
FAIL: g++.dg/simulate-thread/atomics-2.C -O0 -g thread simulation test
FAIL: g++.dg/simulate-thread/bitfields-2.C -O0 -g thread simulation test
FAIL: g++.dg/simulate-thread/bitfields.C -O0 -g thread simulation test
FAIL: g++.dg/simulate-thread/bitfields.C -O1 -g thread simulation test
FAIL: c-c++-common/simulate-thread/bitfields-3.c -O0 -g thread simulation test
FAIL: g++.dg/torture/pr31863.C -O2 -flto (test for excess errors)
FAIL: g++.old-deja/g++.pt/ptrmem6.C -std=c++11 (test for errors, line 28)
=== g++ Summary for unix/-mabi=64 ===
# of expected passes 47034
# of unexpected failures 8
# of expected failures 288
# of unsupported tests 800
=== g++ Summary ===
# of expected passes 94141
# of unexpected failures 16
# of expected failures 576
# of unsupported tests 1595
/var/gcc/regression/trunk/6.5-gcc/build/gcc/testsuite/g++/../../g++ version 4.7.0 20120113 (experimental) [trunk revision 183155] (GCC)
=== gcc tests ===
Running target unix
FAIL: gcc.c-torture/compile/20001226-1.c -O3 -g (test for excess errors)
WARNING: program timed out.
WARNING: program timed out.
WARNING: program timed out.
WARNING: program timed out.
FAIL: gcc.dg/graphite/id-pr46845.c (internal compiler error)
FAIL: gcc.dg/graphite/id-pr46845.c (test for excess errors)
FAIL: gcc.dg/simulate-thread/atomic-load-int.c -O0 -g thread simulation test
FAIL: gcc.dg/simulate-thread/atomic-load-int.c -O1 -g thread simulation test
FAIL: gcc.dg/simulate-thread/atomic-load-int.c -O2 -g thread simulation test
FAIL: gcc.dg/simulate-thread/atomic-load-int.c -O3 -g thread simulation test
FAIL: gcc.dg/simulate-thread/atomic-load-int.c -Os -g thread simulation test
FAIL: gcc.dg/simulate-thread/atomic-load-short.c -O0 -g thread simulation test
FAIL: gcc.dg/simulate-thread/atomic-load-short.c -O1 -g thread simulation test
FAIL: gcc.dg/simulate-thread/atomic-load-short.c -O2 -g thread simulation test
FAIL: gcc.dg/simulate-thread/atomic-load-short.c -O3 -g thread simulation test
FAIL: gcc.dg/simulate-thread/atomic-load-short.c -Os -g thread simulation test
FAIL: gcc.dg/simulate-thread/atomic-other-int.c -O0 -g thread simulation test
FAIL: gcc.dg/simulate-thread/atomic-other-int.c -O1 -g thread simulation test
FAIL: gcc.dg/simulate-thread/atomic-other-int.c -O2 -g thread simulation test
FAIL: gcc.dg/simulate-thread/atomic-other-int.c -O3 -g thread simulation test
FAIL: gcc.dg/simulate-thread/atomic-other-int.c -Os -g thread simulation test
FAIL: gcc.dg/simulate-thread/atomic-other-short.c -O0 -g thread simulation test
FAIL: gcc.dg/simulate-thread/atomic-other-short.c -O1 -g thread simulation test
FAIL: gcc.dg/simulate-thread/atomic-other-short.c -O2 -g thread simulation test
FAIL: gcc.dg/simulate-thread/atomic-other-short.c -O3 -g thread simulation test
FAIL: gcc.dg/simulate-thread/atomic-other-short.c -Os -g thread simulation test
FAIL: gcc.dg/torture/builtin-modf-1.c -O0 (test for excess errors)
FAIL: gcc.dg/torture/builtin-modf-1.c -O1 (test for excess errors)
FAIL: gcc.dg/torture/builtin-modf-1.c -O2 (test for excess errors)
FAIL: gcc.dg/torture/builtin-modf-1.c -O3 -fomit-frame-pointer (test for excess errors)
FAIL: gcc.dg/torture/builtin-modf-1.c -O3 -fomit-frame-pointer -funroll-loops (test for excess errors)
FAIL: gcc.dg/torture/builtin-modf-1.c -O3 -fomit-frame-pointer -funroll-all-loops -finline-functions (test for excess errors)
FAIL: gcc.dg/torture/builtin-modf-1.c -O3 -g (test for excess errors)
FAIL: gcc.dg/torture/builtin-modf-1.c -Os (test for excess errors)
FAIL: gcc.dg/torture/builtin-modf-1.c -O2 -flto -flto-partition=none (test for excess errors)
FAIL: gcc.dg/torture/builtin-modf-1.c -O2 -flto (test for excess errors)
FAIL: gcc.dg/torture/pr8081.c -O0 execution test
FAIL: gcc.dg/torture/pr8081.c -O1 execution test
FAIL: gcc.dg/torture/pr8081.c -O2 execution test
FAIL: gcc.dg/torture/pr8081.c -O3 -fomit-frame-pointer execution test
FAIL: gcc.dg/torture/pr8081.c -O3 -g execution test
FAIL: gcc.dg/torture/pr8081.c -Os execution test
FAIL: gcc.dg/torture/pr8081.c -O2 -flto -flto-partition=none execution test
FAIL: gcc.dg/torture/pr8081.c -O2 -flto execution test
FAIL: gcc.dg/tree-ssa/ssa-dom-thread-4.c scan-tree-dump-times dom1 "Threaded" 3
WARNING: program timed out.
FAIL: gcc.target/mips/extend-1.c scan-assembler-times \\tdsll\\t 5
FAIL: gcc.target/mips/extend-1.c scan-assembler-times \\tdsra\\t 5
FAIL: gcc.target/mips/interrupt_handler-2.c scan-assembler \\t\\\\.cfi_restore 64\\n
FAIL: gcc.target/mips/interrupt_handler-2.c scan-assembler \\t\\\\.cfi_restore 65\\n
FAIL: gcc.target/mips/interrupt_handler-3.c scan-assembler \\t\\\\.cfi_restore 1\\n
FAIL: gcc.target/mips/interrupt_handler-3.c scan-assembler \\t\\\\.cfi_restore 2\\n
FAIL: gcc.target/mips/interrupt_handler-3.c scan-assembler \\t\\\\.cfi_restore 3\\n
FAIL: gcc.target/mips/interrupt_handler-3.c scan-assembler \\t\\\\.cfi_restore 4\\n
FAIL: gcc.target/mips/interrupt_handler-3.c scan-assembler \\t\\\\.cfi_restore 5\\n
FAIL: gcc.target/mips/interrupt_handler-3.c scan-assembler \\t\\\\.cfi_restore 6\\n
FAIL: gcc.target/mips/interrupt_handler-3.c scan-assembler \\t\\\\.cfi_restore 7\\n
FAIL: gcc.target/mips/interrupt_handler-3.c scan-assembler \\t\\\\.cfi_restore 8\\n
FAIL: gcc.target/mips/interrupt_handler-3.c scan-assembler \\t\\\\.cfi_restore 9\\n
FAIL: gcc.target/mips/interrupt_handler-3.c scan-assembler \\t\\\\.cfi_restore 10\\n
FAIL: gcc.target/mips/interrupt_handler-3.c scan-assembler \\t\\\\.cfi_restore 11\\n
FAIL: gcc.target/mips/interrupt_handler-3.c scan-assembler \\t\\\\.cfi_restore 12\\n
FAIL: gcc.target/mips/interrupt_handler-3.c scan-assembler \\t\\\\.cfi_restore 13\\n
FAIL: gcc.target/mips/interrupt_handler-3.c scan-assembler \\t\\\\.cfi_restore 14\\n
FAIL: gcc.target/mips/interrupt_handler-3.c scan-assembler \\t\\\\.cfi_restore 15\\n
FAIL: gcc.target/mips/interrupt_handler-3.c scan-assembler \\t\\\\.cfi_restore 24\\n
FAIL: gcc.target/mips/interrupt_handler-3.c scan-assembler \\t\\\\.cfi_restore 25\\n
FAIL: gcc.target/mips/interrupt_handler-3.c scan-assembler \\t\\\\.cfi_restore 31\\n
FAIL: gcc.target/mips/interrupt_handler-3.c scan-assembler \\t\\\\.cfi_restore 64\\n
FAIL: gcc.target/mips/interrupt_handler-3.c scan-assembler \\t\\\\.cfi_restore 65\\n
FAIL: gcc.target/mips/interrupt_handler-3.c scan-assembler \\t\\\\.cfi_def_cfa_offset 0\\n
FAIL: gcc.target/mips/mips16-attributes-4.c (internal compiler error)
FAIL: gcc.target/mips/mips16-attributes-4.c (test for excess errors)
FAIL: gcc.target/mips/mips16-attributes.c (internal compiler error)
FAIL: gcc.target/mips/mips16-attributes.c (test for excess errors)
FAIL: gcc.target/mips/octeon-exts-6.c scan-assembler-times \\texts\\t 5
FAIL: gcc.target/mips/octeon2-lx-1.c scan-assembler-times \\tlbx\\t 4
FAIL: gcc.target/mips/octeon2-lx-1.c scan-assembler-times \\tlbux\\t 4
=== gcc Summary for unix ===
# of expected passes 73851
# of unexpected failures 74
# of expected failures 120
# of unsupported tests 1254
Running target unix/-mabi=64
FAIL: gcc.c-torture/compile/20001226-1.c -O3 -g (test for excess errors)
WARNING: program timed out.
FAIL: gcc.dg/intmax_t-1.c (test for excess errors)
FAIL: gcc.dg/graphite/id-pr46845.c (internal compiler error)
FAIL: gcc.dg/graphite/id-pr46845.c (test for excess errors)
FAIL: gcc.dg/simulate-thread/atomic-load-int.c -O0 -g thread simulation test
FAIL: gcc.dg/simulate-thread/atomic-load-int.c -O1 -g thread simulation test
FAIL: gcc.dg/simulate-thread/atomic-load-int.c -O2 -g thread simulation test
FAIL: gcc.dg/simulate-thread/atomic-load-int.c -O3 -g thread simulation test
FAIL: gcc.dg/simulate-thread/atomic-load-int.c -Os -g thread simulation test
FAIL: gcc.dg/simulate-thread/atomic-load-short.c -O0 -g thread simulation test
FAIL: gcc.dg/simulate-thread/atomic-load-short.c -O1 -g thread simulation test
FAIL: gcc.dg/simulate-thread/atomic-load-short.c -O2 -g thread simulation test
FAIL: gcc.dg/simulate-thread/atomic-load-short.c -O3 -g thread simulation test
FAIL: gcc.dg/simulate-thread/atomic-load-short.c -Os -g thread simulation test
FAIL: gcc.dg/simulate-thread/atomic-other-int.c -O0 -g thread simulation test
FAIL: gcc.dg/simulate-thread/atomic-other-int.c -O1 -g thread simulation test
FAIL: gcc.dg/simulate-thread/atomic-other-int.c -O2 -g thread simulation test
FAIL: gcc.dg/simulate-thread/atomic-other-int.c -O3 -g thread simulation test
FAIL: gcc.dg/simulate-thread/atomic-other-int.c -Os -g thread simulation test
FAIL: gcc.dg/simulate-thread/atomic-other-short.c -O0 -g thread simulation test
FAIL: gcc.dg/simulate-thread/atomic-other-short.c -O1 -g thread simulation test
FAIL: gcc.dg/simulate-thread/atomic-other-short.c -O2 -g thread simulation test
FAIL: gcc.dg/simulate-thread/atomic-other-short.c -O3 -g thread simulation test
FAIL: gcc.dg/simulate-thread/atomic-other-short.c -Os -g thread simulation test
FAIL: gcc.dg/torture/builtin-modf-1.c -O0 (test for excess errors)
FAIL: gcc.dg/torture/builtin-modf-1.c -O1 (test for excess errors)
FAIL: gcc.dg/torture/builtin-modf-1.c -O2 (test for excess errors)
FAIL: gcc.dg/torture/builtin-modf-1.c -O3 -fomit-frame-pointer (test for excess errors)
FAIL: gcc.dg/torture/builtin-modf-1.c -O3 -fomit-frame-pointer -funroll-loops (test for excess errors)
FAIL: gcc.dg/torture/builtin-modf-1.c -O3 -fomit-frame-pointer -funroll-all-loops -finline-functions (test for excess errors)
FAIL: gcc.dg/torture/builtin-modf-1.c -O3 -g (test for excess errors)
FAIL: gcc.dg/torture/builtin-modf-1.c -Os (test for excess errors)
FAIL: gcc.dg/torture/builtin-modf-1.c -O2 -flto -flto-partition=none (test for excess errors)
FAIL: gcc.dg/torture/builtin-modf-1.c -O2 -flto (test for excess errors)
FAIL: gcc.dg/torture/pr8081.c -O0 execution test
FAIL: gcc.dg/torture/pr8081.c -O1 execution test
FAIL: gcc.dg/torture/pr8081.c -O2 execution test
FAIL: gcc.dg/torture/pr8081.c -O3 -fomit-frame-pointer execution test
FAIL: gcc.dg/torture/pr8081.c -O3 -g execution test
FAIL: gcc.dg/torture/pr8081.c -Os execution test
FAIL: gcc.dg/torture/pr8081.c -O2 -flto -flto-partition=none execution test
FAIL: gcc.dg/torture/pr8081.c -O2 -flto execution test
FAIL: gcc.dg/tree-ssa/ssa-dom-thread-4.c scan-tree-dump-times dom1 "Threaded" 3
WARNING: program timed out.
FAIL: gcc.target/mips/extend-1.c scan-assembler-times \\tdsll\\t 5
FAIL: gcc.target/mips/extend-1.c scan-assembler-times \\tdsra\\t 5
FAIL: gcc.target/mips/interrupt_handler-2.c scan-assembler \\t\\\\.cfi_restore 64\\n
FAIL: gcc.target/mips/interrupt_handler-2.c scan-assembler \\t\\\\.cfi_restore 65\\n
FAIL: gcc.target/mips/interrupt_handler-3.c scan-assembler \\t\\\\.cfi_restore 1\\n
FAIL: gcc.target/mips/interrupt_handler-3.c scan-assembler \\t\\\\.cfi_restore 2\\n
FAIL: gcc.target/mips/interrupt_handler-3.c scan-assembler \\t\\\\.cfi_restore 3\\n
FAIL: gcc.target/mips/interrupt_handler-3.c scan-assembler \\t\\\\.cfi_restore 4\\n
FAIL: gcc.target/mips/interrupt_handler-3.c scan-assembler \\t\\\\.cfi_restore 5\\n
FAIL: gcc.target/mips/interrupt_handler-3.c scan-assembler \\t\\\\.cfi_restore 6\\n
FAIL: gcc.target/mips/interrupt_handler-3.c scan-assembler \\t\\\\.cfi_restore 7\\n
FAIL: gcc.target/mips/interrupt_handler-3.c scan-assembler \\t\\\\.cfi_restore 8\\n
FAIL: gcc.target/mips/interrupt_handler-3.c scan-assembler \\t\\\\.cfi_restore 9\\n
FAIL: gcc.target/mips/interrupt_handler-3.c scan-assembler \\t\\\\.cfi_restore 10\\n
FAIL: gcc.target/mips/interrupt_handler-3.c scan-assembler \\t\\\\.cfi_restore 11\\n
FAIL: gcc.target/mips/interrupt_handler-3.c scan-assembler \\t\\\\.cfi_restore 12\\n
FAIL: gcc.target/mips/interrupt_handler-3.c scan-assembler \\t\\\\.cfi_restore 13\\n
FAIL: gcc.target/mips/interrupt_handler-3.c scan-assembler \\t\\\\.cfi_restore 14\\n
FAIL: gcc.target/mips/interrupt_handler-3.c scan-assembler \\t\\\\.cfi_restore 15\\n
FAIL: gcc.target/mips/interrupt_handler-3.c scan-assembler \\t\\\\.cfi_restore 24\\n
FAIL: gcc.target/mips/interrupt_handler-3.c scan-assembler \\t\\\\.cfi_restore 25\\n
FAIL: gcc.target/mips/interrupt_handler-3.c scan-assembler \\t\\\\.cfi_restore 31\\n
FAIL: gcc.target/mips/interrupt_handler-3.c scan-assembler \\t\\\\.cfi_restore 64\\n
FAIL: gcc.target/mips/interrupt_handler-3.c scan-assembler \\t\\\\.cfi_restore 65\\n
FAIL: gcc.target/mips/interrupt_handler-3.c scan-assembler \\t\\\\.cfi_def_cfa_offset 0\\n
FAIL: gcc.target/mips/mips16-attributes-4.c (internal compiler error)
FAIL: gcc.target/mips/mips16-attributes-4.c (test for excess errors)
FAIL: gcc.target/mips/mips16-attributes.c (internal compiler error)
FAIL: gcc.target/mips/mips16-attributes.c (test for excess errors)
FAIL: gcc.target/mips/octeon-exts-6.c scan-assembler-times \\texts\\t 5
FAIL: gcc.target/mips/octeon2-lx-1.c scan-assembler-times \\tlbx\\t 4
FAIL: gcc.target/mips/octeon2-lx-1.c scan-assembler-times \\tlbux\\t 4
=== gcc Summary for unix/-mabi=64 ===
# of expected passes 73861
# of unexpected failures 75
# of expected failures 121
# of unsupported tests 1243
=== gcc Summary ===
# of expected passes 147712
# of unexpected failures 149
# of expected failures 241
# of unsupported tests 2497
/var/gcc/regression/trunk/6.5-gcc/build/gcc/xgcc version 4.7.0 20120113 (experimental) [trunk revision 183155] (GCC)
=== gfortran tests ===
Running target unix
FAIL: gfortran.dg/complex_intrinsic_3.f90 -O0 execution test
FAIL: gfortran.dg/complex_intrinsic_5.f90 -O0 execution test
FAIL: gfortran.dg/complex_intrinsic_5.f90 -O1 execution test
FAIL: gfortran.dg/complex_intrinsic_5.f90 -O2 execution test
FAIL: gfortran.dg/complex_intrinsic_5.f90 -O3 -fomit-frame-pointer execution test
FAIL: gfortran.dg/complex_intrinsic_5.f90 -O3 -fomit-frame-pointer -funroll-loops execution test
FAIL: gfortran.dg/complex_intrinsic_5.f90 -O3 -fomit-frame-pointer -funroll-all-loops -finline-functions execution test
FAIL: gfortran.dg/complex_intrinsic_5.f90 -O3 -g execution test
FAIL: gfortran.dg/complex_intrinsic_5.f90 -Os execution test
FAIL: gfortran.dg/default_format_1.f90 -O0 execution test
FAIL: gfortran.dg/default_format_1.f90 -O1 execution test
FAIL: gfortran.dg/default_format_1.f90 -O2 execution test
FAIL: gfortran.dg/default_format_1.f90 -O3 -fomit-frame-pointer execution test
FAIL: gfortran.dg/default_format_1.f90 -O3 -fomit-frame-pointer -funroll-loops execution test
FAIL: gfortran.dg/default_format_1.f90 -O3 -fomit-frame-pointer -funroll-all-loops -finline-functions execution test
FAIL: gfortran.dg/default_format_1.f90 -O3 -g execution test
FAIL: gfortran.dg/default_format_1.f90 -Os execution test
FAIL: gfortran.dg/default_format_denormal_1.f90 -O0 execution test
FAIL: gfortran.dg/default_format_denormal_1.f90 -O1 execution test
FAIL: gfortran.dg/default_format_denormal_1.f90 -O2 execution test
FAIL: gfortran.dg/default_format_denormal_1.f90 -O3 -fomit-frame-pointer execution test
FAIL: gfortran.dg/default_format_denormal_1.f90 -O3 -fomit-frame-pointer -funroll-loops execution test
FAIL: gfortran.dg/default_format_denormal_1.f90 -O3 -fomit-frame-pointer -funroll-all-loops -finline-functions execution test
FAIL: gfortran.dg/default_format_denormal_1.f90 -O3 -g execution test
FAIL: gfortran.dg/default_format_denormal_1.f90 -Os execution test
FAIL: gfortran.dg/default_format_denormal_2.f90 -O0 execution test
FAIL: gfortran.dg/default_format_denormal_2.f90 -O1 execution test
FAIL: gfortran.dg/default_format_denormal_2.f90 -O2 execution test
FAIL: gfortran.dg/default_format_denormal_2.f90 -O3 -fomit-frame-pointer execution test
FAIL: gfortran.dg/default_format_denormal_2.f90 -O3 -fomit-frame-pointer -funroll-loops execution test
FAIL: gfortran.dg/default_format_denormal_2.f90 -O3 -fomit-frame-pointer -funroll-all-loops -finline-functions execution test
FAIL: gfortran.dg/default_format_denormal_2.f90 -O3 -g execution test
FAIL: gfortran.dg/default_format_denormal_2.f90 -Os execution test
FAIL: gfortran.dg/equiv_7.f90 -O0 execution test
FAIL: gfortran.dg/integer_exponentiation_2.f90 -O0 execution test
FAIL: gfortran.dg/integer_exponentiation_2.f90 -O1 execution test
FAIL: gfortran.dg/integer_exponentiation_2.f90 -O2 execution test
FAIL: gfortran.dg/integer_exponentiation_2.f90 -O3 -fomit-frame-pointer execution test
FAIL: gfortran.dg/integer_exponentiation_2.f90 -O3 -fomit-frame-pointer -funroll-loops execution test
FAIL: gfortran.dg/integer_exponentiation_2.f90 -O3 -fomit-frame-pointer -funroll-all-loops -finline-functions execution test
FAIL: gfortran.dg/integer_exponentiation_2.f90 -O3 -g execution test
FAIL: gfortran.dg/integer_exponentiation_2.f90 -Os execution test
FAIL: gfortran.dg/large_real_kind_form_io_2.f90 -O0 execution test
FAIL: gfortran.dg/large_real_kind_form_io_2.f90 -O1 execution test
FAIL: gfortran.dg/large_real_kind_form_io_2.f90 -O2 execution test
FAIL: gfortran.dg/large_real_kind_form_io_2.f90 -O3 -fomit-frame-pointer execution test
FAIL: gfortran.dg/large_real_kind_form_io_2.f90 -O3 -fomit-frame-pointer -funroll-loops execution test
FAIL: gfortran.dg/large_real_kind_form_io_2.f90 -O3 -fomit-frame-pointer -funroll-all-loops -finline-functions execution test
FAIL: gfortran.dg/large_real_kind_form_io_2.f90 -O3 -g execution test
FAIL: gfortran.dg/large_real_kind_form_io_2.f90 -Os execution test
FAIL: gfortran.dg/nan_7.f90 -O0 execution test
FAIL: gfortran.dg/nan_7.f90 -O1 execution test
FAIL: gfortran.dg/nan_7.f90 -O2 execution test
FAIL: gfortran.dg/nan_7.f90 -O3 -fomit-frame-pointer execution test
FAIL: gfortran.dg/nan_7.f90 -O3 -fomit-frame-pointer -funroll-loops execution test
FAIL: gfortran.dg/nan_7.f90 -O3 -fomit-frame-pointer -funroll-all-loops -finline-functions execution test
FAIL: gfortran.dg/nan_7.f90 -O3 -g execution test
FAIL: gfortran.dg/nan_7.f90 -Os execution test
FAIL: gfortran.dg/nearest_1.f90 -O0 execution test
FAIL: gfortran.dg/nearest_1.f90 -O1 execution test
FAIL: gfortran.dg/nearest_1.f90 -O2 execution test
FAIL: gfortran.dg/nearest_1.f90 -O3 -fomit-frame-pointer execution test
FAIL: gfortran.dg/nearest_1.f90 -O3 -fomit-frame-pointer -funroll-loops execution test
FAIL: gfortran.dg/nearest_1.f90 -O3 -fomit-frame-pointer -funroll-all-loops -finline-functions execution test
FAIL: gfortran.dg/nearest_1.f90 -O3 -g execution test
FAIL: gfortran.dg/nearest_1.f90 -Os execution test
FAIL: gfortran.dg/specifics_1.f90 -O0 execution test
FAIL: gfortran.dg/specifics_1.f90 -O1 execution test
FAIL: gfortran.dg/specifics_1.f90 -O2 execution test
FAIL: gfortran.dg/specifics_1.f90 -O3 -fomit-frame-pointer execution test
FAIL: gfortran.dg/specifics_1.f90 -O3 -fomit-frame-pointer -funroll-loops execution test
FAIL: gfortran.dg/specifics_1.f90 -O3 -fomit-frame-pointer -funroll-all-loops -finline-functions execution test
FAIL: gfortran.dg/specifics_1.f90 -O3 -g execution test
FAIL: gfortran.dg/specifics_1.f90 -Os execution test
FAIL: gfortran.dg/g77/f90-intrinsic-numeric.f -O0 execution test
WARNING: program timed out.
FAIL: gfortran.fortran-torture/execute/cmplx.f90 execution, -O0
FAIL: gfortran.fortran-torture/execute/intrinsic_abs.f90 execution, -O0
FAIL: gfortran.fortran-torture/execute/intrinsic_nearest.f90 execution, -O0
FAIL: gfortran.fortran-torture/execute/intrinsic_nearest.f90 execution, -O1
FAIL: gfortran.fortran-torture/execute/intrinsic_nearest.f90 execution, -O2
FAIL: gfortran.fortran-torture/execute/intrinsic_nearest.f90 execution, -O2 -fomit-frame-pointer -finline-functions
FAIL: gfortran.fortran-torture/execute/intrinsic_nearest.f90 execution, -O2 -fomit-frame-pointer -finline-functions -funroll-loops
FAIL: gfortran.fortran-torture/execute/intrinsic_nearest.f90 execution, -O2 -fbounds-check
FAIL: gfortran.fortran-torture/execute/intrinsic_nearest.f90 execution, -O3 -g
FAIL: gfortran.fortran-torture/execute/intrinsic_nearest.f90 execution, -Os
FAIL: gfortran.fortran-torture/execute/power.f90 execution, -O0
FAIL: gfortran.fortran-torture/execute/specifics.f90 execution, -O0
FAIL: gfortran.fortran-torture/execute/specifics.f90 execution, -O1
FAIL: gfortran.fortran-torture/execute/specifics.f90 execution, -O2
FAIL: gfortran.fortran-torture/execute/specifics.f90 execution, -O2 -fomit-frame-pointer -finline-functions
FAIL: gfortran.fortran-torture/execute/specifics.f90 execution, -O2 -fomit-frame-pointer -finline-functions -funroll-loops
FAIL: gfortran.fortran-torture/execute/specifics.f90 execution, -O2 -fbounds-check
FAIL: gfortran.fortran-torture/execute/specifics.f90 execution, -O3 -g
FAIL: gfortran.fortran-torture/execute/specifics.f90 execution, -Os
=== gfortran Summary for unix ===
# of expected passes 39870
# of unexpected failures 94
# of expected failures 57
# of unsupported tests 94
Running target unix/-mabi=64
FAIL: gfortran.dg/complex_intrinsic_3.f90 -O0 execution test
FAIL: gfortran.dg/complex_intrinsic_5.f90 -O0 execution test
FAIL: gfortran.dg/complex_intrinsic_5.f90 -O1 execution test
FAIL: gfortran.dg/complex_intrinsic_5.f90 -O2 execution test
FAIL: gfortran.dg/complex_intrinsic_5.f90 -O3 -fomit-frame-pointer execution test
FAIL: gfortran.dg/complex_intrinsic_5.f90 -O3 -fomit-frame-pointer -funroll-loops execution test
FAIL: gfortran.dg/complex_intrinsic_5.f90 -O3 -fomit-frame-pointer -funroll-all-loops -finline-functions execution test
FAIL: gfortran.dg/complex_intrinsic_5.f90 -O3 -g execution test
FAIL: gfortran.dg/complex_intrinsic_5.f90 -Os execution test
FAIL: gfortran.dg/default_format_1.f90 -O0 execution test
FAIL: gfortran.dg/default_format_1.f90 -O1 execution test
FAIL: gfortran.dg/default_format_1.f90 -O2 execution test
FAIL: gfortran.dg/default_format_1.f90 -O3 -fomit-frame-pointer execution test
FAIL: gfortran.dg/default_format_1.f90 -O3 -fomit-frame-pointer -funroll-loops execution test
FAIL: gfortran.dg/default_format_1.f90 -O3 -fomit-frame-pointer -funroll-all-loops -finline-functions execution test
FAIL: gfortran.dg/default_format_1.f90 -O3 -g execution test
FAIL: gfortran.dg/default_format_1.f90 -Os execution test
FAIL: gfortran.dg/default_format_denormal_1.f90 -O0 execution test
FAIL: gfortran.dg/default_format_denormal_1.f90 -O1 execution test
FAIL: gfortran.dg/default_format_denormal_1.f90 -O2 execution test
FAIL: gfortran.dg/default_format_denormal_1.f90 -O3 -fomit-frame-pointer execution test
FAIL: gfortran.dg/default_format_denormal_1.f90 -O3 -fomit-frame-pointer -funroll-loops execution test
FAIL: gfortran.dg/default_format_denormal_1.f90 -O3 -fomit-frame-pointer -funroll-all-loops -finline-functions execution test
FAIL: gfortran.dg/default_format_denormal_1.f90 -O3 -g execution test
FAIL: gfortran.dg/default_format_denormal_1.f90 -Os execution test
FAIL: gfortran.dg/default_format_denormal_2.f90 -O0 execution test
FAIL: gfortran.dg/default_format_denormal_2.f90 -O1 execution test
FAIL: gfortran.dg/default_format_denormal_2.f90 -O2 execution test
FAIL: gfortran.dg/default_format_denormal_2.f90 -O3 -fomit-frame-pointer execution test
FAIL: gfortran.dg/default_format_denormal_2.f90 -O3 -fomit-frame-pointer -funroll-loops execution test
FAIL: gfortran.dg/default_format_denormal_2.f90 -O3 -fomit-frame-pointer -funroll-all-loops -finline-functions execution test
FAIL: gfortran.dg/default_format_denormal_2.f90 -O3 -g execution test
FAIL: gfortran.dg/default_format_denormal_2.f90 -Os execution test
FAIL: gfortran.dg/equiv_7.f90 -O0 execution test
FAIL: gfortran.dg/integer_exponentiation_2.f90 -O0 execution test
FAIL: gfortran.dg/integer_exponentiation_2.f90 -O1 execution test
FAIL: gfortran.dg/integer_exponentiation_2.f90 -O2 execution test
FAIL: gfortran.dg/integer_exponentiation_2.f90 -O3 -fomit-frame-pointer execution test
FAIL: gfortran.dg/integer_exponentiation_2.f90 -O3 -fomit-frame-pointer -funroll-loops execution test
FAIL: gfortran.dg/integer_exponentiation_2.f90 -O3 -fomit-frame-pointer -funroll-all-loops -finline-functions execution test
FAIL: gfortran.dg/integer_exponentiation_2.f90 -O3 -g execution test
FAIL: gfortran.dg/integer_exponentiation_2.f90 -Os execution test
FAIL: gfortran.dg/large_real_kind_form_io_2.f90 -O0 execution test
FAIL: gfortran.dg/large_real_kind_form_io_2.f90 -O1 execution test
FAIL: gfortran.dg/large_real_kind_form_io_2.f90 -O2 execution test
FAIL: gfortran.dg/large_real_kind_form_io_2.f90 -O3 -fomit-frame-pointer execution test
FAIL: gfortran.dg/large_real_kind_form_io_2.f90 -O3 -fomit-frame-pointer -funroll-loops execution test
FAIL: gfortran.dg/large_real_kind_form_io_2.f90 -O3 -fomit-frame-pointer -funroll-all-loops -finline-functions execution test
FAIL: gfortran.dg/large_real_kind_form_io_2.f90 -O3 -g execution test
FAIL: gfortran.dg/large_real_kind_form_io_2.f90 -Os execution test
FAIL: gfortran.dg/nan_7.f90 -O0 execution test
FAIL: gfortran.dg/nan_7.f90 -O1 execution test
FAIL: gfortran.dg/nan_7.f90 -O2 execution test
FAIL: gfortran.dg/nan_7.f90 -O3 -fomit-frame-pointer execution test
FAIL: gfortran.dg/nan_7.f90 -O3 -fomit-frame-pointer -funroll-loops execution test
FAIL: gfortran.dg/nan_7.f90 -O3 -fomit-frame-pointer -funroll-all-loops -finline-functions execution test
FAIL: gfortran.dg/nan_7.f90 -O3 -g execution test
FAIL: gfortran.dg/nan_7.f90 -Os execution test
FAIL: gfortran.dg/nearest_1.f90 -O0 execution test
FAIL: gfortran.dg/nearest_1.f90 -O1 execution test
FAIL: gfortran.dg/nearest_1.f90 -O2 execution test
FAIL: gfortran.dg/nearest_1.f90 -O3 -fomit-frame-pointer execution test
FAIL: gfortran.dg/nearest_1.f90 -O3 -fomit-frame-pointer -funroll-loops execution test
FAIL: gfortran.dg/nearest_1.f90 -O3 -fomit-frame-pointer -funroll-all-loops -finline-functions execution test
FAIL: gfortran.dg/nearest_1.f90 -O3 -g execution test
FAIL: gfortran.dg/nearest_1.f90 -Os execution test
FAIL: gfortran.dg/specifics_1.f90 -O0 execution test
FAIL: gfortran.dg/specifics_1.f90 -O1 execution test
FAIL: gfortran.dg/specifics_1.f90 -O2 execution test
FAIL: gfortran.dg/specifics_1.f90 -O3 -fomit-frame-pointer execution test
FAIL: gfortran.dg/specifics_1.f90 -O3 -fomit-frame-pointer -funroll-loops execution test
FAIL: gfortran.dg/specifics_1.f90 -O3 -fomit-frame-pointer -funroll-all-loops -finline-functions execution test
FAIL: gfortran.dg/specifics_1.f90 -O3 -g execution test
FAIL: gfortran.dg/specifics_1.f90 -Os execution test
FAIL: gfortran.dg/g77/f90-intrinsic-numeric.f -O0 execution test
FAIL: gfortran.fortran-torture/execute/cmplx.f90 execution, -O0
FAIL: gfortran.fortran-torture/execute/intrinsic_abs.f90 execution, -O0
FAIL: gfortran.fortran-torture/execute/intrinsic_nearest.f90 execution, -O0
FAIL: gfortran.fortran-torture/execute/intrinsic_nearest.f90 execution, -O1
FAIL: gfortran.fortran-torture/execute/intrinsic_nearest.f90 execution, -O2
FAIL: gfortran.fortran-torture/execute/intrinsic_nearest.f90 execution, -O2 -fomit-frame-pointer -finline-functions
FAIL: gfortran.fortran-torture/execute/intrinsic_nearest.f90 execution, -O2 -fomit-frame-pointer -finline-functions -funroll-loops
FAIL: gfortran.fortran-torture/execute/intrinsic_nearest.f90 execution, -O2 -fbounds-check
FAIL: gfortran.fortran-torture/execute/intrinsic_nearest.f90 execution, -O3 -g
FAIL: gfortran.fortran-torture/execute/intrinsic_nearest.f90 execution, -Os
FAIL: gfortran.fortran-torture/execute/power.f90 execution, -O0
FAIL: gfortran.fortran-torture/execute/specifics.f90 execution, -O0
FAIL: gfortran.fortran-torture/execute/specifics.f90 execution, -O1
FAIL: gfortran.fortran-torture/execute/specifics.f90 execution, -O2
FAIL: gfortran.fortran-torture/execute/specifics.f90 execution, -O2 -fomit-frame-pointer -finline-functions
FAIL: gfortran.fortran-torture/execute/specifics.f90 execution, -O2 -fomit-frame-pointer -finline-functions -funroll-loops
FAIL: gfortran.fortran-torture/execute/specifics.f90 execution, -O2 -fbounds-check
FAIL: gfortran.fortran-torture/execute/specifics.f90 execution, -O3 -g
FAIL: gfortran.fortran-torture/execute/specifics.f90 execution, -Os
=== gfortran Summary for unix/-mabi=64 ===
# of expected passes 39870
# of unexpected failures 94
# of expected failures 57
# of unsupported tests 94
=== gfortran Summary ===
# of expected passes 79740
# of unexpected failures 188
# of expected failures 114
# of unsupported tests 188
/var/gcc/regression/trunk/6.5-gcc/build/gcc/testsuite/gfortran/../../gfortran version 4.7.0 20120113 (experimental) [trunk revision 183155] (GCC)
=== gnat tests ===
Running target unix
FAIL: gnat.dg/frame_overflow.adb (test for errors, line 5)
FAIL: gnat.dg/frame_overflow.adb (test for errors, line 14)
FAIL: gnat.dg/frame_overflow.adb (test for excess errors)
WARNING: program timed out.
FAIL: gnat.dg/lto8.adb execution test
FAIL: gnat.dg/pack9.adb scan-tree-dump-not optimized "gnat_rcheck"
WARNING: program timed out.
FAIL: gnat.dg/test_prio.adb execution test
FAIL: gnat.dg/specs/addr1.ads (test for bogus messages, line 24)
FAIL: gnat.dg/specs/addr1.ads (test for excess errors)
FAIL: gnat.dg/specs/atomic1.ads (test for errors, line 9)
FAIL: gnat.dg/specs/atomic1.ads (test for errors, line 13)
=== gnat Summary for unix ===
# of expected passes 1034
# of unexpected failures 10
# of expected failures 12
# of unsupported tests 13
Running target unix/-mabi=64
FAIL: gnat.dg/align_max.adb execution test
FAIL: gnat.dg/allocator_maxalign1.adb execution test
FAIL: gnat.dg/pack9.adb scan-tree-dump-not optimized "gnat_rcheck"
FAIL: gnat.dg/stack_check2.adb execution test
FAIL: gnat.dg/test_allocator_maxalign2.adb execution test
=== gnat Summary for unix/-mabi=64 ===
# of expected passes 1039
# of unexpected failures 5
# of expected failures 12
# of unsupported tests 13
=== gnat Summary ===
# of expected passes 2073
# of unexpected failures 15
# of expected failures 24
# of unsupported tests 26
/var/gcc/regression/trunk/6.5-gcc/build/gcc/gnatmake version 4.7.0 20120113 (experimental) [trunk revision 183155]
=== go tests ===
Running target unix
FAIL: go.go-torture/execute/go-3.go execution, -O0
FAIL: go.go-torture/execute/select-1.go execution, -O0
FAIL: go.go-torture/execute/select-1.go execution, -O1
FAIL: go.go-torture/execute/select-1.go execution, -O2
FAIL: go.go-torture/execute/select-1.go execution, -O2 -fomit-frame-pointer -finline-functions
FAIL: go.go-torture/execute/select-1.go execution, -O2 -fomit-frame-pointer -finline-functions -funroll-loops
FAIL: go.go-torture/execute/select-1.go execution, -O2 -fbounds-check
FAIL: go.go-torture/execute/select-1.go execution, -O3 -g
FAIL: go.go-torture/execute/select-1.go execution, -Os
FAIL: go.test/test/235.go execution, -O2 -g
FAIL: go.test/test/64bit.go execution
FAIL: go.test/test/append.go execution, -O2 -g
FAIL: go.test/test/bigalg.go execution, -O2 -g
FAIL: go.test/test/chan/doubleselect.go execution, -O2 -g
FAIL: go.test/test/chan/fifo.go execution, -O2 -g
FAIL: go.test/test/chan/goroutines.go execution, -O2 -g
FAIL: go.test/test/chan/nonblock.go execution, -O2 -g
FAIL: go.test/test/chan/powser1.go execution, -O2 -g
FAIL: go.test/test/chan/powser2.go execution, -O2 -g
FAIL: go.test/test/chan/select.go execution, -O2 -g
FAIL: go.test/test/chan/select2.go execution, -O2 -g
FAIL: go.test/test/chan/select3.go execution, -O2 -g
FAIL: go.test/test/chan/select4.go execution, -O2 -g
FAIL: go.test/test/chan/select5.go execution
FAIL: go.test/test/chan/select6.go execution, -O2 -g
FAIL: go.test/test/chan/sendstmt.go execution, -O2 -g
FAIL: go.test/test/chan/sieve1.go execution, -O2 -g
FAIL: go.test/test/chan/sieve2.go execution, -O2 -g
FAIL: go.test/test/closedchan.go execution, -O2 -g
FAIL: go.test/test/closure.go execution, -O2 -g
FAIL: go.test/test/cmplxdivide.go
FAIL: go.test/test/env.go execution, -O2 -g
FAIL: go.test/test/escape.go execution, -O2 -g
FAIL: go.test/test/fixedbugs/bug147.go execution, -O2 -g
FAIL: go.test/test/fixedbugs/bug206.go execution, -O2 -g
FAIL: go.test/test/fixedbugs/bug234.go execution, -O2 -g
FAIL: go.test/test/fixedbugs/bug242.go execution, -O2 -g
FAIL: go.test/test/fixedbugs/bug243.go execution, -O2 -g
FAIL: go.test/test/fixedbugs/bug257.go execution, -O2 -g
FAIL: go.test/test/fixedbugs/bug266.go execution, -O2 -g
FAIL: go.test/test/fixedbugs/bug272.go execution, -O2 -g
FAIL: go.test/test/fixedbugs/bug273.go execution, -O2 -g
FAIL: go.test/test/fixedbugs/bug312.go execution, -O2 -g
FAIL: go.test/test/fixedbugs/bug320.go execution, -O2 -g
FAIL: go.test/test/func5.go execution, -O2 -g
FAIL: go.test/test/index.go execution 0
FAIL: go.test/test/ken/chan.go execution, -O2 -g
FAIL: go.test/test/ken/chan1.go execution, -O2 -g
FAIL: go.test/test/ken/cplx5.go execution, -O2 -g
FAIL: go.test/test/mallocfin.go execution, -O2 -g
FAIL: go.test/test/mallocrand.go execution, -O2 -g
FAIL: go.test/test/nil.go execution, -O2 -g
FAIL: go.test/test/range.go execution, -O2 -g
FAIL: go.test/test/recover.go execution, -O2 -g
FAIL: go.test/test/recover1.go execution, -O2 -g
FAIL: go.test/test/recover2.go execution, -O2 -g
FAIL: go.test/test/recover3.go execution, -O2 -g
FAIL: go.test/test/stack.go execution, -O2 -g
WARNING: program timed out.
=== go Summary for unix ===
# of expected passes 3076
# of unexpected failures 58
# of expected failures 22
# of untested testcases 2
# of unsupported tests 4
Running target unix/-mabi=64
FAIL: go.go-torture/execute/select-1.go execution, -O0
FAIL: go.go-torture/execute/select-1.go execution, -O1
FAIL: go.go-torture/execute/select-1.go execution, -O2
FAIL: go.go-torture/execute/select-1.go execution, -O2 -fomit-frame-pointer -finline-functions
FAIL: go.go-torture/execute/select-1.go execution, -O2 -fomit-frame-pointer -finline-functions -funroll-loops
FAIL: go.go-torture/execute/select-1.go execution, -O2 -fbounds-check
FAIL: go.go-torture/execute/select-1.go execution, -O3 -g
FAIL: go.go-torture/execute/select-1.go execution, -Os
FAIL: go.test/test/235.go execution, -O2 -g
FAIL: go.test/test/64bit.go execution
FAIL: go.test/test/append.go execution, -O2 -g
FAIL: go.test/test/bigalg.go execution, -O2 -g
FAIL: go.test/test/chan/doubleselect.go execution, -O2 -g
FAIL: go.test/test/chan/fifo.go execution, -O2 -g
FAIL: go.test/test/chan/goroutines.go execution, -O2 -g
FAIL: go.test/test/chan/nonblock.go execution, -O2 -g
FAIL: go.test/test/chan/powser1.go execution, -O2 -g
FAIL: go.test/test/chan/powser2.go execution, -O2 -g
FAIL: go.test/test/chan/select.go execution, -O2 -g
FAIL: go.test/test/chan/select2.go execution, -O2 -g
FAIL: go.test/test/chan/select3.go execution, -O2 -g
FAIL: go.test/test/chan/select4.go execution, -O2 -g
FAIL: go.test/test/chan/select5.go execution
FAIL: go.test/test/chan/select6.go execution, -O2 -g
FAIL: go.test/test/chan/sendstmt.go execution, -O2 -g
FAIL: go.test/test/chan/sieve1.go execution, -O2 -g
FAIL: go.test/test/chan/sieve2.go execution, -O2 -g
FAIL: go.test/test/closedchan.go execution, -O2 -g
FAIL: go.test/test/closure.go execution, -O2 -g
FAIL: go.test/test/cmplxdivide.go
FAIL: go.test/test/copy.go execution, -O2 -g
FAIL: go.test/test/escape.go execution, -O2 -g
FAIL: go.test/test/fixedbugs/bug206.go execution, -O2 -g
FAIL: go.test/test/fixedbugs/bug225.go execution, -O2 -g
FAIL: go.test/test/fixedbugs/bug234.go execution, -O2 -g
FAIL: go.test/test/fixedbugs/bug242.go execution, -O2 -g
FAIL: go.test/test/fixedbugs/bug257.go execution, -O2 -g
FAIL: go.test/test/fixedbugs/bug266.go execution, -O2 -g
FAIL: go.test/test/fixedbugs/bug272.go execution, -O2 -g
FAIL: go.test/test/fixedbugs/bug273.go execution, -O2 -g
FAIL: go.test/test/fixedbugs/bug312.go execution, -O2 -g
FAIL: go.test/test/fixedbugs/bug320.go execution, -O2 -g
FAIL: go.test/test/func5.go execution, -O2 -g
FAIL: go.test/test/index.go execution 0
FAIL: go.test/test/index.go execution 1
FAIL: go.test/test/index.go execution 2
FAIL: go.test/test/ken/chan.go execution, -O2 -g
FAIL: go.test/test/ken/chan1.go execution, -O2 -g
FAIL: go.test/test/ken/cplx3.go execution, -O2 -g
FAIL: go.test/test/ken/cplx5.go execution, -O2 -g
FAIL: go.test/test/mallocfin.go execution, -O2 -g
FAIL: go.test/test/mallocrep.go execution, -O2 -g
FAIL: go.test/test/nil.go execution, -O2 -g
FAIL: go.test/test/peano.go execution, -O2 -g
FAIL: go.test/test/range.go execution, -O2 -g
FAIL: go.test/test/recover.go execution, -O2 -g
FAIL: go.test/test/recover1.go execution, -O2 -g
FAIL: go.test/test/recover2.go execution, -O2 -g
FAIL: go.test/test/recover3.go execution, -O2 -g
FAIL: go.test/test/stack.go execution, -O2 -g
FAIL: go.test/test/zerodivide.go execution, -O2 -g
WARNING: program timed out.
=== go Summary for unix/-mabi=64 ===
# of expected passes 1931
# of unexpected failures 61
# of expected failures 22
# of untested testcases 2
# of unsupported tests 4
=== go Summary ===
# of expected passes 5007
# of unexpected failures 119
# of expected failures 44
# of untested testcases 4
# of unsupported tests 8
/var/gcc/regression/trunk/6.5-gcc/build/gcc/testsuite/go/../../gccgo version 4.7.0 20120113 (experimental) [trunk revision 183155] (GCC)
=== obj-c++ tests ===
Running target unix
=== obj-c++ Summary for unix ===
# of expected passes 1450
# of expected failures 2
# of unsupported tests 86
Running target unix/-mabi=64
=== obj-c++ Summary for unix/-mabi=64 ===
# of expected passes 1442
# of expected failures 10
# of unsupported tests 86
=== obj-c++ Summary ===
# of expected passes 2892
# of expected failures 12
# of unsupported tests 172
/var/gcc/regression/trunk/6.5-gcc/build/gcc/testsuite/obj-c++/../../g++ version 4.7.0 20120113 (experimental) [trunk revision 183155] (GCC)
=== objc tests ===
Running target unix
FAIL: objc.dg/stabs-1.m scan-assembler (.SUBSPA.*[\$]CODE[\$]|.text"?)\\n\\t.stabs.*100,0,0,([.\$])?L?L[\$]?etext[0-9]*\\n([.\$])?L?L[\$]?etext
=== objc Summary for unix ===
# of expected passes 2993
# of unexpected failures 1
# of unsupported tests 74
Running target unix/-mabi=64
FAIL: objc.dg/stabs-1.m scan-assembler (.SUBSPA.*[\$]CODE[\$]|.text"?)\\n\\t.stabs.*100,0,0,([.\$])?L?L[\$]?etext[0-9]*\\n([.\$])?L?L[\$]?etext
=== objc Summary for unix/-mabi=64 ===
# of expected passes 2993
# of unexpected failures 1
# of unsupported tests 74
=== objc Summary ===
# of expected passes 5986
# of unexpected failures 2
# of unsupported tests 148
/var/gcc/regression/trunk/6.5-gcc/build/gcc/xgcc version 4.7.0 20120113 (experimental) [trunk revision 183155] (GCC)
=== boehm-gc tests ===
Running target unix
=== boehm-gc Summary for unix ===
# of expected passes 12
# of unsupported tests 1
Running target unix/-mabi=64
FAIL: staticrootslib.lo -O2 (test for excess errors)
FAIL: boehm-gc.lib/staticrootstest.c -O2 (test for excess errors)
WARNING: boehm-gc.lib/staticrootstest.c -O2 compilation failed to produce executable
=== boehm-gc Summary for unix/-mabi=64 ===
# of expected passes 9
# of unexpected failures 2
# of unsupported tests 1
=== boehm-gc Summary ===
# of expected passes 21
# of unexpected failures 2
# of unsupported tests 2
=== libffi tests ===
Running target unix
=== libffi Summary for unix ===
# of expected passes 1624
# of expected failures 20
# of unsupported tests 15
Running target unix/-mabi=64
=== libffi Summary for unix/-mabi=64 ===
# of expected passes 1624
# of expected failures 20
# of unsupported tests 15
=== libffi Summary ===
# of expected passes 3248
# of expected failures 40
# of unsupported tests 30
=== libgo tests ===
Running target unix
FAIL: bufio
FAIL: bytes
FAIL: errors
FAIL: expvar
FAIL: flag
FAIL: fmt
FAIL: html
FAIL: image
FAIL: io
FAIL: log
FAIL: math
FAIL: mime
FAIL: net
FAIL: os
FAIL: patch
FAIL: path
FAIL: reflect
FAIL: regexp
FAIL: runtime
FAIL: sort
FAIL: strconv
FAIL: strings
FAIL: sync
FAIL: time
FAIL: unicode
FAIL: websocket
FAIL: archive/tar
FAIL: archive/zip
FAIL: compress/bzip2
FAIL: compress/flate
FAIL: compress/gzip
FAIL: compress/lzw
FAIL: compress/zlib
FAIL: container/heap
FAIL: container/list
FAIL: container/ring
FAIL: crypto/aes
FAIL: crypto/bcrypt
FAIL: crypto/blowfish
FAIL: crypto/cast5
FAIL: crypto/cipher
FAIL: crypto/des
FAIL: crypto/dsa
FAIL: crypto/ecdsa
FAIL: crypto/elliptic
FAIL: crypto/hmac
FAIL: crypto/md4
FAIL: crypto/md5
FAIL: crypto/ocsp
FAIL: crypto/openpgp
FAIL: crypto/rand
FAIL: crypto/rc4
FAIL: crypto/ripemd160
FAIL: crypto/rsa
FAIL: crypto/sha1
FAIL: crypto/sha256
FAIL: crypto/sha512
FAIL: crypto/subtle
FAIL: crypto/tls
FAIL: crypto/twofish
FAIL: crypto/x509
FAIL: crypto/xtea
FAIL: crypto/openpgp/armor
FAIL: crypto/openpgp/elgamal
FAIL: crypto/openpgp/packet
FAIL: crypto/openpgp/s2k
FAIL: debug/dwarf
FAIL: debug/elf
FAIL: debug/macho
FAIL: debug/pe
FAIL: encoding/ascii85
FAIL: encoding/asn1
FAIL: encoding/base32
FAIL: encoding/base64
FAIL: encoding/binary
FAIL: encoding/csv
FAIL: encoding/git85
FAIL: encoding/gob
FAIL: encoding/hex
FAIL: encoding/json
FAIL: encoding/pem
FAIL: encoding/xml
FAIL: exp/ebnf
FAIL: exp/norm
FAIL: exp/spdy
FAIL: exp/sql
FAIL: exp/ssh
FAIL: exp/terminal
FAIL: html/template
FAIL: go/ast
FAIL: go/doc
FAIL: go/parser
FAIL: go/printer
FAIL: go/scanner
FAIL: go/token
FAIL: hash/adler32
FAIL: hash/crc32
FAIL: hash/crc64
FAIL: hash/fnv
FAIL: image/color
FAIL: image/draw
FAIL: image/jpeg
FAIL: image/png
FAIL: image/tiff
FAIL: index/suffixarray
FAIL: io/ioutil
FAIL: log/syslog
FAIL: math/big
FAIL: math/cmplx
FAIL: math/rand
FAIL: mime/multipart
FAIL: net/http
FAIL: net/http/cgi
FAIL: net/http/fcgi
FAIL: net/http/httputil
FAIL: net/mail
FAIL: net/rpc
FAIL: net/smtp
FAIL: net/textproto
FAIL: net/url
FAIL: net/rpc/jsonrpc
FAIL: old/netchan
FAIL: old/regexp
FAIL: old/template
FAIL: os/exec
FAIL: os/user
FAIL: os/signal
FAIL: path/filepath
FAIL: regexp/syntax
FAIL: sync/atomic
FAIL: text/scanner
FAIL: text/tabwriter
FAIL: text/template
FAIL: text/template/parse
FAIL: testing/quick
FAIL: testing/script
FAIL: unicode/utf16
FAIL: unicode/utf8
=== libgo Summary for unix ===
# of unexpected failures 138
Running target unix/-mabi=64
FAIL: bufio
FAIL: bytes
FAIL: errors
FAIL: expvar
FAIL: flag
FAIL: fmt
FAIL: html
FAIL: image
FAIL: io
FAIL: log
FAIL: math
FAIL: mime
FAIL: net
FAIL: os
FAIL: patch
FAIL: path
FAIL: reflect
FAIL: regexp
FAIL: runtime
FAIL: sort
FAIL: strconv
FAIL: strings
FAIL: sync
FAIL: time
FAIL: unicode
FAIL: websocket
FAIL: archive/tar
FAIL: archive/zip
FAIL: compress/bzip2
FAIL: compress/flate
FAIL: compress/gzip
FAIL: compress/lzw
FAIL: compress/zlib
FAIL: container/heap
FAIL: container/list
FAIL: container/ring
FAIL: crypto/aes
FAIL: crypto/bcrypt
FAIL: crypto/blowfish
FAIL: crypto/cast5
FAIL: crypto/cipher
FAIL: crypto/des
FAIL: crypto/dsa
FAIL: crypto/ecdsa
FAIL: crypto/elliptic
FAIL: crypto/hmac
FAIL: crypto/md4
FAIL: crypto/md5
FAIL: crypto/ocsp
FAIL: crypto/openpgp
FAIL: crypto/rand
FAIL: crypto/rc4
FAIL: crypto/ripemd160
FAIL: crypto/rsa
FAIL: crypto/sha1
FAIL: crypto/sha256
FAIL: crypto/sha512
FAIL: crypto/subtle
FAIL: crypto/tls
FAIL: crypto/twofish
FAIL: crypto/x509
FAIL: crypto/xtea
FAIL: crypto/openpgp/armor
FAIL: crypto/openpgp/elgamal
FAIL: crypto/openpgp/packet
FAIL: crypto/openpgp/s2k
FAIL: debug/dwarf
FAIL: debug/elf
FAIL: debug/macho
FAIL: debug/pe
FAIL: encoding/ascii85
FAIL: encoding/asn1
FAIL: encoding/base32
FAIL: encoding/base64
FAIL: encoding/binary
FAIL: encoding/csv
FAIL: encoding/git85
FAIL: encoding/gob
FAIL: encoding/hex
FAIL: encoding/json
FAIL: encoding/pem
FAIL: encoding/xml
FAIL: exp/ebnf
FAIL: exp/norm
FAIL: exp/spdy
FAIL: exp/sql
FAIL: exp/ssh
FAIL: exp/terminal
FAIL: html/template
FAIL: go/ast
FAIL: go/doc
FAIL: go/parser
FAIL: go/printer
FAIL: go/scanner
FAIL: go/token
FAIL: hash/adler32
FAIL: hash/crc32
FAIL: hash/crc64
FAIL: hash/fnv
FAIL: image/color
FAIL: image/draw
FAIL: image/jpeg
FAIL: image/png
FAIL: image/tiff
FAIL: index/suffixarray
FAIL: io/ioutil
FAIL: log/syslog
FAIL: math/big
FAIL: math/cmplx
FAIL: math/rand
FAIL: mime/multipart
FAIL: net/http
FAIL: net/http/cgi
FAIL: net/http/fcgi
FAIL: net/http/httputil
FAIL: net/mail
FAIL: net/rpc
FAIL: net/smtp
FAIL: net/textproto
FAIL: net/url
FAIL: net/rpc/jsonrpc
FAIL: old/netchan
FAIL: old/regexp
FAIL: old/template
FAIL: os/exec
FAIL: os/user
FAIL: os/signal
FAIL: path/filepath
FAIL: regexp/syntax
FAIL: sync/atomic
FAIL: text/scanner
FAIL: text/tabwriter
FAIL: text/template
FAIL: text/template/parse
FAIL: testing/quick
FAIL: testing/script
FAIL: unicode/utf16
FAIL: unicode/utf8
=== libgo Summary for unix/-mabi=64 ===
# of unexpected failures 138
=== libgo Summary ===
# of unexpected failures 276
/var/gcc/regression/trunk/6.5-gcc/build/./gcc/gccgo version 4.7.0 20120113 (experimental) [trunk revision 183155] (GCC)
=== libgomp tests ===
Running target unix
=== libgomp Summary for unix ===
# of expected passes 2988
# of unsupported tests 3
Running target unix/-mabi=64
=== libgomp Summary for unix/-mabi=64 ===
# of expected passes 2988
# of unsupported tests 3
=== libgomp Summary ===
# of expected passes 5976
# of unsupported tests 6
=== libjava tests ===
Running target unix
WARNING: program timed out.
FAIL: getstacktrace run
WARNING: program timed out.
FAIL: getallthreads run
FAIL: Thread_Interrupt output - source compiled test
FAIL: Thread_Interrupt -findirect-dispatch output - source compiled test
FAIL: Thread_Interrupt -O3 output - source compiled test
FAIL: Thread_Interrupt -O3 -findirect-dispatch output - source compiled test
=== libjava Summary for unix ===
# of expected passes 2568
# of unexpected failures 6
# of untested testcases 2
Running target unix/-mabi=64
WARNING: program timed out.
FAIL: getstacktrace run
WARNING: program timed out.
FAIL: getallthreads run
FAIL: Process_1 -O3 output - source compiled test
FAIL: Process_1 -O3 -findirect-dispatch output - source compiled test
FAIL: Process_2 output - source compiled test
FAIL: Process_2 -findirect-dispatch output - source compiled test
FAIL: Process_2 -O3 output - source compiled test
FAIL: Process_2 -O3 -findirect-dispatch output - source compiled test
FAIL: Process_7 -O3 output - source compiled test
FAIL: Process_7 -O3 -findirect-dispatch output - source compiled test
FAIL: Thread_Interrupt output - source compiled test
FAIL: Thread_Interrupt -findirect-dispatch output - source compiled test
FAIL: Thread_Interrupt -O3 output - source compiled test
FAIL: Thread_Interrupt -O3 -findirect-dispatch output - source compiled test
=== libjava Summary for unix/-mabi=64 ===
# of expected passes 2560
# of unexpected failures 14
# of untested testcases 2
=== libjava Summary ===
# of expected passes 5128
# of unexpected failures 20
# of untested testcases 4
=== libstdc++ tests ===
Running target unix
FAIL: 18_support/numeric_limits/epsilon.cc execution test
FAIL: 21_strings/basic_string/inserters_extractors/wchar_t/1.cc execution test
FAIL: 21_strings/basic_string/inserters_extractors/wchar_t/11.cc execution test
FAIL: 21_strings/basic_string/inserters_extractors/wchar_t/5.cc execution test
FAIL: 22_locale/ctype/cons/char/1.cc execution test
FAIL: 22_locale/ctype/is/wchar_t/1.cc execution test
FAIL: 22_locale/ctype/scan/wchar_t/1.cc execution test
FAIL: 22_locale/money_get/get/wchar_t/19.cc execution test
FAIL: 22_locale/money_get/get/wchar_t/8.cc execution test
FAIL: 23_containers/unordered_multimap/erase/24061-multimap.cc execution test
FAIL: 26_numerics/complex/inserters_extractors/wchar_t/1.cc execution test
FAIL: 26_numerics/headers/cmath/c99_classification_macros_c.cc (test for excess errors)
FAIL: 27_io/basic_istream/extractors_arithmetic/char/12.cc execution test
FAIL: 27_io/basic_istream/extractors_arithmetic/wchar_t/01.cc execution test
FAIL: 27_io/basic_istream/extractors_arithmetic/wchar_t/07.cc execution test
FAIL: 27_io/basic_istream/extractors_arithmetic/wchar_t/08.cc execution test
FAIL: 27_io/basic_istream/extractors_arithmetic/wchar_t/10.cc execution test
FAIL: 27_io/basic_istream/extractors_arithmetic/wchar_t/12.cc execution test
FAIL: 27_io/basic_istream/extractors_arithmetic/wchar_t/13.cc execution test
FAIL: 27_io/basic_istream/extractors_character/wchar_t/1.cc execution test
FAIL: 27_io/basic_istream/extractors_character/wchar_t/11095-i.cc execution test
FAIL: 27_io/basic_istream/extractors_character/wchar_t/2.cc execution test
FAIL: 27_io/basic_istream/extractors_character/wchar_t/3.cc execution test
FAIL: 27_io/basic_istream/extractors_character/wchar_t/4.cc execution test
FAIL: 27_io/basic_istream/sentry/wchar_t/2.cc execution test
FAIL: 27_io/basic_istream/ws/wchar_t/1.cc execution test
=== libstdc++ Summary for unix ===
# of expected passes 7657
# of unexpected failures 26
# of expected failures 43
# of unsupported tests 617
Running target unix/-mabi=64
FAIL: 18_support/numeric_limits/epsilon.cc execution test
FAIL: 21_strings/basic_string/inserters_extractors/wchar_t/1.cc execution test
FAIL: 21_strings/basic_string/inserters_extractors/wchar_t/11.cc execution test
FAIL: 21_strings/basic_string/inserters_extractors/wchar_t/5.cc execution test
FAIL: 22_locale/ctype/cons/char/1.cc execution test
FAIL: 22_locale/ctype/is/wchar_t/1.cc execution test
FAIL: 22_locale/ctype/scan/wchar_t/1.cc execution test
FAIL: 22_locale/money_get/get/wchar_t/19.cc execution test
FAIL: 22_locale/money_get/get/wchar_t/8.cc execution test
FAIL: 26_numerics/complex/inserters_extractors/wchar_t/1.cc execution test
FAIL: 26_numerics/headers/cmath/c99_classification_macros_c.cc (test for excess errors)
FAIL: 27_io/basic_istream/extractors_arithmetic/char/12.cc execution test
FAIL: 27_io/basic_istream/extractors_arithmetic/wchar_t/01.cc execution test
FAIL: 27_io/basic_istream/extractors_arithmetic/wchar_t/07.cc execution test
FAIL: 27_io/basic_istream/extractors_arithmetic/wchar_t/08.cc execution test
FAIL: 27_io/basic_istream/extractors_arithmetic/wchar_t/10.cc execution test
FAIL: 27_io/basic_istream/extractors_arithmetic/wchar_t/12.cc execution test
FAIL: 27_io/basic_istream/extractors_arithmetic/wchar_t/13.cc execution test
FAIL: 27_io/basic_istream/extractors_character/wchar_t/1.cc execution test
FAIL: 27_io/basic_istream/extractors_character/wchar_t/11095-i.cc execution test
FAIL: 27_io/basic_istream/extractors_character/wchar_t/2.cc execution test
FAIL: 27_io/basic_istream/extractors_character/wchar_t/3.cc execution test
FAIL: 27_io/basic_istream/extractors_character/wchar_t/4.cc execution test
FAIL: 27_io/basic_istream/sentry/wchar_t/2.cc execution test
FAIL: 27_io/basic_istream/ws/wchar_t/1.cc execution test
=== libstdc++ Summary for unix/-mabi=64 ===
# of expected passes 7658
# of unexpected failures 25
# of expected failures 43
# of unsupported tests 617
=== libstdc++ Summary ===
# of expected passes 15315
# of unexpected failures 51
# of expected failures 86
# of unsupported tests 1234
=== libstdc++ Summary ===
Compiler version: 4.7.0 20120113 (experimental) [trunk revision 183155] (GCC)
Platform: mips-sgi-irix6.5
configure flags: --prefix=/vol/gcc --target=mips-sgi-irix6.5 --enable-checking=release --with-libelf=/vol/gcc --enable-libgcj --enable-objc-gc --with-host-libstdcxx='-Wl,-Bstatic -lstdc++ -Wl,-Bdynamic -lm' --with-boot-ldflags='-static-libstdc++ -static-libgcc -L/vol/gcc-4.4/lib32' --enable-obsolete --with-as=/vol/gcc/bin/gas-2.22 --with-gnu-as --with-gmp-include=/vol/gcc/include --with-gmp-lib=/vol/gcc/lib --with-mpfr-include=/vol/gcc/include --with-mpfr-lib=/vol/gcc/lib --with-mpc-include=/vol/gcc/include --with-mpc-lib=/vol/gcc/lib --enable-languages=all,ada,obj-c++,go --with-ppl-include=/vol/gcc/include --with-ppl-lib=/vol/gcc/lib --with-cloog-include=/vol/gcc/include --with-cloog-lib=/vol/gcc/lib --enable-cloog-backend=ppl
BOOT_CFLAGS=-g -O2
-----------------------------------------------------------------------------
Rainer Orth, Center for Biotechnology, Bielefeld University
More information about the Gcc-testresults
mailing list