Results for 4.7.0 20120106 (experimental) [trunk revision 182957] (GCC) testsuite on hppa2.0w-hp-hpux11.00

John David Anglin dave@hiauly2.hia.nrc.ca
Fri Jan 13 18:59:00 GMT 2012


		=== acats tests ===

		=== acats Summary ===
# of expected passes		2321
# of unexpected failures	0
Native configuration is hppa2.0w-hp-hpux11.00

		=== g++ tests ===


Running target unix
WARNING: g++.dg/ext/label13.C -std=gnu++98 compilation failed to produce executable
WARNING: g++.dg/ext/label13.C -std=gnu++11 compilation failed to produce executable
WARNING: program timed out.
FAIL: g++.dg/simulate-thread/atomics-1.C  -O0 -g  thread simulation test
FAIL: g++.dg/simulate-thread/atomics-2.C  -O0 -g  thread simulation test
FAIL: c-c++-common/simulate-thread/bitfields-2.c  -Os -g  thread simulation test
FAIL: c-c++-common/simulate-thread/bitfields-3.c  -O0 -g  thread simulation test

		=== g++ Summary ===

# of expected passes		42100
# of unexpected failures	4
# of expected failures		292
# of unsupported tests		930
/home/gnu/gcc/objdir/gcc/testsuite/g++/../../g++  version 4.7.0 20120106 (experimental) [trunk revision 182957] (GCC) 

		=== gcc tests ===


Running target unix
WARNING: program timed out.
FAIL: c-c++-common/simulate-thread/bitfields-2.c  -Os -g  thread simulation test
FAIL: gcc.dg/tm/pr51472.c (test for excess errors)
FAIL: gcc.misc-tests/gcov-13.c execution test
FAIL: gcc.misc-tests/gcovpart-13b.c:3:is #####:should be 1
FAIL: gcc.misc-tests/gcovpart-13b.c gcov: 1 failures in line counts, 0 in branch percentages, 0 in return percentages
FAIL: gcc.misc-tests/gcov-14.c (test for excess errors)
WARNING: gcc.misc-tests/gcov-14.c compilation failed to produce executable
FAIL: gcc.misc-tests/gcov-14.c gcov failed: gcov-14.c.gcov does not exist

		=== gcc Summary ===

# of expected passes		58551
# of unexpected failures	7
# of expected failures		122
# of unsupported tests		1399
/home/gnu/gcc/objdir/gcc/xgcc  version 4.7.0 20120106 (experimental) [trunk revision 182957] (GCC) 

		=== gfortran tests ===


Running target unix
WARNING: program timed out.
FAIL: gfortran.dg/array_constructor_33.f90  -O  (test for excess errors)
FAIL: gfortran.dg/pr45636.f90  -O  scan-tree-dump-times forwprop2 "memset" 0
FAIL: gfortran.dg/quad_2.f90  -O0  (test for excess errors)
WARNING: gfortran.dg/quad_2.f90  -O0  compilation failed to produce executable
FAIL: gfortran.dg/quad_2.f90  -O1  (test for excess errors)
WARNING: gfortran.dg/quad_2.f90  -O1  compilation failed to produce executable
FAIL: gfortran.dg/quad_2.f90  -O2  (test for excess errors)
WARNING: gfortran.dg/quad_2.f90  -O2  compilation failed to produce executable
FAIL: gfortran.dg/quad_2.f90  -O3 -fomit-frame-pointer  (test for excess errors)
WARNING: gfortran.dg/quad_2.f90  -O3 -fomit-frame-pointer  compilation failed to produce executable
FAIL: gfortran.dg/quad_2.f90  -O3 -fomit-frame-pointer -funroll-loops  (test for excess errors)
WARNING: gfortran.dg/quad_2.f90  -O3 -fomit-frame-pointer -funroll-loops  compilation failed to produce executable
FAIL: gfortran.dg/quad_2.f90  -O3 -fomit-frame-pointer -funroll-all-loops -finline-functions  (test for excess errors)
WARNING: gfortran.dg/quad_2.f90  -O3 -fomit-frame-pointer -funroll-all-loops -finline-functions  compilation failed to produce executable
FAIL: gfortran.dg/quad_2.f90  -O3 -g  (test for excess errors)
WARNING: gfortran.dg/quad_2.f90  -O3 -g  compilation failed to produce executable
FAIL: gfortran.dg/quad_2.f90  -Os  (test for excess errors)
WARNING: gfortran.dg/quad_2.f90  -Os  compilation failed to produce executable

		=== gfortran Summary ===

# of expected passes		38933
# of unexpected failures	10
# of expected failures		42
# of unsupported tests		388
/home/gnu/gcc/objdir/gcc/testsuite/gfortran/../../gfortran  version 4.7.0 20120106 (experimental) [trunk revision 182957] (GCC) 

		=== gnat tests ===


Running target unix

		=== gnat Summary ===

# of expected passes		1045
# of expected failures		12
# of unsupported tests		11
/home/gnu/gcc/objdir/gcc/gnatmake version 4.7.0 20120106 (experimental) [trunk revision 182957]

		=== obj-c++ tests ===


Running target unix

		=== obj-c++ Summary ===

# of expected passes		1408
# of expected failures		2
# of unsupported tests		69
/home/gnu/gcc/objdir/gcc/testsuite/obj-c++/../../g++  version 4.7.0 20120106 (experimental) [trunk revision 182957] (GCC) 

		=== objc tests ===


Running target unix

		=== objc Summary ===

# of expected passes		2920
# of unsupported tests		65
/home/gnu/gcc/objdir/gcc/xgcc  version 4.7.0 20120106 (experimental) [trunk revision 182957] (GCC) 

		=== boehm-gc tests ===


Running target unix
FAIL: boehm-gc.c/gctest.c -O2 (test for excess errors)
FAIL: boehm-gc.c/leak_test.c -O2 (test for excess errors)
FAIL: boehm-gc.c/middle.c -O2 (test for excess errors)
FAIL: boehm-gc.c/thread_leak_test.c -O2 (test for excess errors)
FAIL: boehm-gc.lib/staticrootstest.c -O2 (test for excess errors)

		=== boehm-gc Summary ===

# of expected passes		7
# of unexpected failures	5
# of unsupported tests		1
		=== libffi tests ===


Running target unix

		=== libffi Summary ===

# of expected passes		1634
# of expected failures		10
# of unsupported tests		15
		=== libgomp tests ===


Running target unix

		=== libgomp Summary ===

# of expected passes		2928
# of unsupported tests		10
		=== libjava tests ===


Running target unix
FAIL: LargeFile execution - source compiled test
FAIL: LargeFile -findirect-dispatch execution - source compiled test
FAIL: LargeFile -O3 execution - source compiled test
FAIL: LargeFile -O3 -findirect-dispatch execution - source compiled test

		=== libjava Summary ===

# of expected passes		2566
# of unexpected failures	4
# of untested testcases		4
		=== libstdc++ tests ===


Running target unix
FAIL: 23_containers/unordered_multimap/erase/24061-multimap.cc execution test
WARNING: program timed out.
FAIL: 23_containers/vector/bool/modifiers/insert/31370.cc execution test

		=== libstdc++ Summary ===

# of expected passes		6319
# of unexpected failures	2
# of expected failures		43
# of unsupported tests		633

Compiler version: 4.7.0 20120106 (experimental) [trunk revision 182957] (GCC) 
Platform: hppa2.0w-hp-hpux11.00
configure flags:Test Run By dave on Tue Jan 10 09:34:50 EST 2012



More information about the Gcc-testresults mailing list