Results for 4.7.0 20120113 (experimental) (GCC) testsuite on i686-pc-linux-gnu
CodeSourcery Automatic Testing System
gcc@codesourcery.com
Fri Jan 13 12:34:00 GMT 2012
LAST_UPDATED: Fri Jan 13 08:34:16 UTC 2012 (/trunk revision 183150)
Native configuration is i686-pc-linux-gnu
=== g++ tests ===
Running target localhost
FAIL: c-c++-common/guality/pr43141.c -O2 -flto -fno-use-linker-plugin -flto-partition=none (test for excess errors)
=== g++ Summary ===
# of expected passes 47473
# of unexpected failures 1
# of expected failures 286
# of unsupported tests 309
/scratch/gcc/nightly-2012-01-13-mainline/i686-pc-linux-gnu/obj/test-mainline-0-i686-pc-linux-gnu/host-i686-pc-linux-gnu/fsf-mainline/bin/i686-pc-linux-gnu-g++ version 4.7.0 20120113 (experimental) (GCC)
=== Summary adjusted for local xfails ===
# of unexpected failures 1
# of expected passes 47473
# of expected failures 286
# of unsupported tests 309
=== gcc tests ===
Running target localhost
FAIL: gcc.dg/cproj-fails-with-broken-glibc.c execution test
XPASS: gcc.dg/inline_3.c (test for excess errors)
XPASS: gcc.dg/inline_4.c (test for excess errors)
XPASS: gcc.dg/unroll_2.c (test for excess errors)
XPASS: gcc.dg/unroll_3.c (test for excess errors)
XPASS: gcc.dg/unroll_4.c (test for excess errors)
XPASS: gcc.dg/guality/example.c -O0 execution test
XPASS: gcc.dg/guality/example.c -O1 execution test
XPASS: gcc.dg/guality/guality.c -O0 execution test
XPASS: gcc.dg/guality/guality.c -O1 execution test
XPASS: gcc.dg/guality/guality.c -O2 execution test
XPASS: gcc.dg/guality/guality.c -O3 -fomit-frame-pointer execution test
XPASS: gcc.dg/guality/guality.c -O3 -g execution test
XPASS: gcc.dg/guality/guality.c -Os execution test
XPASS: gcc.dg/guality/guality.c -O2 -flto -fno-use-linker-plugin -flto-partition=none execution test
XPASS: gcc.dg/guality/guality.c -O2 -flto -fuse-linker-plugin -fno-fat-lto-objects execution test
XPASS: gcc.dg/guality/inline-params.c -O2 execution test
XPASS: gcc.dg/guality/inline-params.c -O3 -fomit-frame-pointer execution test
XPASS: gcc.dg/guality/inline-params.c -O3 -g execution test
XPASS: gcc.dg/guality/inline-params.c -Os execution test
XPASS: gcc.dg/guality/inline-params.c -O2 -flto -fno-use-linker-plugin -flto-partition=none execution test
XPASS: gcc.dg/guality/inline-params.c -O2 -flto -fuse-linker-plugin -fno-fat-lto-objects execution test
FAIL: gcc.dg/guality/pr36728-2.c -O3 -g (test for excess errors)
XPASS: gcc.dg/guality/pr41353-1.c -O0 line 28 j == 28 + 37
XPASS: gcc.dg/guality/pr41353-1.c -O1 line 28 j == 28 + 37
XPASS: gcc.dg/guality/pr41353-1.c -O2 line 28 j == 28 + 37
XPASS: gcc.dg/guality/pr41353-1.c -O3 -fomit-frame-pointer line 28 j == 28 + 37
XPASS: gcc.dg/guality/pr41353-1.c -O3 -g line 28 j == 28 + 37
XPASS: gcc.dg/guality/pr41353-1.c -Os line 28 j == 28 + 37
XPASS: gcc.dg/guality/pr41353-1.c -O2 -flto -fno-use-linker-plugin -flto-partition=none line 28 j == 28 + 37
XPASS: gcc.dg/guality/pr41353-1.c -O2 -flto -fuse-linker-plugin -fno-fat-lto-objects line 28 j == 28 + 37
XPASS: gcc.dg/guality/pr41447-1.c -O0 execution test
XPASS: gcc.dg/guality/pr41447-1.c -O1 execution test
XPASS: gcc.dg/guality/pr41447-1.c -Os execution test
XPASS: gcc.dg/guality/pr41447-1.c -O2 -flto -fuse-linker-plugin -fno-fat-lto-objects execution test
XPASS: gcc.dg/guality/pr41616-1.c -O0 execution test
XPASS: gcc.dg/guality/pr41616-1.c -O1 execution test
XPASS: gcc.dg/guality/pr41616-1.c -O2 execution test
XPASS: gcc.dg/guality/pr41616-1.c -O3 -fomit-frame-pointer execution test
XPASS: gcc.dg/guality/pr41616-1.c -O3 -g execution test
XPASS: gcc.dg/guality/pr41616-1.c -Os execution test
XPASS: gcc.dg/guality/pr41616-1.c -O2 -flto -fno-use-linker-plugin -flto-partition=none execution test
ERROR: gcc.dg/guality/pr43177.c -O2 : error executing dg-final: couldn't fork child process: resource temporarily unavailable
UNRESOLVED: gcc.dg/guality/pr43177.c -O2 : error executing dg-final: couldn't fork child process: resource temporarily unavailable
FAIL: gcc.dg/guality/vla-1.c -O0 line 17 sizeof (a) == 6
FAIL: gcc.dg/guality/vla-1.c -O0 line 24 sizeof (a) == 17 * sizeof (short)
FAIL: gcc.dg/guality/vla-1.c -O1 line 17 sizeof (a) == 6
FAIL: gcc.dg/guality/vla-1.c -O1 line 24 sizeof (a) == 17 * sizeof (short)
FAIL: gcc.dg/guality/vla-1.c -O2 line 17 sizeof (a) == 6
FAIL: gcc.dg/guality/vla-1.c -O2 line 24 sizeof (a) == 17 * sizeof (short)
FAIL: gcc.dg/guality/vla-1.c -O3 -fomit-frame-pointer line 17 sizeof (a) == 6
FAIL: gcc.dg/guality/vla-1.c -O3 -fomit-frame-pointer line 24 sizeof (a) == 17 * sizeof (short)
FAIL: gcc.dg/guality/vla-1.c -O3 -g line 17 sizeof (a) == 6
FAIL: gcc.dg/guality/vla-1.c -O3 -g line 24 sizeof (a) == 17 * sizeof (short)
FAIL: gcc.dg/guality/vla-1.c -Os line 17 sizeof (a) == 6
FAIL: gcc.dg/guality/vla-1.c -Os line 24 sizeof (a) == 17 * sizeof (short)
FAIL: gcc.dg/guality/vla-1.c -O2 -flto -fno-use-linker-plugin -flto-partition=none line 17 sizeof (a) == 6
FAIL: gcc.dg/guality/vla-1.c -O2 -flto -fno-use-linker-plugin -flto-partition=none line 24 sizeof (a) == 17 * sizeof (short)
FAIL: gcc.dg/guality/vla-1.c -O2 -flto -fuse-linker-plugin -fno-fat-lto-objects line 17 sizeof (a) == 6
FAIL: gcc.dg/guality/vla-1.c -O2 -flto -fuse-linker-plugin -fno-fat-lto-objects line 24 sizeof (a) == 17 * sizeof (short)
FAIL: gcc.dg/guality/vla-2.c -O0 line 16 sizeof (a) == 5 * sizeof (int)
FAIL: gcc.dg/guality/vla-2.c -O0 line 25 sizeof (a) == 6 * sizeof (int)
FAIL: gcc.dg/guality/vla-2.c -O1 line 16 sizeof (a) == 5 * sizeof (int)
FAIL: gcc.dg/guality/vla-2.c -O1 line 25 sizeof (a) == 6 * sizeof (int)
FAIL: gcc.dg/guality/vla-2.c -O2 line 16 sizeof (a) == 5 * sizeof (int)
FAIL: gcc.dg/guality/vla-2.c -O2 line 25 sizeof (a) == 6 * sizeof (int)
FAIL: gcc.dg/guality/vla-2.c -O3 -fomit-frame-pointer line 16 sizeof (a) == 5 * sizeof (int)
FAIL: gcc.dg/guality/vla-2.c -O3 -fomit-frame-pointer line 25 sizeof (a) == 6 * sizeof (int)
FAIL: gcc.dg/guality/vla-2.c -O3 -g line 16 sizeof (a) == 5 * sizeof (int)
FAIL: gcc.dg/guality/vla-2.c -O3 -g line 25 sizeof (a) == 6 * sizeof (int)
FAIL: gcc.dg/guality/vla-2.c -Os line 16 sizeof (a) == 5 * sizeof (int)
FAIL: gcc.dg/guality/vla-2.c -Os line 25 sizeof (a) == 6 * sizeof (int)
FAIL: gcc.dg/guality/vla-2.c -O2 -flto -fno-use-linker-plugin -flto-partition=none line 16 sizeof (a) == 5 * sizeof (int)
FAIL: gcc.dg/guality/vla-2.c -O2 -flto -fno-use-linker-plugin -flto-partition=none line 25 sizeof (a) == 6 * sizeof (int)
FAIL: gcc.dg/guality/vla-2.c -O2 -flto -fuse-linker-plugin -fno-fat-lto-objects line 16 sizeof (a) == 5 * sizeof (int)
FAIL: gcc.dg/guality/vla-2.c -O2 -flto -fuse-linker-plugin -fno-fat-lto-objects line 25 sizeof (a) == 6 * sizeof (int)
FAIL: c-c++-common/guality/pr43141.c -O2 -flto -fno-use-linker-plugin -flto-partition=none (test for excess errors)
UNRESOLVED: c-c++-common/guality/pr43141.c -O2 -flto -fno-use-linker-plugin -flto-partition=none compilation failed to produce executable
XPASS: gcc.dg/vect/vect-multitypes-1.c scan-tree-dump-times vect "Alignment of access forced using peeling" 2
XPASS: gcc.dg/vect/vect-multitypes-1.c scan-tree-dump-times vect "Vectorizing an unaligned access" 4
XPASS: gcc.dg/vect/vect-peel-3.c scan-tree-dump-times vect "Vectorizing an unaligned access" 1
XPASS: gcc.dg/vect/vect-peel-3.c scan-tree-dump-times vect "Alignment of access forced using peeling" 1
XPASS: gcc.dg/vect/vect-multitypes-1.c -flto scan-tree-dump-times vect "Alignment of access forced using peeling" 2
XPASS: gcc.dg/vect/vect-multitypes-1.c -flto scan-tree-dump-times vect "Vectorizing an unaligned access" 4
XPASS: gcc.dg/vect/vect-peel-3.c -flto scan-tree-dump-times vect "Vectorizing an unaligned access" 1
XPASS: gcc.dg/vect/vect-peel-3.c -flto scan-tree-dump-times vect "Alignment of access forced using peeling" 1
XPASS: gcc.dg/vect/no-section-anchors-vect-69.c scan-tree-dump-times vect "Alignment of access forced using peeling" 2
=== gcc Summary ===
# of expected passes 85739
# of unexpected failures 35
# of unexpected successes 49
# of expected failures 279
# of unresolved testcases 2
# of unsupported tests 1001
/scratch/gcc/nightly-2012-01-13-mainline/i686-pc-linux-gnu/obj/test-mainline-0-i686-pc-linux-gnu/host-i686-pc-linux-gnu/fsf-mainline/bin/i686-pc-linux-gnu-gcc version 4.7.0 20120113 (experimental) (GCC)
=== Summary adjusted for local xfails ===
# of errors 1
# of unexpected failures 35
# of expected passes 85739
# of unexpected successes 49
# of expected failures 279
# of unresolved testcases 2
# of unsupported tests 1001
=== gfortran tests ===
Running target localhost
FAIL: gfortran.dg/exit_1.f08 -O0 (test for excess errors)
FAIL: gfortran.dg/exponent_1.f90 -O3 -fomit-frame-pointer -funroll-all-loops -finline-functions (test for excess errors)
=== gfortran Summary ===
# of expected passes 40299
# of unexpected failures 2
# of expected failures 56
# of unsupported tests 211
/scratch/gcc/nightly-2012-01-13-mainline/i686-pc-linux-gnu/obj/test-mainline-0-i686-pc-linux-gnu/host-i686-pc-linux-gnu/fsf-mainline/bin/i686-pc-linux-gnu-gfortran version 4.7.0 20120113 (experimental) (GCC)
=== Summary adjusted for local xfails ===
# of unexpected failures 2
# of expected passes 40299
# of expected failures 56
# of unsupported tests 211
=== libstdc++ tests ===
Running target localhost
ERROR: tcl error sourcing /scratch/gcc/nightly-2012-01-13-mainline/src/gcc-mainline/libstdc++-v3/testsuite/libstdc++-abi/abi.exp.
ERROR: can't read "baseline_subdir_switch": no such variable
FAIL: 27_io/basic_stringbuf/overflow/char/2.cc (test for excess errors)
UNRESOLVED: 27_io/basic_stringbuf/overflow/char/2.cc compilation failed to produce executable
FAIL: 27_io/basic_stringbuf/overflow/char/26250.cc (test for excess errors)
UNRESOLVED: 27_io/basic_stringbuf/overflow/char/26250.cc compilation failed to produce executable
FAIL: 27_io/basic_stringbuf/overflow/char/3599.cc (test for excess errors)
UNRESOLVED: 27_io/basic_stringbuf/overflow/char/3599.cc compilation failed to produce executable
FAIL: 27_io/basic_stringbuf/overflow/char/9988.cc (test for excess errors)
UNRESOLVED: 27_io/basic_stringbuf/overflow/char/9988.cc compilation failed to produce executable
FAIL: 27_io/basic_stringbuf/overflow/wchar_t/1.cc (test for excess errors)
UNRESOLVED: 27_io/basic_stringbuf/overflow/wchar_t/1.cc compilation failed to produce executable
FAIL: 27_io/basic_stringbuf/overflow/wchar_t/2.cc (test for excess errors)
UNRESOLVED: 27_io/basic_stringbuf/overflow/wchar_t/2.cc compilation failed to produce executable
FAIL: 27_io/basic_stringbuf/overflow/wchar_t/26250.cc (test for excess errors)
UNRESOLVED: 27_io/basic_stringbuf/overflow/wchar_t/26250.cc compilation failed to produce executable
FAIL: 27_io/basic_stringbuf/overflow/wchar_t/3599.cc (test for excess errors)
UNRESOLVED: 27_io/basic_stringbuf/overflow/wchar_t/3599.cc compilation failed to produce executable
FAIL: 27_io/basic_stringbuf/overflow/wchar_t/9988.cc (test for excess errors)
UNRESOLVED: 27_io/basic_stringbuf/overflow/wchar_t/9988.cc compilation failed to produce executable
FAIL: 27_io/basic_stringbuf/pbackfail/char/1.cc (test for excess errors)
UNRESOLVED: 27_io/basic_stringbuf/pbackfail/char/1.cc compilation failed to produce executable
FAIL: 27_io/basic_stringbuf/pbackfail/char/2.cc (test for excess errors)
UNRESOLVED: 27_io/basic_stringbuf/pbackfail/char/2.cc compilation failed to produce executable
FAIL: 27_io/basic_stringbuf/pbackfail/wchar_t/1.cc (test for excess errors)
UNRESOLVED: 27_io/basic_stringbuf/pbackfail/wchar_t/1.cc compilation failed to produce executable
FAIL: 27_io/basic_stringbuf/pbackfail/wchar_t/2.cc (test for excess errors)
UNRESOLVED: 27_io/basic_stringbuf/pbackfail/wchar_t/2.cc compilation failed to produce executable
FAIL: 27_io/basic_stringbuf/requirements/base_classes.cc (test for excess errors)
FAIL: 27_io/basic_stringbuf/requirements/explicit_instantiation/2.cc (test for excess errors)
FAIL: 27_io/basic_stringbuf/requirements/explicit_instantiation/4.cc (test for excess errors)
FAIL: 27_io/basic_stringbuf/requirements/typedefs.cc (test for excess errors)
FAIL: 27_io/basic_stringbuf/sbumpc/char/1.cc (test for excess errors)
UNRESOLVED: 27_io/basic_stringbuf/sbumpc/char/1.cc compilation failed to produce executable
FAIL: 27_io/basic_stringbuf/sbumpc/char/9825.cc (test for excess errors)
UNRESOLVED: 27_io/basic_stringbuf/sbumpc/char/9825.cc compilation failed to produce executable
FAIL: 27_io/basic_stringbuf/sbumpc/wchar_t/1.cc (test for excess errors)
UNRESOLVED: 27_io/basic_stringbuf/sbumpc/wchar_t/1.cc compilation failed to produce executable
FAIL: 27_io/basic_stringbuf/sbumpc/wchar_t/9825.cc (test for excess errors)
UNRESOLVED: 27_io/basic_stringbuf/sbumpc/wchar_t/9825.cc compilation failed to produce executable
FAIL: 27_io/basic_stringbuf/seekoff/char/1.cc (test for excess errors)
UNRESOLVED: 27_io/basic_stringbuf/seekoff/char/1.cc compilation failed to produce executable
FAIL: 27_io/basic_stringbuf/seekoff/char/10975.cc (test for excess errors)
UNRESOLVED: 27_io/basic_stringbuf/seekoff/char/10975.cc compilation failed to produce executable
FAIL: 27_io/basic_stringbuf/seekoff/char/16956.cc (test for excess errors)
UNRESOLVED: 27_io/basic_stringbuf/seekoff/char/16956.cc compilation failed to produce executable
FAIL: 27_io/basic_stringbuf/seekoff/char/2.cc (test for excess errors)
UNRESOLVED: 27_io/basic_stringbuf/seekoff/char/2.cc compilation failed to produce executable
FAIL: 27_io/basic_stringbuf/seekoff/wchar_t/1.cc (test for excess errors)
UNRESOLVED: 27_io/basic_stringbuf/seekoff/wchar_t/1.cc compilation failed to produce executable
FAIL: 27_io/basic_stringbuf/seekoff/wchar_t/10975.cc (test for excess errors)
UNRESOLVED: 27_io/basic_stringbuf/seekoff/wchar_t/10975.cc compilation failed to produce executable
FAIL: 27_io/basic_stringbuf/seekoff/wchar_t/16956.cc (test for excess errors)
UNRESOLVED: 27_io/basic_stringbuf/seekoff/wchar_t/16956.cc compilation failed to produce executable
FAIL: 27_io/basic_stringbuf/seekoff/wchar_t/2.cc (test for excess errors)
UNRESOLVED: 27_io/basic_stringbuf/seekoff/wchar_t/2.cc compilation failed to produce executable
FAIL: 27_io/basic_stringbuf/seekpos/char/1.cc (test for excess errors)
UNRESOLVED: 27_io/basic_stringbuf/seekpos/char/1.cc compilation failed to produce executable
FAIL: 27_io/basic_stringbuf/seekpos/char/2.cc (test for excess errors)
UNRESOLVED: 27_io/basic_stringbuf/seekpos/char/2.cc compilation failed to produce executable
FAIL: 27_io/basic_stringbuf/seekpos/char/29354.cc (test for excess errors)
UNRESOLVED: 27_io/basic_stringbuf/seekpos/char/29354.cc compilation failed to produce executable
FAIL: 27_io/basic_stringbuf/seekpos/char/3.cc (test for excess errors)
UNRESOLVED: 27_io/basic_stringbuf/seekpos/char/3.cc compilation failed to produce executable
FAIL: 27_io/basic_stringbuf/seekpos/wchar_t/1.cc (test for excess errors)
UNRESOLVED: 27_io/basic_stringbuf/seekpos/wchar_t/1.cc compilation failed to produce executable
FAIL: 27_io/basic_stringbuf/seekpos/wchar_t/2.cc (test for excess errors)
UNRESOLVED: 27_io/basic_stringbuf/seekpos/wchar_t/2.cc compilation failed to produce executable
FAIL: 27_io/basic_stringbuf/seekpos/wchar_t/29354.cc (test for excess errors)
UNRESOLVED: 27_io/basic_stringbuf/seekpos/wchar_t/29354.cc compilation failed to produce executable
FAIL: 27_io/basic_stringbuf/seekpos/wchar_t/3.cc (test for excess errors)
UNRESOLVED: 27_io/basic_stringbuf/seekpos/wchar_t/3.cc compilation failed to produce executable
FAIL: 27_io/basic_stringbuf/setbuf/char/1.cc (test for excess errors)
UNRESOLVED: 27_io/basic_stringbuf/setbuf/char/1.cc compilation failed to produce executable
FAIL: 27_io/basic_stringbuf/setbuf/char/2.cc (test for excess errors)
UNRESOLVED: 27_io/basic_stringbuf/setbuf/char/2.cc compilation failed to produce executable
FAIL: 27_io/basic_stringbuf/setbuf/char/3.cc (test for excess errors)
UNRESOLVED: 27_io/basic_stringbuf/setbuf/char/3.cc compilation failed to produce executable
FAIL: 27_io/basic_stringbuf/setbuf/char/4.cc (test for excess errors)
UNRESOLVED: 27_io/basic_stringbuf/setbuf/char/4.cc compilation failed to produce executable
FAIL: 27_io/basic_stringbuf/setbuf/wchar_t/1.cc (test for excess errors)
UNRESOLVED: 27_io/basic_stringbuf/setbuf/wchar_t/1.cc compilation failed to produce executable
FAIL: 27_io/basic_stringbuf/setbuf/wchar_t/2.cc (test for excess errors)
UNRESOLVED: 27_io/basic_stringbuf/setbuf/wchar_t/2.cc compilation failed to produce executable
FAIL: 27_io/basic_stringbuf/setbuf/wchar_t/3.cc (test for excess errors)
UNRESOLVED: 27_io/basic_stringbuf/setbuf/wchar_t/3.cc compilation failed to produce executable
FAIL: 27_io/basic_stringbuf/setbuf/wchar_t/4.cc (test for excess errors)
UNRESOLVED: 27_io/basic_stringbuf/setbuf/wchar_t/4.cc compilation failed to produce executable
FAIL: 27_io/basic_stringbuf/sgetc/char/1.cc (test for excess errors)
UNRESOLVED: 27_io/basic_stringbuf/sgetc/char/1.cc compilation failed to produce executable
FAIL: 27_io/basic_stringbuf/sgetc/wchar_t/1.cc (test for excess errors)
UNRESOLVED: 27_io/basic_stringbuf/sgetc/wchar_t/1.cc compilation failed to produce executable
FAIL: 27_io/basic_stringbuf/sgetn/char/1.cc (test for excess errors)
UNRESOLVED: 27_io/basic_stringbuf/sgetn/char/1.cc compilation failed to produce executable
FAIL: 27_io/basic_stringbuf/sgetn/wchar_t/1.cc (test for excess errors)
UNRESOLVED: 27_io/basic_stringbuf/sgetn/wchar_t/1.cc compilation failed to produce executable
FAIL: 27_io/basic_stringbuf/snextc/char/1.cc (test for excess errors)
UNRESOLVED: 27_io/basic_stringbuf/snextc/char/1.cc compilation failed to produce executable
FAIL: 27_io/basic_stringbuf/snextc/wchar_t/1.cc (test for excess errors)
UNRESOLVED: 27_io/basic_stringbuf/snextc/wchar_t/1.cc compilation failed to produce executable
FAIL: 27_io/basic_stringbuf/sputbackc/char/1.cc (test for excess errors)
UNRESOLVED: 27_io/basic_stringbuf/sputbackc/char/1.cc compilation failed to produce executable
FAIL: 27_io/basic_stringbuf/sputbackc/char/9425.cc (test for excess errors)
UNRESOLVED: 27_io/basic_stringbuf/sputbackc/char/9425.cc compilation failed to produce executable
FAIL: 27_io/basic_stringbuf/sputbackc/wchar_t/1.cc (test for excess errors)
UNRESOLVED: 27_io/basic_stringbuf/sputbackc/wchar_t/1.cc compilation failed to produce executable
FAIL: 27_io/basic_stringbuf/sputbackc/wchar_t/9425.cc (test for excess errors)
UNRESOLVED: 27_io/basic_stringbuf/sputbackc/wchar_t/9425.cc compilation failed to produce executable
FAIL: 27_io/basic_stringbuf/sputc/char/1.cc (test for excess errors)
UNRESOLVED: 27_io/basic_stringbuf/sputc/char/1.cc compilation failed to produce executable
FAIL: 27_io/basic_stringbuf/sputc/char/1057.cc (test for excess errors)
UNRESOLVED: 27_io/basic_stringbuf/sputc/char/1057.cc compilation failed to produce executable
FAIL: 27_io/basic_stringbuf/sputc/char/9404-1.cc (test for excess errors)
UNRESOLVED: 27_io/basic_stringbuf/sputc/char/9404-1.cc compilation failed to produce executable
FAIL: 27_io/basic_stringbuf/sputc/wchar_t/1.cc (test for excess errors)
UNRESOLVED: 27_io/basic_stringbuf/sputc/wchar_t/1.cc compilation failed to produce executable
FAIL: 27_io/basic_stringbuf/sputc/wchar_t/1057.cc (test for excess errors)
UNRESOLVED: 27_io/basic_stringbuf/sputc/wchar_t/1057.cc compilation failed to produce executable
FAIL: 27_io/basic_stringbuf/sputc/wchar_t/9404-1.cc (test for excess errors)
UNRESOLVED: 27_io/basic_stringbuf/sputc/wchar_t/9404-1.cc compilation failed to produce executable
FAIL: 27_io/basic_stringbuf/sputn/char/1.cc (test for excess errors)
UNRESOLVED: 27_io/basic_stringbuf/sputn/char/1.cc compilation failed to produce executable
FAIL: 27_io/basic_stringbuf/sputn/char/1057.cc (test for excess errors)
UNRESOLVED: 27_io/basic_stringbuf/sputn/char/1057.cc compilation failed to produce executable
FAIL: 27_io/basic_stringbuf/sputn/char/9404-2.cc (test for excess errors)
UNRESOLVED: 27_io/basic_stringbuf/sputn/char/9404-2.cc compilation failed to produce executable
FAIL: 27_io/basic_stringbuf/sputn/wchar_t/1.cc (test for excess errors)
UNRESOLVED: 27_io/basic_stringbuf/sputn/wchar_t/1.cc compilation failed to produce executable
FAIL: 27_io/basic_stringbuf/sputn/wchar_t/1057.cc (test for excess errors)
UNRESOLVED: 27_io/basic_stringbuf/sputn/wchar_t/1057.cc compilation failed to produce executable
FAIL: 27_io/basic_stringbuf/sputn/wchar_t/9404-2.cc (test for excess errors)
UNRESOLVED: 27_io/basic_stringbuf/sputn/wchar_t/9404-2.cc compilation failed to produce executable
FAIL: 27_io/basic_stringbuf/str/char/1.cc (test for excess errors)
UNRESOLVED: 27_io/basic_stringbuf/str/char/1.cc compilation failed to produce executable
FAIL: 27_io/basic_stringbuf/str/char/2.cc (test for excess errors)
UNRESOLVED: 27_io/basic_stringbuf/str/char/2.cc compilation failed to produce executable
FAIL: 27_io/basic_stringbuf/str/char/3.cc (test for excess errors)
UNRESOLVED: 27_io/basic_stringbuf/str/char/3.cc compilation failed to produce executable
FAIL: 27_io/basic_stringbuf/str/char/3955.cc (test for excess errors)
UNRESOLVED: 27_io/basic_stringbuf/str/char/3955.cc compilation failed to produce executable
FAIL: 27_io/basic_stringbuf/str/wchar_t/1.cc (test for excess errors)
UNRESOLVED: 27_io/basic_stringbuf/str/wchar_t/1.cc compilation failed to produce executable
FAIL: 27_io/basic_stringbuf/str/wchar_t/2.cc (test for excess errors)
UNRESOLVED: 27_io/basic_stringbuf/str/wchar_t/2.cc compilation failed to produce executable
FAIL: 27_io/basic_stringbuf/str/wchar_t/3.cc (test for excess errors)
UNRESOLVED: 27_io/basic_stringbuf/str/wchar_t/3.cc compilation failed to produce executable
FAIL: 27_io/basic_stringbuf/str/wchar_t/3955.cc (test for excess errors)
UNRESOLVED: 27_io/basic_stringbuf/str/wchar_t/3955.cc compilation failed to produce executable
FAIL: 27_io/basic_stringbuf/sungetc/char/1.cc (test for excess errors)
UNRESOLVED: 27_io/basic_stringbuf/sungetc/char/1.cc compilation failed to produce executable
FAIL: 27_io/basic_stringbuf/sungetc/wchar_t/1.cc (test for excess errors)
UNRESOLVED: 27_io/basic_stringbuf/sungetc/wchar_t/1.cc compilation failed to produce executable
FAIL: 27_io/basic_stringbuf/sync/char/1057.cc (test for excess errors)
UNRESOLVED: 27_io/basic_stringbuf/sync/char/1057.cc compilation failed to produce executable
FAIL: 27_io/basic_stringbuf/sync/wchar_t/1057.cc (test for excess errors)
UNRESOLVED: 27_io/basic_stringbuf/sync/wchar_t/1057.cc compilation failed to produce executable
FAIL: 27_io/basic_stringstream/cons/2020.cc (test for excess errors)
UNRESOLVED: 27_io/basic_stringstream/cons/2020.cc compilation failed to produce executable
FAIL: 27_io/basic_stringstream/rdbuf/char/2832.cc (test for excess errors)
UNRESOLVED: 27_io/basic_stringstream/rdbuf/char/2832.cc compilation failed to produce executable
FAIL: 27_io/basic_stringstream/rdbuf/wchar_t/2832.cc (test for excess errors)
UNRESOLVED: 27_io/basic_stringstream/rdbuf/wchar_t/2832.cc compilation failed to produce executable
FAIL: 27_io/basic_stringstream/requirements/base_classes.cc (test for excess errors)
FAIL: 27_io/basic_stringstream/requirements/explicit_instantiation.cc (test for excess errors)
FAIL: 27_io/basic_stringstream/requirements/typedefs.cc (test for excess errors)
FAIL: 27_io/basic_stringstream/str/char/1.cc (test for excess errors)
UNRESOLVED: 27_io/basic_stringstream/str/char/1.cc compilation failed to produce executable
FAIL: 27_io/basic_stringstream/str/char/2.cc (test for excess errors)
UNRESOLVED: 27_io/basic_stringstream/str/char/2.cc compilation failed to produce executable
FAIL: 27_io/basic_stringstream/str/char/3.cc (test for excess errors)
UNRESOLVED: 27_io/basic_stringstream/str/char/3.cc compilation failed to produce executable
FAIL: 27_io/basic_stringstream/str/char/4.cc (test for excess errors)
UNRESOLVED: 27_io/basic_stringstream/str/char/4.cc compilation failed to produce executable
FAIL: 27_io/basic_stringstream/str/wchar_t/1.cc (test for excess errors)
UNRESOLVED: 27_io/basic_stringstream/str/wchar_t/1.cc compilation failed to produce executable
FAIL: 27_io/basic_stringstream/str/wchar_t/2.cc (test for excess errors)
UNRESOLVED: 27_io/basic_stringstream/str/wchar_t/2.cc compilation failed to produce executable
FAIL: 27_io/basic_stringstream/str/wchar_t/3.cc (test for excess errors)
UNRESOLVED: 27_io/basic_stringstream/str/wchar_t/3.cc compilation failed to produce executable
FAIL: 27_io/basic_stringstream/str/wchar_t/4.cc (test for excess errors)
UNRESOLVED: 27_io/basic_stringstream/str/wchar_t/4.cc compilation failed to produce executable
FAIL: 27_io/fpos/11450.cc (test for excess errors)
UNRESOLVED: 27_io/fpos/11450.cc compilation failed to produce executable
FAIL: 27_io/fpos/14252.cc (test for excess errors)
UNRESOLVED: 27_io/fpos/14252.cc compilation failed to produce executable
FAIL: 27_io/fpos/14320-1.cc (test for excess errors)
UNRESOLVED: 27_io/fpos/14320-1.cc compilation failed to produce executable
FAIL: 27_io/fpos/14320-2.cc (test for excess errors)
UNRESOLVED: 27_io/fpos/14320-2.cc compilation failed to produce executable
FAIL: 27_io/fpos/14320-3.cc (test for excess errors)
UNRESOLVED: 27_io/fpos/14320-3.cc compilation failed to produce executable
FAIL: 27_io/fpos/14320-4.cc (test for excess errors)
UNRESOLVED: 27_io/fpos/14320-4.cc compilation failed to produce executable
FAIL: 27_io/fpos/14320-5.cc (test for excess errors)
UNRESOLVED: 27_io/fpos/14320-5.cc compilation failed to produce executable
FAIL: 27_io/fpos/14775.cc (test for excess errors)
UNRESOLVED: 27_io/fpos/14775.cc compilation failed to produce executable
FAIL: 27_io/fpos/mbstate_t/1.cc (test for excess errors)
UNRESOLVED: 27_io/fpos/mbstate_t/1.cc compilation failed to produce executable
FAIL: 27_io/fpos/mbstate_t/12065.cc (test for excess errors)
UNRESOLVED: 27_io/fpos/mbstate_t/12065.cc compilation failed to produce executable
FAIL: 27_io/fpos/mbstate_t/2.cc (test for excess errors)
UNRESOLVED: 27_io/fpos/mbstate_t/2.cc compilation failed to produce executable
FAIL: 27_io/fpos/mbstate_t/3.cc (test for excess errors)
UNRESOLVED: 27_io/fpos/mbstate_t/3.cc compilation failed to produce executable
FAIL: 27_io/fpos/mbstate_t/4_neg.cc (test for excess errors)
FAIL: 27_io/fpos/mbstate_t/5.cc (test for excess errors)
FAIL: 27_io/fpos/mbstate_t/6.cc (test for excess errors)
FAIL: 27_io/fpos/requirements/explicit_instantiation.cc (test for excess errors)
FAIL: 27_io/headers/cinttypes/std_c++0x_neg.cc (test for errors, line 32)
FAIL: 27_io/headers/cinttypes/std_c++0x_neg.cc (test for excess errors)
FAIL: 27_io/headers/cinttypes/types_std_c++0x.cc (test for excess errors)
FAIL: 27_io/headers/cstdio/functions_std.cc (test for excess errors)
FAIL: 27_io/headers/cstdio/macros.cc (test for excess errors)
FAIL: 27_io/headers/cstdio/types_std.cc (test for excess errors)
FAIL: 27_io/headers/fstream/synopsis.cc (test for excess errors)
FAIL: 27_io/headers/fstream/types_std.cc (test for excess errors)
FAIL: 27_io/headers/iomanip/synopsis.cc (test for excess errors)
FAIL: 27_io/headers/ios/synopsis.cc (test for excess errors)
FAIL: 27_io/headers/ios/types_std.cc (test for excess errors)
FAIL: 27_io/headers/iostream/synopsis.cc (test for excess errors)
FAIL: 27_io/headers/iostream/types_std.cc (test for excess errors)
FAIL: 27_io/headers/istream/synopsis.cc (test for excess errors)
FAIL: 27_io/headers/istream/types_std.cc (test for excess errors)
FAIL: 27_io/headers/ostream/synopsis.cc (test for excess errors)
FAIL: 27_io/headers/ostream/types_std.cc (test for excess errors)
FAIL: 27_io/headers/sstream/synopsis.cc (test for excess errors)
FAIL: 27_io/headers/sstream/types_std.cc (test for excess errors)
FAIL: 27_io/headers/streambuf/synopsis.cc (test for excess errors)
FAIL: 27_io/headers/streambuf/types_std.cc (test for excess errors)
FAIL: 27_io/ios_base/callbacks/1.cc (test for excess errors)
UNRESOLVED: 27_io/ios_base/callbacks/1.cc compilation failed to produce executable
FAIL: 27_io/ios_base/cons/assign_neg.cc (test for errors, line 25)
FAIL: 27_io/ios_base/cons/assign_neg.cc (test for errors, line 32)
FAIL: 27_io/ios_base/cons/assign_neg.cc (test for excess errors)
FAIL: 27_io/ios_base/cons/copy_neg.cc (test for errors, line 25)
FAIL: 27_io/ios_base/cons/copy_neg.cc (test for errors, line 32)
FAIL: 27_io/ios_base/cons/copy_neg.cc (test for excess errors)
FAIL: 27_io/ios_base/failure/cons_virtual_derivation.cc (test for excess errors)
UNRESOLVED: 27_io/ios_base/failure/cons_virtual_derivation.cc compilation failed to produce executable
FAIL: 27_io/ios_base/failure/what-1.cc (test for excess errors)
UNRESOLVED: 27_io/ios_base/failure/what-1.cc compilation failed to produce executable
FAIL: 27_io/ios_base/failure/what-2.cc (test for excess errors)
UNRESOLVED: 27_io/ios_base/failure/what-2.cc compilation failed to produce executable
FAIL: 27_io/ios_base/failure/what-3.cc (test for excess errors)
UNRESOLVED: 27_io/ios_base/failure/what-3.cc compilation failed to produce executable
FAIL: 27_io/ios_base/failure/what-big.cc (test for excess errors)
UNRESOLVED: 27_io/ios_base/failure/what-big.cc compilation failed to produce executable
FAIL: 27_io/ios_base/state/1.cc (test for excess errors)
UNRESOLVED: 27_io/ios_base/state/1.cc compilation failed to produce executable
FAIL: 27_io/ios_base/storage/1.cc (test for excess errors)
UNRESOLVED: 27_io/ios_base/storage/1.cc compilation failed to produce executable
FAIL: 27_io/ios_base/storage/11584.cc (test for excess errors)
UNRESOLVED: 27_io/ios_base/storage/11584.cc compilation failed to produce executable
FAIL: 27_io/ios_base/storage/2.cc (test for excess errors)
UNRESOLVED: 27_io/ios_base/storage/2.cc compilation failed to produce executable
FAIL: 27_io/ios_base/storage/3.cc (test for excess errors)
UNRESOLVED: 27_io/ios_base/storage/3.cc compilation failed to produce executable
FAIL: 27_io/ios_base/sync_with_stdio/1.cc (test for excess errors)
UNRESOLVED: 27_io/ios_base/sync_with_stdio/1.cc compilation failed to produce executable
FAIL: 27_io/ios_base/sync_with_stdio/16959.cc (test for excess errors)
UNRESOLVED: 27_io/ios_base/sync_with_stdio/16959.cc compilation failed to produce executable
FAIL: 27_io/ios_base/sync_with_stdio/2.cc (test for excess errors)
UNRESOLVED: 27_io/ios_base/sync_with_stdio/2.cc compilation failed to produce executable
FAIL: 27_io/ios_base/sync_with_stdio/9523.cc (test for excess errors)
UNRESOLVED: 27_io/ios_base/sync_with_stdio/9523.cc compilation failed to produce executable
FAIL: 27_io/ios_base/types/fmtflags/bitmask_operators.cc (test for excess errors)
FAIL: 27_io/ios_base/types/fmtflags/case_label.cc (test for excess errors)
FAIL: 27_io/ios_base/types/fmtflags/constexpr_operators.cc (test for excess errors)
FAIL: 27_io/ios_base/types/iostate/bitmask_operators.cc (test for excess errors)
FAIL: 27_io/ios_base/types/iostate/case_label.cc (test for excess errors)
FAIL: 27_io/ios_base/types/iostate/constexpr_operators.cc (test for excess errors)
FAIL: 27_io/ios_base/types/openmode/bitmask_operators.cc (test for excess errors)
FAIL: 27_io/ios_base/types/openmode/case_label.cc (test for excess errors)
FAIL: 27_io/ios_base/types/openmode/constexpr_operators.cc (test for excess errors)
FAIL: 27_io/ios_base/types/seekdir/case_label.cc (test for excess errors)
FAIL: 27_io/manipulators/adjustfield/char/1.cc (test for excess errors)
UNRESOLVED: 27_io/manipulators/adjustfield/char/1.cc compilation failed to produce executable
FAIL: 27_io/manipulators/adjustfield/char/2.cc (test for excess errors)
UNRESOLVED: 27_io/manipulators/adjustfield/char/2.cc compilation failed to produce executable
FAIL: 27_io/manipulators/adjustfield/wchar_t/1.cc (test for excess errors)
UNRESOLVED: 27_io/manipulators/adjustfield/wchar_t/1.cc compilation failed to produce executable
FAIL: 27_io/manipulators/adjustfield/wchar_t/2.cc (test for excess errors)
UNRESOLVED: 27_io/manipulators/adjustfield/wchar_t/2.cc compilation failed to produce executable
FAIL: 27_io/manipulators/basefield/char/1.cc (test for excess errors)
UNRESOLVED: 27_io/manipulators/basefield/char/1.cc compilation failed to produce executable
FAIL: 27_io/manipulators/basefield/wchar_t/1.cc (test for excess errors)
UNRESOLVED: 27_io/manipulators/basefield/wchar_t/1.cc compilation failed to produce executable
FAIL: 27_io/manipulators/standard/char/1.cc (test for excess errors)
UNRESOLVED: 27_io/manipulators/standard/char/1.cc compilation failed to produce executable
FAIL: 27_io/manipulators/standard/char/2.cc (test for excess errors)
UNRESOLVED: 27_io/manipulators/standard/char/2.cc compilation failed to produce executable
FAIL: 27_io/manipulators/standard/wchar_t/1.cc (test for excess errors)
UNRESOLVED: 27_io/manipulators/standard/wchar_t/1.cc compilation failed to produce executable
FAIL: 27_io/manipulators/standard/wchar_t/2.cc (test for excess errors)
UNRESOLVED: 27_io/manipulators/standard/wchar_t/2.cc compilation failed to produce executable
FAIL: 27_io/objects/char/1.cc (test for excess errors)
UNRESOLVED: 27_io/objects/char/1.cc compilation failed to produce executable
FAIL: 27_io/objects/char/12048-1.cc (test for excess errors)
UNRESOLVED: 27_io/objects/char/12048-1.cc compilation failed to produce executable
FAIL: 27_io/objects/char/12048-2.cc (test for excess errors)
UNRESOLVED: 27_io/objects/char/12048-2.cc compilation failed to produce executable
FAIL: 27_io/objects/char/12048-3.cc (test for excess errors)
UNRESOLVED: 27_io/objects/char/12048-3.cc compilation failed to produce executable
FAIL: 27_io/objects/char/12048-4.cc (test for excess errors)
UNRESOLVED: 27_io/objects/char/12048-4.cc compilation failed to produce executable
FAIL: 27_io/objects/char/12048-5.cc (test for excess errors)
UNRESOLVED: 27_io/objects/char/12048-5.cc compilation failed to produce executable
FAIL: 27_io/objects/char/2.cc (test for excess errors)
UNRESOLVED: 27_io/objects/char/2.cc compilation failed to produce executable
FAIL: 27_io/objects/char/3045.cc (test for excess errors)
UNRESOLVED: 27_io/objects/char/3045.cc compilation failed to produce executable
FAIL: 27_io/objects/char/3647.cc (test for excess errors)
UNRESOLVED: 27_io/objects/char/3647.cc compilation failed to produce executable
FAIL: 27_io/objects/char/41037.cc (test for excess errors)
UNRESOLVED: 27_io/objects/char/41037.cc compilation failed to produce executable
FAIL: 27_io/objects/char/5.cc (test for excess errors)
UNRESOLVED: 27_io/objects/char/5.cc compilation failed to produce executable
FAIL: 27_io/objects/char/5268.cc (test for excess errors)
UNRESOLVED: 27_io/objects/char/5268.cc compilation failed to produce executable
FAIL: 27_io/objects/char/6.cc (test for excess errors)
UNRESOLVED: 27_io/objects/char/6.cc compilation failed to produce executable
FAIL: 27_io/objects/char/7.cc (test for excess errors)
UNRESOLVED: 27_io/objects/char/7.cc compilation failed to produce executable
FAIL: 27_io/objects/char/8.cc (test for excess errors)
UNRESOLVED: 27_io/objects/char/8.cc compilation failed to produce executable
FAIL: 27_io/objects/char/9.cc (test for excess errors)
UNRESOLVED: 27_io/objects/char/9.cc compilation failed to produce executable
FAIL: 27_io/objects/char/9661-1.cc (test for excess errors)
UNRESOLVED: 27_io/objects/char/9661-1.cc compilation failed to produce executable
FAIL: 27_io/objects/char/dr455.cc (test for excess errors)
UNRESOLVED: 27_io/objects/char/dr455.cc compilation failed to produce executable
FAIL: 27_io/objects/wchar_t/1.cc (test for excess errors)
UNRESOLVED: 27_io/objects/wchar_t/1.cc compilation failed to produce executable
FAIL: 27_io/objects/wchar_t/12048-1.cc (test for excess errors)
UNRESOLVED: 27_io/objects/wchar_t/12048-1.cc compilation failed to produce executable
FAIL: 27_io/objects/wchar_t/12048-2.cc (test for excess errors)
UNRESOLVED: 27_io/objects/wchar_t/12048-2.cc compilation failed to produce executable
FAIL: 27_io/objects/wchar_t/12048-3.cc (test for excess errors)
UNRESOLVED: 27_io/objects/wchar_t/12048-3.cc compilation failed to produce executable
FAIL: 27_io/objects/wchar_t/12048-4.cc (test for excess errors)
UNRESOLVED: 27_io/objects/wchar_t/12048-4.cc compilation failed to produce executable
FAIL: 27_io/objects/wchar_t/12048-5.cc (test for excess errors)
UNRESOLVED: 27_io/objects/wchar_t/12048-5.cc compilation failed to produce executable
FAIL: 27_io/objects/wchar_t/2.cc (test for excess errors)
UNRESOLVED: 27_io/objects/wchar_t/2.cc compilation failed to produce executable
FAIL: 27_io/objects/wchar_t/3045.cc (test for excess errors)
UNRESOLVED: 27_io/objects/wchar_t/3045.cc compilation failed to produce executable
FAIL: 27_io/objects/wchar_t/3647.cc (test for excess errors)
UNRESOLVED: 27_io/objects/wchar_t/3647.cc compilation failed to produce executable
FAIL: 27_io/objects/wchar_t/41037.cc (test for excess errors)
UNRESOLVED: 27_io/objects/wchar_t/41037.cc compilation failed to produce executable
FAIL: 27_io/objects/wchar_t/5.cc (test for excess errors)
UNRESOLVED: 27_io/objects/wchar_t/5.cc compilation failed to produce executable
FAIL: 27_io/objects/wchar_t/5268.cc (test for excess errors)
UNRESOLVED: 27_io/objects/wchar_t/5268.cc compilation failed to produce executable
FAIL: 27_io/objects/wchar_t/6.cc (test for excess errors)
UNRESOLVED: 27_io/objects/wchar_t/6.cc compilation failed to produce executable
FAIL: 27_io/objects/wchar_t/7.cc (test for excess errors)
UNRESOLVED: 27_io/objects/wchar_t/7.cc compilation failed to produce executable
FAIL: 27_io/objects/wchar_t/8.cc (test for excess errors)
UNRESOLVED: 27_io/objects/wchar_t/8.cc compilation failed to produce executable
FAIL: 27_io/objects/wchar_t/9661-1.cc (test for excess errors)
UNRESOLVED: 27_io/objects/wchar_t/9661-1.cc compilation failed to produce executable
FAIL: 27_io/objects/wchar_t/9662.cc (test for excess errors)
UNRESOLVED: 27_io/objects/wchar_t/9662.cc compilation failed to produce executable
FAIL: 27_io/objects/wchar_t/dr455.cc (test for excess errors)
UNRESOLVED: 27_io/objects/wchar_t/dr455.cc compilation failed to produce executable
FAIL: 27_io/rvalue_streams.cc (test for excess errors)
UNRESOLVED: 27_io/rvalue_streams.cc compilation failed to produce executable
FAIL: 27_io/types/1.cc (test for excess errors)
UNRESOLVED: 27_io/types/1.cc compilation failed to produce executable
FAIL: 27_io/types/2.cc (test for excess errors)
UNRESOLVED: 27_io/types/2.cc compilation failed to produce executable
FAIL: 27_io/types/3.cc (test for excess errors)
UNRESOLVED: 27_io/types/3.cc compilation failed to produce executable
FAIL: 28_regex/algorithms/02_match/basic/string_01.cc (test for excess errors)
UNRESOLVED: 28_regex/algorithms/02_match/basic/string_01.cc compilation failed to produce executable
FAIL: 28_regex/algorithms/02_match/basic/string_range_00_03.cc (test for excess errors)
UNRESOLVED: 28_regex/algorithms/02_match/basic/string_range_00_03.cc compilation failed to produce executable
FAIL: 28_regex/algorithms/02_match/basic/string_range_01_03.cc (test for excess errors)
UNRESOLVED: 28_regex/algorithms/02_match/basic/string_range_01_03.cc compilation failed to produce executable
FAIL: 28_regex/algorithms/02_match/basic/string_range_02_03.cc (test for excess errors)
UNRESOLVED: 28_regex/algorithms/02_match/basic/string_range_02_03.cc compilation failed to produce executable
FAIL: 28_regex/algorithms/02_match/extended/cstring_plus.cc (test for excess errors)
UNRESOLVED: 28_regex/algorithms/02_match/extended/cstring_plus.cc compilation failed to produce executable
FAIL: 28_regex/algorithms/02_match/extended/cstring_questionmark.cc (test for excess errors)
UNRESOLVED: 28_regex/algorithms/02_match/extended/cstring_questionmark.cc compilation failed to produce executable
FAIL: 28_regex/algorithms/02_match/extended/string_any.cc (test for excess errors)
UNRESOLVED: 28_regex/algorithms/02_match/extended/string_any.cc compilation failed to produce executable
FAIL: 28_regex/algorithms/02_match/extended/string_range_00_03.cc (test for excess errors)
UNRESOLVED: 28_regex/algorithms/02_match/extended/string_range_00_03.cc compilation failed to produce executable
FAIL: 28_regex/algorithms/02_match/extended/string_range_01_03.cc (test for excess errors)
UNRESOLVED: 28_regex/algorithms/02_match/extended/string_range_01_03.cc compilation failed to produce executable
FAIL: 28_regex/algorithms/02_match/extended/string_range_02_03.cc (test for excess errors)
UNRESOLVED: 28_regex/algorithms/02_match/extended/string_range_02_03.cc compilation failed to produce executable
FAIL: 28_regex/algorithms/regex_replace/char/51711.cc (test for excess errors)
FAIL: 28_regex/algorithms/regex_replace/wchar_t/51711.cc (test for excess errors)
FAIL: 28_regex/basic_regex/assign/char/cstring.cc (test for excess errors)
FAIL: 28_regex/basic_regex/assign/char/cstring_op.cc (test for excess errors)
FAIL: 28_regex/basic_regex/assign/char/moveable.cc (test for excess errors)
UNRESOLVED: 28_regex/basic_regex/assign/char/moveable.cc compilation failed to produce executable
FAIL: 28_regex/basic_regex/assign/char/pstring.cc (test for excess errors)
FAIL: 28_regex/basic_regex/assign/char/range.cc (test for excess errors)
FAIL: 28_regex/basic_regex/assign/char/string.cc (test for excess errors)
FAIL: 28_regex/basic_regex/assign/char/string_op.cc (test for excess errors)
FAIL: 28_regex/basic_regex/assign/wchar_t/cstring.cc (test for excess errors)
FAIL: 28_regex/basic_regex/assign/wchar_t/cstring_op.cc (test for excess errors)
FAIL: 28_regex/basic_regex/assign/wchar_t/pstring.cc (test for excess errors)
FAIL: 28_regex/basic_regex/assign/wchar_t/range.cc (test for excess errors)
FAIL: 28_regex/basic_regex/assign/wchar_t/string.cc (test for excess errors)
FAIL: 28_regex/basic_regex/assign/wchar_t/string_op.cc (test for excess errors)
FAIL: 28_regex/basic_regex/ctors/47724.cc (test for excess errors)
UNRESOLVED: 28_regex/basic_regex/ctors/47724.cc compilation failed to produce executable
FAIL: 28_regex/basic_regex/ctors/basic/cstring.cc (test for excess errors)
FAIL: 28_regex/basic_regex/ctors/basic/pstring_char.cc (test for excess errors)
UNRESOLVED: 28_regex/basic_regex/ctors/basic/pstring_char.cc compilation failed to produce executable
FAIL: 28_regex/basic_regex/ctors/basic/pstring_wchar_t.cc (test for excess errors)
UNRESOLVED: 28_regex/basic_regex/ctors/basic/pstring_wchar_t.cc compilation failed to produce executable
FAIL: 28_regex/basic_regex/ctors/basic/string_range_01_02_03.cc (test for excess errors)
UNRESOLVED: 28_regex/basic_regex/ctors/basic/string_range_01_02_03.cc compilation failed to produce executable
FAIL: 28_regex/basic_regex/ctors/char/cstring.cc (test for excess errors)
FAIL: 28_regex/basic_regex/ctors/char/cstring_awk.cc (test for excess errors)
FAIL: 28_regex/basic_regex/ctors/char/cstring_ecma.cc (test for excess errors)
FAIL: 28_regex/basic_regex/ctors/char/cstring_egrep.cc (test for excess errors)
FAIL: 28_regex/basic_regex/ctors/char/cstring_grep.cc (test for excess errors)
FAIL: 28_regex/basic_regex/ctors/char/default.cc (test for excess errors)
FAIL: 28_regex/basic_regex/ctors/char/range.cc (test for excess errors)
FAIL: 28_regex/basic_regex/ctors/copy_char.cc (test for excess errors)
UNRESOLVED: 28_regex/basic_regex/ctors/copy_char.cc compilation failed to produce executable
FAIL: 28_regex/basic_regex/ctors/extended/cstring.cc (test for excess errors)
FAIL: 28_regex/basic_regex/ctors/extended/string_range_01_02_03.cc (test for excess errors)
UNRESOLVED: 28_regex/basic_regex/ctors/extended/string_range_01_02_03.cc compilation failed to produce executable
FAIL: 28_regex/basic_regex/ctors/move_char.cc (test for excess errors)
UNRESOLVED: 28_regex/basic_regex/ctors/move_char.cc compilation failed to produce executable
FAIL: 28_regex/basic_regex/ctors/string_char.cc (test for excess errors)
FAIL: 28_regex/basic_regex/ctors/string_wchar_t.cc (test for excess errors)
FAIL: 28_regex/basic_regex/ctors/wchar_t/cstring.cc (test for excess errors)
FAIL: 28_regex/basic_regex/ctors/wchar_t/default.cc (test for excess errors)
FAIL: 28_regex/basic_regex/ctors/wchar_t/range.cc (test for excess errors)
FAIL: 28_regex/basic_regex/regex.cc (test for excess errors)
FAIL: 28_regex/basic_regex/requirements/constexpr_data.cc (test for excess errors)
FAIL: 28_regex/constants/error_type.cc (test for excess errors)
FAIL: 28_regex/constants/match_flag_type.cc (test for excess errors)
FAIL: 28_regex/constants/syntax_option_type.cc (test for excess errors)
FAIL: 28_regex/headers/regex/std_c++0x_neg.cc (test for errors, line 32)
FAIL: 28_regex/headers/regex/std_c++0x_neg.cc (test for excess errors)
FAIL: 28_regex/init-list.cc (test for excess errors)
FAIL: 28_regex/iterators/regex_iterator/ctors/char/default.cc (test for excess errors)
FAIL: 28_regex/iterators/regex_iterator/ctors/wchar_t/default.cc (test for excess errors)
FAIL: 28_regex/iterators/regex_iterator/typedefs.cc (test for excess errors)
FAIL: 28_regex/iterators/regex_token_iterator/ctors/char/default.cc (test for excess errors)
FAIL: 28_regex/iterators/regex_token_iterator/ctors/wchar_t/default.cc (test for excess errors)
FAIL: 28_regex/iterators/regex_token_iterator/typedefs.cc (test for excess errors)
FAIL: 28_regex/match_results/ctors/char/default.cc (test for excess errors)
UNRESOLVED: 28_regex/match_results/ctors/char/default.cc compilation failed to produce executable
FAIL: 28_regex/match_results/ctors/wchar_t/default.cc (test for excess errors)
UNRESOLVED: 28_regex/match_results/ctors/wchar_t/default.cc compilation failed to produce executable
FAIL: 28_regex/match_results/typedefs.cc (test for excess errors)
FAIL: 28_regex/range_access.cc (test for excess errors)
FAIL: 28_regex/regex_error/regex_error.cc (test for excess errors)
FAIL: 28_regex/requirements/typedefs.cc (test for excess errors)
=== Summary adjusted for local xfails ===
# of errors 2
# of unexpected failures 277
# of expected passes 5426
# of expected failures 33
# of unresolved testcases 183
# of unsupported tests 438
=== g++ tests ===
Running target localhost/-m64
FAIL: tmpdir-g++.dg-struct-layout-1/t027 cp_compat_x_tst.o-cp_compat_y_tst.o link
UNRESOLVED: tmpdir-g++.dg-struct-layout-1/t027 cp_compat_x_tst.o-cp_compat_y_tst.o execute
FAIL: tmpdir-g++.dg-struct-layout-1/t029 cp_compat_x_tst.o-cp_compat_y_tst.o link
UNRESOLVED: tmpdir-g++.dg-struct-layout-1/t029 cp_compat_x_tst.o-cp_compat_y_tst.o execute
FAIL: g++.dg/debug/const4.C -gstabs3 (test for excess errors)
FAIL: g++.dg/debug/const4.C -gstabs3 -O2 (test for excess errors)
FAIL: g++.dg/debug/const4.C -gstabs3 -O3 (test for excess errors)
FAIL: g++.dg/debug/const4.C -gstabs+1 (test for excess errors)
FAIL: g++.dg/debug/const4.C -gstabs+1 -O2 (test for excess errors)
FAIL: g++.dg/debug/const4.C -gstabs+1 -O3 (test for excess errors)
FAIL: g++.dg/debug/const4.C -gstabs+ (test for excess errors)
FAIL: g++.dg/debug/const5.C -gstabs -O2 (test for excess errors)
FAIL: g++.dg/debug/debug3.C -gdwarf-2 (test for excess errors)
FAIL: g++.dg/debug/debug9.C -gstabs1 -O2 (test for excess errors)
FAIL: g++.dg/debug/debug9.C -gstabs1 -O3 (test for excess errors)
FAIL: g++.dg/ext/attrib42.C -std=c++98 (test for errors, line 11)
FAIL: g++.dg/ext/attrib42.C -std=c++98 (test for excess errors)
FAIL: g++.dg/ext/attrib42.C -std=c++11 (test for errors, line 11)
FAIL: g++.dg/ext/attrib42.C -std=c++11 (test for excess errors)
=== g++ Summary ===
# of expected passes 48214
# of unexpected failures 17
# of expected failures 286
# of unresolved testcases 2
# of unsupported tests 553
/scratch/gcc/nightly-2012-01-13-mainline/i686-pc-linux-gnu/obj/test-mainline-0-i686-pc-linux-gnu/host-i686-pc-linux-gnu/fsf-mainline/bin/i686-pc-linux-gnu-g++ version 4.7.0 20120113 (experimental) (GCC)
=== Summary adjusted for local xfails ===
# of unexpected failures 17
# of expected passes 48214
# of expected failures 286
# of unresolved testcases 2
# of unsupported tests 553
=== gcc tests ===
Running target localhost/-m64
FAIL: gcc.c-torture/compile/20030323-1.c -O3 -g (test for excess errors)
FAIL: gcc.c-torture/compile/20030416-1.c -O0 (test for excess errors)
FAIL: gcc.c-torture/compile/20030530-1.c -O1 (test for excess errors)
FAIL: gcc.c-torture/compile/20030823-1.c -Os (test for excess errors)
FAIL: gcc.c-torture/compile/20031023-3.c -O1 (test for excess errors)
FAIL: gcc.c-torture/compile/20040304-1.c -Os (test for excess errors)
FAIL: gcc.c-torture/compile/20040304-1.c -O2 -flto -fuse-linker-plugin -fno-fat-lto-objects (test for excess errors)
FAIL: gcc.c-torture/compile/20040309-1.c -O0 (test for excess errors)
FAIL: gcc.c-torture/compile/20040309-1.c -O1 (test for excess errors)
FAIL: gcc.c-torture/compile/20040309-1.c -O2 (test for excess errors)
FAIL: gcc.c-torture/compile/20040309-1.c -O3 -fomit-frame-pointer (test for excess errors)
FAIL: gcc.c-torture/compile/20040309-1.c -O3 -fomit-frame-pointer -funroll-loops (test for excess errors)
FAIL: gcc.c-torture/compile/20040309-1.c -O3 -fomit-frame-pointer -funroll-all-loops -finline-functions (test for excess errors)
FAIL: gcc.c-torture/compile/20040309-1.c -O3 -g (test for excess errors)
FAIL: gcc.c-torture/compile/20040309-1.c -Os (test for excess errors)
FAIL: gcc.c-torture/compile/20040309-1.c -O2 -flto -fno-use-linker-plugin -flto-partition=none (test for excess errors)
FAIL: gcc.c-torture/compile/20040309-1.c -O2 -flto -fuse-linker-plugin -fno-fat-lto-objects (test for excess errors)
FAIL: gcc.c-torture/compile/20040310-1.c -O0 (test for excess errors)
FAIL: gcc.c-torture/compile/20040310-1.c -O1 (test for excess errors)
FAIL: gcc.c-torture/compile/20040310-1.c -O2 (test for excess errors)
FAIL: gcc.c-torture/compile/20040310-1.c -O3 -fomit-frame-pointer (test for excess errors)
FAIL: gcc.c-torture/compile/20040310-1.c -O3 -g (test for excess errors)
FAIL: gcc.c-torture/compile/20040310-1.c -Os (test for excess errors)
FAIL: gcc.c-torture/compile/20040310-1.c -O2 -flto -fno-use-linker-plugin -flto-partition=none (test for excess errors)
FAIL: gcc.c-torture/compile/20040310-1.c -O2 -flto -fuse-linker-plugin -fno-fat-lto-objects (test for excess errors)
FAIL: gcc.c-torture/compile/20040317-1.c -O0 (test for excess errors)
FAIL: gcc.c-torture/compile/20040317-1.c -O1 (test for excess errors)
FAIL: gcc.c-torture/compile/20040317-1.c -O2 (test for excess errors)
FAIL: gcc.c-torture/compile/20040317-1.c -O3 -fomit-frame-pointer (test for excess errors)
FAIL: gcc.c-torture/compile/20040317-1.c -O3 -g (test for excess errors)
FAIL: gcc.c-torture/compile/20040317-1.c -Os (test for excess errors)
FAIL: gcc.c-torture/compile/20040317-1.c -O2 -flto -fno-use-linker-plugin -flto-partition=none (test for excess errors)
FAIL: gcc.c-torture/compile/20040317-1.c -O2 -flto -fuse-linker-plugin -fno-fat-lto-objects (test for excess errors)
FAIL: gcc.c-torture/compile/20040317-2.c -O0 (test for excess errors)
FAIL: gcc.c-torture/compile/20040317-2.c -O1 (test for excess errors)
FAIL: gcc.c-torture/compile/20040317-2.c -O2 (test for excess errors)
FAIL: gcc.c-torture/compile/20040317-2.c -O3 -fomit-frame-pointer (test for excess errors)
FAIL: gcc.c-torture/compile/20040317-2.c -O3 -g (test for excess errors)
FAIL: gcc.c-torture/compile/20040317-2.c -Os (test for excess errors)
FAIL: gcc.c-torture/compile/20040317-2.c -O2 -flto -fno-use-linker-plugin -flto-partition=none (test for excess errors)
FAIL: gcc.c-torture/compile/20040317-2.c -O2 -flto -fuse-linker-plugin -fno-fat-lto-objects (test for excess errors)
FAIL: gcc.c-torture/compile/20040317-3.c -O0 (test for excess errors)
FAIL: gcc.c-torture/compile/20040317-3.c -O1 (test for excess errors)
FAIL: gcc.c-torture/compile/20040317-3.c -O2 (test for excess errors)
FAIL: gcc.c-torture/compile/20040317-3.c -O3 -fomit-frame-pointer (test for excess errors)
FAIL: gcc.c-torture/compile/20040317-3.c -O3 -g (test for excess errors)
FAIL: gcc.c-torture/compile/20040317-3.c -Os (test for excess errors)
FAIL: gcc.c-torture/compile/20040317-3.c -O2 -flto -fno-use-linker-plugin -flto-partition=none (test for excess errors)
FAIL: gcc.c-torture/compile/20040317-3.c -O2 -flto -fuse-linker-plugin -fno-fat-lto-objects (test for excess errors)
FAIL: gcc.c-torture/compile/20040323-1.c -O0 (test for excess errors)
FAIL: gcc.c-torture/compile/20040323-1.c -O1 (test for excess errors)
FAIL: gcc.c-torture/compile/20040323-1.c -O2 (test for excess errors)
FAIL: gcc.c-torture/compile/20040323-1.c -O3 -fomit-frame-pointer (test for excess errors)
FAIL: gcc.c-torture/compile/20040323-1.c -O3 -g (test for excess errors)
FAIL: gcc.c-torture/compile/20040323-1.c -Os (test for excess errors)
FAIL: gcc.c-torture/compile/20040323-1.c -O2 -flto -fno-use-linker-plugin -flto-partition=none (test for excess errors)
FAIL: gcc.c-torture/compile/20040323-1.c -O2 -flto -fuse-linker-plugin -fno-fat-lto-objects (test for excess errors)
FAIL: gcc.c-torture/compile/20040401-1.c -O0 (test for excess errors)
FAIL: gcc.c-torture/compile/20040401-1.c -O1 (test for excess errors)
FAIL: gcc.c-torture/compile/20040401-1.c -O2 (test for excess errors)
FAIL: gcc.c-torture/compile/20040401-1.c -O3 -fomit-frame-pointer (test for excess errors)
FAIL: gcc.c-torture/compile/20040401-1.c -O3 -g (test for excess errors)
FAIL: gcc.c-torture/compile/20040401-1.c -Os (test for excess errors)
FAIL: gcc.c-torture/compile/20040401-1.c -O2 -flto -fno-use-linker-plugin -flto-partition=none (test for excess errors)
FAIL: gcc.c-torture/compile/20040401-1.c -O2 -flto -fuse-linker-plugin -fno-fat-lto-objects (test for excess errors)
FAIL: gcc.c-torture/compile/20040415-1.c -O0 (test for excess errors)
FAIL: gcc.c-torture/compile/20040415-1.c -O1 (test for excess errors)
FAIL: gcc.c-torture/compile/20040415-1.c -O2 (test for excess errors)
FAIL: gcc.c-torture/compile/20040415-1.c -O3 -fomit-frame-pointer (test for excess errors)
FAIL: gcc.c-torture/compile/20040415-1.c -O3 -g (test for excess errors)
FAIL: gcc.c-torture/compile/20040415-1.c -Os (test for excess errors)
FAIL: gcc.c-torture/compile/20040415-1.c -O2 -flto -fno-use-linker-plugin -flto-partition=none (test for excess errors)
FAIL: gcc.c-torture/compile/20040415-1.c -O2 -flto -fuse-linker-plugin -fno-fat-lto-objects (test for excess errors)
FAIL: gcc.c-torture/compile/20040415-2.c -O0 (test for excess errors)
FAIL: gcc.c-torture/compile/20040415-2.c -O1 (test for excess errors)
FAIL: gcc.c-torture/compile/20040415-2.c -O2 (test for excess errors)
FAIL: gcc.c-torture/compile/20040415-2.c -O3 -fomit-frame-pointer (test for excess errors)
FAIL: gcc.c-torture/compile/20040415-2.c -O3 -g (test for excess errors)
FAIL: gcc.c-torture/compile/20040415-2.c -Os (test for excess errors)
FAIL: gcc.c-torture/compile/20040415-2.c -O2 -flto -fno-use-linker-plugin -flto-partition=none (test for excess errors)
FAIL: gcc.c-torture/compile/20040415-2.c -O2 -flto -fuse-linker-plugin -fno-fat-lto-objects (test for excess errors)
FAIL: gcc.c-torture/compile/20040419-1.c -O0 (test for excess errors)
FAIL: gcc.c-torture/compile/20040419-1.c -O1 (test for excess errors)
FAIL: gcc.c-torture/compile/20040419-1.c -O2 (test for excess errors)
FAIL: gcc.c-torture/compile/20040419-1.c -O3 -fomit-frame-pointer (test for excess errors)
FAIL: gcc.c-torture/compile/20040419-1.c -O3 -g (test for excess errors)
FAIL: gcc.c-torture/compile/20040419-1.c -Os (test for excess errors)
FAIL: gcc.c-torture/compile/20040419-1.c -O2 -flto -fno-use-linker-plugin -flto-partition=none (test for excess errors)
FAIL: gcc.c-torture/compile/20040419-1.c -O2 -flto -fuse-linker-plugin -fno-fat-lto-objects (test for excess errors)
FAIL: gcc.c-torture/compile/20040602-1.c -O0 (test for excess errors)
FAIL: gcc.c-torture/compile/20040602-1.c -O1 (test for excess errors)
FAIL: gcc.c-torture/compile/20040602-1.c -O2 (test for excess errors)
FAIL: gcc.c-torture/compile/20040602-1.c -O3 -fomit-frame-pointer (test for excess errors)
FAIL: gcc.c-torture/compile/20040602-1.c -O3 -g (test for excess errors)
FAIL: gcc.c-torture/compile/20040602-1.c -Os (test for excess errors)
FAIL: gcc.c-torture/compile/20040602-1.c -O2 -flto -fno-use-linker-plugin -flto-partition=none (test for excess errors)
FAIL: gcc.c-torture/compile/20040602-1.c -O2 -flto -fuse-linker-plugin -fno-fat-lto-objects (test for excess errors)
FAIL: gcc.c-torture/compile/20040610-1.c -O0 (test for excess errors)
FAIL: gcc.c-torture/compile/20040610-1.c -O1 (test for excess errors)
FAIL: gcc.c-torture/compile/20040610-1.c -O2 (test for excess errors)
FAIL: gcc.c-torture/compile/20040610-1.c -O3 -fomit-frame-pointer (test for excess errors)
FAIL: gcc.c-torture/compile/20040610-1.c -O3 -g (test for excess errors)
FAIL: gcc.c-torture/compile/20040611-1.c -O2 (test for excess errors)
FAIL: gcc.c-torture/compile/20040907-1.c -O3 -fomit-frame-pointer (test for excess errors)
FAIL: gcc.c-torture/compile/20050423-1.c -O2 -flto -fno-use-linker-plugin -flto-partition=none (test for excess errors)
FAIL: gcc.c-torture/compile/20050510-1.c -O0 (test for excess errors)
FAIL: gcc.c-torture/compile/20050510-1.c -O1 (test for excess errors)
FAIL: gcc.c-torture/execute/builtins/strcspn.c compilation, -O2 -flto -fno-use-linker-plugin -flto-partition=none
UNRESOLVED: gcc.c-torture/execute/builtins/strcspn.c execution, -O2 -flto -fno-use-linker-plugin -flto-partition=none
FAIL: gcc.dg/cproj-fails-with-broken-glibc.c execution test
XPASS: gcc.dg/inline_3.c (test for excess errors)
XPASS: gcc.dg/inline_4.c (test for excess errors)
XPASS: gcc.dg/unroll_2.c (test for excess errors)
XPASS: gcc.dg/unroll_3.c (test for excess errors)
XPASS: gcc.dg/unroll_4.c (test for excess errors)
XPASS: gcc.dg/guality/example.c -O0 execution test
XPASS: gcc.dg/guality/example.c -O1 execution test
XPASS: gcc.dg/guality/example.c -O2 execution test
XPASS: gcc.dg/guality/example.c -Os execution test
XPASS: gcc.dg/guality/example.c -O2 -flto -fno-use-linker-plugin -flto-partition=none execution test
XPASS: gcc.dg/guality/guality.c -O0 execution test
XPASS: gcc.dg/guality/inline-params.c -O2 execution test
XPASS: gcc.dg/guality/inline-params.c -O3 -fomit-frame-pointer execution test
XPASS: gcc.dg/guality/inline-params.c -O3 -g execution test
XPASS: gcc.dg/guality/inline-params.c -Os execution test
XPASS: gcc.dg/guality/inline-params.c -O2 -flto -fno-use-linker-plugin -flto-partition=none execution test
XPASS: gcc.dg/guality/inline-params.c -O2 -flto -fuse-linker-plugin -fno-fat-lto-objects execution test
XPASS: gcc.dg/guality/pr41353-1.c -O0 line 28 j == 28 + 37
XPASS: gcc.dg/guality/pr41353-1.c -O1 line 28 j == 28 + 37
XPASS: gcc.dg/guality/pr41353-1.c -O2 line 28 j == 28 + 37
XPASS: gcc.dg/guality/pr41353-1.c -O3 -fomit-frame-pointer line 28 j == 28 + 37
XPASS: gcc.dg/guality/pr41353-1.c -O3 -g line 28 j == 28 + 37
XPASS: gcc.dg/guality/pr41353-1.c -Os line 28 j == 28 + 37
XPASS: gcc.dg/guality/pr41353-1.c -O2 -flto -fno-use-linker-plugin -flto-partition=none line 28 j == 28 + 37
XPASS: gcc.dg/guality/pr41353-1.c -O2 -flto -fuse-linker-plugin -fno-fat-lto-objects line 28 j == 28 + 37
XPASS: gcc.dg/guality/pr41447-1.c -O0 execution test
XPASS: gcc.dg/guality/pr41447-1.c -O1 execution test
XPASS: gcc.dg/guality/pr41447-1.c -O2 execution test
XPASS: gcc.dg/guality/pr41447-1.c -O3 -fomit-frame-pointer execution test
XPASS: gcc.dg/guality/pr41447-1.c -O3 -g execution test
XPASS: gcc.dg/guality/pr41447-1.c -Os execution test
XPASS: gcc.dg/guality/pr41447-1.c -O2 -flto -fno-use-linker-plugin -flto-partition=none execution test
XPASS: gcc.dg/guality/pr41447-1.c -O2 -flto -fuse-linker-plugin -fno-fat-lto-objects execution test
XPASS: gcc.dg/guality/pr41616-1.c -O0 execution test
XPASS: gcc.dg/guality/pr41616-1.c -O1 execution test
XPASS: gcc.dg/guality/pr41616-1.c -O2 execution test
XPASS: gcc.dg/guality/pr41616-1.c -O3 -fomit-frame-pointer execution test
XPASS: gcc.dg/guality/pr41616-1.c -O3 -g execution test
XPASS: gcc.dg/guality/pr41616-1.c -Os execution test
XPASS: gcc.dg/guality/pr41616-1.c -O2 -flto -fno-use-linker-plugin -flto-partition=none execution test
FAIL: gcc.dg/guality/vla-1.c -O0 line 17 sizeof (a) == 6
FAIL: gcc.dg/guality/vla-1.c -O0 line 24 sizeof (a) == 17 * sizeof (short)
FAIL: gcc.dg/guality/vla-1.c -O1 line 17 sizeof (a) == 6
FAIL: gcc.dg/guality/vla-1.c -O1 line 24 sizeof (a) == 17 * sizeof (short)
FAIL: gcc.dg/guality/vla-1.c -O2 line 17 sizeof (a) == 6
FAIL: gcc.dg/guality/vla-1.c -O2 line 24 sizeof (a) == 17 * sizeof (short)
FAIL: gcc.dg/guality/vla-1.c -O3 -fomit-frame-pointer line 17 sizeof (a) == 6
FAIL: gcc.dg/guality/vla-1.c -O3 -fomit-frame-pointer line 24 sizeof (a) == 17 * sizeof (short)
FAIL: gcc.dg/guality/vla-1.c -O3 -g line 17 sizeof (a) == 6
FAIL: gcc.dg/guality/vla-1.c -O3 -g line 24 sizeof (a) == 17 * sizeof (short)
FAIL: gcc.dg/guality/vla-1.c -Os line 17 sizeof (a) == 6
FAIL: gcc.dg/guality/vla-1.c -Os line 24 sizeof (a) == 17 * sizeof (short)
FAIL: gcc.dg/guality/vla-1.c -O2 -flto -fno-use-linker-plugin -flto-partition=none line 17 sizeof (a) == 6
FAIL: gcc.dg/guality/vla-1.c -O2 -flto -fno-use-linker-plugin -flto-partition=none line 24 sizeof (a) == 17 * sizeof (short)
FAIL: gcc.dg/guality/vla-1.c -O2 -flto -fuse-linker-plugin -fno-fat-lto-objects line 17 sizeof (a) == 6
FAIL: gcc.dg/guality/vla-1.c -O2 -flto -fuse-linker-plugin -fno-fat-lto-objects line 24 sizeof (a) == 17 * sizeof (short)
FAIL: gcc.dg/guality/vla-2.c -O0 line 16 sizeof (a) == 5 * sizeof (int)
FAIL: gcc.dg/guality/vla-2.c -O0 line 25 sizeof (a) == 6 * sizeof (int)
FAIL: gcc.dg/guality/vla-2.c -O1 line 16 sizeof (a) == 5 * sizeof (int)
FAIL: gcc.dg/guality/vla-2.c -O1 line 25 sizeof (a) == 6 * sizeof (int)
FAIL: gcc.dg/guality/vla-2.c -O2 line 16 sizeof (a) == 5 * sizeof (int)
FAIL: gcc.dg/guality/vla-2.c -O2 line 25 sizeof (a) == 6 * sizeof (int)
FAIL: gcc.dg/guality/vla-2.c -O3 -fomit-frame-pointer line 16 sizeof (a) == 5 * sizeof (int)
FAIL: gcc.dg/guality/vla-2.c -O3 -fomit-frame-pointer line 25 sizeof (a) == 6 * sizeof (int)
FAIL: gcc.dg/guality/vla-2.c -O3 -g line 16 sizeof (a) == 5 * sizeof (int)
FAIL: gcc.dg/guality/vla-2.c -O3 -g line 25 sizeof (a) == 6 * sizeof (int)
FAIL: gcc.dg/guality/vla-2.c -Os line 16 sizeof (a) == 5 * sizeof (int)
FAIL: gcc.dg/guality/vla-2.c -Os line 25 sizeof (a) == 6 * sizeof (int)
FAIL: gcc.dg/guality/vla-2.c -O2 -flto -fno-use-linker-plugin -flto-partition=none line 16 sizeof (a) == 5 * sizeof (int)
FAIL: gcc.dg/guality/vla-2.c -O2 -flto -fno-use-linker-plugin -flto-partition=none line 25 sizeof (a) == 6 * sizeof (int)
FAIL: gcc.dg/guality/vla-2.c -O2 -flto -fuse-linker-plugin -fno-fat-lto-objects line 16 sizeof (a) == 5 * sizeof (int)
FAIL: gcc.dg/guality/vla-2.c -O2 -flto -fuse-linker-plugin -fno-fat-lto-objects line 25 sizeof (a) == 6 * sizeof (int)
=== gcc Summary ===
# of expected passes 86209
# of unexpected failures 141
# of unexpected successes 40
# of expected failures 279
# of unresolved testcases 1
# of unsupported tests 1341
/scratch/gcc/nightly-2012-01-13-mainline/i686-pc-linux-gnu/obj/test-mainline-0-i686-pc-linux-gnu/host-i686-pc-linux-gnu/fsf-mainline/bin/i686-pc-linux-gnu-gcc version 4.7.0 20120113 (experimental) (GCC)
=== Summary adjusted for local xfails ===
# of unexpected failures 141
# of expected passes 86209
# of unexpected successes 40
# of expected failures 279
# of unresolved testcases 1
# of unsupported tests 1341
=== gfortran tests ===
Running target localhost/-m64
=== gfortran Summary ===
# of expected passes 40588
# of expected failures 56
# of unsupported tests 73
/scratch/gcc/nightly-2012-01-13-mainline/i686-pc-linux-gnu/obj/test-mainline-0-i686-pc-linux-gnu/host-i686-pc-linux-gnu/fsf-mainline/bin/i686-pc-linux-gnu-gfortran version 4.7.0 20120113 (experimental) (GCC)
=== Summary adjusted for local xfails ===
# of expected passes 40588
# of expected failures 56
# of unsupported tests 73
=== libstdc++ tests ===
Running target localhost/-m64
ERROR: tcl error sourcing /scratch/gcc/nightly-2012-01-13-mainline/src/gcc-mainline/libstdc++-v3/testsuite/libstdc++-abi/abi.exp.
ERROR: can't read "baseline_subdir_switch": no such variable
FAIL: tr2/headers/all.cc (test for excess errors)
=== libstdc++ Summary ===
# of expected passes 8208
# of unexpected failures 1
# of expected failures 44
# of unsupported tests 452
=== Summary adjusted for local xfails ===
# of errors 2
# of unexpected failures 1
# of expected passes 8208
# of expected failures 44
# of unsupported tests 452
Compiler version: 4.7.0 20120113 (experimental) (GCC)
Platform: i686-pc-linux-gnu
configure flags: --build=i686-pc-linux-gnu --host=i686-pc-linux-gnu --target=i686-pc-linux-gnu --enable-threads --disable-libmudflap --disable-libssp --disable-libstdcxx-pch --enable-targets=all --with-gnu-as --with-gnu-ld --enable-languages=c,c++,fortran --enable-shared --enable-lto --disable-nls --prefix=/opt/codesourcery --with-gmp=/scratch/gcc/nightly-2012-01-13-mainline/i686-pc-linux-gnu/obj/host-libs-mainline-0-i686-pc-linux-gnu-i686-pc-linux-gnu/usr --with-mpfr=/scratch/gcc/nightly-2012-01-13-mainline/i686-pc-linux-gnu/obj/host-libs-mainline-0-i686-pc-linux-gnu-i686-pc-linux-gnu/usr --with-mpc=/scratch/gcc/nightly-2012-01-13-mainline/i686-pc-linux-gnu/obj/host-libs-mainline-0-i686-pc-linux-gnu-i686-pc-linux-gnu/usr --with-ppl=/scratch/gcc/nightly-2012-01-13-mainline/i686-pc-linux-gnu/obj/host-libs-mainline-0-i686-pc-linux-gnu-i686-pc-linux-gnu/usr --with-host-libstdcxx='-L/usr/local/tools/gcc-4.3.3/i686-pc-linux-gnu/lib -static-libgcc -Wl,-Bstatic,-lstdc++,-Bdynamic -l
m' --with-cloog=/scratch/gcc/nightly-2012-01-13-mainline/i686-pc-linux-gnu/obj/host-libs-mainline-0-i686-pc-linux-gnu-i686-pc-linux-gnu/usr --with-libelf=/scratch/gcc/nightly-2012-01-13-mainline/i686-pc-linux-gnu/obj/host-libs-mainline-0-i686-pc-linux-gnu-i686-pc-linux-gnu/usr --disable-libgomp --with-build-time-tools=/scratch/gcc/nightly-2012-01-13-mainline/i686-pc-linux-gnu/install/opt/codesourcery/i686-pc-linux-gnu/bin --with-build-time-tools=/scratch/gcc/nightly-2012-01-13-mainline/i686-pc-linux-gnu/install/opt/codesourcery/i686-pc-linux-gnu/bin
More information about the Gcc-testresults
mailing list