Results for 4.6.3 20120109 (prerelease) [gcc-4_6-branch revision 183034] (GCC) testsuite on hppa64-hp-hpux11.11
John David Anglin
dave@hiauly3.hia.nrc.ca
Tue Jan 10 23:37:00 GMT 2012
Native configuration is hppa64-hp-hpux11.11
=== g++ tests ===
Running target unix
XPASS: g++.dg/uninit-pred-3_b.C (test for excess errors)
WARNING: program timed out.
=== g++ Summary ===
# of expected passes 25122
# of unexpected successes 1
# of expected failures 169
# of unsupported tests 594
/mnt/gnu/gcc/objdir-test/gcc/testsuite/g++/../../g++ version 4.6.3 20120109 (prerelease) [gcc-4_6-branch revision 183034] (GCC)
=== gcc tests ===
Running target unix
WARNING: program timed out.
FAIL: gcc.c-torture/compile/limits-fndefn.c -O3 -g (test for excess errors)
WARNING: program timed out.
=== gcc Summary ===
# of expected passes 67268
# of unexpected failures 1
# of expected failures 134
# of unsupported tests 1253
/mnt/gnu/gcc/objdir-test/gcc/xgcc version 4.6.3 20120109 (prerelease) [gcc-4_6-branch revision 183034] (GCC)
=== gfortran tests ===
Running target unix
=== gfortran Summary ===
# of expected passes 37716
# of expected failures 41
# of unsupported tests 363
/mnt/gnu/gcc/objdir-test/gcc/testsuite/gfortran/../../gfortran version 4.6.3 20120109 (prerelease) [gcc-4_6-branch revision 183034] (GCC)
=== obj-c++ tests ===
Running target unix
=== obj-c++ Summary ===
# of expected passes 1380
# of expected failures 10
# of unsupported tests 86
/mnt/gnu/gcc/objdir-test/gcc/testsuite/obj-c++/../../g++ version 4.6.3 20120109 (prerelease) [gcc-4_6-branch revision 183034] (GCC)
=== objc tests ===
Running target unix
=== objc Summary ===
# of expected passes 2914
# of expected failures 10
# of unsupported tests 75
/mnt/gnu/gcc/objdir-test/gcc/xgcc version 4.6.3 20120109 (prerelease) [gcc-4_6-branch revision 183034] (GCC)
=== libgomp tests ===
Running target unix
=== libgomp Summary ===
# of expected passes 2612
# of unsupported tests 10
=== libstdc++ tests ===
Running target unix
=== libstdc++ Summary ===
# of expected passes 6901
# of expected failures 82
# of unsupported tests 738
Compiler version: 4.6.3 20120109 (prerelease) [gcc-4_6-branch revision 183034] (GCC)
Platform: hppa64-hp-hpux11.11
configure flags:Test Run By dave on Tue Jan 10 06:44:51 2012
More information about the Gcc-testresults
mailing list