Results for 4.5.4 20120106 (prerelease) [gcc-4_5-branch revision 182956] (GCC) testsuite on i386-pc-solaris2.11
Rainer Orth
ro@CeBiTec.Uni-Bielefeld.DE
Mon Jan 9 10:42:00 GMT 2012
LAST_UPDATED: Fri Jan 6 15:16:13 UTC 2012 (revision 182956)
=== acats tests ===
=== acats Summary ===
# of expected passes 2321
# of unexpected failures 0
Native configuration is i386-pc-solaris2.11
=== g++ tests ===
Running target unix
WARNING: program timed out.
FAIL: g++.dg/debug/template1.C -gdwarf-2 -O3 (test for excess errors)
WARNING: program timed out.
FAIL: g++.old-deja/g++.law/refs3.C (test for excess errors)
=== g++ Summary for unix ===
# of expected passes 23280
# of unexpected failures 2
# of expected failures 154
# of unsupported tests 167
Running target unix/-m64
=== g++ Summary for unix/-m64 ===
# of expected passes 22902
# of expected failures 154
# of unsupported tests 350
=== g++ Summary ===
# of expected passes 46182
# of unexpected failures 2
# of expected failures 308
# of unsupported tests 517
/var/gcc/regression/gcc-4.5-branch/11-gcc/build/gcc/testsuite/g++/../../g++ version 4.5.4 20120106 (prerelease) [gcc-4_5-branch revision 182956] (GCC)
=== gcc tests ===
Running target unix
WARNING: program timed out.
FAIL: gcc.c-torture/compile/20020318-1.c -O3 -g (test for excess errors)
FAIL: gcc.c-torture/execute/20010604-1.c compilation, -O2 -fwhopr
UNRESOLVED: gcc.c-torture/execute/20010604-1.c execution, -O2 -fwhopr
FAIL: gcc.c-torture/execute/931004-11.c compilation, -O2 -fwhopr
UNRESOLVED: gcc.c-torture/execute/931004-11.c execution, -O2 -fwhopr
WARNING: program timed out.
WARNING: program timed out.
WARNING: program timed out.
FAIL: gcc.c-torture/unsorted/q.c, -Os
WARNING: program timed out.
FAIL: gcc.dg/debug/20020220-1.c -gstabs1 -O (test for excess errors)
WARNING: gcc.dg/debug/20020220-1.c -gstabs1 -O compilation failed to produce executable
WARNING: program timed out.
FAIL: gcc.dg/ia64-sync-3.c (test for excess errors)
WARNING: gcc.dg/ia64-sync-3.c compilation failed to produce executable
WARNING: program timed out.
FAIL: c-c++-common/torture/complex-sign-mixed-sub.c -O2 (test for excess errors)
WARNING: c-c++-common/torture/complex-sign-mixed-sub.c -O2 compilation failed to produce executable
=== gcc Summary for unix ===
# of expected passes 71748
# of unexpected failures 7
# of expected failures 167
# of unresolved testcases 2
# of unsupported tests 736
Running target unix/-m64
=== gcc Summary for unix/-m64 ===
# of expected passes 71298
# of expected failures 165
# of unsupported tests 1090
=== gcc Summary ===
# of expected passes 143046
# of unexpected failures 7
# of expected failures 332
# of unresolved testcases 2
# of unsupported tests 1826
/var/gcc/regression/gcc-4.5-branch/11-gcc/build/gcc/xgcc version 4.5.4 20120106 (prerelease) [gcc-4_5-branch revision 182956] (GCC)
=== gfortran tests ===
Running target unix
FAIL: gfortran.dg/array_constructor_21.f90 -O (test for excess errors)
FAIL: gfortran.dg/enum_10.f90 -O0 (test for excess errors)
WARNING: gfortran.dg/enum_10.f90 -O0 compilation failed to produce executable
FAIL: gfortran.dg/pack_bounds_1.f90 -O0 (test for excess errors)
WARNING: program timed out.
WARNING: program timed out.
WARNING: program timed out.
=== gfortran Summary for unix ===
# of expected passes 34464
# of unexpected failures 3
# of expected failures 20
# of unsupported tests 138
Running target unix/-m64
=== gfortran Summary for unix/-m64 ===
# of expected passes 34629
# of expected failures 20
# of unsupported tests 62
=== gfortran Summary ===
# of expected passes 69093
# of unexpected failures 3
# of expected failures 40
# of unsupported tests 200
/var/gcc/regression/gcc-4.5-branch/11-gcc/build/gcc/testsuite/gfortran/../../gfortran version 4.5.4 20120106 (prerelease) [gcc-4_5-branch revision 182956] (GCC)
=== gnat tests ===
Running target unix
=== gnat Summary for unix ===
# of expected passes 767
# of expected failures 7
# of unsupported tests 1
Running target unix/-m64
WARNING: program timed out.
FAIL: gnat.dg/init_scalar1.adb (test for excess errors)
=== gnat Summary for unix/-m64 ===
# of expected passes 766
# of unexpected failures 1
# of expected failures 7
# of unsupported tests 1
=== gnat Summary ===
# of expected passes 1533
# of unexpected failures 1
# of expected failures 14
# of unsupported tests 2
=== objc tests ===
Running target unix
=== objc Summary for unix ===
# of expected passes 1882
# of expected failures 7
# of unsupported tests 20
Running target unix/-m64
WARNING: program timed out.
=== objc Summary for unix/-m64 ===
# of expected passes 1782
# of expected failures 15
# of unsupported tests 20
=== objc Summary ===
# of expected passes 3664
# of expected failures 22
# of unsupported tests 40
/var/gcc/regression/gcc-4.5-branch/11-gcc/build/gcc/xgcc version 4.5.4 20120106 (prerelease) [gcc-4_5-branch revision 182956] (GCC)
=== libffi tests ===
Running target unix
=== libffi Summary for unix ===
# of expected passes 1634
# of expected failures 10
# of unsupported tests 15
Running target unix/-m64
WARNING: program timed out.
FAIL: libffi.call/nested_struct9.c -O3 (test for excess errors)
WARNING: libffi.call/nested_struct9.c -O3 compilation failed to produce executable
=== libffi Summary for unix/-m64 ===
# of expected passes 1631
# of unexpected failures 1
# of expected failures 10
# of unsupported tests 15
=== libffi Summary ===
# of expected passes 3265
# of unexpected failures 1
# of expected failures 20
# of unsupported tests 30
=== libgomp tests ===
Running target unix
WARNING: program timed out.
FAIL: libgomp.fortran/nestedfn1.f90 -O1 (test for excess errors)
=== libgomp Summary for unix ===
# of expected passes 2553
# of unexpected failures 1
# of unsupported tests 2
Running target unix/-m64
=== libgomp Summary for unix/-m64 ===
# of expected passes 2554
# of unsupported tests 2
=== libgomp Summary ===
# of expected passes 5107
# of unexpected failures 1
# of unsupported tests 4
=== libjava tests ===
Running target unix
WARNING: program timed out.
FAIL: PR19870 -findirect-dispatch compilation from source
=== libjava Summary for unix ===
# of expected passes 2571
# of unexpected failures 1
# of untested testcases 2
Running target unix/-m64
=== libjava Summary for unix/-m64 ===
# of expected passes 2574
=== libjava Summary ===
# of expected passes 5145
# of unexpected failures 1
# of untested testcases 2
=== libstdc++ tests ===
Running target unix
=== libstdc++ Summary for unix ===
# of expected passes 6699
# of expected failures 92
# of unsupported tests 436
Running target unix/-m64
=== libstdc++ Summary for unix/-m64 ===
# of expected passes 6699
# of expected failures 92
# of unsupported tests 436
=== libstdc++ Summary ===
# of expected passes 13398
# of expected failures 184
# of unsupported tests 872
=== libstdc++ Summary ===
Compiler version: 4.5.4 20120106 (prerelease) [gcc-4_5-branch revision 182956] (GCC)
Platform: i386-pc-solaris2.11
configure flags: --prefix=/vol/gcc --target=i386-pc-solaris2.11 --with-gmp-include=/vol/gcc/include --with-gmp-lib=/vol/gcc/lib --with-mpfr-include=/vol/gcc/include --with-mpfr-lib=/vol/gcc/lib --with-mpc-include=/vol/gcc/include --with-mpc-lib=/vol/gcc/lib --enable-languages=all,ada --without-ppl --without-cloog
BOOT_CFLAGS=-g -O2
More information about the Gcc-testresults
mailing list