Results for 4.7.0 20120105 (experimental) [trunk revision 182901] (Debian 20120105-1) testsuite on s390x-ibm-linux-gnu
Matthias Klose
doko@debian.org
Fri Jan 6 17:55:00 GMT 2012
LAST_UPDATED: Thu Jan 5 05:53:45 UTC 2012 (revision 182901)
Target: s390x-linux-gnu
gcc version 4.7.0 20120105 (experimental) [trunk revision 182901] (Debian 20120105-1)
=== acats tests ===
FAIL: c52103x
FAIL: c52104x
FAIL: c52104y
FAIL: cb1010a
=== acats Summary ===
# of expected passes 2317
# of unexpected failures 4
Native configuration is s390x-ibm-linux-gnu
=== g++ tests ===
Running target unix
UNRESOLVED: attribute_plugin.c compilation, -I. -I/build/buildd-gcc-snapshot_20120105-1-s390x-j35Xxd/gcc-snapshot-20120105/src/gcc/testsuite -I/build/buildd-gcc-snapshot_20120105-1-s390x-j35Xxd/gcc-snapshot-20120105/src/gcc/testsuite/../../gcc -I/build/buildd-gcc-snapshot_20120105-1-s390x-j35Xxd/gcc-snapshot-20120105/build/gcc/testsuite/g++/../../../gcc -I/build/buildd-gcc-snapshot_20120105-1-s390x-j35Xxd/gcc-snapshot-20120105/src/gcc/testsuite/../../include -I/build/buildd-gcc-snapshot_20120105-1-s390x-j35Xxd/gcc-snapshot-20120105/src/gcc/testsuite/../../libcpp/include -I/build/buildd-gcc-snapshot_20120105-1-s390x-j35Xxd/gcc-snapshot-20120105/build/gcc/testsuite/g++/../../../intl -DIN_GCC -fPIC -shared
UNRESOLVED: pragma_plugin.c compilation, -I. -I/build/buildd-gcc-snapshot_20120105-1-s390x-j35Xxd/gcc-snapshot-20120105/src/gcc/testsuite -I/build/buildd-gcc-snapshot_20120105-1-s390x-j35Xxd/gcc-snapshot-20120105/src/gcc/testsuite/../../gcc -I/build/buildd-gcc-snapshot_20120105-1-s390x-j35Xxd/gcc-snapshot-20120105/build/gcc/testsuite/g++/../../../gcc -I/build/buildd-gcc-snapshot_20120105-1-s390x-j35Xxd/gcc-snapshot-20120105/src/gcc/testsuite/../../include -I/build/buildd-gcc-snapshot_20120105-1-s390x-j35Xxd/gcc-snapshot-20120105/src/gcc/testsuite/../../libcpp/include -I/build/buildd-gcc-snapshot_20120105-1-s390x-j35Xxd/gcc-snapshot-20120105/build/gcc/testsuite/g++/../../../intl -DIN_GCC -fPIC -shared
UNRESOLVED: selfassign.c compilation, -I. -I/build/buildd-gcc-snapshot_20120105-1-s390x-j35Xxd/gcc-snapshot-20120105/src/gcc/testsuite -I/build/buildd-gcc-snapshot_20120105-1-s390x-j35Xxd/gcc-snapshot-20120105/src/gcc/testsuite/../../gcc -I/build/buildd-gcc-snapshot_20120105-1-s390x-j35Xxd/gcc-snapshot-20120105/build/gcc/testsuite/g++/../../../gcc -I/build/buildd-gcc-snapshot_20120105-1-s390x-j35Xxd/gcc-snapshot-20120105/src/gcc/testsuite/../../include -I/build/buildd-gcc-snapshot_20120105-1-s390x-j35Xxd/gcc-snapshot-20120105/src/gcc/testsuite/../../libcpp/include -I/build/buildd-gcc-snapshot_20120105-1-s390x-j35Xxd/gcc-snapshot-20120105/build/gcc/testsuite/g++/../../../intl -O -DIN_GCC -fPIC -shared
UNRESOLVED: dumb_plugin.c compilation, -I. -I/build/buildd-gcc-snapshot_20120105-1-s390x-j35Xxd/gcc-snapshot-20120105/src/gcc/testsuite -I/build/buildd-gcc-snapshot_20120105-1-s390x-j35Xxd/gcc-snapshot-20120105/src/gcc/testsuite/../../gcc -I/build/buildd-gcc-snapshot_20120105-1-s390x-j35Xxd/gcc-snapshot-20120105/build/gcc/testsuite/g++/../../../gcc -I/build/buildd-gcc-snapshot_20120105-1-s390x-j35Xxd/gcc-snapshot-20120105/src/gcc/testsuite/../../include -I/build/buildd-gcc-snapshot_20120105-1-s390x-j35Xxd/gcc-snapshot-20120105/src/gcc/testsuite/../../libcpp/include -I/build/buildd-gcc-snapshot_20120105-1-s390x-j35Xxd/gcc-snapshot-20120105/build/gcc/testsuite/g++/../../../intl -DIN_GCC -fPIC -shared
UNRESOLVED: header_plugin.c compilation, -I. -I/build/buildd-gcc-snapshot_20120105-1-s390x-j35Xxd/gcc-snapshot-20120105/src/gcc/testsuite -I/build/buildd-gcc-snapshot_20120105-1-s390x-j35Xxd/gcc-snapshot-20120105/src/gcc/testsuite/../../gcc -I/build/buildd-gcc-snapshot_20120105-1-s390x-j35Xxd/gcc-snapshot-20120105/build/gcc/testsuite/g++/../../../gcc -I/build/buildd-gcc-snapshot_20120105-1-s390x-j35Xxd/gcc-snapshot-20120105/src/gcc/testsuite/../../include -I/build/buildd-gcc-snapshot_20120105-1-s390x-j35Xxd/gcc-snapshot-20120105/src/gcc/testsuite/../../libcpp/include -I/build/buildd-gcc-snapshot_20120105-1-s390x-j35Xxd/gcc-snapshot-20120105/build/gcc/testsuite/g++/../../../intl -DIN_GCC -fPIC -shared
UNRESOLVED: decl_plugin.c compilation, -I. -I/build/buildd-gcc-snapshot_20120105-1-s390x-j35Xxd/gcc-snapshot-20120105/src/gcc/testsuite -I/build/buildd-gcc-snapshot_20120105-1-s390x-j35Xxd/gcc-snapshot-20120105/src/gcc/testsuite/../../gcc -I/build/buildd-gcc-snapshot_20120105-1-s390x-j35Xxd/gcc-snapshot-20120105/build/gcc/testsuite/g++/../../../gcc -I/build/buildd-gcc-snapshot_20120105-1-s390x-j35Xxd/gcc-snapshot-20120105/src/gcc/testsuite/../../include -I/build/buildd-gcc-snapshot_20120105-1-s390x-j35Xxd/gcc-snapshot-20120105/src/gcc/testsuite/../../libcpp/include -I/build/buildd-gcc-snapshot_20120105-1-s390x-j35Xxd/gcc-snapshot-20120105/build/gcc/testsuite/g++/../../../intl -DIN_GCC -fPIC -shared
=== g++ Summary ===
# of expected passes 47774
# of expected failures 288
# of unresolved testcases 6
# of unsupported tests 616
/build/buildd-gcc-snapshot_20120105-1-s390x-j35Xxd/gcc-snapshot-20120105/build/gcc/testsuite/g++/../../g++ version 4.7.0 20120105 (experimental) [trunk revision 182901] (Debian 20120105-1)
=== gcc tests ===
Running target unix
FAIL: gcc.dg/pr44194-1.c scan-rtl-dump dse1 "global deletions = 2"
FAIL: gcc.dg/pr46309.c scan-tree-dump-times reassoc1 "Optimizing range tests a_[0-9]*.D. -.1, 1. and -.2, 2. and -.3, 3. and -.4, 4.[
FAIL: gcc.dg/pr46309.c scan-tree-dump-times reassoc1 "Optimizing range tests a_[0-9]*.D. -.1, 1. and -.3, 3.[
FAIL: gcc.dg/pr46309.c scan-tree-dump-times reassoc1 "Optimizing range tests a_[0-9]*.D. -.1, 1. and -.2, 2.[
FAIL: gcc.dg/pr46309.c scan-tree-dump-times reassoc1 "Optimizing range tests a_[0-9]*.D. -.0, 31. and -.64, 95.[
FAIL: gcc.dg/pr46309.c scan-tree-dump-times reassoc1 "Optimizing range tests a_[0-9]*.D. -.128, 159. and -.192, 223.[
FAIL: gcc.dg/pr46309.c scan-tree-dump-times reassoc2 "Optimizing range tests D.[0-9]*_[0-9]* -.0, 31. and -.128, 159.[
FAIL: gcc.dg/uninit-13.c unconditional (test for warnings, line 8)
FAIL: gcc.dg/uninit-13.c (test for excess errors)
UNRESOLVED: selfassign.c compilation, -I. -I/build/buildd-gcc-snapshot_20120105-1-s390x-j35Xxd/gcc-snapshot-20120105/src/gcc/testsuite -I/build/buildd-gcc-snapshot_20120105-1-s390x-j35Xxd/gcc-snapshot-20120105/src/gcc/testsuite/../../gcc -I/build/buildd-gcc-snapshot_20120105-1-s390x-j35Xxd/gcc-snapshot-20120105/build/gcc/testsuite/gcc/../../../gcc -I/build/buildd-gcc-snapshot_20120105-1-s390x-j35Xxd/gcc-snapshot-20120105/src/gcc/testsuite/../../include -I/build/buildd-gcc-snapshot_20120105-1-s390x-j35Xxd/gcc-snapshot-20120105/src/gcc/testsuite/../../libcpp/include -I/build/buildd-gcc-snapshot_20120105-1-s390x-j35Xxd/gcc-snapshot-20120105/build/gcc/testsuite/gcc/../../../intl -O -DIN_GCC -fPIC -shared
UNRESOLVED: ggcplug.c compilation, -I. -I/build/buildd-gcc-snapshot_20120105-1-s390x-j35Xxd/gcc-snapshot-20120105/src/gcc/testsuite -I/build/buildd-gcc-snapshot_20120105-1-s390x-j35Xxd/gcc-snapshot-20120105/src/gcc/testsuite/../../gcc -I/build/buildd-gcc-snapshot_20120105-1-s390x-j35Xxd/gcc-snapshot-20120105/build/gcc/testsuite/gcc/../../../gcc -I/build/buildd-gcc-snapshot_20120105-1-s390x-j35Xxd/gcc-snapshot-20120105/src/gcc/testsuite/../../include -I/build/buildd-gcc-snapshot_20120105-1-s390x-j35Xxd/gcc-snapshot-20120105/src/gcc/testsuite/../../libcpp/include -I/build/buildd-gcc-snapshot_20120105-1-s390x-j35Xxd/gcc-snapshot-20120105/build/gcc/testsuite/gcc/../../../intl -O -DIN_GCC -fPIC -shared
UNRESOLVED: one_time_plugin.c compilation, -I. -I/build/buildd-gcc-snapshot_20120105-1-s390x-j35Xxd/gcc-snapshot-20120105/src/gcc/testsuite -I/build/buildd-gcc-snapshot_20120105-1-s390x-j35Xxd/gcc-snapshot-20120105/src/gcc/testsuite/../../gcc -I/build/buildd-gcc-snapshot_20120105-1-s390x-j35Xxd/gcc-snapshot-20120105/build/gcc/testsuite/gcc/../../../gcc -I/build/buildd-gcc-snapshot_20120105-1-s390x-j35Xxd/gcc-snapshot-20120105/src/gcc/testsuite/../../include -I/build/buildd-gcc-snapshot_20120105-1-s390x-j35Xxd/gcc-snapshot-20120105/src/gcc/testsuite/../../libcpp/include -I/build/buildd-gcc-snapshot_20120105-1-s390x-j35Xxd/gcc-snapshot-20120105/build/gcc/testsuite/gcc/../../../intl -DIN_GCC -fPIC -shared
UNRESOLVED: start_unit_plugin.c compilation, -I. -I/build/buildd-gcc-snapshot_20120105-1-s390x-j35Xxd/gcc-snapshot-20120105/src/gcc/testsuite -I/build/buildd-gcc-snapshot_20120105-1-s390x-j35Xxd/gcc-snapshot-20120105/src/gcc/testsuite/../../gcc -I/build/buildd-gcc-snapshot_20120105-1-s390x-j35Xxd/gcc-snapshot-20120105/build/gcc/testsuite/gcc/../../../gcc -I/build/buildd-gcc-snapshot_20120105-1-s390x-j35Xxd/gcc-snapshot-20120105/src/gcc/testsuite/../../include -I/build/buildd-gcc-snapshot_20120105-1-s390x-j35Xxd/gcc-snapshot-20120105/src/gcc/testsuite/../../libcpp/include -I/build/buildd-gcc-snapshot_20120105-1-s390x-j35Xxd/gcc-snapshot-20120105/build/gcc/testsuite/gcc/../../../intl -DIN_GCC -fPIC -shared
UNRESOLVED: finish_unit_plugin.c compilation, -I. -I/build/buildd-gcc-snapshot_20120105-1-s390x-j35Xxd/gcc-snapshot-20120105/src/gcc/testsuite -I/build/buildd-gcc-snapshot_20120105-1-s390x-j35Xxd/gcc-snapshot-20120105/src/gcc/testsuite/../../gcc -I/build/buildd-gcc-snapshot_20120105-1-s390x-j35Xxd/gcc-snapshot-20120105/build/gcc/testsuite/gcc/../../../gcc -I/build/buildd-gcc-snapshot_20120105-1-s390x-j35Xxd/gcc-snapshot-20120105/src/gcc/testsuite/../../include -I/build/buildd-gcc-snapshot_20120105-1-s390x-j35Xxd/gcc-snapshot-20120105/src/gcc/testsuite/../../libcpp/include -I/build/buildd-gcc-snapshot_20120105-1-s390x-j35Xxd/gcc-snapshot-20120105/build/gcc/testsuite/gcc/../../../intl -DIN_GCC -fPIC -shared
FAIL: gcc.dg/tm/pr51472.c (internal compiler error)
FAIL: gcc.dg/tm/pr51472.c (test for excess errors)
XPASS: gcc.dg/tree-ssa/20040204-1.c scan-tree-dump-times optimized "link_error" 0
FAIL: gcc.dg/tree-ssa/ssa-dom-thread-4.c scan-tree-dump-times dom1 "Threaded" 3
=== gcc Summary ===
# of expected passes 73879
# of unexpected failures 12
# of unexpected successes 1
# of expected failures 116
# of unresolved testcases 5
# of unsupported tests 1127
/build/buildd-gcc-snapshot_20120105-1-s390x-j35Xxd/gcc-snapshot-20120105/build/gcc/xgcc version 4.7.0 20120105 (experimental) [trunk revision 182901] (Debian 20120105-1)
=== gfortran tests ===
Running target unix
FAIL: gfortran.dg/bessel_7.f90 -O0 execution test
FAIL: gfortran.dg/bessel_7.f90 -O1 execution test
FAIL: gfortran.dg/bessel_7.f90 -O2 execution test
FAIL: gfortran.dg/bessel_7.f90 -O3 -fomit-frame-pointer execution test
FAIL: gfortran.dg/bessel_7.f90 -O3 -fomit-frame-pointer -funroll-loops execution test
FAIL: gfortran.dg/bessel_7.f90 -O3 -fomit-frame-pointer -funroll-all-loops -finline-functions execution test
FAIL: gfortran.dg/bessel_7.f90 -O3 -g execution test
FAIL: gfortran.dg/bessel_7.f90 -Os execution test
=== gfortran Summary ===
# of expected passes 39905
# of unexpected failures 8
# of expected failures 53
# of unsupported tests 85
/build/buildd-gcc-snapshot_20120105-1-s390x-j35Xxd/gcc-snapshot-20120105/build/gcc/testsuite/gfortran/../../gfortran version 4.7.0 20120105 (experimental) [trunk revision 182901] (Debian 20120105-1)
=== gnat tests ===
Running target unix
FAIL: gnat.dg/lto8.adb (test for excess errors)
UNRESOLVED: gnat.dg/lto8.adb compilation failed to produce executable
FAIL: gnat.dg/pack9.adb scan-tree-dump-not optimized "gnat_rcheck"
=== gnat Summary ===
# of expected passes 1039
# of unexpected failures 2
# of expected failures 12
# of unresolved testcases 1
# of unsupported tests 11
/build/buildd-gcc-snapshot_20120105-1-s390x-j35Xxd/gcc-snapshot-20120105/build/gcc/gnatmake version 4.7.0 20120105 (experimental) [trunk revision 182901]
=== obj-c++ tests ===
Running target unix
=== obj-c++ Summary ===
# of expected passes 1442
# of expected failures 10
# of unsupported tests 86
/build/buildd-gcc-snapshot_20120105-1-s390x-j35Xxd/gcc-snapshot-20120105/build/gcc/testsuite/obj-c++/../../g++ version 4.7.0 20120105 (experimental) [trunk revision 182901] (Debian 20120105-1)
=== objc tests ===
Running target unix
=== objc Summary ===
# of expected passes 2994
# of unsupported tests 74
/build/buildd-gcc-snapshot_20120105-1-s390x-j35Xxd/gcc-snapshot-20120105/build/gcc/xgcc version 4.7.0 20120105 (experimental) [trunk revision 182901] (Debian 20120105-1)
=== boehm-gc tests ===
Running target unix
FAIL: boehm-gc.c/thread_leak_test.c -O2 (test for excess errors)
=== boehm-gc Summary ===
# of expected passes 11
# of unexpected failures 1
# of unsupported tests 1
=== libffi tests ===
Running target unix
=== libffi Summary ===
# of expected passes 1634
# of expected failures 10
# of unsupported tests 15
=== libgomp tests ===
Running target unix
FAIL: libgomp.c/atomic-2.c execution test
=== libgomp Summary ===
# of expected passes 2991
# of unexpected failures 1
# of unsupported tests 1
=== libjava tests ===
Running target unix
=== libjava Summary ===
# of expected passes 2574
=== libmudflap tests ===
Running target unix
=== libmudflap Summary ===
# of expected passes 1894
=== libstdc++ tests ===
Running target unix
FAIL: 22_locale/money_get/get/char/13.cc execution test
FAIL: 22_locale/money_get/get/char/15.cc execution test
FAIL: 22_locale/money_get/get/char/16.cc execution test
FAIL: 22_locale/money_get/get/char/17.cc execution test
FAIL: 22_locale/money_get/get/char/18.cc execution test
FAIL: 22_locale/money_get/get/char/19.cc execution test
FAIL: 22_locale/money_get/get/char/38399.cc execution test
FAIL: 22_locale/money_get/get/char/39168.cc execution test
FAIL: 22_locale/money_get/get/wchar_t/13.cc execution test
FAIL: 22_locale/money_get/get/wchar_t/15.cc execution test
FAIL: 22_locale/money_get/get/wchar_t/16.cc execution test
FAIL: 22_locale/money_get/get/wchar_t/17.cc execution test
FAIL: 22_locale/money_get/get/wchar_t/18.cc execution test
FAIL: 22_locale/money_get/get/wchar_t/19.cc execution test
FAIL: 22_locale/money_get/get/wchar_t/38399.cc execution test
FAIL: 22_locale/money_get/get/wchar_t/39168.cc execution test
FAIL: 22_locale/num_get/get/char/10.cc execution test
FAIL: 22_locale/num_get/get/char/12.cc execution test
FAIL: 22_locale/num_get/get/char/15.cc execution test
FAIL: 22_locale/num_get/get/char/22131.cc execution test
FAIL: 22_locale/num_get/get/char/39168.cc execution test
FAIL: 22_locale/num_get/get/char/7.cc execution test
FAIL: 22_locale/num_get/get/char/9.cc execution test
FAIL: 22_locale/num_get/get/wchar_t/10.cc execution test
FAIL: 22_locale/num_get/get/wchar_t/12.cc execution test
FAIL: 22_locale/num_get/get/wchar_t/15.cc execution test
FAIL: 22_locale/num_get/get/wchar_t/22131.cc execution test
FAIL: 22_locale/num_get/get/wchar_t/39168.cc execution test
FAIL: 22_locale/num_get/get/wchar_t/7.cc execution test
FAIL: 22_locale/num_get/get/wchar_t/9.cc execution test
FAIL: 22_locale/time_get/get_date/char/1.cc execution test
FAIL: 22_locale/time_get/get_date/char/12750.cc execution test
FAIL: 22_locale/time_get/get_date/char/12791.cc execution test
FAIL: 22_locale/time_get/get_date/char/2.cc execution test
FAIL: 22_locale/time_get/get_date/char/wrapped_env.cc execution test
FAIL: 22_locale/time_get/get_date/char/wrapped_locale.cc execution test
FAIL: 22_locale/time_get/get_date/wchar_t/1.cc execution test
FAIL: 22_locale/time_get/get_date/wchar_t/12750.cc execution test
FAIL: 22_locale/time_get/get_date/wchar_t/12791.cc execution test
FAIL: 22_locale/time_get/get_date/wchar_t/2.cc execution test
FAIL: 22_locale/time_get/get_date/wchar_t/4.cc execution test
FAIL: 22_locale/time_get/get_date/wchar_t/wrapped_env.cc execution test
FAIL: 22_locale/time_get/get_date/wchar_t/wrapped_locale.cc execution test
FAIL: 22_locale/time_get/get_monthname/char/1.cc execution test
FAIL: 22_locale/time_get/get_monthname/char/wrapped_env.cc execution test
FAIL: 22_locale/time_get/get_monthname/char/wrapped_locale.cc execution test
FAIL: 22_locale/time_get/get_monthname/wchar_t/1.cc execution test
FAIL: 22_locale/time_get/get_monthname/wchar_t/wrapped_env.cc execution test
FAIL: 22_locale/time_get/get_monthname/wchar_t/wrapped_locale.cc execution test
FAIL: 22_locale/time_get/get_time/char/1.cc execution test
FAIL: 22_locale/time_get/get_time/char/2.cc execution test
FAIL: 22_locale/time_get/get_time/char/4.cc execution test
FAIL: 22_locale/time_get/get_time/char/wrapped_env.cc execution test
FAIL: 22_locale/time_get/get_time/char/wrapped_locale.cc execution test
FAIL: 22_locale/time_get/get_time/wchar_t/1.cc execution test
FAIL: 22_locale/time_get/get_time/wchar_t/2.cc execution test
FAIL: 22_locale/time_get/get_time/wchar_t/4.cc execution test
FAIL: 22_locale/time_get/get_time/wchar_t/wrapped_env.cc execution test
FAIL: 22_locale/time_get/get_time/wchar_t/wrapped_locale.cc execution test
FAIL: 22_locale/time_get/get_weekday/char/1.cc execution test
FAIL: 22_locale/time_get/get_weekday/char/wrapped_env.cc execution test
FAIL: 22_locale/time_get/get_weekday/char/wrapped_locale.cc execution test
FAIL: 22_locale/time_get/get_weekday/wchar_t/1.cc execution test
FAIL: 22_locale/time_get/get_weekday/wchar_t/wrapped_env.cc execution test
FAIL: 22_locale/time_get/get_weekday/wchar_t/wrapped_locale.cc execution test
FAIL: 22_locale/time_get/get_year/char/1.cc execution test
FAIL: 22_locale/time_get/get_year/char/wrapped_env.cc execution test
FAIL: 22_locale/time_get/get_year/char/wrapped_locale.cc execution test
FAIL: 22_locale/time_get/get_year/wchar_t/1.cc execution test
FAIL: 22_locale/time_get/get_year/wchar_t/wrapped_env.cc execution test
FAIL: 22_locale/time_get/get_year/wchar_t/wrapped_locale.cc execution test
=== libstdc++ Summary ===
# of expected passes 8751
# of unexpected failures 71
# of expected failures 44
# of unsupported tests 143
Compiler version: 4.7.0 20120105 (experimental) [trunk revision 182901] (Debian 20120105-1)
Platform: s390x-ibm-linux-gnu
configure flags: -v --with-pkgversion='Debian 20120105-1' --with-bugurl=file:///usr/share/doc/gcc-snapshot/README.Bugs --enable-languages=c,ada,c++,java,fortran,objc,obj-c++ --prefix=/usr/lib/gcc-snapshot --enable-shared --enable-linker-build-id --with-system-zlib --disable-nls --enable-clocale=gnu --enable-libstdcxx-debug --enable-libstdcxx-time=yes --disable-libitm --enable-plugin --disable-browser-plugin --enable-java-awt=gtk --enable-gtk-cairo --with-java-home=/usr/lib/jvm/java-1.5.0-gcj-4.7-snap/jre --enable-java-home --with-jvm-root-dir=/usr/lib/jvm/java-1.5.0-gcj-4.7-snap --with-jvm-jar-dir=/usr/lib/jvm-exports/java-1.5.0-gcj-4.7-snap --with-arch-directory=s390x --with-ecj-jar=/usr/share/java/eclipse-ecj.jar --enable-objc-gc --with-long-double-128 --disable-werror --enable-checking=yes --build=s390x-linux-gnu --host=s390x-linux-gnu --target=s390x-linux-gnu
BOOT_CFLAGS=
Build Dependencies:
Desired=Unknown/Install/Remove/Purge/Hold
| Status=Not/Inst/Conf-files/Unpacked/halF-conf/Half-inst/trig-aWait/Trig-pend
|/ Err?=(none)/Reinst-required (Status,Err: uppercase=bad)
||/ Name Version Description
+++-=================================-========================-========================================================================
ii binutils 2.22-2 GNU assembler, linker and binary utilities
ii g++-4.6 4.6.2-11 GNU C++ compiler
ii g++-4.6-multilib 4.6.2-11 GNU C++ compiler (multilib files)
ii g++-multilib 4:4.6.2-3 GNU C++ compiler (multilib files)
ii libc6 2.13-24 Embedded GNU C Library: Shared libraries
ii libcloog-ppl-dev 0.15.11-4 Chunky Loop Generator (development files)
ii libgmp-dev 2:5.0.2+dfsg-2+b1 Multiprecision arithmetic library developers tools
ii libmpc-dev 0.9-4+b1 multiple precision complex floating-point library development package
ii libmpfr-dev 3.1.0-3+b1 multiple precision floating-point computation developers tools
ii libppl0.11-dev 0.11.2-6+b1 Parma Polyhedra Library (development)
arm-dynamic-linker:
For ARM hard float, set the dynamic linker to
/lib/arm-linux-gnueabihf/ld-linux.so.3.
arm-multilib:
ARM hard/soft float multilib
gcc-ice-hack:
Retry the build on an ice, save the calling options and preprocessed
source when the ice is reproducible.
gcc-ice-apport:
Report an ICE to apport (if apport is available
and the environment variable GCC_NOAPPORT is not set)
libjava-fixed-symlinks:
Remove unneed '..' elements from symlinks in JAVA_HOME
libstdc++-arm-wno-abi:
Temporary work around:
On arm-linux-gnueabi run the libstdc++v3 testsuite with -Wno-abi
ada-mips:
Improve support for mips.
libffi-ro-eh_frame_sect:
PR libffi/47248, force a read only eh frame section.
gcc-multiarch:
Add multiarch support to GCC.
Convert the multilib option to a target triplet,
add multiarch include directories and libraries path:
/usr/local/include/<arch>-linux-gnu
/usr/include/<arch>-linux-gnu
/usr/lib/<arch>-linux-gnu
to the system paths.
gcc-multiarch-doc:
Document -print-multiarch option
libjava-nobiarch-check:
For biarch builds, disable the testsuite for the non-default architecture
for runtime libraries, which are not built by default (libjava).
config-ml:
disable some biarch libraries for biarch builds
gcc-powerpc-nof:
Don't build nof multlib on powerpc.
gcc-powerpc-undef:
Undefine LINK_EH_SPEC before redefining it
http://gcc.gnu.org/ml/gcc-patches/2011-02/msg01082.html
gcc-multilib64-multiarch:
Use lib instead of lib64 as the 64bit system dir on biarch
architectures defaulting to 64bit.
gcc-no-add-needed:
On linux targets pass --no-add-needed to the linker.
mips-fix-loongson2f-nop:
On mips, pass -mfix-loongson2f-nop to as, if -mno-fix-loongson2f-nop
is not passed.
gcc-system-root:
Avoid include paths starting with a double slash
libgomp-kfreebsd-testsuite:
Disable lock-2.c test on kfreebsd-*
armhf-triplet:
add support for arm-linux-*eabi* triplets; useful for armhf
Counting all warnings,
there are 0 warnings in stage3 of this bootstrap.
Number of warnings per file:
Number of warning types:
More information about the Gcc-testresults
mailing list