Results for 4.7.0 20120224 (experimental) [trunk revision 184560] (GCC) testsuite on i386-pc-solaris2.9
Rainer Orth
ro@CeBiTec.Uni-Bielefeld.DE
Mon Feb 27 09:53:00 GMT 2012
LAST_UPDATED: Fri Feb 24 16:45:51 UTC 2012 (revision 184560)
=== acats tests ===
=== acats Summary ===
# of expected passes 2320
# of unexpected failures 0
Native configuration is i386-pc-solaris2.9
=== g++ tests ===
Running target unix
FAIL: g++.dg/torture/pr31863.C -O2 -flto (test for excess errors)
=== g++ Summary ===
# of expected passes 46660
# of unexpected failures 1
# of expected failures 288
# of unsupported tests 503
/var/gcc/regression/trunk/9-gcc/build/gcc/testsuite/g++/../../g++ version 4.7.0 20120224 (experimental) [trunk revision 184560] (GCC)
=== gcc tests ===
Running target unix
FAIL: gcc.dg/lto/trans-mem-1 c_lto_trans-mem-1_0.o-c_lto_trans-mem-1_1.o link, -flto -fgnu-tm
UNRESOLVED: gcc.dg/lto/trans-mem-1 c_lto_trans-mem-1_0.o-c_lto_trans-mem-1_1.o execute -flto -fgnu-tm
FAIL: gcc.dg/lto/trans-mem-2 c_lto_trans-mem-2_0.o-c_lto_trans-mem-2_1.o link, -flto -fgnu-tm
UNRESOLVED: gcc.dg/lto/trans-mem-2 c_lto_trans-mem-2_0.o-c_lto_trans-mem-2_1.o execute -flto -fgnu-tm
FAIL: gcc.dg/lto/trans-mem-4 c_lto_trans-mem-4_0.o-c_lto_trans-mem-4_1.o link, -flto -fgnu-tm
UNRESOLVED: gcc.dg/lto/trans-mem-4 c_lto_trans-mem-4_0.o-c_lto_trans-mem-4_1.o execute -flto -fgnu-tm
=== gcc Summary ===
# of expected passes 81536
# of unexpected failures 3
# of expected failures 259
# of unresolved testcases 3
# of unsupported tests 2053
/var/gcc/regression/trunk/9-gcc/build/gcc/xgcc version 4.7.0 20120224 (experimental) [trunk revision 184560] (GCC)
=== gfortran tests ===
Running target unix
=== gfortran Summary ===
# of expected passes 40310
# of expected failures 56
# of unsupported tests 365
/var/gcc/regression/trunk/9-gcc/build/gcc/testsuite/gfortran/../../gfortran version 4.7.0 20120224 (experimental) [trunk revision 184560] (GCC)
=== gnat tests ===
Running target unix
=== gnat Summary ===
# of expected passes 1074
# of expected failures 13
# of unsupported tests 5
/var/gcc/regression/trunk/9-gcc/build/gcc/gnatmake version 4.7.0 20120224 (experimental) [trunk revision 184560]
=== go tests ===
Running target unix
=== go Summary ===
# of expected passes 3299
# of expected failures 4
# of untested testcases 6
/var/gcc/regression/trunk/9-gcc/build/gcc/testsuite/go/../../gccgo version 4.7.0 20120224 (experimental) [trunk revision 184560] (GCC)
=== obj-c++ tests ===
Running target unix
=== obj-c++ Summary ===
# of expected passes 1450
# of expected failures 2
# of unsupported tests 86
/var/gcc/regression/trunk/9-gcc/build/gcc/testsuite/obj-c++/../../g++ version 4.7.0 20120224 (experimental) [trunk revision 184560] (GCC)
=== objc tests ===
Running target unix
=== objc Summary ===
# of expected passes 2988
# of expected failures 6
# of unsupported tests 74
/var/gcc/regression/trunk/9-gcc/build/gcc/xgcc version 4.7.0 20120224 (experimental) [trunk revision 184560] (GCC)
=== boehm-gc tests ===
Running target unix
=== boehm-gc Summary ===
# of expected passes 12
# of unsupported tests 1
=== libffi tests ===
Running target unix
=== libffi Summary ===
# of expected passes 1634
# of expected failures 10
# of unsupported tests 55
=== libgo tests ===
Running target unix
FAIL: math
FAIL: time
FAIL: crypto/rand
FAIL: net/http
=== libgo Summary ===
# of expected passes 119
# of unexpected failures 4
=== libgomp tests ===
Running target unix
=== libgomp Summary ===
# of expected passes 2990
# of unsupported tests 3
=== libitm tests ===
Running target unix
=== libitm Summary ===
# of expected passes 26
# of expected failures 3
# of unsupported tests 1
=== libjava tests ===
Running target unix
FAIL: Divide_1 output - source compiled test
FAIL: Divide_1 -findirect-dispatch output - source compiled test
FAIL: Divide_1 -O3 output - source compiled test
FAIL: Divide_1 -O3 -findirect-dispatch output - source compiled test
FAIL: InvokeInterface execution - source compiled test
FAIL: InvokeInterface -O3 execution - source compiled test
=== libjava Summary ===
# of expected passes 2566
# of unexpected failures 6
# of untested testcases 2
=== libstdc++ tests ===
Running target unix
=== libstdc++ Summary ===
# of expected passes 7300
# of expected failures 47
# of unsupported tests 801
Compiler version: 4.7.0 20120224 (experimental) [trunk revision 184560] (GCC)
Platform: i386-pc-solaris2.9
configure flags: --prefix=/vol/gcc --target=i386-pc-solaris2.9 --enable-objc-gc --with-host-libstdcxx='-L/vol/gcc-4.4/lib -Wl,-Bstatic -lstdc++ -Wl,-Bdynamic -lm' --with-boot-ldflags='-static-libstdc++ -static-libgcc -L/vol/gcc-4.4/lib' --with-gmp-include=/vol/gcc/include --with-gmp-lib=/vol/gcc/lib --with-mpfr-include=/vol/gcc/include --with-mpfr-lib=/vol/gcc/lib --with-mpc-include=/vol/gcc/include --with-mpc-lib=/vol/gcc/lib --enable-languages=all,ada,obj-c++,go --with-ppl-include=/vol/gcc/include --with-ppl-lib=/vol/gcc/lib --with-cloog-include=/vol/gcc/include --with-cloog-lib=/vol/gcc/lib --enable-cloog-backend=ppl
BOOT_CFLAGS=-g -O2
More information about the Gcc-testresults
mailing list