Results for 4.7.0 20120224 (experimental) [trunk revision 184540] (GCC) testsuite on i386-pc-solaris2.10
Sean McGovern
sean@seanmcgovern.ca
Sat Feb 25 01:43:00 GMT 2012
\$ uname -a
SunOS tsukimi 5.10 Generic_142910-17 i86pc i386 i86pc
\$ cat /etc/release
Oracle Solaris 10 9/10 s10x_u9wos_14a X86
Copyright (c) 2010, Oracle and/or its affiliates. All rights reserved.
Assembled 11 August 2010
\$ /usr/local/bin/as --version
GNU assembler (GNU Binutils) 2.21.1
\$ /usr/ccs/bin/ld -V
ld: Software Generation Utilities - Solaris Link Editors: 5.10-1.500
\$ /usr/sbin/psrinfo -pv
The physical processor has 1 virtual processor (0)
x86 (GenuineIntel family 6 model 23 step 6 clock 2393 MHz)
Intel(r) Core(tm)2 Duo CPU T8300 @ 2.40GHz
The physical processor has 1 virtual processor (1)
x86 (GenuineIntel family 6 model 23 step 6 clock 2393 MHz)
Intel(r) Core(tm)2 Duo CPU T8300 @ 2.40GHz
Bootstrapped with :
\$ /usr/sfw/bin/gcc -v
Reading specs from /usr/sfw/lib/gcc/i386-pc-solaris2.10/3.4.3/specs
Configured with: /builds/sfw10-gate/usr/src/cmd/gcc/gcc-3.4.3/configure --prefix=/usr/sfw --with-as=/usr/sfw/bin/gas --with-gnu-as --with-ld=/usr/ccs/bin/ld --without-gnu-ld --enable-languages=c,c++ --enable-shared
Thread model: posix
gcc version 3.4.3 (csl-sol210-3_4-branch+sol_rpath)
********
LAST_UPDATED: Fri Feb 24 03:42:22 UTC 2012 (revision 184540)
Native configuration is i386-pc-solaris2.10
=== g++ tests ===
Running target unix/-m32
WARNING: program timed out.
FAIL: g++.dg/lto/pr45621 cp_lto_pr45621_1.o assemble, -O2 -flto
=== g++ Summary for unix/-m32 ===
# of expected passes 46901
# of unexpected failures 1
# of expected failures 288
# of unsupported tests 379
Running target unix/-m64
WARNING: program timed out.
FAIL: g++.old-deja/g++.pt/vbase1.C -std=c++11 (test for excess errors)
UNRESOLVED: g++.old-deja/g++.pt/vbase1.C -std=c++11 compilation failed to produce executable
=== g++ Summary for unix/-m64 ===
# of expected passes 47681
# of unexpected failures 1
# of expected failures 288
# of unresolved testcases 1
# of unsupported tests 619
=== g++ Summary ===
# of expected passes 94582
# of unexpected failures 2
# of expected failures 576
# of unresolved testcases 1
# of unsupported tests 998
/BUILD/gcc/obj-184540/gcc/testsuite/g++/../../g++ version 4.7.0 20120224 (experimental) [trunk revision 184540] (GCC)
=== gcc tests ===
Running target unix/-m32
FAIL: gcc.dg/lto/20090210 c_lto_20090210_0.o-c_lto_20090210_1.o execute -O2 -flto -flto-partition=none
FAIL: gcc.dg/lto/20090210 c_lto_20090210_0.o-c_lto_20090210_1.o execute -O2 -flto -flto-partition=1to1
FAIL: gcc.dg/lto/20090210 c_lto_20090210_0.o-c_lto_20090210_1.o execute -O2 -flto
FAIL: gcc.dg/lto/trans-mem-1 c_lto_trans-mem-1_0.o-c_lto_trans-mem-1_1.o link, -flto -fgnu-tm
UNRESOLVED: gcc.dg/lto/trans-mem-1 c_lto_trans-mem-1_0.o-c_lto_trans-mem-1_1.o execute -flto -fgnu-tm
FAIL: gcc.dg/lto/trans-mem-2 c_lto_trans-mem-2_0.o-c_lto_trans-mem-2_1.o link, -flto -fgnu-tm
UNRESOLVED: gcc.dg/lto/trans-mem-2 c_lto_trans-mem-2_0.o-c_lto_trans-mem-2_1.o execute -flto -fgnu-tm
FAIL: gcc.dg/lto/trans-mem-4 c_lto_trans-mem-4_0.o-c_lto_trans-mem-4_1.o link, -flto -fgnu-tm
UNRESOLVED: gcc.dg/lto/trans-mem-4 c_lto_trans-mem-4_0.o-c_lto_trans-mem-4_1.o execute -flto -fgnu-tm
FAIL: gcc.dg/torture/tls/run-ld.c -O1 execution test
FAIL: gcc.dg/torture/tls/run-ld.c -O2 execution test
FAIL: gcc.dg/torture/tls/run-ld.c -O3 -fomit-frame-pointer execution test
FAIL: gcc.dg/torture/tls/run-ld.c -O3 -g execution test
FAIL: gcc.dg/torture/tls/run-ld.c -Os execution test
FAIL: gcc.dg/torture/tls/run-ld.c -O1 -fpic execution test
FAIL: gcc.dg/torture/tls/run-ld.c -O2 -fpic execution test
FAIL: gcc.dg/torture/tls/run-ld.c -O3 -fomit-frame-pointer -fpic execution test
FAIL: gcc.dg/torture/tls/run-ld.c -O3 -g -fpic execution test
FAIL: gcc.dg/torture/tls/run-ld.c -Os -fpic execution test
FAIL: gcc.dg/torture/tls/run-ld.c -O1 -fPIC execution test
FAIL: gcc.dg/torture/tls/run-ld.c -O2 -fPIC execution test
FAIL: gcc.dg/torture/tls/run-ld.c -O3 -fomit-frame-pointer -fPIC execution test
FAIL: gcc.dg/torture/tls/run-ld.c -O3 -g -fPIC execution test
FAIL: gcc.dg/torture/tls/run-ld.c -Os -fPIC execution test
FAIL: gcc.dg/torture/tls/run-ld.c -O2 -flto -flto-partition=none execution test
FAIL: gcc.dg/torture/tls/run-ld.c -O2 -flto execution test
FAIL: gcc.dg/torture/tls/thr-init-2.c -O2 -fpic execution test
FAIL: gcc.dg/torture/tls/thr-init-2.c -O3 -fomit-frame-pointer -fpic execution test
FAIL: gcc.dg/torture/tls/thr-init-2.c -O3 -g -fpic execution test
FAIL: gcc.dg/torture/tls/thr-init-2.c -O2 -fPIC execution test
FAIL: gcc.dg/torture/tls/thr-init-2.c -O3 -fomit-frame-pointer -fPIC execution test
FAIL: gcc.dg/torture/tls/thr-init-2.c -O3 -g -fPIC execution test
=== gcc Summary for unix/-m32 ===
# of expected passes 82780
# of unexpected failures 29
# of expected failures 256
# of unresolved testcases 3
# of unsupported tests 1242
Running target unix/-m64
FAIL: gcc.dg/lto/trans-mem-1 c_lto_trans-mem-1_0.o-c_lto_trans-mem-1_1.o link, -flto -fgnu-tm
UNRESOLVED: gcc.dg/lto/trans-mem-1 c_lto_trans-mem-1_0.o-c_lto_trans-mem-1_1.o execute -flto -fgnu-tm
FAIL: gcc.dg/lto/trans-mem-2 c_lto_trans-mem-2_0.o-c_lto_trans-mem-2_1.o link, -flto -fgnu-tm
UNRESOLVED: gcc.dg/lto/trans-mem-2 c_lto_trans-mem-2_0.o-c_lto_trans-mem-2_1.o execute -flto -fgnu-tm
FAIL: gcc.dg/lto/trans-mem-4 c_lto_trans-mem-4_0.o-c_lto_trans-mem-4_1.o link, -flto -fgnu-tm
UNRESOLVED: gcc.dg/lto/trans-mem-4 c_lto_trans-mem-4_0.o-c_lto_trans-mem-4_1.o execute -flto -fgnu-tm
=== gcc Summary for unix/-m64 ===
# of expected passes 83046
# of unexpected failures 3
# of expected failures 256
# of unresolved testcases 3
# of unsupported tests 1610
=== gcc Summary ===
# of expected passes 165826
# of unexpected failures 32
# of expected failures 512
# of unresolved testcases 6
# of unsupported tests 2852
/BUILD/gcc/obj-184540/gcc/xgcc version 4.7.0 20120224 (experimental) [trunk revision 184540] (GCC)
=== libgomp tests ===
Running target unix/-m64
=== libgomp Summary for unix/-m64 ===
# of expected passes 1239
# of unsupported tests 3
Running target unix/-m32
=== libgomp Summary for unix/-m32 ===
# of expected passes 1239
# of unsupported tests 3
=== libgomp Summary ===
# of expected passes 2478
# of unsupported tests 6
=== libitm tests ===
Running target unix/-m64
=== libitm Summary for unix/-m64 ===
# of expected passes 26
# of expected failures 3
# of unsupported tests 1
Running target unix/-m32
=== libitm Summary for unix/-m32 ===
# of expected passes 26
# of expected failures 3
# of unsupported tests 1
=== libitm Summary ===
# of expected passes 52
# of expected failures 6
# of unsupported tests 2
=== libstdc++ tests ===
Running target unix/-m32
FAIL: 22_locale/num_put/put/char/14220.cc execution test
FAIL: 22_locale/num_put/put/wchar_t/14220.cc execution test
=== libstdc++ Summary for unix/-m32 ===
# of expected passes 7904
# of unexpected failures 2
# of expected failures 43
# of unsupported tests 510
Running target unix/-m64
FAIL: 22_locale/num_put/put/char/14220.cc execution test
FAIL: 22_locale/num_put/put/wchar_t/14220.cc execution test
=== libstdc++ Summary for unix/-m64 ===
# of expected passes 7904
# of unexpected failures 2
# of expected failures 43
# of unsupported tests 510
=== libstdc++ Summary ===
# of expected passes 15808
# of unexpected failures 4
# of expected failures 86
# of unsupported tests 1020
Compiler version: 4.7.0 20120224 (experimental) [trunk revision 184540] (GCC)
Platform: i386-pc-solaris2.10
configure flags: --prefix=/BUILD/gcc/184540 --target=i386-pc-solaris2.10 --with-gnu-as --with-as=/usr/local/bin/as --with-gmp=/opt/gnu --with-mpfr=/opt/gnu --with-mpc=/opt/gnu --without-ppl --without-cloog --enable-languages=c,c++,lto --program-suffix=-trunk
BOOT_CFLAGS=-g -O2
More information about the Gcc-testresults
mailing list