Results for 4.7.0 20120215 (experimental) [trunk revision 184291] (GCC) gcc testsuite on mips-unknown-elf
Mike Stein
mstein.lists@googlemail.com
Thu Feb 16 22:55:00 GMT 2012
Debian 5 on x86_64
cross tool versions:
GNU assembler (GNU Binutils) 2.18.50.20080419
GNU gdb 6.8.50.20080419-cvs
GNU ld (GNU Binutils) 2.18.50.20080419
GNU Make 3.81
expect version 5.43.0
host gcc version: gcc (GCC) 4.7.0 20120213 (experimental) [trunk revision 184177]
LAST_UPDATED: Wed Feb 15 23:22:15 UTC 2012 (revision 184291)
Target is mips-unknown-elf
Host is x86_64-unknown-linux-gnu
=== gcc tests ===
Running target mips-sim
FAIL: gcc.dg/c99-stdint-7.c (test for excess errors)
FAIL: gcc.dg/cleanup-12.c execution test
FAIL: gcc.dg/cleanup-13.c execution test
FAIL: gcc.dg/cleanup-5.c execution test
FAIL: gcc.dg/constructor-1.c execution test
FAIL: gcc.dg/initpri1.c execution test
FAIL: gcc.dg/initpri3.c execution test
FAIL: gcc.dg/torture/pr47917.c -O0 (test for excess errors)
FAIL: gcc.dg/torture/pr47917.c -O1 (test for excess errors)
FAIL: gcc.dg/torture/pr47917.c -O2 (test for excess errors)
FAIL: gcc.dg/torture/pr47917.c -O3 -fomit-frame-pointer (test for excess errors)
FAIL: gcc.dg/torture/pr47917.c -O3 -g (test for excess errors)
FAIL: gcc.dg/torture/pr47917.c -Os (test for excess errors)
FAIL: gcc.dg/torture/pr47917.c -O2 -flto -flto-partition=none (test for excess errors)
FAIL: gcc.dg/torture/pr47917.c -O2 -flto (test for excess errors)
FAIL: gcc.target/mips/interrupt_handler-2.c scan-assembler \\t\\\\.cfi_restore 64\\n
FAIL: gcc.target/mips/interrupt_handler-2.c scan-assembler \\t\\\\.cfi_restore 65\\n
FAIL: gcc.target/mips/interrupt_handler-3.c scan-assembler \\t\\\\.cfi_restore 1\\n
FAIL: gcc.target/mips/interrupt_handler-3.c scan-assembler \\t\\\\.cfi_restore 2\\n
FAIL: gcc.target/mips/interrupt_handler-3.c scan-assembler \\t\\\\.cfi_restore 3\\n
FAIL: gcc.target/mips/interrupt_handler-3.c scan-assembler \\t\\\\.cfi_restore 4\\n
FAIL: gcc.target/mips/interrupt_handler-3.c scan-assembler \\t\\\\.cfi_restore 5\\n
FAIL: gcc.target/mips/interrupt_handler-3.c scan-assembler \\t\\\\.cfi_restore 6\\n
FAIL: gcc.target/mips/interrupt_handler-3.c scan-assembler \\t\\\\.cfi_restore 7\\n
FAIL: gcc.target/mips/interrupt_handler-3.c scan-assembler \\t\\\\.cfi_restore 8\\n
FAIL: gcc.target/mips/interrupt_handler-3.c scan-assembler \\t\\\\.cfi_restore 9\\n
FAIL: gcc.target/mips/interrupt_handler-3.c scan-assembler \\t\\\\.cfi_restore 10\\n
FAIL: gcc.target/mips/interrupt_handler-3.c scan-assembler \\t\\\\.cfi_restore 11\\n
FAIL: gcc.target/mips/interrupt_handler-3.c scan-assembler \\t\\\\.cfi_restore 12\\n
FAIL: gcc.target/mips/interrupt_handler-3.c scan-assembler \\t\\\\.cfi_restore 13\\n
FAIL: gcc.target/mips/interrupt_handler-3.c scan-assembler \\t\\\\.cfi_restore 14\\n
FAIL: gcc.target/mips/interrupt_handler-3.c scan-assembler \\t\\\\.cfi_restore 15\\n
FAIL: gcc.target/mips/interrupt_handler-3.c scan-assembler \\t\\\\.cfi_restore 24\\n
FAIL: gcc.target/mips/interrupt_handler-3.c scan-assembler \\t\\\\.cfi_restore 25\\n
FAIL: gcc.target/mips/interrupt_handler-3.c scan-assembler \\t\\\\.cfi_restore 31\\n
FAIL: gcc.target/mips/interrupt_handler-3.c scan-assembler \\t\\\\.cfi_restore 64\\n
FAIL: gcc.target/mips/interrupt_handler-3.c scan-assembler \\t\\\\.cfi_restore 65\\n
FAIL: gcc.target/mips/interrupt_handler-3.c scan-assembler \\t\\\\.cfi_def_cfa_offset 0\\n
=== gcc Summary ===
# of expected passes 72928
# of unexpected failures 38
# of expected failures 102
# of unsupported tests 1402
/home/mstein/sim/trunk/mips-elf/build/gcc/xgcc version 4.7.0 20120215 (experimental) [trunk revision 184291] (GCC)
Compiler version: 4.7.0 20120215 (experimental) [trunk revision 184291] (GCC) gcc
Platform: mips-unknown-elf
configure flags: --target=mips-elf --prefix=/home/mstein/cross-local/mips-elf --enable-languages=c --disable-nls --disable-build-warnings --with-sysroot=/home/mstein/cross-local/mips-elf --with-build-sysroot=/home/mstein/cross-local/mips-elf --with-ld=/home/mstein/cross-local/mips-elf/usr/bin/ld --with-as=/home/mstein/cross-local/mips-elf/usr/bin/as --disable-libssp --with-mpfr=/opt/cfarm/mpfr-2.4.1 --with-gmp=/opt/cfarm/gmp-4.2.4 --with-libelf=/opt/cfarm/libelf-0.8.12 --with-mpc=/opt/cfarm/mpc-0.8
More information about the Gcc-testresults
mailing list