Results for 4.7.0 20120212 (experimental) [trunk revision 184145] (GCC) gcc testsuite on avr-unknown-none
Mike Stein
mstein.lists@googlemail.com
Mon Feb 13 22:55:00 GMT 2012
Debian 5 on x86_64
cross tool versions:
GNU assembler (GNU Binutils) 2.20.51.20090926
GNU gdb 6.4
GNU ld (GNU Binutils) 2.20.51.20090926
GNU Make 3.81
expect version 5.43.0
host gcc version: gcc (GCC) 4.7.0 20120212 (experimental) [trunk revision 184145]
LAST_UPDATED: Sun Feb 12 23:06:39 UTC 2012 (revision 184145)
Target is avr-unknown-none
Host is x86_64-unknown-linux-gnu
=== gcc tests ===
Running target avrtest-m128-sim
FAIL: gcc.dg/debug/dwarf2/global-used-types.c scan-assembler-times DIE \\\\(0x[^\\n]*\\\\) DW_TAG_enumeration_type 1
FAIL: gcc.dg/debug/dwarf2/global-used-types.c scan-assembler-times DIE \\\\(0x[^\\n]*\\\\) DW_TAG_enumerator 2
FAIL: gcc.dg/debug/dwarf2/global-used-types.c scan-assembler-times ascii "a.0"[\\t ]+[^\\n]*DW_AT_name 1
FAIL: gcc.dg/debug/dwarf2/global-used-types.c scan-assembler-times ascii "b.0"[\\t ]+[^\\n]*DW_AT_name 1
FAIL: gcc.dg/debug/dwarf2/inline2.c scan-assembler-times \\\\(DIE \\\\([^\\n]*\\\\) DW_TAG_inlined_subroutine 6
FAIL: gcc.dg/debug/dwarf2/inline2.c scan-assembler-times \\\\(DIE \\\\([^\\n]*\\\\) DW_TAG_lexical_block 6
FAIL: gcc.dg/debug/dwarf2/inline2.c scan-assembler-times (?:byte|data1)[^\\n]*0x3[^\\n]* DW_AT_inline 3
FAIL: gcc.dg/debug/dwarf2/inline3.c scan-assembler-times DW_AT_const_value 1
FAIL: gcc.dg/debug/dwarf2/pr37726.c scan-assembler-times "parm[^\\n]*"[^\\n]*DW_AT_name 2
FAIL: gcc.dg/debug/dwarf2/pr37726.c scan-assembler-times "var[^\\n]*"[^\\n]*DW_AT_name 2
FAIL: gcc.dg/debug/dwarf2/pr41445-1.c scan-assembler DW_TAG_variable[^\\\\r\\\\n]*[\\\\r\\\\n]+[^\\\\r\\\\n]*"varh[^\\\\r\\\\n]*DW_AT_name([^\\\\r\\\\n]*[\\\\r\\\\n]+[^\\\\r\\\\n]*DW_AT_)*[^\\\\r\\\\n]*[\\\\r\\\\n]+[^\\\\r\\\\n]*[^0-9a-fA-FxX](0x)?8[^0-9a-fA-FxX][^\\\\r\\\\n]*DW_AT_decl_line
FAIL: gcc.dg/debug/dwarf2/pr41445-1.c scan-assembler DW_TAG_variable[^\\\\r\\\\n]*[\\\\r\\\\n]+[^\\\\r\\\\n]*"vari[^\\\\r\\\\n]*DW_AT_name([^\\\\r\\\\n]*[\\\\r\\\\n]+[^\\\\r\\\\n]*DW_AT_)*[^\\\\r\\\\n]*[\\\\r\\\\n]+[^\\\\r\\\\n]*[^0-9a-fA-FxX](0xc|12)[^0-9a-fA-FxX][^\\\\r\\\\n]*DW_AT_decl_line
FAIL: gcc.dg/debug/dwarf2/pr41445-1.c scan-assembler DW_TAG_variable[^\\\\r\\\\n]*[\\\\r\\\\n]+[^\\\\r\\\\n]*"varj[^\\\\r\\\\n]*DW_AT_name([^\\\\r\\\\n]*[\\\\r\\\\n]+[^\\\\r\\\\n]*DW_AT_)*[^\\\\r\\\\n]*[\\\\r\\\\n]+[^\\\\r\\\\n]*[^0-9a-fA-FxX](0xd|13)[^0-9a-fA-FxX][^\\\\r\\\\n]*DW_AT_decl_line
FAIL: gcc.dg/debug/dwarf2/pr41445-2.c scan-assembler DW_TAG_variable[^\\\\r\\\\n]*[\\\\r\\\\n]+[^\\\\r\\\\n]*"varh[^\\\\r\\\\n]*DW_AT_name([^\\\\r\\\\n]*[\\\\r\\\\n]+[^\\\\r\\\\n]*DW_AT_)*[^\\\\r\\\\n]*[\\\\r\\\\n]+[^\\\\r\\\\n]*[^0-9a-fA-FxX](0x)?8[^0-9a-fA-FxX][^\\\\r\\\\n]*DW_AT_decl_line
FAIL: gcc.dg/debug/dwarf2/pr41445-2.c scan-assembler DW_TAG_variable[^\\\\r\\\\n]*[\\\\r\\\\n]+[^\\\\r\\\\n]*"vari[^\\\\r\\\\n]*DW_AT_name([^\\\\r\\\\n]*[\\\\r\\\\n]+[^\\\\r\\\\n]*DW_AT_)*[^\\\\r\\\\n]*[\\\\r\\\\n]+[^\\\\r\\\\n]*[^0-9a-fA-FxX](0xc|12)[^0-9a-fA-FxX][^\\\\r\\\\n]*DW_AT_decl_line
FAIL: gcc.dg/debug/dwarf2/pr41445-2.c scan-assembler DW_TAG_variable[^\\\\r\\\\n]*[\\\\r\\\\n]+[^\\\\r\\\\n]*"varj[^\\\\r\\\\n]*DW_AT_name([^\\\\r\\\\n]*[\\\\r\\\\n]+[^\\\\r\\\\n]*DW_AT_)*[^\\\\r\\\\n]*[\\\\r\\\\n]+[^\\\\r\\\\n]*[^0-9a-fA-FxX](0xd|13)[^0-9a-fA-FxX][^\\\\r\\\\n]*DW_AT_decl_line
FAIL: gcc.dg/debug/dwarf2/pr41445-3.c scan-assembler DW_TAG_variable[^\\\\r\\\\n]*[\\\\r\\\\n]+[^\\\\r\\\\n]*"varh[^\\\\r\\\\n]*DW_AT_name([^\\\\r\\\\n]*[\\\\r\\\\n]+[^\\\\r\\\\n]*DW_AT_)*[^\\\\r\\\\n]*[\\\\r\\\\n]+[^\\\\r\\\\n]*[^0-9a-fA-FxX](0x)?8[^0-9a-fA-FxX][^\\\\r\\\\n]*DW_AT_decl_line
FAIL: gcc.dg/debug/dwarf2/pr41445-3.c scan-assembler DW_TAG_variable[^\\\\r\\\\n]*[\\\\r\\\\n]+[^\\\\r\\\\n]*"vari[^\\\\r\\\\n]*DW_AT_name([^\\\\r\\\\n]*[\\\\r\\\\n]+[^\\\\r\\\\n]*DW_AT_)*[^\\\\r\\\\n]*[\\\\r\\\\n]+[^\\\\r\\\\n]*[^0-9a-fA-FxX](0xc|12)[^0-9a-fA-FxX][^\\\\r\\\\n]*DW_AT_decl_line
FAIL: gcc.dg/debug/dwarf2/pr41445-3.c scan-assembler DW_TAG_variable[^\\\\r\\\\n]*[\\\\r\\\\n]+[^\\\\r\\\\n]*"varj[^\\\\r\\\\n]*DW_AT_name([^\\\\r\\\\n]*[\\\\r\\\\n]+[^\\\\r\\\\n]*DW_AT_)*[^\\\\r\\\\n]*[\\\\r\\\\n]+[^\\\\r\\\\n]*[^0-9a-fA-FxX](0xd|13)[^0-9a-fA-FxX][^\\\\r\\\\n]*DW_AT_decl_line
FAIL: gcc.dg/debug/dwarf2/pr41445-4.c scan-assembler DW_TAG_variable[^\\\\r\\\\n]*[\\\\r\\\\n]+[^\\\\r\\\\n]*"varh[^\\\\r\\\\n]*DW_AT_name([^\\\\r\\\\n]*[\\\\r\\\\n]+[^\\\\r\\\\n]*DW_AT_)*[^\\\\r\\\\n]*[\\\\r\\\\n]+[^\\\\r\\\\n]*[^0-9a-fA-FxX](0x)?8[^0-9a-fA-FxX][^\\\\r\\\\n]*DW_AT_decl_line
FAIL: gcc.dg/debug/dwarf2/pr41445-4.c scan-assembler DW_TAG_variable[^\\\\r\\\\n]*[\\\\r\\\\n]+[^\\\\r\\\\n]*"vari[^\\\\r\\\\n]*DW_AT_name([^\\\\r\\\\n]*[\\\\r\\\\n]+[^\\\\r\\\\n]*DW_AT_)*[^\\\\r\\\\n]*[\\\\r\\\\n]+[^\\\\r\\\\n]*[^0-9a-fA-FxX](0xc|12)[^0-9a-fA-FxX][^\\\\r\\\\n]*DW_AT_decl_line
FAIL: gcc.dg/debug/dwarf2/pr41445-4.c scan-assembler DW_TAG_variable[^\\\\r\\\\n]*[\\\\r\\\\n]+[^\\\\r\\\\n]*"varj[^\\\\r\\\\n]*DW_AT_name([^\\\\r\\\\n]*[\\\\r\\\\n]+[^\\\\r\\\\n]*DW_AT_)*[^\\\\r\\\\n]*[\\\\r\\\\n]+[^\\\\r\\\\n]*[^0-9a-fA-FxX](0xd|13)[^0-9a-fA-FxX][^\\\\r\\\\n]*DW_AT_decl_line
FAIL: gcc.dg/debug/dwarf2/pr41445-5.c scan-assembler DW_TAG_variable[^\\\\r\\\\n]*[\\\\r\\\\n]+[^\\\\r\\\\n]*"vari[^\\\\r\\\\n]*DW_AT_name([^\\\\r\\\\n]*[\\\\r\\\\n]+[^\\\\r\\\\n]*DW_AT_)*[^\\\\r\\\\n]*[\\\\r\\\\n]+[^\\\\r\\\\n]*[^0-9a-fA-FxX](0x)?7[^0-9a-fA-FxX][^\\\\r\\\\n]*DW_AT_decl_line
FAIL: gcc.dg/debug/dwarf2/pr41445-5.c scan-assembler DW_TAG_variable[^\\\\r\\\\n]*[\\\\r\\\\n]+[^\\\\r\\\\n]*"varj[^\\\\r\\\\n]*DW_AT_name([^\\\\r\\\\n]*[\\\\r\\\\n]+[^\\\\r\\\\n]*DW_AT_)*[^\\\\r\\\\n]*[\\\\r\\\\n]+[^\\\\r\\\\n]*[^0-9a-fA-FxX](0xa|10)[^0-9a-fA-FxX][^\\\\r\\\\n]*DW_AT_decl_line
FAIL: gcc.dg/debug/dwarf2/pr41445-6.c scan-assembler DW_TAG_variable[^\\\\r\\\\n]*[\\\\r\\\\n]+[^\\\\r\\\\n]*"vari[^\\\\r\\\\n]*DW_AT_name([^\\\\r\\\\n]*[\\\\r\\\\n]+[^\\\\r\\\\n]*DW_AT_)*[^\\\\r\\\\n]*[\\\\r\\\\n]+[^\\\\r\\\\n]*[^0-9a-fA-FxX](0x)?7[^0-9a-fA-FxX][^\\\\r\\\\n]*DW_AT_decl_line
FAIL: gcc.dg/debug/dwarf2/pr41445-6.c scan-assembler DW_TAG_variable[^\\\\r\\\\n]*[\\\\r\\\\n]+[^\\\\r\\\\n]*"varj[^\\\\r\\\\n]*DW_AT_name([^\\\\r\\\\n]*[\\\\r\\\\n]+[^\\\\r\\\\n]*DW_AT_)*[^\\\\r\\\\n]*[\\\\r\\\\n]+[^\\\\r\\\\n]*[^0-9a-fA-FxX](0xa|10)[^0-9a-fA-FxX][^\\\\r\\\\n]*DW_AT_decl_line
FAIL: gcc.dg/debug/dwarf2/pr47939-1.c scan-assembler DW_TAG_typedef[^\\\\r\\\\n]*[\\\\r\\\\n]+[^\\\\r\\\\n]*(DW_AT_name: "Harry_t"|"Harry_t.."[^\\\\r\\\\n]*DW_AT_name)
FAIL: gcc.dg/debug/dwarf2/pr47939-2.c scan-assembler DW_TAG_typedef[^\\\\r\\\\n]*[\\\\r\\\\n]+[^\\\\r\\\\n]*(DW_AT_name: "Harry_t"|"Harry_t.."[^\\\\r\\\\n]*DW_AT_name)
FAIL: gcc.dg/debug/dwarf2/pr47939-3.c scan-assembler DW_TAG_typedef[^\\\\r\\\\n]*[\\\\r\\\\n]+[^\\\\r\\\\n]*(DW_AT_name: "Harry_t"|"Harry_t.."[^\\\\r\\\\n]*DW_AT_name)
FAIL: gcc.dg/debug/dwarf2/pr47939-4.c scan-assembler DW_TAG_typedef[^\\\\r\\\\n]*[\\\\r\\\\n]+[^\\\\r\\\\n]*(DW_AT_name: "Harry_t"|"Harry_t.."[^\\\\r\\\\n]*DW_AT_name)
FAIL: gcc.dg/debug/dwarf2/struct-loc1.c scan-assembler DW_TAG_structure_type[^\\\\r\\\\n]*[\\\\r\\\\n]+[^\\\\r\\\\n]*"foo[^\\\\r\\\\n]*DW_AT_name([^\\\\r\\\\n]*[\\\\r\\\\n]+[^\\\\r\\\\n]*DW_AT_)*[^\\\\r\\\\n]*[\\\\r\\\\n]+[^\\\\r\\\\n]*[^0-9a-fA-FxX](0x)?6[^0-9a-fA-FxX][^\\\\r\\\\n]*DW_AT_decl_line
FAIL: gcc.dg/Wdouble-promotion.c (test for warnings, line 45)
FAIL: gcc.dg/Wdouble-promotion.c (test for warnings, line 52)
FAIL: gcc.dg/Wdouble-promotion.c (test for warnings, line 53)
FAIL: gcc.dg/Wdouble-promotion.c (test for warnings, line 56)
XPASS: gcc.dg/Wtype-limits-Wextra.c (test for excess errors)
XPASS: gcc.dg/builtin-return-1.c execution test
FAIL: gcc.dg/c1x-align-3.c (test for errors, line 15)
FAIL: gcc.dg/c1x-align-4.c (test for errors, line 8)
FAIL: gcc.dg/c99-stdint-1.c (test for excess errors)
FAIL: gcc.dg/c99-stdint-5.c (test for excess errors)
FAIL: gcc.dg/c99-stdint-6.c (test for excess errors)
FAIL: gcc.dg/c99-stdint-7.c (test for excess errors)
XPASS: gcc.dg/memcpy-1.c scan-tree-dump-times optimized "nasty_local\\." 0
FAIL: gcc.dg/pr33919.c (test for excess errors)
UNRESOLVED: gcc.dg/pr33919.c compilation failed to produce executable
FAIL: gcc.dg/pr41963.c (test for excess errors)
UNRESOLVED: gcc.dg/pr41963.c compilation failed to produce executable
FAIL: gcc.dg/pr44024.c scan-tree-dump-not original "foo"
FAIL: gcc.dg/pr46647.c scan-tree-dump-not optimized "memset"
FAIL: gcc.dg/pr51867.c (test for excess errors)
FAIL: gcc.dg/pr52132.c (test for excess errors)
FAIL: gcc.dg/scal-to-vec1.c (test for errors, line 29)
FAIL: gcc.dg/scal-to-vec1.c (test for errors, line 32)
FAIL: gcc.dg/scal-to-vec1.c (test for errors, line 33)
FAIL: gcc.dg/scal-to-vec1.c (test for errors, line 35)
FAIL: gcc.dg/strlenopt-10.c scan-tree-dump-times strlen "memcpy \\(" 8
FAIL: gcc.dg/strlenopt-11.c scan-tree-dump-times strlen "memcpy \\(" 7
FAIL: gcc.dg/strlenopt-11.c scan-tree-dump-times strlen " D.[0-9_]* = strlen \\([^
FAIL: gcc.dg/strlenopt-11.c scan-tree-dump-times strlen " D.[0-9_]* = strlen \\([^
FAIL: gcc.dg/strlenopt-11.c scan-tree-dump-times strlen " D.[0-9_]* = strlen \\([^
FAIL: gcc.dg/strlenopt-13.c scan-tree-dump-times strlen "memcpy \\(" 7
FAIL: gcc.dg/strlenopt-13.c scan-tree-dump-times strlen " D.[0-9_]* = strlen \\([^
FAIL: gcc.dg/strlenopt-13.c scan-tree-dump-times strlen " D.[0-9_]* = strlen \\([^
FAIL: gcc.dg/strlenopt-13.c scan-tree-dump-times strlen " D.[0-9_]* = strlen \\([^
FAIL: gcc.dg/strlenopt-13.c scan-tree-dump-times strlen " D.[0-9_]* = strlen \\([^
FAIL: gcc.dg/var-expand2.c execution test
FAIL: gcc.dg/ipa/ipa-pta-14.c scan-ipa-dump pta "foo.result = { NULL a[^ ]* a[^ ]* c[^ ]* }"
FAIL: gcc.dg/lto/20091013-1 c_lto_20091013-1_1.o assemble, -fPIC -r -nostdlib -flto
FAIL: gcc.dg/lto/20091013-1 c_lto_20091013-1_2.o assemble, -fPIC -r -nostdlib -flto
FAIL: gcc.dg/lto/20091013-1 c_lto_20091013-1_1.o assemble, -fPIC -r -nostdlib -O2 -flto
FAIL: gcc.dg/lto/20091013-1 c_lto_20091013-1_2.o assemble, -fPIC -r -nostdlib -O2 -flto
FAIL: gcc.dg/lto/trans-mem-1 c_lto_trans-mem-1_0.o-c_lto_trans-mem-1_1.o link, -flto -fgnu-tm
UNRESOLVED: gcc.dg/lto/trans-mem-1 c_lto_trans-mem-1_0.o-c_lto_trans-mem-1_1.o execute -flto -fgnu-tm
FAIL: gcc.dg/lto/trans-mem-3 c_lto_trans-mem-3_0.o-c_lto_trans-mem-3_1.o link, -flto
UNRESOLVED: gcc.dg/lto/trans-mem-3 c_lto_trans-mem-3_0.o-c_lto_trans-mem-3_1.o execute -flto
FAIL: c-c++-common/simulate-thread/bitfields-2.c -O0 -g (test for excess errors)
FAIL: c-c++-common/simulate-thread/bitfields-2.c -O2 -g (test for excess errors)
FAIL: c-c++-common/simulate-thread/bitfields-2.c -O3 -g (test for excess errors)
FAIL: gcc.dg/tm/alias-1.c (test for excess errors)
UNRESOLVED: gcc.dg/tm/alias-1.c scan-tree-dump-times ealias "mystruct = { .*ESCAPED" 1
UNRESOLVED: gcc.dg/tm/alias-1.c scan-tree-dump-times ealias "someptr = .*same as mystruct" 1
UNRESOLVED: gcc.dg/tm/alias-1.c scan-tree-dump-times ealias "ui..* = .*same as mystruct" 1
UNRESOLVED: gcc.dg/tm/alias-1.c scan-tree-dump-times ealias "pp..* = .*same as mystruct" 1
FAIL: gcc.dg/tm/alias-2.c (test for excess errors)
UNRESOLVED: gcc.dg/tm/alias-2.c scan-tree-dump-times ealias "ui..* = .*same as mystruct" 1
UNRESOLVED: gcc.dg/tm/alias-2.c scan-tree-dump-times ealias "mystruct.*ESCAPED" 1
UNRESOLVED: gcc.dg/tm/alias-2.c scan-tree-dump-times ealias "pp = .*same as mystruct" 1
FAIL: gcc.dg/tm/memopt-1.c scan-tree-dump-times tmmemopt "transforming: .*_ITM_WaRU4 \\(&i," 1
FAIL: gcc.dg/tm/memopt-1.c scan-tree-dump-times tmmemopt "transforming: .*_ITM_RaWU4 \\(&i\\);" 1
FAIL: gcc.dg/tm/memopt-1.c scan-tree-dump-times tmmemopt "transforming: .*_ITM_WaWU4 \\(&i," 1
FAIL: gcc.dg/torture/pta-ptrarith-3.c -O1 execution test
FAIL: gcc.dg/torture/pta-ptrarith-3.c -O2 execution test
FAIL: gcc.dg/torture/pta-ptrarith-3.c -O3 -fomit-frame-pointer execution test
FAIL: gcc.dg/torture/pta-ptrarith-3.c -O3 -g execution test
FAIL: gcc.dg/torture/pta-ptrarith-3.c -Os execution test
FAIL: gcc.dg/torture/pta-ptrarith-3.c -O2 -flto -flto-partition=none execution test
FAIL: gcc.dg/torture/pta-ptrarith-3.c -O2 -flto execution test
FAIL: gcc.dg/torture/stackalign/builtin-apply-2.c -O0 execution test
FAIL: gcc.dg/torture/stackalign/builtin-apply-2.c -O0 execution test
FAIL: gcc.dg/torture/stackalign/builtin-apply-2.c -O1 execution test
FAIL: gcc.dg/torture/stackalign/builtin-apply-2.c -O2 execution test
FAIL: gcc.dg/torture/stackalign/builtin-apply-2.c -O3 -fomit-frame-pointer execution test
FAIL: gcc.dg/torture/stackalign/builtin-apply-2.c -O3 -g execution test
FAIL: gcc.dg/torture/stackalign/builtin-apply-2.c -Os execution test
FAIL: gcc.dg/torture/stackalign/builtin-apply-2.c -O2 -flto -flto-partition=none execution test
FAIL: gcc.dg/torture/stackalign/builtin-apply-2.c -O2 -flto execution test
XPASS: gcc.dg/tree-ssa/20040204-1.c scan-tree-dump-times optimized "link_error" 0
FAIL: gcc.dg/tree-ssa/pr42585.c scan-tree-dump-times optimized "struct _fat_ptr _ans" 0
FAIL: gcc.dg/tree-ssa/pr42585.c scan-tree-dump-times optimized "struct _fat_ptr _T2" 0
FAIL: gcc.dg/tree-ssa/pta-escape-1.c scan-tree-dump alias "ESCAPED, points-to non-local, points-to NULL, points-to vars: { x }"
FAIL: gcc.dg/tree-ssa/pta-escape-2.c scan-tree-dump alias "ESCAPED, points-to non-local, points-to NULL, points-to vars: { x }"
FAIL: gcc.dg/tree-ssa/pta-escape-3.c scan-tree-dump alias "ESCAPED, points-to non-local, points-to NULL, points-to vars: { x }"
FAIL: gcc.dg/tree-ssa/ssa-ccp-23.c scan-tree-dump ccp1 "MEM\\[\\(int \\*\\)&a \\+ 4B\\]"
FAIL: gcc.dg/tree-ssa/ssa-dom-thread-4.c scan-tree-dump-times dom1 "Threaded" 3
XPASS: gcc.dg/tree-ssa/ssa-fre-26.c scan-tree-dump fre1 "Replaced u.i with 0 in"
FAIL: gcc.dg/tree-ssa/unreachable.c scan-tree-dump-not optimized "bad_boy"
FAIL: gcc.dg/tree-ssa/vrp55.c scan-tree-dump-times vrp1 "Threaded jump" 1
FAIL: gcc.dg/tree-ssa/vrp58.c scan-tree-dump vrp1 "Folded into"
FAIL: gcc.target/avr/progmem-error-1.cpp (test for errors, line 5)
FAIL: gcc.target/avr/progmem-error-1.cpp (test for excess errors)
FAIL: gcc.target/avr/torture/progmem-1.cpp -O0 (test for excess errors)
UNRESOLVED: gcc.target/avr/torture/progmem-1.cpp -O0 compilation failed to produce executable
FAIL: gcc.target/avr/torture/progmem-1.cpp -O1 (test for excess errors)
UNRESOLVED: gcc.target/avr/torture/progmem-1.cpp -O1 compilation failed to produce executable
FAIL: gcc.target/avr/torture/progmem-1.cpp -O2 (test for excess errors)
UNRESOLVED: gcc.target/avr/torture/progmem-1.cpp -O2 compilation failed to produce executable
FAIL: gcc.target/avr/torture/progmem-1.cpp -O2 -mcall-prologues (test for excess errors)
UNRESOLVED: gcc.target/avr/torture/progmem-1.cpp -O2 -mcall-prologues compilation failed to produce executable
FAIL: gcc.target/avr/torture/progmem-1.cpp -O2 -fdata-sections (test for excess errors)
UNRESOLVED: gcc.target/avr/torture/progmem-1.cpp -O2 -fdata-sections compilation failed to produce executable
FAIL: gcc.target/avr/torture/progmem-1.cpp -O2 -fmerge-all-constants (test for excess errors)
UNRESOLVED: gcc.target/avr/torture/progmem-1.cpp -O2 -fmerge-all-constants compilation failed to produce executable
FAIL: gcc.target/avr/torture/progmem-1.cpp -Os -fomit-frame-pointer (test for excess errors)
UNRESOLVED: gcc.target/avr/torture/progmem-1.cpp -Os -fomit-frame-pointer compilation failed to produce executable
FAIL: gcc.target/avr/torture/progmem-1.cpp -Os -fomit-frame-pointer -finline-functions (test for excess errors)
UNRESOLVED: gcc.target/avr/torture/progmem-1.cpp -Os -fomit-frame-pointer -finline-functions compilation failed to produce executable
FAIL: gcc.target/avr/torture/progmem-1.cpp -O3 -g (test for excess errors)
UNRESOLVED: gcc.target/avr/torture/progmem-1.cpp -O3 -g compilation failed to produce executable
FAIL: gcc.target/avr/torture/progmem-1.cpp -Os -mcall-prologues (test for excess errors)
UNRESOLVED: gcc.target/avr/torture/progmem-1.cpp -Os -mcall-prologues compilation failed to produce executable
=== gcc Summary ===
# of expected passes 68366
# of unexpected failures 115
# of unexpected successes 5
# of expected failures 108
# of unresolved testcases 21
# of untested testcases 11
# of unsupported tests 3082
/home/mstein/sim/trunk/avr/build/gcc/xgcc version 4.7.0 20120212 (experimental) [trunk revision 184145] (GCC)
Compiler version: 4.7.0 20120212 (experimental) [trunk revision 184145] (GCC) gcc
Platform: avr-unknown-none
configure flags: --target=avr --prefix=/home/mstein/cross-local/avr --enable-languages=c --disable-nls --disable-build-warnings --with-sysroot=/home/mstein/cross-local/avr --with-build-sysroot=/home/mstein/cross-local/avr --with-ld=/home/mstein/cross-local/avr/usr/bin/ld --with-as=/home/mstein/cross-local/avr/usr/bin/as --disable-libssp --with-mpfr=/opt/cfarm/mpfr-2.4.1 --with-gmp=/opt/cfarm/gmp-4.2.4 --with-libelf=/opt/cfarm/libelf-0.8.12 --with-mpc=/opt/cfarm/mpc-0.8
More information about the Gcc-testresults
mailing list