Results for 4.7.0 20120210 (experimental) [trunk revision 184103] (GCC) testsuite on sparcv9-sun-solaris2.11
Rainer Orth
ro@CeBiTec.Uni-Bielefeld.DE
Mon Feb 13 11:23:00 GMT 2012
LAST_UPDATED: Fri Feb 10 17:31:56 UTC 2012 (revision 184103)
=== acats tests ===
FAIL: ce3804a
FAIL: ce3809a
FAIL: cxa5015
FAIL: cxa5a01
FAIL: cxa5a02
FAIL: cxa5a03
FAIL: cxa5a08
FAIL: cxg1003
FAIL: cxg2004
FAIL: cxg2013
=== acats Summary ===
# of expected passes 2310
# of unexpected failures 10
Native configuration is sparcv9-sun-solaris2.11
=== g++ tests ===
Running target unix
FAIL: g++.dg/tree-ssa/pr44706.C -std=gnu++98 scan-tree-dump-not fnsplit "Splitting function"
FAIL: g++.dg/tree-ssa/pr44706.C -std=gnu++11 scan-tree-dump-not fnsplit "Splitting function"
=== g++ Summary for unix ===
# of expected passes 47558
# of unexpected failures 2
# of expected failures 288
# of unsupported tests 695
Running target unix/-m32
FAIL: g++.dg/tree-ssa/pr44706.C -std=gnu++98 scan-tree-dump-not fnsplit "Splitting function"
FAIL: g++.dg/tree-ssa/pr44706.C -std=gnu++11 scan-tree-dump-not fnsplit "Splitting function"
=== g++ Summary for unix/-m32 ===
# of expected passes 46321
# of unexpected failures 2
# of expected failures 288
# of unsupported tests 702
=== g++ Summary ===
# of expected passes 93879
# of unexpected failures 4
# of expected failures 576
# of unsupported tests 1397
/var/gcc/regression/trunk/11-gcc-64/build/gcc/testsuite/g++/../../g++ version 4.7.0 20120210 (experimental) [trunk revision 184103] (GCC)
=== gcc tests ===
Running target unix
FAIL: gcc.dg/pr44194-1.c scan-rtl-dump dse1 "global deletions = 2"
=== gcc Summary for unix ===
# of expected passes 75408
# of unexpected failures 1
# of expected failures 304
# of unsupported tests 1570
Running target unix/-m32
FAIL: gcc.dg/simulate-thread/atomic-other-int.c -O2 -g thread simulation test
FAIL: gcc.dg/simulate-thread/atomic-other-int.c -O3 -g thread simulation test
FAIL: gcc.dg/simulate-thread/atomic-other-short.c -O0 -g thread simulation test
FAIL: gcc.dg/simulate-thread/atomic-other-short.c -O2 -g thread simulation test
FAIL: gcc.dg/simulate-thread/atomic-other-short.c -O3 -g thread simulation test
=== gcc Summary for unix/-m32 ===
# of expected passes 74732
# of unexpected failures 5
# of expected failures 317
# of unsupported tests 1590
=== gcc Summary ===
# of expected passes 150140
# of unexpected failures 6
# of expected failures 621
# of unsupported tests 3160
/var/gcc/regression/trunk/11-gcc-64/build/gcc/xgcc version 4.7.0 20120210 (experimental) [trunk revision 184103] (GCC)
=== gfortran tests ===
Running target unix
=== gfortran Summary for unix ===
# of expected passes 40770
# of expected failures 44
# of unsupported tests 95
Running target unix/-m32
=== gfortran Summary for unix/-m32 ===
# of expected passes 40443
# of expected failures 44
# of unsupported tests 256
=== gfortran Summary ===
# of expected passes 81213
# of expected failures 88
# of unsupported tests 351
/var/gcc/regression/trunk/11-gcc-64/build/gcc/testsuite/gfortran/../../gfortran version 4.7.0 20120210 (experimental) [trunk revision 184103] (GCC)
=== gnat tests ===
Running target unix/-m32
FAIL: gnat.dg/gen_disp.adb (test for excess errors)
=== gnat Summary for unix/-m32 ===
# of expected passes 1056
# of unexpected failures 1
# of expected failures 12
# of unsupported tests 12
Running target unix
=== gnat Summary for unix ===
# of expected passes 1057
# of expected failures 12
# of unsupported tests 12
=== gnat Summary ===
# of expected passes 2113
# of unexpected failures 1
# of expected failures 24
# of unsupported tests 24
/var/gcc/regression/trunk/11-gcc-64/build/gcc/gnatmake version 4.7.0 20120210 (experimental) [trunk revision 184103]
=== go tests ===
Running target unix
FAIL: go.go-torture/execute/select-1.go execution, -O0
FAIL: go.go-torture/execute/select-1.go execution, -O1
FAIL: go.go-torture/execute/select-1.go execution, -O2
FAIL: go.go-torture/execute/select-1.go execution, -O2 -fomit-frame-pointer -finline-functions
FAIL: go.go-torture/execute/select-1.go execution, -O2 -fomit-frame-pointer -finline-functions -funroll-loops
FAIL: go.go-torture/execute/select-1.go execution, -O2 -fbounds-check
FAIL: go.go-torture/execute/select-1.go execution, -O3 -g
FAIL: go.go-torture/execute/select-1.go execution, -Os
FAIL: ./64bit-out.go compilation, -O2 -g
FAIL: ./tmp.go compilation, -O2 -g
FAIL: go.test/test/chan/doubleselect.go execution, -O2 -g
FAIL: go.test/test/chan/fifo.go execution, -O2 -g
FAIL: go.test/test/chan/nonblock.go execution, -O2 -g
FAIL: go.test/test/chan/powser1.go execution, -O2 -g
FAIL: go.test/test/chan/powser2.go execution, -O2 -g
FAIL: go.test/test/chan/select.go execution, -O2 -g
FAIL: go.test/test/chan/select3.go execution, -O2 -g
FAIL: go.test/test/chan/select4.go execution, -O2 -g
FAIL: go.test/test/chan/select5.go execution
FAIL: go.test/test/chan/select6.go execution, -O2 -g
FAIL: go.test/test/chan/select7.go execution, -O2 -g
FAIL: go.test/test/chan/sendstmt.go execution, -O2 -g
FAIL: go.test/test/chan/sieve1.go execution, -O2 -g
FAIL: go.test/test/chan/sieve2.go execution, -O2 -g
FAIL: go.test/test/closedchan.go execution, -O2 -g
FAIL: go.test/test/escape.go execution, -O2 -g
FAIL: go.test/test/fixedbugs/bug225.go execution, -O2 -g
FAIL: go.test/test/fixedbugs/bug234.go execution, -O2 -g
FAIL: go.test/test/fixedbugs/bug242.go execution, -O2 -g
FAIL: go.test/test/fixedbugs/bug312.go execution, -O2 -g
FAIL: go.test/test/fixedbugs/bug320.go execution, -O2 -g
FAIL: go.test/test/func5.go execution, -O2 -g
FAIL: go.test/test/ken/chan.go execution, -O2 -g
FAIL: go.test/test/ken/chan1.go execution, -O2 -g
FAIL: go.test/test/nilptr.go execution, -O2 -g
FAIL: go.test/test/range.go execution, -O2 -g
WARNING: program timed out.
WARNING: program timed out.
=== go Summary for unix ===
# of expected passes 3259
# of unexpected failures 36
# of expected failures 4
# of untested testcases 8
Running target unix/-m32
FAIL: go.go-torture/execute/select-1.go execution, -O0
FAIL: go.go-torture/execute/select-1.go execution, -O1
FAIL: go.go-torture/execute/select-1.go execution, -O2
FAIL: go.go-torture/execute/select-1.go execution, -O2 -fomit-frame-pointer -finline-functions
FAIL: go.go-torture/execute/select-1.go execution, -O2 -fomit-frame-pointer -finline-functions -funroll-loops
FAIL: go.go-torture/execute/select-1.go execution, -O2 -fbounds-check
FAIL: go.go-torture/execute/select-1.go execution, -O3 -g
FAIL: go.go-torture/execute/select-1.go execution, -Os
FAIL: ./64bit-out.go compilation, -O2 -g
FAIL: ./select5-out.go execution, -O0 -g
FAIL: ./tmp.go compilation, -O2 -g
FAIL: go.test/test/chan/doubleselect.go execution, -O2 -g
FAIL: go.test/test/chan/fifo.go execution, -O2 -g
FAIL: go.test/test/chan/nonblock.go execution, -O2 -g
FAIL: go.test/test/chan/select.go execution, -O2 -g
FAIL: go.test/test/chan/select3.go execution, -O2 -g
FAIL: go.test/test/chan/select4.go execution, -O2 -g
FAIL: go.test/test/chan/select7.go execution, -O2 -g
FAIL: go.test/test/chan/sendstmt.go execution, -O2 -g
FAIL: go.test/test/chan/sieve1.go execution, -O2 -g
FAIL: go.test/test/chan/sieve2.go execution, -O2 -g
FAIL: go.test/test/closedchan.go execution, -O2 -g
FAIL: go.test/test/escape.go execution, -O2 -g
FAIL: go.test/test/fixedbugs/bug234.go execution, -O2 -g
FAIL: go.test/test/fixedbugs/bug242.go execution, -O2 -g
FAIL: go.test/test/fixedbugs/bug312.go execution, -O2 -g
FAIL: go.test/test/fixedbugs/bug320.go execution, -O2 -g
FAIL: go.test/test/func5.go execution, -O2 -g
FAIL: go.test/test/ken/chan.go execution, -O2 -g
FAIL: go.test/test/ken/chan1.go execution, -O2 -g
FAIL: go.test/test/range.go execution, -O2 -g
WARNING: program timed out.
WARNING: program timed out.
=== go Summary for unix/-m32 ===
# of expected passes 3266
# of unexpected failures 31
# of expected failures 4
# of untested testcases 8
=== go Summary ===
# of expected passes 6525
# of unexpected failures 67
# of expected failures 8
# of untested testcases 16
/var/gcc/regression/trunk/11-gcc-64/build/gcc/testsuite/go/../../gccgo version 4.7.0 20120210 (experimental) [trunk revision 184103] (GCC)
=== obj-c++ tests ===
Running target unix/-m32
=== obj-c++ Summary for unix/-m32 ===
# of expected passes 1450
# of expected failures 2
# of unsupported tests 86
Running target unix
=== obj-c++ Summary for unix ===
# of expected passes 1442
# of expected failures 10
# of unsupported tests 86
=== obj-c++ Summary ===
# of expected passes 2892
# of expected failures 12
# of unsupported tests 172
/var/gcc/regression/trunk/11-gcc-64/build/gcc/testsuite/obj-c++/../../g++ version 4.7.0 20120210 (experimental) [trunk revision 184103] (GCC)
=== objc tests ===
Running target unix
=== objc Summary for unix ===
# of expected passes 2994
# of unsupported tests 74
Running target unix/-m32
=== objc Summary for unix/-m32 ===
# of expected passes 2994
# of unsupported tests 74
=== objc Summary ===
# of expected passes 5988
# of unsupported tests 148
/var/gcc/regression/trunk/11-gcc-64/build/gcc/xgcc version 4.7.0 20120210 (experimental) [trunk revision 184103] (GCC)
=== boehm-gc tests ===
Running target unix/-m32
=== boehm-gc Summary for unix/-m32 ===
# of expected passes 12
# of unsupported tests 1
Running target unix
=== boehm-gc Summary for unix ===
# of expected passes 12
# of unsupported tests 1
=== boehm-gc Summary ===
# of expected passes 24
# of unsupported tests 2
=== libffi tests ===
Running target unix/-m32
=== libffi Summary for unix/-m32 ===
# of expected passes 1634
# of expected failures 10
# of unsupported tests 55
Running target unix
=== libffi Summary for unix ===
# of expected passes 1634
# of expected failures 10
# of unsupported tests 55
=== libffi Summary ===
# of expected passes 3268
# of expected failures 20
# of unsupported tests 110
=== libgo tests ===
Running target unix
FAIL: io
FAIL: net
FAIL: reflect
FAIL: runtime
FAIL: sync
FAIL: time
FAIL: compress/flate
FAIL: html/template
FAIL: go/doc
FAIL: go/printer
FAIL: math/big
FAIL: net/http
FAIL: net/rpc
FAIL: net/rpc/jsonrpc
FAIL: old/netchan
FAIL: sync/atomic
FAIL: text/template
FAIL: text/template/parse
FAIL: testing/quick
=== libgo Summary for unix ===
# of expected passes 104
# of unexpected failures 19
Running target unix/-m32
FAIL: io
FAIL: reflect
FAIL: runtime
FAIL: sync
FAIL: time
FAIL: math/big
FAIL: net/http
FAIL: net/rpc
FAIL: net/rpc/jsonrpc
FAIL: old/netchan
FAIL: sync/atomic
FAIL: text/template
FAIL: testing/quick
=== libgo Summary for unix/-m32 ===
# of expected passes 110
# of unexpected failures 13
=== libgo Summary ===
# of expected passes 214
# of unexpected failures 32
/var/gcc/regression/trunk/11-gcc-64/build/./gcc/gccgo version 4.7.0 20120210 (experimental) [trunk revision 184103] (GCC)
=== libgomp tests ===
Running target unix/-m32
=== libgomp Summary for unix/-m32 ===
# of expected passes 2944
# of unsupported tests 3
Running target unix
=== libgomp Summary for unix ===
# of expected passes 2944
# of unsupported tests 3
=== libgomp Summary ===
# of expected passes 5888
# of unsupported tests 6
=== libjava tests ===
Running target unix/-m32
=== libjava Summary for unix/-m32 ===
# of expected passes 2574
Running target unix
=== libjava Summary for unix ===
# of expected passes 2574
=== libjava Summary ===
# of expected passes 5148
=== libmudflap tests ===
Running target unix/-m32
=== libmudflap Summary for unix/-m32 ===
# of expected passes 1442
Running target unix
FAIL: libmudflap.c++/pass55-frag.cxx ( -O) execution test
=== libmudflap Summary for unix ===
# of expected passes 1441
# of unexpected failures 1
=== libmudflap Summary ===
# of expected passes 2883
# of unexpected failures 1
=== libstdc++ tests ===
Running target unix
=== libstdc++ Summary for unix ===
# of expected passes 7921
# of expected failures 43
# of unsupported tests 502
Running target unix/-m32
=== libstdc++ Summary for unix/-m32 ===
# of expected passes 7921
# of expected failures 43
# of unsupported tests 502
=== libstdc++ Summary ===
# of expected passes 15842
# of expected failures 86
# of unsupported tests 1004
Compiler version: 4.7.0 20120210 (experimental) [trunk revision 184103] (GCC)
Platform: sparcv9-sun-solaris2.11
configure flags: --prefix=/vol/gcc --target=sparcv9-sun-solaris2.11 --enable-objc-gc --enable-libmudflap --with-gmp-include=/vol/gcc/include --with-gmp-lib=/vol/gcc/lib/sparcv9 --with-mpfr-include=/vol/gcc/include --with-mpfr-lib=/vol/gcc/lib/sparcv9 --with-mpc-include=/vol/gcc/include --with-mpc-lib=/vol/gcc/lib/sparcv9 --enable-languages=all,ada,obj-c++,go --without-ppl --without-cloog --build=sparcv9-sun-solaris2.11 --host=sparcv9-sun-solaris2.11
BOOT_CFLAGS=-g -O2
More information about the Gcc-testresults
mailing list