Results for 4.7.0 20120201 (experimental) [trunk revision 183787] (GCC) testsuite on x86_64-apple-darwin10.8.0
Sean McGovern
sean@seanmcgovern.ca
Fri Feb 3 11:46:00 GMT 2012
LAST_UPDATED: Thu Feb 2 05:55:21 UTC 2012 (revision 183787)
Native configuration is x86_64-apple-darwin10.8.0
=== g++ tests ===
Running target unix/-m32
UNRESOLVED: g++.dg/ext/label13.C -std=gnu++98 compilation failed to produce executable
UNRESOLVED: g++.dg/ext/label13.C -std=gnu++11 compilation failed to produce executable
FAIL: c-c++-common/cxxbitfields-3.c scan-assembler movl.*, var
FAIL: c-c++-common/cxxbitfields-3.c scan-assembler movl.*, var
FAIL: c-c++-common/simulate-thread/bitfields-1.c -Os -g thread simulation test
FAIL: c-c++-common/simulate-thread/bitfields-2.c -O1 -g thread simulation test
FAIL: c-c++-common/simulate-thread/bitfields-2.c -Os -g thread simulation test
FAIL: c-c++-common/simulate-thread/bitfields-3.c -O0 -g thread simulation test
FAIL: c-c++-common/simulate-thread/bitfields-3.c -O3 -g -std=c++11 thread simulation test
=== g++ Summary for unix/-m32 ===
# of expected passes 46976
# of unexpected failures 7
# of expected failures 288
# of unresolved testcases 2
# of unsupported tests 370
Running target unix/-m64
UNRESOLVED: g++.dg/ext/label13.C -std=gnu++98 compilation failed to produce executable
UNRESOLVED: g++.dg/ext/label13.C -std=gnu++11 compilation failed to produce executable
FAIL: c-c++-common/cxxbitfields-3.c scan-assembler movl.*, var
FAIL: c-c++-common/cxxbitfields-3.c scan-assembler movl.*, var
FAIL: g++.dg/simulate-thread/atomics-1.C -O0 -g thread simulation test
FAIL: c-c++-common/simulate-thread/bitfields-4.c -O3 -g -std=c++11 thread simulation test
=== g++ Summary for unix/-m64 ===
# of expected passes 47776
# of unexpected failures 4
# of expected failures 288
# of unresolved testcases 2
# of unsupported tests 596
=== g++ Summary ===
# of expected passes 94752
# of unexpected failures 11
# of expected failures 576
# of unresolved testcases 4
# of unsupported tests 966
/BUILD/gcc/obj-183787/gcc/testsuite/g++/../../g++ version 4.7.0 20120201 (experimental) [trunk revision 183787] (GCC)
=== gcc tests ===
Running target unix/-m32
FAIL: c-c++-common/cxxbitfields-3.c scan-assembler movl.*, var
FAIL: gcc.dg/tree-prof/pr44777.c execution, -fprofile-generate -D_PROFILE_GENERATE
UNRESOLVED: gcc.dg/tree-prof/pr44777.c compilation, -fprofile-use -D_PROFILE_USE
UNRESOLVED: gcc.dg/tree-prof/pr44777.c execution, -fprofile-use -D_PROFILE_USE
=== gcc Summary for unix/-m32 ===
# of expected passes 81758
# of unexpected failures 2
# of expected failures 258
# of unresolved testcases 2
# of unsupported tests 1929
Running target unix/-m64
FAIL: c-c++-common/cxxbitfields-3.c scan-assembler movl.*, var
FAIL: gcc.dg/matrix/transpose-3.c execution, -fprofile-use -fipa-matrix-reorg -fdump-ipa-matrix-reorg -O3 -fwhole-program -fno-tree-fre
FAIL: gcc.dg/simulate-thread/atomic-load-int128.c -O1 -g thread simulation test
FAIL: gcc.dg/simulate-thread/atomic-load-int128.c -O2 -g thread simulation test
FAIL: gcc.dg/simulate-thread/atomic-load-int128.c -O3 -g thread simulation test
FAIL: gcc.dg/simulate-thread/atomic-load-int128.c -Os -g thread simulation test
FAIL: gcc.target/i386/pr49866.c (test for excess errors)
=== gcc Summary for unix/-m64 ===
# of expected passes 81996
# of unexpected failures 7
# of expected failures 259
# of unsupported tests 2258
=== gcc Summary ===
# of expected passes 163754
# of unexpected failures 9
# of expected failures 517
# of unresolved testcases 2
# of unsupported tests 4187
/BUILD/gcc/obj-183787/gcc/xgcc version 4.7.0 20120201 (experimental) [trunk revision 183787] (GCC)
=== libgomp tests ===
Running target unix/-m64
=== libgomp Summary for unix/-m64 ===
# of expected passes 1283
# of unsupported tests 3
Running target unix/-m32
=== libgomp Summary for unix/-m32 ===
# of expected passes 1283
# of unsupported tests 3
=== libgomp Summary ===
# of expected passes 2566
# of unsupported tests 6
=== libitm tests ===
Running target unix/-m64
=== libitm Summary for unix/-m64 ===
# of expected passes 26
# of expected failures 3
# of unsupported tests 1
Running target unix/-m32
=== libitm Summary for unix/-m32 ===
# of expected passes 26
# of expected failures 3
# of unsupported tests 1
=== libitm Summary ===
# of expected passes 52
# of expected failures 6
# of unsupported tests 2
=== libstdc++ tests ===
Running target unix/-m32
=== libstdc++ Summary for unix/-m32 ===
# of expected passes 7716
# of expected failures 44
# of unsupported tests 568
Running target unix/-m64
=== libstdc++ Summary for unix/-m64 ===
# of expected passes 7714
# of expected failures 44
# of unsupported tests 569
=== libstdc++ Summary ===
# of expected passes 15430
# of expected failures 88
# of unsupported tests 1137
=== libstdc++ Summary ===
Compiler version: 4.7.0 20120201 (experimental) [trunk revision 183787] (GCC)
Platform: x86_64-apple-darwin10.8.0
configure flags: --prefix=/BUILD/gcc/183787 --target=x86_64-apple-darwin10.8.0 --host=x86_64-apple-darwin10.8.0 --build=x86_64-apple-darwin10.8.0 --with-tune=core2 --with-gmp=/opt/gnu --with-mpfr=/opt/gnu --with-mpc=/opt/gnu --with-ppl=/opt/gnu --with-cloog=/opt/gnu --enable-cloog-backend=isl --enable-languages=c,c++,lto --program-suffix=-trunk
BOOT_CFLAGS=-g -O2
More information about the Gcc-testresults
mailing list