Results for 4.8.0 20121223 (experimental) testsuite on sparc-unknown-linux-gnu
Mikael Pettersson
mikpe@it.uu.se
Mon Dec 24 22:57:00 GMT 2012
LAST_UPDATED: Obtained from SVN: trunk revision 194706
=== acats tests ===
FAIL: c52103x
FAIL: c52104x
FAIL: c52104y
=== acats Summary ===
# of expected passes 2317
# of unexpected failures 3
Native configuration is sparc-unknown-linux-gnu
=== g++ tests ===
Running target unix
=== g++ Summary ===
# of expected passes 47911
# of expected failures 287
# of unsupported tests 868
/mnt/scratch/objdir48/gcc/testsuite/g++/../../xg++ version 4.8.0 20121223 (experimental) (GCC)
=== gcc tests ===
Running target unix
=== gcc Summary ===
# of expected passes 68506
# of expected failures 226
# of unsupported tests 1302
/mnt/scratch/objdir48/gcc/xgcc version 4.8.0 20121223 (experimental) (GCC)
=== gfortran tests ===
Running target unix
XPASS: gfortran.dg/do_1.f90 -O0 execution test
XPASS: gfortran.dg/do_1.f90 -O1 execution test
=== gfortran Summary ===
# of expected passes 41982
# of unexpected successes 2
# of expected failures 50
# of unsupported tests 275
/mnt/scratch/objdir48/gcc/testsuite/gfortran/../../gfortran version 4.8.0 20121223 (experimental) (GCC)
=== gnat tests ===
Running target unix
FAIL: gnat.dg/null_pointer_deref1.adb execution test
FAIL: gnat.dg/null_pointer_deref3.adb execution test
=== gnat Summary ===
# of expected passes 1133
# of unexpected failures 2
# of expected failures 17
# of unsupported tests 10
/mnt/scratch/objdir48/gcc/gnatmake version 4.8.0 20121223 (experimental)
=== libatomic tests ===
Running target unix
=== libatomic Summary ===
# of expected passes 34
# of unsupported tests 10
=== libgomp tests ===
Running target unix
=== libgomp Summary ===
# of expected passes 2931
# of unsupported tests 1
=== libitm tests ===
Running target unix
=== libitm Summary ===
# of expected passes 26
# of expected failures 3
# of unsupported tests 1
=== libstdc++ tests ===
Running target unix
FAIL: 22_locale/messages/members/char/1.cc execution test
FAIL: 22_locale/messages/members/char/2.cc execution test
FAIL: 22_locale/messages/members/char/wrapped_env.cc execution test
FAIL: 22_locale/messages/members/char/wrapped_locale.cc execution test
FAIL: 22_locale/messages_byname/named_equivalence.cc execution test
=== libstdc++ Summary ===
# of expected passes 8928
# of unexpected failures 5
# of expected failures 43
# of unsupported tests 245
Compiler version: 4.8.0 20121223 (experimental)
Platform: sparc-unknown-linux-gnu
configure flags: --prefix=/mnt/scratch/install48 --with-gmp=/home/mikpe/pkgs/linux-sparc64/gmp-5.0.5 --with-mpfr=/home/mikpe/pkgs/linux-sparc64/mpfr-3.1.1 --with-mpc=/home/mikpe/pkgs/linux-sparc64/mpc-1.0.1 --enable-multilib --disable-plugin --disable-lto --disable-nls --enable-threads=posix --enable-checking=release --disable-libmudflap --enable-languages=c,c++,fortran,ada --build=sparc-unknown-linux --target=sparc-unknown-linux --with-cpu=ultrasparc --enable-targets=all --disable-libsanitizer
BOOT_CFLAGS=-g -O2
More information about the Gcc-testresults
mailing list