Results for 4.8.0 20121217 (experimental) [trunk revision 194568] (GCC) testsuite on x86_64-unknown-netbsd5.1
Jonathan Wakely
jwakely@gcc70.fsffrance.org
Tue Dec 18 20:34:00 GMT 2012
LAST_UPDATED: Mon Dec 17 23:24:28 UTC 2012 (revision 194568)
Native configuration is x86_64-unknown-netbsd5.1
=== g++ tests ===
Running target unix
FAIL: g++.dg/cdce3.C -std=gnu++98 (test for excess errors)
WARNING: g++.dg/cdce3.C -std=gnu++98 compilation failed to produce executable
UNRESOLVED: g++.dg/cdce3.C -std=gnu++98 scan-tree-dump cdce "cdce3.C:95: note: function call is shrink-wrapped into error conditions."
UNRESOLVED: g++.dg/cdce3.C -std=gnu++98 scan-tree-dump cdce "cdce3.C:96: note: function call is shrink-wrapped into error conditions."
UNRESOLVED: g++.dg/cdce3.C -std=gnu++98 scan-tree-dump cdce "cdce3.C:97: note: function call is shrink-wrapped into error conditions."
UNRESOLVED: g++.dg/cdce3.C -std=gnu++98 scan-tree-dump cdce "cdce3.C:98: note: function call is shrink-wrapped into error conditions."
UNRESOLVED: g++.dg/cdce3.C -std=gnu++98 scan-tree-dump cdce "cdce3.C:99: note: function call is shrink-wrapped into error conditions."
UNRESOLVED: g++.dg/cdce3.C -std=gnu++98 scan-tree-dump cdce "cdce3.C:100: note: function call is shrink-wrapped into error conditions."
UNRESOLVED: g++.dg/cdce3.C -std=gnu++98 scan-tree-dump cdce "cdce3.C:101: note: function call is shrink-wrapped into error conditions."
UNRESOLVED: g++.dg/cdce3.C -std=gnu++98 scan-tree-dump cdce "cdce3.C:102: note: function call is shrink-wrapped into error conditions."
UNRESOLVED: g++.dg/cdce3.C -std=gnu++98 scan-tree-dump cdce "cdce3.C:103: note: function call is shrink-wrapped into error conditions."
UNRESOLVED: g++.dg/cdce3.C -std=gnu++98 scan-tree-dump cdce "cdce3.C:104: note: function call is shrink-wrapped into error conditions."
UNRESOLVED: g++.dg/cdce3.C -std=gnu++98 scan-tree-dump cdce "cdce3.C:105: note: function call is shrink-wrapped into error conditions."
UNRESOLVED: g++.dg/cdce3.C -std=gnu++98 scan-tree-dump cdce "cdce3.C:106: note: function call is shrink-wrapped into error conditions."
UNRESOLVED: g++.dg/cdce3.C -std=gnu++98 scan-tree-dump cdce "cdce3.C:107: note: function call is shrink-wrapped into error conditions."
UNRESOLVED: g++.dg/cdce3.C -std=gnu++98 scan-tree-dump cdce "cdce3.C:108: note: function call is shrink-wrapped into error conditions."
FAIL: g++.dg/cdce3.C -std=gnu++11 (test for excess errors)
WARNING: g++.dg/cdce3.C -std=gnu++11 compilation failed to produce executable
UNRESOLVED: g++.dg/cdce3.C -std=gnu++11 scan-tree-dump cdce "cdce3.C:95: note: function call is shrink-wrapped into error conditions."
UNRESOLVED: g++.dg/cdce3.C -std=gnu++11 scan-tree-dump cdce "cdce3.C:96: note: function call is shrink-wrapped into error conditions."
UNRESOLVED: g++.dg/cdce3.C -std=gnu++11 scan-tree-dump cdce "cdce3.C:97: note: function call is shrink-wrapped into error conditions."
UNRESOLVED: g++.dg/cdce3.C -std=gnu++11 scan-tree-dump cdce "cdce3.C:98: note: function call is shrink-wrapped into error conditions."
UNRESOLVED: g++.dg/cdce3.C -std=gnu++11 scan-tree-dump cdce "cdce3.C:99: note: function call is shrink-wrapped into error conditions."
UNRESOLVED: g++.dg/cdce3.C -std=gnu++11 scan-tree-dump cdce "cdce3.C:100: note: function call is shrink-wrapped into error conditions."
UNRESOLVED: g++.dg/cdce3.C -std=gnu++11 scan-tree-dump cdce "cdce3.C:101: note: function call is shrink-wrapped into error conditions."
UNRESOLVED: g++.dg/cdce3.C -std=gnu++11 scan-tree-dump cdce "cdce3.C:102: note: function call is shrink-wrapped into error conditions."
UNRESOLVED: g++.dg/cdce3.C -std=gnu++11 scan-tree-dump cdce "cdce3.C:103: note: function call is shrink-wrapped into error conditions."
UNRESOLVED: g++.dg/cdce3.C -std=gnu++11 scan-tree-dump cdce "cdce3.C:104: note: function call is shrink-wrapped into error conditions."
UNRESOLVED: g++.dg/cdce3.C -std=gnu++11 scan-tree-dump cdce "cdce3.C:105: note: function call is shrink-wrapped into error conditions."
UNRESOLVED: g++.dg/cdce3.C -std=gnu++11 scan-tree-dump cdce "cdce3.C:106: note: function call is shrink-wrapped into error conditions."
UNRESOLVED: g++.dg/cdce3.C -std=gnu++11 scan-tree-dump cdce "cdce3.C:107: note: function call is shrink-wrapped into error conditions."
UNRESOLVED: g++.dg/cdce3.C -std=gnu++11 scan-tree-dump cdce "cdce3.C:108: note: function call is shrink-wrapped into error conditions."
FAIL: g++.dg/cpp0x/constexpr-ex1.C (test for errors, line 74)
FAIL: g++.dg/cpp0x/constexpr-ex1.C (test for excess errors)
FAIL: g++.dg/cpp0x/nullptr04.C (test for excess errors)
FAIL: g++.dg/cpp0x/stdint.C -std=c++11 (test for excess errors)
FAIL: g++.dg/cpp0x/udlit-general.C execution test
FAIL: g++.dg/opt/pr55081.C -std=c++98 (test for excess errors)
UNRESOLVED: g++.dg/opt/pr55081.C -std=c++98 scan-assembler-not _ZGVZ3foovE5array
FAIL: g++.dg/opt/pr55081.C -std=c++11 (test for excess errors)
UNRESOLVED: g++.dg/opt/pr55081.C -std=c++11 scan-assembler-not _ZGVZ3foovE5array
FAIL: g++.dg/other/pr25632.C -std=c++98 (test for excess errors)
FAIL: g++.dg/other/pr25632.C -std=c++11 (test for excess errors)
FAIL: g++.dg/tree-ssa/pr21082.C -std=gnu++98 (test for excess errors)
FAIL: g++.dg/tree-ssa/pr21082.C -std=gnu++11 (test for excess errors)
FAIL: g++.dg/plugin/attribute_plugin-test-1.C -fplugin=./attribute_plugin.so (test for warnings, line )
FAIL: g++.dg/plugin/attribute_plugin-test-1.C -fplugin=./attribute_plugin.so (test for warnings, line 7)
FAIL: g++.dg/plugin/attribute_plugin-test-1.C -fplugin=./attribute_plugin.so (test for warnings, line 7)
FAIL: g++.dg/plugin/attribute_plugin-test-1.C -fplugin=./attribute_plugin.so (test for warnings, line 16)
FAIL: g++.dg/plugin/attribute_plugin-test-1.C -fplugin=./attribute_plugin.so (test for excess errors)
FAIL: g++.dg/plugin/pragma_plugin-test-1.C -fplugin=./pragma_plugin.so (test for warnings, line )
FAIL: g++.dg/plugin/pragma_plugin-test-1.C -fplugin=./pragma_plugin.so (test for warnings, line 5)
FAIL: g++.dg/plugin/pragma_plugin-test-1.C -fplugin=./pragma_plugin.so (test for warnings, line 9)
FAIL: g++.dg/plugin/pragma_plugin-test-1.C -fplugin=./pragma_plugin.so (test for warnings, line 14)
FAIL: g++.dg/plugin/pragma_plugin-test-1.C -fplugin=./pragma_plugin.so (test for excess errors)
FAIL: g++.dg/plugin/self-assign-test-1.C -fplugin=./selfassign.so (test for warnings, line 10)
FAIL: g++.dg/plugin/self-assign-test-1.C -fplugin=./selfassign.so (test for warnings, line 13)
FAIL: g++.dg/plugin/self-assign-test-1.C -fplugin=./selfassign.so (test for warnings, line 26)
FAIL: g++.dg/plugin/self-assign-test-1.C -fplugin=./selfassign.so (test for warnings, line 27)
FAIL: g++.dg/plugin/self-assign-test-1.C -fplugin=./selfassign.so (test for warnings, line 33)
FAIL: g++.dg/plugin/self-assign-test-1.C -fplugin=./selfassign.so (test for warnings, line 34)
FAIL: g++.dg/plugin/self-assign-test-1.C -fplugin=./selfassign.so (test for warnings, line 40)
FAIL: g++.dg/plugin/self-assign-test-1.C -fplugin=./selfassign.so (test for warnings, line 41)
FAIL: g++.dg/plugin/self-assign-test-1.C -fplugin=./selfassign.so (test for warnings, line 42)
FAIL: g++.dg/plugin/self-assign-test-1.C -fplugin=./selfassign.so (test for warnings, line 43)
FAIL: g++.dg/plugin/self-assign-test-1.C -fplugin=./selfassign.so (test for warnings, line 44)
FAIL: g++.dg/plugin/self-assign-test-1.C -fplugin=./selfassign.so (test for warnings, line 46)
FAIL: g++.dg/plugin/self-assign-test-1.C -fplugin=./selfassign.so (test for warnings, line 47)
FAIL: g++.dg/plugin/self-assign-test-1.C -fplugin=./selfassign.so (test for excess errors)
FAIL: g++.dg/plugin/self-assign-test-2.C -fplugin=./selfassign.so (test for warnings, line 10)
FAIL: g++.dg/plugin/self-assign-test-2.C -fplugin=./selfassign.so (test for warnings, line 13)
FAIL: g++.dg/plugin/self-assign-test-2.C -fplugin=./selfassign.so (test for warnings, line 26)
FAIL: g++.dg/plugin/self-assign-test-2.C -fplugin=./selfassign.so (test for warnings, line 27)
FAIL: g++.dg/plugin/self-assign-test-2.C -fplugin=./selfassign.so (test for warnings, line 33)
FAIL: g++.dg/plugin/self-assign-test-2.C -fplugin=./selfassign.so (test for warnings, line 34)
FAIL: g++.dg/plugin/self-assign-test-2.C -fplugin=./selfassign.so (test for warnings, line 40)
FAIL: g++.dg/plugin/self-assign-test-2.C -fplugin=./selfassign.so (test for warnings, line 41)
FAIL: g++.dg/plugin/self-assign-test-2.C -fplugin=./selfassign.so (test for warnings, line 42)
FAIL: g++.dg/plugin/self-assign-test-2.C -fplugin=./selfassign.so (test for warnings, line 46)
FAIL: g++.dg/plugin/self-assign-test-2.C -fplugin=./selfassign.so (test for warnings, line 47)
FAIL: g++.dg/plugin/self-assign-test-2.C -fplugin=./selfassign.so (test for excess errors)
FAIL: g++.dg/plugin/self-assign-test-3.C -fplugin=./selfassign.so (test for excess errors)
FAIL: g++.dg/plugin/dumb-plugin-test-1.C -fplugin=./dumb_plugin.so (test for warnings, line 10)
FAIL: g++.dg/plugin/dumb-plugin-test-1.C -fplugin=./dumb_plugin.so (test for warnings, line 14)
FAIL: g++.dg/plugin/dumb-plugin-test-1.C -fplugin=./dumb_plugin.so (test for warnings, line 18)
FAIL: g++.dg/plugin/dumb-plugin-test-1.C -fplugin=./dumb_plugin.so (test for warnings, line 19)
FAIL: g++.dg/plugin/dumb-plugin-test-1.C -fplugin=./dumb_plugin.so (test for warnings, line 24)
FAIL: g++.dg/plugin/dumb-plugin-test-1.C -fplugin=./dumb_plugin.so (test for warnings, line 50)
FAIL: g++.dg/plugin/dumb-plugin-test-1.C -fplugin=./dumb_plugin.so (test for warnings, line 50)
FAIL: g++.dg/plugin/dumb-plugin-test-1.C -fplugin=./dumb_plugin.so (test for warnings, line 50)
FAIL: g++.dg/plugin/dumb-plugin-test-1.C -fplugin=./dumb_plugin.so (test for excess errors)
FAIL: g++.dg/plugin/header-plugin-test.C -fplugin=./header_plugin.so (test for excess errors)
FAIL: g++.dg/plugin/decl-plugin-test.C -fplugin=./decl_plugin.so (test for warnings, line 1)
FAIL: g++.dg/plugin/decl-plugin-test.C -fplugin=./decl_plugin.so (test for warnings, line 2)
FAIL: g++.dg/plugin/decl-plugin-test.C -fplugin=./decl_plugin.so (test for warnings, line 6)
FAIL: g++.dg/plugin/decl-plugin-test.C -fplugin=./decl_plugin.so (test for warnings, line 10)
FAIL: g++.dg/plugin/decl-plugin-test.C -fplugin=./decl_plugin.so (test for warnings, line 13)
FAIL: g++.dg/plugin/decl-plugin-test.C -fplugin=./decl_plugin.so (test for warnings, line 17)
FAIL: g++.dg/plugin/decl-plugin-test.C -fplugin=./decl_plugin.so (test for warnings, line 18)
FAIL: g++.dg/plugin/decl-plugin-test.C -fplugin=./decl_plugin.so (test for warnings, line 20)
FAIL: g++.dg/plugin/decl-plugin-test.C -fplugin=./decl_plugin.so (test for warnings, line 24)
FAIL: g++.dg/plugin/decl-plugin-test.C -fplugin=./decl_plugin.so (test for warnings, line 26)
FAIL: g++.dg/plugin/decl-plugin-test.C -fplugin=./decl_plugin.so (test for excess errors)
FAIL: g++.old-deja/g++.eh/badalloc1.C -std=c++98 execution test
FAIL: g++.old-deja/g++.eh/badalloc1.C -std=c++11 execution test
FAIL: g++.old-deja/g++.law/profile1.C -std=gnu++98 (test for excess errors)
WARNING: g++.old-deja/g++.law/profile1.C -std=gnu++98 compilation failed to produce executable
FAIL: g++.old-deja/g++.law/profile1.C -std=gnu++11 (test for excess errors)
WARNING: g++.old-deja/g++.law/profile1.C -std=gnu++11 compilation failed to produce executable
=== g++ Summary ===
# of expected passes 50808
# of unexpected failures 75
# of expected failures 287
# of unresolved testcases 30
# of unsupported tests 875
/home/jwakely/build-test/gcc/testsuite/g++/../../xg++ version 4.8.0 20121217 (experimental) [trunk revision 194568] (GCC)
=== gcc tests ===
Running target unix
FAIL: gcc.c-torture/compile/pr47141.c -O0 (test for excess errors)
FAIL: gcc.c-torture/compile/pr47141.c -O1 (test for excess errors)
FAIL: gcc.c-torture/compile/pr47141.c -O2 (test for excess errors)
FAIL: gcc.c-torture/compile/pr47141.c -O3 -fomit-frame-pointer (test for excess errors)
FAIL: gcc.c-torture/compile/pr47141.c -O3 -fomit-frame-pointer -funroll-loops (test for excess errors)
FAIL: gcc.c-torture/compile/pr47141.c -O3 -fomit-frame-pointer -funroll-all-loops -finline-functions (test for excess errors)
FAIL: gcc.c-torture/compile/pr47141.c -O3 -g (test for excess errors)
FAIL: gcc.c-torture/compile/pr47141.c -Os (test for excess errors)
FAIL: gcc.c-torture/compile/pr47141.c -O2 -flto -fno-use-linker-plugin -flto-partition=none (test for excess errors)
FAIL: gcc.c-torture/compile/pr47141.c -O2 -flto -fuse-linker-plugin -fno-fat-lto-objects (test for excess errors)
FAIL: gcc.c-torture/compile/pr55350.c -O0 (test for excess errors)
FAIL: gcc.c-torture/compile/pr55350.c -O1 (test for excess errors)
FAIL: gcc.c-torture/compile/pr55350.c -O2 (test for excess errors)
FAIL: gcc.c-torture/compile/pr55350.c -O3 -fomit-frame-pointer (test for excess errors)
FAIL: gcc.c-torture/compile/pr55350.c -O3 -fomit-frame-pointer -funroll-loops (test for excess errors)
FAIL: gcc.c-torture/compile/pr55350.c -O3 -fomit-frame-pointer -funroll-all-loops -finline-functions (test for excess errors)
FAIL: gcc.c-torture/compile/pr55350.c -O3 -g (test for excess errors)
FAIL: gcc.c-torture/compile/pr55350.c -Os (test for excess errors)
FAIL: gcc.c-torture/compile/pr55350.c -O2 -flto -fno-use-linker-plugin -flto-partition=none (test for excess errors)
FAIL: gcc.c-torture/compile/pr55350.c -O2 -flto -fuse-linker-plugin -fno-fat-lto-objects (test for excess errors)
FAIL: gcc.c-torture/compile/vector-5.c -O0 (test for excess errors)
FAIL: gcc.c-torture/compile/vector-5.c -O1 (test for excess errors)
FAIL: gcc.c-torture/compile/vector-5.c -O2 (test for excess errors)
FAIL: gcc.c-torture/compile/vector-5.c -O3 -fomit-frame-pointer (test for excess errors)
FAIL: gcc.c-torture/compile/vector-5.c -O3 -g (test for excess errors)
FAIL: gcc.c-torture/compile/vector-5.c -Os (test for excess errors)
FAIL: gcc.c-torture/compile/vector-5.c -O2 -flto -fno-use-linker-plugin -flto-partition=none (test for excess errors)
FAIL: gcc.c-torture/compile/vector-5.c -O2 -flto -fuse-linker-plugin -fno-fat-lto-objects (test for excess errors)
FAIL: gcc.c-torture/compile/vector-6.c -O0 (test for excess errors)
FAIL: gcc.c-torture/compile/vector-6.c -O1 (test for excess errors)
FAIL: gcc.c-torture/compile/vector-6.c -O2 (test for excess errors)
FAIL: gcc.c-torture/compile/vector-6.c -O3 -fomit-frame-pointer (test for excess errors)
FAIL: gcc.c-torture/compile/vector-6.c -O3 -g (test for excess errors)
FAIL: gcc.c-torture/compile/vector-6.c -Os (test for excess errors)
FAIL: gcc.c-torture/compile/vector-6.c -O2 -flto -fno-use-linker-plugin -flto-partition=none (test for excess errors)
FAIL: gcc.c-torture/compile/vector-6.c -O2 -flto -fuse-linker-plugin -fno-fat-lto-objects (test for excess errors)
FAIL: gcc.c-torture/execute/20111208-1.c compilation, -O0
UNRESOLVED: gcc.c-torture/execute/20111208-1.c execution, -O0
FAIL: gcc.c-torture/execute/20111208-1.c compilation, -O1
UNRESOLVED: gcc.c-torture/execute/20111208-1.c execution, -O1
FAIL: gcc.c-torture/execute/20111208-1.c compilation, -O2
UNRESOLVED: gcc.c-torture/execute/20111208-1.c execution, -O2
FAIL: gcc.c-torture/execute/20111208-1.c compilation, -O3 -fomit-frame-pointer
UNRESOLVED: gcc.c-torture/execute/20111208-1.c execution, -O3 -fomit-frame-pointer
FAIL: gcc.c-torture/execute/20111208-1.c compilation, -O3 -fomit-frame-pointer -funroll-loops
UNRESOLVED: gcc.c-torture/execute/20111208-1.c execution, -O3 -fomit-frame-pointer -funroll-loops
FAIL: gcc.c-torture/execute/20111208-1.c compilation, -O3 -fomit-frame-pointer -funroll-all-loops -finline-functions
UNRESOLVED: gcc.c-torture/execute/20111208-1.c execution, -O3 -fomit-frame-pointer -funroll-all-loops -finline-functions
FAIL: gcc.c-torture/execute/20111208-1.c compilation, -O3 -g
UNRESOLVED: gcc.c-torture/execute/20111208-1.c execution, -O3 -g
FAIL: gcc.c-torture/execute/20111208-1.c compilation, -Os
UNRESOLVED: gcc.c-torture/execute/20111208-1.c execution, -Os
FAIL: gcc.c-torture/execute/20111208-1.c compilation, -Og -g
UNRESOLVED: gcc.c-torture/execute/20111208-1.c execution, -Og -g
FAIL: gcc.c-torture/execute/20111208-1.c compilation, -O2 -flto -fno-use-linker-plugin -flto-partition=none
UNRESOLVED: gcc.c-torture/execute/20111208-1.c execution, -O2 -flto -fno-use-linker-plugin -flto-partition=none
FAIL: gcc.c-torture/execute/20111208-1.c compilation, -O2 -flto -fuse-linker-plugin -fno-fat-lto-objects
UNRESOLVED: gcc.c-torture/execute/20111208-1.c execution, -O2 -flto -fuse-linker-plugin -fno-fat-lto-objects
FAIL: gcc.c-torture/execute/conversion.c execution, -O0
FAIL: gcc.c-torture/execute/conversion.c execution, -Og -g
FAIL: gcc.c-torture/execute/pr15296.c compilation, -O0
UNRESOLVED: gcc.c-torture/execute/pr15296.c execution, -O0
FAIL: gcc.c-torture/execute/pr15296.c compilation, -O1
UNRESOLVED: gcc.c-torture/execute/pr15296.c execution, -O1
FAIL: gcc.c-torture/execute/pr15296.c compilation, -O2
UNRESOLVED: gcc.c-torture/execute/pr15296.c execution, -O2
FAIL: gcc.c-torture/execute/pr15296.c compilation, -O3 -fomit-frame-pointer
UNRESOLVED: gcc.c-torture/execute/pr15296.c execution, -O3 -fomit-frame-pointer
FAIL: gcc.c-torture/execute/pr15296.c compilation, -O3 -g
UNRESOLVED: gcc.c-torture/execute/pr15296.c execution, -O3 -g
FAIL: gcc.c-torture/execute/pr15296.c compilation, -Os
UNRESOLVED: gcc.c-torture/execute/pr15296.c execution, -Os
FAIL: gcc.c-torture/execute/pr15296.c compilation, -Og -g
UNRESOLVED: gcc.c-torture/execute/pr15296.c execution, -Og -g
FAIL: gcc.c-torture/execute/pr15296.c compilation, -O2 -flto -fno-use-linker-plugin -flto-partition=none
UNRESOLVED: gcc.c-torture/execute/pr15296.c execution, -O2 -flto -fno-use-linker-plugin -flto-partition=none
FAIL: gcc.c-torture/execute/pr15296.c compilation, -O2 -flto -fuse-linker-plugin -fno-fat-lto-objects
UNRESOLVED: gcc.c-torture/execute/pr15296.c execution, -O2 -flto -fuse-linker-plugin -fno-fat-lto-objects
FAIL: gcc.c-torture/execute/pr22098-1.c compilation, -O0
UNRESOLVED: gcc.c-torture/execute/pr22098-1.c execution, -O0
FAIL: gcc.c-torture/execute/pr22098-1.c compilation, -O1
UNRESOLVED: gcc.c-torture/execute/pr22098-1.c execution, -O1
FAIL: gcc.c-torture/execute/pr22098-1.c compilation, -O2
UNRESOLVED: gcc.c-torture/execute/pr22098-1.c execution, -O2
FAIL: gcc.c-torture/execute/pr22098-1.c compilation, -O3 -fomit-frame-pointer
UNRESOLVED: gcc.c-torture/execute/pr22098-1.c execution, -O3 -fomit-frame-pointer
FAIL: gcc.c-torture/execute/pr22098-1.c compilation, -O3 -g
UNRESOLVED: gcc.c-torture/execute/pr22098-1.c execution, -O3 -g
FAIL: gcc.c-torture/execute/pr22098-1.c compilation, -Os
UNRESOLVED: gcc.c-torture/execute/pr22098-1.c execution, -Os
FAIL: gcc.c-torture/execute/pr22098-1.c compilation, -Og -g
UNRESOLVED: gcc.c-torture/execute/pr22098-1.c execution, -Og -g
FAIL: gcc.c-torture/execute/pr22098-1.c compilation, -O2 -flto -fno-use-linker-plugin -flto-partition=none
UNRESOLVED: gcc.c-torture/execute/pr22098-1.c execution, -O2 -flto -fno-use-linker-plugin -flto-partition=none
FAIL: gcc.c-torture/execute/pr22098-1.c compilation, -O2 -flto -fuse-linker-plugin -fno-fat-lto-objects
UNRESOLVED: gcc.c-torture/execute/pr22098-1.c execution, -O2 -flto -fuse-linker-plugin -fno-fat-lto-objects
FAIL: gcc.c-torture/execute/pr22098-2.c compilation, -O0
UNRESOLVED: gcc.c-torture/execute/pr22098-2.c execution, -O0
FAIL: gcc.c-torture/execute/pr22098-2.c compilation, -O1
UNRESOLVED: gcc.c-torture/execute/pr22098-2.c execution, -O1
FAIL: gcc.c-torture/execute/pr22098-2.c compilation, -O2
UNRESOLVED: gcc.c-torture/execute/pr22098-2.c execution, -O2
FAIL: gcc.c-torture/execute/pr22098-2.c compilation, -O3 -fomit-frame-pointer
UNRESOLVED: gcc.c-torture/execute/pr22098-2.c execution, -O3 -fomit-frame-pointer
FAIL: gcc.c-torture/execute/pr22098-2.c compilation, -O3 -g
UNRESOLVED: gcc.c-torture/execute/pr22098-2.c execution, -O3 -g
FAIL: gcc.c-torture/execute/pr22098-2.c compilation, -Os
UNRESOLVED: gcc.c-torture/execute/pr22098-2.c execution, -Os
FAIL: gcc.c-torture/execute/pr22098-2.c compilation, -Og -g
UNRESOLVED: gcc.c-torture/execute/pr22098-2.c execution, -Og -g
FAIL: gcc.c-torture/execute/pr22098-2.c compilation, -O2 -flto -fno-use-linker-plugin -flto-partition=none
UNRESOLVED: gcc.c-torture/execute/pr22098-2.c execution, -O2 -flto -fno-use-linker-plugin -flto-partition=none
FAIL: gcc.c-torture/execute/pr22098-2.c compilation, -O2 -flto -fuse-linker-plugin -fno-fat-lto-objects
UNRESOLVED: gcc.c-torture/execute/pr22098-2.c execution, -O2 -flto -fuse-linker-plugin -fno-fat-lto-objects
FAIL: gcc.c-torture/execute/pr22098-3.c compilation, -O0
UNRESOLVED: gcc.c-torture/execute/pr22098-3.c execution, -O0
FAIL: gcc.c-torture/execute/pr22098-3.c compilation, -O1
UNRESOLVED: gcc.c-torture/execute/pr22098-3.c execution, -O1
FAIL: gcc.c-torture/execute/pr22098-3.c compilation, -O2
UNRESOLVED: gcc.c-torture/execute/pr22098-3.c execution, -O2
FAIL: gcc.c-torture/execute/pr22098-3.c compilation, -O3 -fomit-frame-pointer
UNRESOLVED: gcc.c-torture/execute/pr22098-3.c execution, -O3 -fomit-frame-pointer
FAIL: gcc.c-torture/execute/pr22098-3.c compilation, -O3 -g
UNRESOLVED: gcc.c-torture/execute/pr22098-3.c execution, -O3 -g
FAIL: gcc.c-torture/execute/pr22098-3.c compilation, -Os
UNRESOLVED: gcc.c-torture/execute/pr22098-3.c execution, -Os
FAIL: gcc.c-torture/execute/pr22098-3.c compilation, -Og -g
UNRESOLVED: gcc.c-torture/execute/pr22098-3.c execution, -Og -g
FAIL: gcc.c-torture/execute/pr22098-3.c compilation, -O2 -flto -fno-use-linker-plugin -flto-partition=none
UNRESOLVED: gcc.c-torture/execute/pr22098-3.c execution, -O2 -flto -fno-use-linker-plugin -flto-partition=none
FAIL: gcc.c-torture/execute/pr22098-3.c compilation, -O2 -flto -fuse-linker-plugin -fno-fat-lto-objects
UNRESOLVED: gcc.c-torture/execute/pr22098-3.c execution, -O2 -flto -fuse-linker-plugin -fno-fat-lto-objects
FAIL: gcc.c-torture/execute/pr42833.c compilation, -O0
UNRESOLVED: gcc.c-torture/execute/pr42833.c execution, -O0
FAIL: gcc.c-torture/execute/pr42833.c compilation, -O1
UNRESOLVED: gcc.c-torture/execute/pr42833.c execution, -O1
FAIL: gcc.c-torture/execute/pr42833.c compilation, -O2
UNRESOLVED: gcc.c-torture/execute/pr42833.c execution, -O2
FAIL: gcc.c-torture/execute/pr42833.c compilation, -O3 -fomit-frame-pointer
UNRESOLVED: gcc.c-torture/execute/pr42833.c execution, -O3 -fomit-frame-pointer
FAIL: gcc.c-torture/execute/pr42833.c compilation, -O3 -fomit-frame-pointer -funroll-loops
UNRESOLVED: gcc.c-torture/execute/pr42833.c execution, -O3 -fomit-frame-pointer -funroll-loops
FAIL: gcc.c-torture/execute/pr42833.c compilation, -O3 -fomit-frame-pointer -funroll-all-loops -finline-functions
UNRESOLVED: gcc.c-torture/execute/pr42833.c execution, -O3 -fomit-frame-pointer -funroll-all-loops -finline-functions
FAIL: gcc.c-torture/execute/pr42833.c compilation, -O3 -g
UNRESOLVED: gcc.c-torture/execute/pr42833.c execution, -O3 -g
FAIL: gcc.c-torture/execute/pr42833.c compilation, -Os
UNRESOLVED: gcc.c-torture/execute/pr42833.c execution, -Os
FAIL: gcc.c-torture/execute/pr42833.c compilation, -Og -g
UNRESOLVED: gcc.c-torture/execute/pr42833.c execution, -Og -g
FAIL: gcc.c-torture/execute/pr42833.c compilation, -O2 -flto -fno-use-linker-plugin -flto-partition=none
UNRESOLVED: gcc.c-torture/execute/pr42833.c execution, -O2 -flto -fno-use-linker-plugin -flto-partition=none
FAIL: gcc.c-torture/execute/pr42833.c compilation, -O2 -flto -fuse-linker-plugin -fno-fat-lto-objects
UNRESOLVED: gcc.c-torture/execute/pr42833.c execution, -O2 -flto -fuse-linker-plugin -fno-fat-lto-objects
FAIL: gcc.dg/20021014-1.c (test for excess errors)
WARNING: gcc.dg/20021014-1.c compilation failed to produce executable
FAIL: gcc.dg/array-10.c (test for errors, line 16)
FAIL: gcc.dg/array-10.c (test for errors, line 17)
FAIL: gcc.dg/array-10.c (test for errors, line 18)
FAIL: gcc.dg/array-10.c (test for errors, line 19)
FAIL: gcc.dg/array-10.c (test for errors, line 20)
FAIL: gcc.dg/array-10.c (test for errors, line 21)
FAIL: gcc.dg/array-10.c (test for excess errors)
FAIL: gcc.dg/builtins-20.c (test for excess errors)
FAIL: gcc.dg/builtins-55.c (test for excess errors)
FAIL: gcc.dg/builtins-57.c (test for excess errors)
FAIL: gcc.dg/builtins-58.c scan-assembler-not pow
FAIL: gcc.dg/builtins-59.c scan-tree-dump gimple "__builtin_cexpi"
FAIL: gcc.dg/builtins-59.c scan-tree-dump-not gimple "sincos"
FAIL: gcc.dg/builtins-61.c scan-tree-dump optimized "cexpi"
FAIL: gcc.dg/builtins-61.c scan-tree-dump optimized "sin"
FAIL: gcc.dg/builtins-61.c scan-tree-dump optimized "cos"
FAIL: gcc.dg/builtins-61.c scan-tree-dump optimized "return 0.0"
FAIL: gcc.dg/builtins-62.c scan-tree-dump-times optimized "cexpi" 3
FAIL: gcc.dg/builtins-65.c (test for excess errors)
FAIL: gcc.dg/builtins-67.c (test for excess errors)
FAIL: gcc.dg/c90-const-expr-6.c (test for excess errors)
FAIL: gcc.dg/c90-const-expr-9.c (test for excess errors)
FAIL: gcc.dg/c99-const-expr-6.c (test for errors, line 11)
FAIL: gcc.dg/c99-const-expr-6.c (test for excess errors)
FAIL: gcc.dg/c99-const-expr-9.c (test for errors, line 20)
FAIL: gcc.dg/c99-const-expr-9.c (test for errors, line 21)
FAIL: gcc.dg/c99-const-expr-9.c (test for errors, line 22)
FAIL: gcc.dg/c99-const-expr-9.c (test for excess errors)
FAIL: gcc.dg/c99-stdint-1.c (test for excess errors)
FAIL: gcc.dg/c99-stdint-2.c (test for excess errors)
FAIL: gcc.dg/c99-stdint-5.c (test for excess errors)
FAIL: gcc.dg/c99-stdint-6.c (test for excess errors)
FAIL: gcc.dg/c99-stdint-7.c (test for excess errors)
FAIL: gcc.dg/c99-stdint-8.c (test for excess errors)
FAIL: gcc.dg/c99-tgmath-2.c (test for excess errors)
FAIL: gcc.dg/c99-tgmath-3.c (test for excess errors)
FAIL: gcc.dg/c99-tgmath-4.c (test for excess errors)
FAIL: gcc.dg/cproj-fails-with-broken-glibc.c (test for excess errors)
WARNING: gcc.dg/cproj-fails-with-broken-glibc.c compilation failed to produce executable
FAIL: gcc.dg/ext-elim-1.c (test for excess errors)
WARNING: gcc.dg/ext-elim-1.c compilation failed to produce executable
FAIL: gcc.dg/inline-23.c (test for excess errors)
FAIL: gcc.dg/long-long-cst1.c (test for excess errors)
WARNING: gcc.dg/long-long-cst1.c compilation failed to produce executable
FAIL: gcc.dg/mallign.c (test for excess errors)
WARNING: gcc.dg/mallign.c compilation failed to produce executable
FAIL: gcc.dg/max-1.c (test for excess errors)
WARNING: gcc.dg/max-1.c compilation failed to produce executable
FAIL: gcc.dg/nest.c (test for excess errors)
WARNING: gcc.dg/nest.c compilation failed to produce executable
FAIL: gcc.dg/nested-func-4.c (test for excess errors)
WARNING: gcc.dg/nested-func-4.c compilation failed to produce executable
FAIL: gcc.dg/pointer-arith-10.c (test for excess errors)
UNRESOLVED: gcc.dg/pointer-arith-10.c scan-tree-dump original "p +"
FAIL: gcc.dg/pr14092-1.c (test for excess errors)
FAIL: gcc.dg/pr25682.c (test for warnings, line 14)
FAIL: gcc.dg/pr25682.c (test for excess errors)
FAIL: gcc.dg/pr30744-1.c (test for excess errors)
FAIL: gcc.dg/pr32450.c (test for excess errors)
WARNING: gcc.dg/pr32450.c compilation failed to produce executable
FAIL: gcc.dg/pr34856.c (test for excess errors)
FAIL: gcc.dg/pr37561.c (test for excess errors)
FAIL: gcc.dg/pr38700.c (test for excess errors)
FAIL: gcc.dg/pr41340.c (test for excess errors)
FAIL: gcc.dg/pr41551.c (test for excess errors)
FAIL: gcc.dg/pr43643.c (test for excess errors)
WARNING: gcc.dg/pr43643.c compilation failed to produce executable
FAIL: gcc.dg/pr44485.c (test for excess errors)
FAIL: gcc.dg/pr45733.c (test for excess errors)
FAIL: gcc.dg/pr46867.c (test for excess errors)
FAIL: gcc.dg/pr47201.c (test for excess errors)
FAIL: gcc.dg/pr49235.c (test for excess errors)
FAIL: gcc.dg/pr50827.c (test for excess errors)
FAIL: gcc.dg/sequence-pt-1.c (test for excess errors)
FAIL: gcc.dg/utf-array-short-wchar.c (test for errors, line 39)
FAIL: gcc.dg/utf-array-short-wchar.c (test for errors, line 41)
FAIL: gcc.dg/utf-array-short-wchar.c (test for excess errors)
FAIL: gcc.dg/vla-11.c (test for warnings, line 10)
FAIL: gcc.dg/vla-11.c (test for excess errors)
FAIL: gcc.dg/format/cast-1.c (test for warnings, line 14)
FAIL: gcc.dg/format/cast-1.c (test for excess errors)
FAIL: gcc.dg/format/cast-1.c -DWIDE (test for warnings, line 14)
FAIL: gcc.dg/format/cast-1.c -DWIDE (test for excess errors)
WARNING: program timed out.
FAIL: largefile.c -O0 -g -I. -Dwith_PCH (test for excess errors)
FAIL: gcc.dg/pch/largefile.c -O0 -g assembly comparison
WARNING: program timed out.
FAIL: largefile.c -O0 -I. -Dwith_PCH (test for excess errors)
FAIL: gcc.dg/pch/largefile.c -O0 assembly comparison
WARNING: program timed out.
FAIL: largefile.c -O1 -I. -Dwith_PCH (test for excess errors)
FAIL: gcc.dg/pch/largefile.c -O1 assembly comparison
WARNING: program timed out.
FAIL: largefile.c -O2 -I. -Dwith_PCH (test for excess errors)
FAIL: gcc.dg/pch/largefile.c -O2 assembly comparison
WARNING: program timed out.
FAIL: largefile.c -O3 -fomit-frame-pointer -I. -Dwith_PCH (test for excess errors)
FAIL: gcc.dg/pch/largefile.c -O3 -fomit-frame-pointer assembly comparison
WARNING: program timed out.
FAIL: largefile.c -O3 -g -I. -Dwith_PCH (test for excess errors)
FAIL: gcc.dg/pch/largefile.c -O3 -g assembly comparison
WARNING: program timed out.
FAIL: largefile.c -Os -I. -Dwith_PCH (test for excess errors)
FAIL: gcc.dg/pch/largefile.c -Os assembly comparison
FAIL: gcc.dg/plugin/self-assign-test-1.c -fplugin=./selfassign.so (test for warnings, line 15)
FAIL: gcc.dg/plugin/self-assign-test-1.c -fplugin=./selfassign.so (test for warnings, line 19)
FAIL: gcc.dg/plugin/self-assign-test-1.c -fplugin=./selfassign.so (test for warnings, line 20)
FAIL: gcc.dg/plugin/self-assign-test-1.c -fplugin=./selfassign.so (test for warnings, line 21)
FAIL: gcc.dg/plugin/self-assign-test-1.c -fplugin=./selfassign.so (test for warnings, line 22)
FAIL: gcc.dg/plugin/self-assign-test-1.c -fplugin=./selfassign.so (test for excess errors)
FAIL: gcc.dg/plugin/self-assign-test-2.c -fplugin=./selfassign.so (test for excess errors)
FAIL: gcc.dg/plugin/ggcplug-test-1.c -fplugin=./ggcplug.so (test for excess errors)
FAIL: gcc.dg/plugin/one_time-test-1.c -fplugin=./one_time_plugin.so (test for excess errors)
FAIL: gcc.dg/plugin/start_unit-test-1.c -fplugin=./start_unit_plugin.so (test for excess errors)
FAIL: gcc.dg/plugin/finish_unit-test-1.c -fplugin=./finish_unit_plugin.so (test for excess errors)
FAIL: gcc.dg/tm/alias-1.c (test for excess errors)
UNRESOLVED: gcc.dg/tm/alias-1.c scan-tree-dump-times ealias "mystruct = { .*ESCAPED" 1
UNRESOLVED: gcc.dg/tm/alias-1.c scan-tree-dump-times ealias "someptr = .*same as mystruct" 1
UNRESOLVED: gcc.dg/tm/alias-1.c scan-tree-dump-times ealias "ui..* = .*same as mystruct" 1
UNRESOLVED: gcc.dg/tm/alias-1.c scan-tree-dump-times ealias "pp..* = .*same as mystruct" 1
FAIL: gcc.dg/tm/alias-2.c (test for excess errors)
UNRESOLVED: gcc.dg/tm/alias-2.c scan-tree-dump-times ealias "ui..* = .*same as mystruct" 1
UNRESOLVED: gcc.dg/tm/alias-2.c scan-tree-dump-times ealias "mystruct.*ESCAPED" 1
UNRESOLVED: gcc.dg/tm/alias-2.c scan-tree-dump-times ealias "pp = .*same as mystruct" 1
FAIL: gcc.dg/torture/builtin-convert-1.c -O1 (test for excess errors)
FAIL: gcc.dg/torture/builtin-convert-1.c -O2 (test for excess errors)
FAIL: gcc.dg/torture/builtin-convert-1.c -O3 -fomit-frame-pointer (test for excess errors)
FAIL: gcc.dg/torture/builtin-convert-1.c -O3 -g (test for excess errors)
FAIL: gcc.dg/torture/builtin-convert-1.c -Os (test for excess errors)
FAIL: gcc.dg/torture/builtin-convert-1.c -O2 -flto -fno-use-linker-plugin -flto-partition=none (test for excess errors)
FAIL: gcc.dg/torture/builtin-convert-2.c -O1 (test for excess errors)
FAIL: gcc.dg/torture/builtin-convert-2.c -O2 (test for excess errors)
FAIL: gcc.dg/torture/builtin-convert-2.c -O3 -fomit-frame-pointer (test for excess errors)
FAIL: gcc.dg/torture/builtin-convert-2.c -O3 -g (test for excess errors)
FAIL: gcc.dg/torture/builtin-convert-2.c -Os (test for excess errors)
FAIL: gcc.dg/torture/builtin-convert-2.c -O2 -flto -fno-use-linker-plugin -flto-partition=none (test for excess errors)
FAIL: gcc.dg/torture/builtin-convert-3.c -O1 (test for excess errors)
FAIL: gcc.dg/torture/builtin-convert-3.c -O2 (test for excess errors)
FAIL: gcc.dg/torture/builtin-convert-3.c -O3 -fomit-frame-pointer (test for excess errors)
FAIL: gcc.dg/torture/builtin-convert-3.c -O3 -g (test for excess errors)
FAIL: gcc.dg/torture/builtin-convert-3.c -Os (test for excess errors)
FAIL: gcc.dg/torture/builtin-convert-3.c -O2 -flto -fno-use-linker-plugin -flto-partition=none (test for excess errors)
FAIL: gcc.dg/torture/builtin-power-1.c -O1 (test for excess errors)
FAIL: gcc.dg/torture/builtin-power-1.c -O2 (test for excess errors)
FAIL: gcc.dg/torture/builtin-power-1.c -O3 -fomit-frame-pointer (test for excess errors)
FAIL: gcc.dg/torture/builtin-power-1.c -O3 -g (test for excess errors)
FAIL: gcc.dg/torture/builtin-power-1.c -Os (test for excess errors)
FAIL: gcc.dg/torture/builtin-power-1.c -O2 -flto -fno-use-linker-plugin -flto-partition=none (test for excess errors)
FAIL: gcc.dg/torture/fp-int-convert-float128-timode.c -O0 (test for excess errors)
WARNING: gcc.dg/torture/fp-int-convert-float128-timode.c -O0 compilation failed to produce executable
FAIL: gcc.dg/torture/fp-int-convert-float128-timode.c -O1 (test for excess errors)
WARNING: gcc.dg/torture/fp-int-convert-float128-timode.c -O1 compilation failed to produce executable
FAIL: gcc.dg/torture/fp-int-convert-float128-timode.c -O2 (test for excess errors)
WARNING: gcc.dg/torture/fp-int-convert-float128-timode.c -O2 compilation failed to produce executable
FAIL: gcc.dg/torture/fp-int-convert-float128-timode.c -O3 -fomit-frame-pointer (test for excess errors)
WARNING: gcc.dg/torture/fp-int-convert-float128-timode.c -O3 -fomit-frame-pointer compilation failed to produce executable
FAIL: gcc.dg/torture/fp-int-convert-float128-timode.c -O3 -g (test for excess errors)
WARNING: gcc.dg/torture/fp-int-convert-float128-timode.c -O3 -g compilation failed to produce executable
FAIL: gcc.dg/torture/fp-int-convert-float128-timode.c -Os (test for excess errors)
WARNING: gcc.dg/torture/fp-int-convert-float128-timode.c -Os compilation failed to produce executable
FAIL: gcc.dg/torture/fp-int-convert-float128-timode.c -O2 -flto -fno-use-linker-plugin -flto-partition=none (test for excess errors)
WARNING: gcc.dg/torture/fp-int-convert-float128-timode.c -O2 -flto -fno-use-linker-plugin -flto-partition=none compilation failed to produce executable
FAIL: gcc.dg/torture/fp-int-convert-float128-timode.c -O2 -flto -fuse-linker-plugin -fno-fat-lto-objects (test for excess errors)
WARNING: gcc.dg/torture/fp-int-convert-float128-timode.c -O2 -flto -fuse-linker-plugin -fno-fat-lto-objects compilation failed to produce executable
FAIL: gcc.dg/torture/fp-int-convert-float128.c -O0 (test for excess errors)
WARNING: gcc.dg/torture/fp-int-convert-float128.c -O0 compilation failed to produce executable
FAIL: gcc.dg/torture/fp-int-convert-float128.c -O1 (test for excess errors)
WARNING: gcc.dg/torture/fp-int-convert-float128.c -O1 compilation failed to produce executable
FAIL: gcc.dg/torture/fp-int-convert-float128.c -O2 (test for excess errors)
WARNING: gcc.dg/torture/fp-int-convert-float128.c -O2 compilation failed to produce executable
FAIL: gcc.dg/torture/fp-int-convert-float128.c -O3 -fomit-frame-pointer (test for excess errors)
WARNING: gcc.dg/torture/fp-int-convert-float128.c -O3 -fomit-frame-pointer compilation failed to produce executable
FAIL: gcc.dg/torture/fp-int-convert-float128.c -O3 -g (test for excess errors)
WARNING: gcc.dg/torture/fp-int-convert-float128.c -O3 -g compilation failed to produce executable
FAIL: gcc.dg/torture/fp-int-convert-float128.c -Os (test for excess errors)
WARNING: gcc.dg/torture/fp-int-convert-float128.c -Os compilation failed to produce executable
FAIL: gcc.dg/torture/fp-int-convert-float128.c -O2 -flto -fno-use-linker-plugin -flto-partition=none (test for excess errors)
WARNING: gcc.dg/torture/fp-int-convert-float128.c -O2 -flto -fno-use-linker-plugin -flto-partition=none compilation failed to produce executable
FAIL: gcc.dg/torture/fp-int-convert-float128.c -O2 -flto -fuse-linker-plugin -fno-fat-lto-objects (test for excess errors)
WARNING: gcc.dg/torture/fp-int-convert-float128.c -O2 -flto -fuse-linker-plugin -fno-fat-lto-objects compilation failed to produce executable
FAIL: gcc.dg/torture/fp-int-convert-float80-timode.c -O0 execution test
FAIL: gcc.dg/torture/fp-int-convert-float80-timode.c -O1 execution test
FAIL: gcc.dg/torture/fp-int-convert-float80-timode.c -O2 execution test
FAIL: gcc.dg/torture/fp-int-convert-float80-timode.c -O3 -fomit-frame-pointer execution test
FAIL: gcc.dg/torture/fp-int-convert-float80-timode.c -O3 -g execution test
FAIL: gcc.dg/torture/fp-int-convert-float80-timode.c -Os execution test
FAIL: gcc.dg/torture/fp-int-convert-float80-timode.c -O2 -flto -fno-use-linker-plugin -flto-partition=none execution test
FAIL: gcc.dg/torture/fp-int-convert-float80-timode.c -O2 -flto -fuse-linker-plugin -fno-fat-lto-objects execution test
FAIL: gcc.dg/torture/fp-int-convert-float80.c -O0 execution test
FAIL: gcc.dg/torture/fp-int-convert-float80.c -O1 execution test
FAIL: gcc.dg/torture/fp-int-convert-float80.c -O2 execution test
FAIL: gcc.dg/torture/fp-int-convert-float80.c -O3 -fomit-frame-pointer execution test
FAIL: gcc.dg/torture/fp-int-convert-float80.c -O3 -g execution test
FAIL: gcc.dg/torture/fp-int-convert-float80.c -Os execution test
FAIL: gcc.dg/torture/fp-int-convert-float80.c -O2 -flto -fno-use-linker-plugin -flto-partition=none execution test
FAIL: gcc.dg/torture/fp-int-convert-float80.c -O2 -flto -fuse-linker-plugin -fno-fat-lto-objects execution test
FAIL: gcc.dg/torture/fp-int-convert-long-double.c -O0 execution test
FAIL: gcc.dg/torture/fp-int-convert-long-double.c -O1 execution test
FAIL: gcc.dg/torture/fp-int-convert-long-double.c -O2 execution test
FAIL: gcc.dg/torture/fp-int-convert-long-double.c -O3 -fomit-frame-pointer execution test
FAIL: gcc.dg/torture/fp-int-convert-long-double.c -O3 -g execution test
FAIL: gcc.dg/torture/fp-int-convert-long-double.c -Os execution test
FAIL: gcc.dg/torture/fp-int-convert-long-double.c -O2 -flto -fno-use-linker-plugin -flto-partition=none execution test
FAIL: gcc.dg/torture/fp-int-convert-long-double.c -O2 -flto -fuse-linker-plugin -fno-fat-lto-objects execution test
FAIL: gcc.dg/torture/fp-int-convert-timode.c -O0 execution test
FAIL: gcc.dg/torture/fp-int-convert-timode.c -O1 execution test
FAIL: gcc.dg/torture/fp-int-convert-timode.c -O2 execution test
FAIL: gcc.dg/torture/fp-int-convert-timode.c -O3 -fomit-frame-pointer execution test
FAIL: gcc.dg/torture/fp-int-convert-timode.c -O3 -g execution test
FAIL: gcc.dg/torture/fp-int-convert-timode.c -Os execution test
FAIL: gcc.dg/torture/fp-int-convert-timode.c -O2 -flto -fno-use-linker-plugin -flto-partition=none execution test
FAIL: gcc.dg/torture/fp-int-convert-timode.c -O2 -flto -fuse-linker-plugin -fno-fat-lto-objects execution test
FAIL: gcc.dg/torture/pr39074.c -O1 (test for excess errors)
WARNING: gcc.dg/torture/pr39074.c -O1 compilation failed to produce executable
UNRESOLVED: gcc.dg/torture/pr39074.c -O1 scan-tree-dump alias "y.._. = { i }"
UNRESOLVED: gcc.dg/torture/pr39074.c -O1 scan-tree-dump alias "y.._., points-to vars: { D..... }"
FAIL: gcc.dg/torture/pr39074.c -O2 (test for excess errors)
WARNING: gcc.dg/torture/pr39074.c -O2 compilation failed to produce executable
UNRESOLVED: gcc.dg/torture/pr39074.c -O2 scan-tree-dump alias "y.._. = { i }"
UNRESOLVED: gcc.dg/torture/pr39074.c -O2 scan-tree-dump alias "y.._., points-to vars: { D..... }"
FAIL: gcc.dg/torture/pr39074.c -O3 -fomit-frame-pointer (test for excess errors)
WARNING: gcc.dg/torture/pr39074.c -O3 -fomit-frame-pointer compilation failed to produce executable
UNRESOLVED: gcc.dg/torture/pr39074.c -O3 -fomit-frame-pointer scan-tree-dump alias "y.._. = { i }"
UNRESOLVED: gcc.dg/torture/pr39074.c -O3 -fomit-frame-pointer scan-tree-dump alias "y.._., points-to vars: { D..... }"
FAIL: gcc.dg/torture/pr39074.c -O3 -g (test for excess errors)
WARNING: gcc.dg/torture/pr39074.c -O3 -g compilation failed to produce executable
UNRESOLVED: gcc.dg/torture/pr39074.c -O3 -g scan-tree-dump alias "y.._. = { i }"
UNRESOLVED: gcc.dg/torture/pr39074.c -O3 -g scan-tree-dump alias "y.._., points-to vars: { D..... }"
FAIL: gcc.dg/torture/pr39074.c -Os (test for excess errors)
WARNING: gcc.dg/torture/pr39074.c -Os compilation failed to produce executable
UNRESOLVED: gcc.dg/torture/pr39074.c -Os scan-tree-dump alias "y.._. = { i }"
UNRESOLVED: gcc.dg/torture/pr39074.c -Os scan-tree-dump alias "y.._., points-to vars: { D..... }"
FAIL: gcc.dg/torture/pr39074.c -O2 -flto -fno-use-linker-plugin -flto-partition=none (test for excess errors)
WARNING: gcc.dg/torture/pr39074.c -O2 -flto -fno-use-linker-plugin -flto-partition=none compilation failed to produce executable
UNRESOLVED: gcc.dg/torture/pr39074.c -O2 -flto -fno-use-linker-plugin -flto-partition=none scan-tree-dump alias "y.._. = { i }"
UNRESOLVED: gcc.dg/torture/pr39074.c -O2 -flto -fno-use-linker-plugin -flto-partition=none scan-tree-dump alias "y.._., points-to vars: { D..... }"
FAIL: gcc.dg/torture/pta-escape-1.c -O1 (test for excess errors)
WARNING: gcc.dg/torture/pta-escape-1.c -O1 compilation failed to produce executable
UNRESOLVED: gcc.dg/torture/pta-escape-1.c -O1 scan-tree-dump alias "ESCAPED = {[^\\n}]* i [^\\n}]*}"
FAIL: gcc.dg/torture/pta-escape-1.c -O2 (test for excess errors)
WARNING: gcc.dg/torture/pta-escape-1.c -O2 compilation failed to produce executable
UNRESOLVED: gcc.dg/torture/pta-escape-1.c -O2 scan-tree-dump alias "ESCAPED = {[^\\n}]* i [^\\n}]*}"
FAIL: gcc.dg/torture/pta-escape-1.c -O3 -fomit-frame-pointer (test for excess errors)
WARNING: gcc.dg/torture/pta-escape-1.c -O3 -fomit-frame-pointer compilation failed to produce executable
UNRESOLVED: gcc.dg/torture/pta-escape-1.c -O3 -fomit-frame-pointer scan-tree-dump alias "ESCAPED = {[^\\n}]* i [^\\n}]*}"
FAIL: gcc.dg/torture/pta-escape-1.c -O3 -g (test for excess errors)
WARNING: gcc.dg/torture/pta-escape-1.c -O3 -g compilation failed to produce executable
UNRESOLVED: gcc.dg/torture/pta-escape-1.c -O3 -g scan-tree-dump alias "ESCAPED = {[^\\n}]* i [^\\n}]*}"
FAIL: gcc.dg/torture/pta-escape-1.c -Os (test for excess errors)
WARNING: gcc.dg/torture/pta-escape-1.c -Os compilation failed to produce executable
UNRESOLVED: gcc.dg/torture/pta-escape-1.c -Os scan-tree-dump alias "ESCAPED = {[^\\n}]* i [^\\n}]*}"
FAIL: gcc.dg/torture/pta-escape-1.c -O2 -flto -fno-use-linker-plugin -flto-partition=none (test for excess errors)
WARNING: gcc.dg/torture/pta-escape-1.c -O2 -flto -fno-use-linker-plugin -flto-partition=none compilation failed to produce executable
UNRESOLVED: gcc.dg/torture/pta-escape-1.c -O2 -flto -fno-use-linker-plugin -flto-partition=none scan-tree-dump alias "ESCAPED = {[^\\n}]* i [^\\n}]*}"
FAIL: gcc.dg/torture/tls/tls-test.c -O0 execution test
FAIL: gcc.dg/torture/tls/tls-test.c -O1 execution test
FAIL: gcc.dg/torture/tls/tls-test.c -O2 execution test
FAIL: gcc.dg/torture/tls/tls-test.c -O3 -fomit-frame-pointer execution test
FAIL: gcc.dg/torture/tls/tls-test.c -O3 -g execution test
FAIL: gcc.dg/torture/tls/tls-test.c -Os execution test
FAIL: gcc.dg/torture/tls/tls-test.c -O0 -fpic execution test
FAIL: gcc.dg/torture/tls/tls-test.c -O1 -fpic execution test
FAIL: gcc.dg/torture/tls/tls-test.c -O2 -fpic execution test
FAIL: gcc.dg/torture/tls/tls-test.c -O3 -fomit-frame-pointer -fpic execution test
FAIL: gcc.dg/torture/tls/tls-test.c -O3 -g -fpic execution test
FAIL: gcc.dg/torture/tls/tls-test.c -Os -fpic execution test
FAIL: gcc.dg/torture/tls/tls-test.c -O0 -fPIC execution test
FAIL: gcc.dg/torture/tls/tls-test.c -O1 -fPIC execution test
FAIL: gcc.dg/torture/tls/tls-test.c -O2 -fPIC execution test
FAIL: gcc.dg/torture/tls/tls-test.c -O3 -fomit-frame-pointer -fPIC execution test
FAIL: gcc.dg/torture/tls/tls-test.c -O3 -g -fPIC execution test
FAIL: gcc.dg/torture/tls/tls-test.c -Os -fPIC execution test
FAIL: gcc.dg/torture/tls/tls-test.c -O2 -flto -fno-use-linker-plugin -flto-partition=none execution test
FAIL: gcc.dg/torture/tls/tls-test.c -O2 -flto -fuse-linker-plugin -fno-fat-lto-objects execution test
ERROR: gcc.dg/tree-ssa/attr-hotcold-2.c: error executing dg-final: couldn't open "attr-hotcold-2.c.047i.profile_estimate attr-hotcold-2.c.045i.profile_estimate": no such file or directory
UNRESOLVED: gcc.dg/tree-ssa/attr-hotcold-2.c: error executing dg-final: couldn't open "attr-hotcold-2.c.047i.profile_estimate attr-hotcold-2.c.045i.profile_estimate": no such file or directory
FAIL: gcc.dg/tree-ssa/foldcast-1.c (test for excess errors)
FAIL: gcc.dg/tree-ssa/foldcast-1.c scan-tree-dump-times original "return x;" 2
FAIL: gcc.dg/vect/pr46049.c (test for excess errors)
FAIL: gcc.dg/vect/pr46126.c (test for excess errors)
FAIL: gcc.dg/vect/pr46049.c -flto (test for excess errors)
FAIL: gcc.dg/vect/pr46126.c -flto (test for excess errors)
FAIL: gcc.target/i386/conversion.c (test for excess errors)
FAIL: gcc.target/i386/excess-precision-1.c execution test
FAIL: gcc.target/i386/excess-precision-3.c execution test
FAIL: gcc.target/i386/float128-1.c (test for excess errors)
WARNING: gcc.target/i386/float128-1.c compilation failed to produce executable
FAIL: gcc.target/i386/float128-2.c (test for excess errors)
WARNING: gcc.target/i386/float128-2.c compilation failed to produce executable
FAIL: gcc.target/i386/pr36578-1.c execution test
FAIL: gcc.target/i386/pr36578-2.c execution test
FAIL: gcc.target/i386/pr47312.c (test for excess errors)
=== gcc Summary ===
# of expected passes 89342
# of unexpected failures 315
# of expected failures 256
# of unresolved testcases 85
# of unsupported tests 1628
/home/jwakely/build-test/gcc/xgcc version 4.8.0 20121217 (experimental) [trunk revision 194568] (GCC)
=== boehm-gc tests ===
Running target unix
WARNING: program timed out.
FAIL: boehm-gc.c/gctest.c -O2 execution test
FAIL: boehm-gc.c/thread_leak_test.c -O2 (test for excess errors)
WARNING: boehm-gc.c/thread_leak_test.c -O2 compilation failed to produce executable
=== boehm-gc Summary ===
# of expected passes 9
# of unexpected failures 2
# of unsupported tests 1
=== libatomic tests ===
Running target unix
=== libatomic Summary ===
# of expected passes 54
=== libffi tests ===
Running target unix
FAIL: libffi.call/closure_fn0.c -O0 -W -Wall execution test
FAIL: libffi.call/closure_fn1.c -O0 -W -Wall execution test
FAIL: libffi.call/closure_fn2.c -O0 -W -Wall execution test
FAIL: libffi.call/closure_fn3.c -O0 -W -Wall execution test
FAIL: libffi.call/closure_fn4.c -O0 -W -Wall execution test
FAIL: libffi.call/closure_fn5.c -O0 -W -Wall execution test
FAIL: libffi.call/closure_fn6.c -O0 -W -Wall execution test
FAIL: libffi.call/closure_loc_fn0.c -O0 -W -Wall execution test
FAIL: libffi.call/cls_12byte.c -O0 -W -Wall execution test
FAIL: libffi.call/cls_16byte.c -O0 -W -Wall execution test
FAIL: libffi.call/cls_18byte.c -O0 -W -Wall execution test
FAIL: libffi.call/cls_19byte.c -O0 -W -Wall execution test
FAIL: libffi.call/cls_1_1byte.c -O0 -W -Wall execution test
FAIL: libffi.call/cls_20byte.c -O0 -W -Wall execution test
FAIL: libffi.call/cls_20byte1.c -O0 -W -Wall execution test
FAIL: libffi.call/cls_24byte.c -O0 -W -Wall execution test
FAIL: libffi.call/cls_2byte.c -O0 -W -Wall execution test
FAIL: libffi.call/cls_3_1byte.c -O0 -W -Wall execution test
FAIL: libffi.call/cls_3byte1.c -O0 -W -Wall execution test
FAIL: libffi.call/cls_3byte2.c -O0 -W -Wall execution test
FAIL: libffi.call/cls_4_1byte.c -O0 -W -Wall execution test
FAIL: libffi.call/cls_4byte.c -O0 -W -Wall execution test
FAIL: libffi.call/cls_5_1_byte.c -O0 -W -Wall execution test
FAIL: libffi.call/cls_5byte.c -O0 -W -Wall execution test
FAIL: libffi.call/cls_64byte.c -O0 -W -Wall execution test
FAIL: libffi.call/cls_6_1_byte.c -O0 -W -Wall execution test
FAIL: libffi.call/cls_6byte.c -O0 -W -Wall execution test
FAIL: libffi.call/cls_7_1_byte.c -O0 -W -Wall execution test
FAIL: libffi.call/cls_7byte.c -O0 -W -Wall execution test
FAIL: libffi.call/cls_8byte.c -O0 -W -Wall execution test
FAIL: libffi.call/cls_9byte1.c -O0 -W -Wall execution test
FAIL: libffi.call/cls_9byte2.c -O0 -W -Wall execution test
FAIL: libffi.call/cls_align_double.c -O0 -W -Wall execution test
FAIL: libffi.call/cls_align_float.c -O0 -W -Wall execution test
FAIL: libffi.call/cls_align_longdouble.c -O0 -W -Wall execution test
FAIL: libffi.call/cls_align_longdouble_split.c -O0 -W -Wall execution test
FAIL: libffi.call/cls_align_longdouble_split2.c -O0 -W -Wall execution test
FAIL: libffi.call/cls_align_pointer.c -O0 -W -Wall execution test
FAIL: libffi.call/cls_align_sint16.c -O0 -W -Wall execution test
FAIL: libffi.call/cls_align_sint32.c -O0 -W -Wall execution test
FAIL: libffi.call/cls_align_sint64.c -O0 -W -Wall execution test
FAIL: libffi.call/cls_align_uint16.c -O0 -W -Wall execution test
FAIL: libffi.call/cls_align_uint32.c -O0 -W -Wall execution test
FAIL: libffi.call/cls_align_uint64.c -O0 -W -Wall execution test
FAIL: libffi.call/cls_dbls_struct.c -O0 -W -Wall execution test
FAIL: libffi.call/cls_double.c -O0 -W -Wall execution test
FAIL: libffi.call/cls_double_va.c -O0 -W -Wall execution test
FAIL: libffi.call/cls_float.c -O0 -W -Wall execution test
FAIL: libffi.call/cls_longdouble.c -O0 -W -Wall execution test
FAIL: libffi.call/cls_longdouble_va.c -O0 -W -Wall execution test
FAIL: libffi.call/cls_multi_schar.c -O0 -W -Wall execution test
FAIL: libffi.call/cls_multi_sshort.c -O0 -W -Wall execution test
FAIL: libffi.call/cls_multi_sshortchar.c -O0 -W -Wall execution test
FAIL: libffi.call/cls_multi_uchar.c -O0 -W -Wall execution test
FAIL: libffi.call/cls_multi_ushort.c -O0 -W -Wall execution test
FAIL: libffi.call/cls_multi_ushortchar.c -O0 -W -Wall execution test
FAIL: libffi.call/cls_pointer.c -O0 -W -Wall execution test
FAIL: libffi.call/cls_pointer_stack.c -O0 -W -Wall execution test
FAIL: libffi.call/cls_schar.c -O0 -W -Wall execution test
FAIL: libffi.call/cls_sint.c -O0 -W -Wall execution test
FAIL: libffi.call/cls_sshort.c -O0 -W -Wall execution test
FAIL: libffi.call/cls_uchar.c -O0 -W -Wall execution test
FAIL: libffi.call/cls_uint.c -O0 -W -Wall execution test
FAIL: libffi.call/cls_ulonglong.c -O0 -W -Wall execution test
FAIL: libffi.call/cls_ushort.c -O0 -W -Wall execution test
FAIL: libffi.call/huge_struct.c -O0 -W -Wall execution test
FAIL: libffi.call/nested_struct.c -O0 -W -Wall execution test
FAIL: libffi.call/nested_struct1.c -O0 -W -Wall execution test
FAIL: libffi.call/nested_struct10.c -O0 -W -Wall execution test
FAIL: libffi.call/nested_struct2.c -O0 -W -Wall execution test
FAIL: libffi.call/nested_struct3.c -O0 -W -Wall execution test
FAIL: libffi.call/nested_struct4.c -O0 -W -Wall execution test
FAIL: libffi.call/nested_struct5.c -O0 -W -Wall execution test
FAIL: libffi.call/nested_struct6.c -O0 -W -Wall execution test
FAIL: libffi.call/nested_struct7.c -O0 -W -Wall execution test
FAIL: libffi.call/nested_struct8.c -O0 -W -Wall execution test
FAIL: libffi.call/nested_struct9.c -O0 -W -Wall execution test
FAIL: libffi.call/problem1.c -O0 -W -Wall execution test
FAIL: libffi.call/stret_large.c -O0 -W -Wall execution test
FAIL: libffi.call/stret_large2.c -O0 -W -Wall execution test
FAIL: libffi.call/stret_medium.c -O0 -W -Wall execution test
FAIL: libffi.call/stret_medium2.c -O0 -W -Wall execution test
FAIL: libffi.call/testclosure.c -O0 -W -Wall execution test
FAIL: libffi.call/closure_fn0.c -O2 execution test
FAIL: libffi.call/closure_fn1.c -O2 execution test
FAIL: libffi.call/closure_fn2.c -O2 execution test
FAIL: libffi.call/closure_fn3.c -O2 execution test
FAIL: libffi.call/closure_fn4.c -O2 execution test
FAIL: libffi.call/closure_fn5.c -O2 execution test
FAIL: libffi.call/closure_fn6.c -O2 execution test
FAIL: libffi.call/closure_loc_fn0.c -O2 execution test
FAIL: libffi.call/cls_12byte.c -O2 execution test
FAIL: libffi.call/cls_16byte.c -O2 execution test
FAIL: libffi.call/cls_18byte.c -O2 execution test
FAIL: libffi.call/cls_19byte.c -O2 execution test
FAIL: libffi.call/cls_1_1byte.c -O2 execution test
FAIL: libffi.call/cls_20byte.c -O2 execution test
FAIL: libffi.call/cls_20byte1.c -O2 execution test
FAIL: libffi.call/cls_24byte.c -O2 execution test
FAIL: libffi.call/cls_2byte.c -O2 execution test
FAIL: libffi.call/cls_3_1byte.c -O2 execution test
FAIL: libffi.call/cls_3byte1.c -O2 execution test
FAIL: libffi.call/cls_3byte2.c -O2 execution test
FAIL: libffi.call/cls_4_1byte.c -O2 execution test
FAIL: libffi.call/cls_4byte.c -O2 execution test
FAIL: libffi.call/cls_5_1_byte.c -O2 execution test
FAIL: libffi.call/cls_5byte.c -O2 execution test
FAIL: libffi.call/cls_64byte.c -O2 execution test
FAIL: libffi.call/cls_6_1_byte.c -O2 execution test
FAIL: libffi.call/cls_6byte.c -O2 execution test
FAIL: libffi.call/cls_7_1_byte.c -O2 execution test
FAIL: libffi.call/cls_7byte.c -O2 execution test
FAIL: libffi.call/cls_8byte.c -O2 execution test
FAIL: libffi.call/cls_9byte1.c -O2 execution test
FAIL: libffi.call/cls_9byte2.c -O2 execution test
FAIL: libffi.call/cls_align_double.c -O2 execution test
FAIL: libffi.call/cls_align_float.c -O2 execution test
FAIL: libffi.call/cls_align_longdouble.c -O2 execution test
FAIL: libffi.call/cls_align_longdouble_split.c -O2 execution test
FAIL: libffi.call/cls_align_longdouble_split2.c -O2 execution test
FAIL: libffi.call/cls_align_pointer.c -O2 execution test
FAIL: libffi.call/cls_align_sint16.c -O2 execution test
FAIL: libffi.call/cls_align_sint32.c -O2 execution test
FAIL: libffi.call/cls_align_sint64.c -O2 execution test
FAIL: libffi.call/cls_align_uint16.c -O2 execution test
FAIL: libffi.call/cls_align_uint32.c -O2 execution test
FAIL: libffi.call/cls_align_uint64.c -O2 execution test
FAIL: libffi.call/cls_dbls_struct.c -O2 execution test
FAIL: libffi.call/cls_double.c -O2 execution test
FAIL: libffi.call/cls_double_va.c -O2 execution test
FAIL: libffi.call/cls_float.c -O2 execution test
FAIL: libffi.call/cls_longdouble.c -O2 execution test
FAIL: libffi.call/cls_longdouble_va.c -O2 execution test
FAIL: libffi.call/cls_multi_schar.c -O2 execution test
FAIL: libffi.call/cls_multi_sshort.c -O2 execution test
FAIL: libffi.call/cls_multi_sshortchar.c -O2 execution test
FAIL: libffi.call/cls_multi_uchar.c -O2 execution test
FAIL: libffi.call/cls_multi_ushort.c -O2 execution test
FAIL: libffi.call/cls_multi_ushortchar.c -O2 execution test
FAIL: libffi.call/cls_pointer.c -O2 execution test
FAIL: libffi.call/cls_pointer_stack.c -O2 execution test
FAIL: libffi.call/cls_schar.c -O2 execution test
FAIL: libffi.call/cls_sint.c -O2 execution test
FAIL: libffi.call/cls_sshort.c -O2 execution test
FAIL: libffi.call/cls_uchar.c -O2 execution test
FAIL: libffi.call/cls_uint.c -O2 execution test
FAIL: libffi.call/cls_ulonglong.c -O2 execution test
FAIL: libffi.call/cls_ushort.c -O2 execution test
FAIL: libffi.call/huge_struct.c -O2 execution test
FAIL: libffi.call/nested_struct.c -O2 execution test
FAIL: libffi.call/nested_struct1.c -O2 execution test
FAIL: libffi.call/nested_struct10.c -O2 execution test
FAIL: libffi.call/nested_struct2.c -O2 execution test
FAIL: libffi.call/nested_struct3.c -O2 execution test
FAIL: libffi.call/nested_struct4.c -O2 execution test
FAIL: libffi.call/nested_struct5.c -O2 execution test
FAIL: libffi.call/nested_struct6.c -O2 execution test
FAIL: libffi.call/nested_struct7.c -O2 execution test
FAIL: libffi.call/nested_struct8.c -O2 execution test
FAIL: libffi.call/nested_struct9.c -O2 execution test
FAIL: libffi.call/problem1.c -O2 execution test
FAIL: libffi.call/stret_large.c -O2 execution test
FAIL: libffi.call/stret_large2.c -O2 execution test
FAIL: libffi.call/stret_medium.c -O2 execution test
FAIL: libffi.call/stret_medium2.c -O2 execution test
FAIL: libffi.call/testclosure.c -O2 execution test
FAIL: libffi.call/closure_fn0.c -O3 execution test
FAIL: libffi.call/closure_fn1.c -O3 execution test
FAIL: libffi.call/closure_fn2.c -O3 execution test
FAIL: libffi.call/closure_fn3.c -O3 execution test
FAIL: libffi.call/closure_fn4.c -O3 execution test
FAIL: libffi.call/closure_fn5.c -O3 execution test
FAIL: libffi.call/closure_fn6.c -O3 execution test
FAIL: libffi.call/closure_loc_fn0.c -O3 execution test
FAIL: libffi.call/cls_12byte.c -O3 execution test
FAIL: libffi.call/cls_16byte.c -O3 execution test
FAIL: libffi.call/cls_18byte.c -O3 execution test
FAIL: libffi.call/cls_19byte.c -O3 execution test
FAIL: libffi.call/cls_1_1byte.c -O3 execution test
FAIL: libffi.call/cls_20byte.c -O3 execution test
FAIL: libffi.call/cls_20byte1.c -O3 execution test
FAIL: libffi.call/cls_24byte.c -O3 execution test
FAIL: libffi.call/cls_2byte.c -O3 execution test
FAIL: libffi.call/cls_3_1byte.c -O3 execution test
FAIL: libffi.call/cls_3byte1.c -O3 execution test
FAIL: libffi.call/cls_3byte2.c -O3 execution test
FAIL: libffi.call/cls_4_1byte.c -O3 execution test
FAIL: libffi.call/cls_4byte.c -O3 execution test
FAIL: libffi.call/cls_5_1_byte.c -O3 execution test
FAIL: libffi.call/cls_5byte.c -O3 execution test
FAIL: libffi.call/cls_64byte.c -O3 execution test
FAIL: libffi.call/cls_6_1_byte.c -O3 execution test
FAIL: libffi.call/cls_6byte.c -O3 execution test
FAIL: libffi.call/cls_7_1_byte.c -O3 execution test
FAIL: libffi.call/cls_7byte.c -O3 execution test
FAIL: libffi.call/cls_8byte.c -O3 execution test
FAIL: libffi.call/cls_9byte1.c -O3 execution test
FAIL: libffi.call/cls_9byte2.c -O3 execution test
FAIL: libffi.call/cls_align_double.c -O3 execution test
FAIL: libffi.call/cls_align_float.c -O3 execution test
FAIL: libffi.call/cls_align_longdouble.c -O3 execution test
FAIL: libffi.call/cls_align_longdouble_split.c -O3 execution test
FAIL: libffi.call/cls_align_longdouble_split2.c -O3 execution test
FAIL: libffi.call/cls_align_pointer.c -O3 execution test
FAIL: libffi.call/cls_align_sint16.c -O3 execution test
FAIL: libffi.call/cls_align_sint32.c -O3 execution test
FAIL: libffi.call/cls_align_sint64.c -O3 execution test
FAIL: libffi.call/cls_align_uint16.c -O3 execution test
FAIL: libffi.call/cls_align_uint32.c -O3 execution test
FAIL: libffi.call/cls_align_uint64.c -O3 execution test
FAIL: libffi.call/cls_dbls_struct.c -O3 execution test
FAIL: libffi.call/cls_double.c -O3 execution test
FAIL: libffi.call/cls_double_va.c -O3 execution test
FAIL: libffi.call/cls_float.c -O3 execution test
FAIL: libffi.call/cls_longdouble.c -O3 execution test
FAIL: libffi.call/cls_longdouble_va.c -O3 execution test
FAIL: libffi.call/cls_multi_schar.c -O3 execution test
FAIL: libffi.call/cls_multi_sshort.c -O3 execution test
FAIL: libffi.call/cls_multi_sshortchar.c -O3 execution test
FAIL: libffi.call/cls_multi_uchar.c -O3 execution test
FAIL: libffi.call/cls_multi_ushort.c -O3 execution test
FAIL: libffi.call/cls_multi_ushortchar.c -O3 execution test
FAIL: libffi.call/cls_pointer.c -O3 execution test
FAIL: libffi.call/cls_pointer_stack.c -O3 execution test
FAIL: libffi.call/cls_schar.c -O3 execution test
FAIL: libffi.call/cls_sint.c -O3 execution test
FAIL: libffi.call/cls_sshort.c -O3 execution test
FAIL: libffi.call/cls_uchar.c -O3 execution test
FAIL: libffi.call/cls_uint.c -O3 execution test
FAIL: libffi.call/cls_ulonglong.c -O3 execution test
FAIL: libffi.call/cls_ushort.c -O3 execution test
FAIL: libffi.call/huge_struct.c -O3 execution test
FAIL: libffi.call/nested_struct.c -O3 execution test
FAIL: libffi.call/nested_struct1.c -O3 execution test
FAIL: libffi.call/nested_struct10.c -O3 execution test
FAIL: libffi.call/nested_struct2.c -O3 execution test
FAIL: libffi.call/nested_struct3.c -O3 execution test
FAIL: libffi.call/nested_struct4.c -O3 execution test
FAIL: libffi.call/nested_struct5.c -O3 execution test
FAIL: libffi.call/nested_struct6.c -O3 execution test
FAIL: libffi.call/nested_struct7.c -O3 execution test
FAIL: libffi.call/nested_struct8.c -O3 execution test
FAIL: libffi.call/nested_struct9.c -O3 execution test
FAIL: libffi.call/problem1.c -O3 execution test
FAIL: libffi.call/stret_large.c -O3 execution test
FAIL: libffi.call/stret_large2.c -O3 execution test
FAIL: libffi.call/stret_medium.c -O3 execution test
FAIL: libffi.call/stret_medium2.c -O3 execution test
FAIL: libffi.call/testclosure.c -O3 execution test
FAIL: libffi.call/closure_fn0.c -Os execution test
FAIL: libffi.call/closure_fn1.c -Os execution test
FAIL: libffi.call/closure_fn2.c -Os execution test
FAIL: libffi.call/closure_fn3.c -Os execution test
FAIL: libffi.call/closure_fn4.c -Os execution test
FAIL: libffi.call/closure_fn5.c -Os execution test
FAIL: libffi.call/closure_fn6.c -Os execution test
FAIL: libffi.call/closure_loc_fn0.c -Os execution test
FAIL: libffi.call/cls_12byte.c -Os execution test
FAIL: libffi.call/cls_16byte.c -Os execution test
FAIL: libffi.call/cls_18byte.c -Os execution test
FAIL: libffi.call/cls_19byte.c -Os execution test
FAIL: libffi.call/cls_1_1byte.c -Os execution test
FAIL: libffi.call/cls_20byte.c -Os execution test
FAIL: libffi.call/cls_20byte1.c -Os execution test
FAIL: libffi.call/cls_24byte.c -Os execution test
FAIL: libffi.call/cls_2byte.c -Os execution test
FAIL: libffi.call/cls_3_1byte.c -Os execution test
FAIL: libffi.call/cls_3byte1.c -Os execution test
FAIL: libffi.call/cls_3byte2.c -Os execution test
FAIL: libffi.call/cls_4_1byte.c -Os execution test
FAIL: libffi.call/cls_4byte.c -Os execution test
FAIL: libffi.call/cls_5_1_byte.c -Os execution test
FAIL: libffi.call/cls_5byte.c -Os execution test
FAIL: libffi.call/cls_64byte.c -Os execution test
FAIL: libffi.call/cls_6_1_byte.c -Os execution test
FAIL: libffi.call/cls_6byte.c -Os execution test
FAIL: libffi.call/cls_7_1_byte.c -Os execution test
FAIL: libffi.call/cls_7byte.c -Os execution test
FAIL: libffi.call/cls_8byte.c -Os execution test
FAIL: libffi.call/cls_9byte1.c -Os execution test
FAIL: libffi.call/cls_9byte2.c -Os execution test
FAIL: libffi.call/cls_align_double.c -Os execution test
FAIL: libffi.call/cls_align_float.c -Os execution test
FAIL: libffi.call/cls_align_longdouble.c -Os execution test
FAIL: libffi.call/cls_align_longdouble_split.c -Os execution test
FAIL: libffi.call/cls_align_longdouble_split2.c -Os execution test
FAIL: libffi.call/cls_align_pointer.c -Os execution test
FAIL: libffi.call/cls_align_sint16.c -Os execution test
FAIL: libffi.call/cls_align_sint32.c -Os execution test
FAIL: libffi.call/cls_align_sint64.c -Os execution test
FAIL: libffi.call/cls_align_uint16.c -Os execution test
FAIL: libffi.call/cls_align_uint32.c -Os execution test
FAIL: libffi.call/cls_align_uint64.c -Os execution test
FAIL: libffi.call/cls_dbls_struct.c -Os execution test
FAIL: libffi.call/cls_double.c -Os execution test
FAIL: libffi.call/cls_double_va.c -Os execution test
FAIL: libffi.call/cls_float.c -Os execution test
FAIL: libffi.call/cls_longdouble.c -Os execution test
FAIL: libffi.call/cls_longdouble_va.c -Os execution test
FAIL: libffi.call/cls_multi_schar.c -Os execution test
FAIL: libffi.call/cls_multi_sshort.c -Os execution test
FAIL: libffi.call/cls_multi_sshortchar.c -Os execution test
FAIL: libffi.call/cls_multi_uchar.c -Os execution test
FAIL: libffi.call/cls_multi_ushort.c -Os execution test
FAIL: libffi.call/cls_multi_ushortchar.c -Os execution test
FAIL: libffi.call/cls_pointer.c -Os execution test
FAIL: libffi.call/cls_pointer_stack.c -Os execution test
FAIL: libffi.call/cls_schar.c -Os execution test
FAIL: libffi.call/cls_sint.c -Os execution test
FAIL: libffi.call/cls_sshort.c -Os execution test
FAIL: libffi.call/cls_uchar.c -Os execution test
FAIL: libffi.call/cls_uint.c -Os execution test
FAIL: libffi.call/cls_ulonglong.c -Os execution test
FAIL: libffi.call/cls_ushort.c -Os execution test
FAIL: libffi.call/huge_struct.c -Os execution test
FAIL: libffi.call/nested_struct.c -Os execution test
FAIL: libffi.call/nested_struct1.c -Os execution test
FAIL: libffi.call/nested_struct10.c -Os execution test
FAIL: libffi.call/nested_struct2.c -Os execution test
FAIL: libffi.call/nested_struct3.c -Os execution test
FAIL: libffi.call/nested_struct4.c -Os execution test
FAIL: libffi.call/nested_struct5.c -Os execution test
FAIL: libffi.call/nested_struct6.c -Os execution test
FAIL: libffi.call/nested_struct7.c -Os execution test
FAIL: libffi.call/nested_struct8.c -Os execution test
FAIL: libffi.call/nested_struct9.c -Os execution test
FAIL: libffi.call/problem1.c -Os execution test
FAIL: libffi.call/stret_large.c -Os execution test
FAIL: libffi.call/stret_large2.c -Os execution test
FAIL: libffi.call/stret_medium.c -Os execution test
FAIL: libffi.call/stret_medium2.c -Os execution test
FAIL: libffi.call/testclosure.c -Os execution test
FAIL: libffi.call/closure_fn0.c -O2 -fomit-frame-pointer execution test
FAIL: libffi.call/closure_fn1.c -O2 -fomit-frame-pointer execution test
FAIL: libffi.call/closure_fn2.c -O2 -fomit-frame-pointer execution test
FAIL: libffi.call/closure_fn3.c -O2 -fomit-frame-pointer execution test
FAIL: libffi.call/closure_fn4.c -O2 -fomit-frame-pointer execution test
FAIL: libffi.call/closure_fn5.c -O2 -fomit-frame-pointer execution test
FAIL: libffi.call/closure_fn6.c -O2 -fomit-frame-pointer execution test
FAIL: libffi.call/closure_loc_fn0.c -O2 -fomit-frame-pointer execution test
FAIL: libffi.call/cls_12byte.c -O2 -fomit-frame-pointer execution test
FAIL: libffi.call/cls_16byte.c -O2 -fomit-frame-pointer execution test
FAIL: libffi.call/cls_18byte.c -O2 -fomit-frame-pointer execution test
FAIL: libffi.call/cls_19byte.c -O2 -fomit-frame-pointer execution test
FAIL: libffi.call/cls_1_1byte.c -O2 -fomit-frame-pointer execution test
FAIL: libffi.call/cls_20byte.c -O2 -fomit-frame-pointer execution test
FAIL: libffi.call/cls_20byte1.c -O2 -fomit-frame-pointer execution test
FAIL: libffi.call/cls_24byte.c -O2 -fomit-frame-pointer execution test
FAIL: libffi.call/cls_2byte.c -O2 -fomit-frame-pointer execution test
FAIL: libffi.call/cls_3_1byte.c -O2 -fomit-frame-pointer execution test
FAIL: libffi.call/cls_3byte1.c -O2 -fomit-frame-pointer execution test
FAIL: libffi.call/cls_3byte2.c -O2 -fomit-frame-pointer execution test
FAIL: libffi.call/cls_4_1byte.c -O2 -fomit-frame-pointer execution test
FAIL: libffi.call/cls_4byte.c -O2 -fomit-frame-pointer execution test
FAIL: libffi.call/cls_5_1_byte.c -O2 -fomit-frame-pointer execution test
FAIL: libffi.call/cls_5byte.c -O2 -fomit-frame-pointer execution test
FAIL: libffi.call/cls_64byte.c -O2 -fomit-frame-pointer execution test
FAIL: libffi.call/cls_6_1_byte.c -O2 -fomit-frame-pointer execution test
FAIL: libffi.call/cls_6byte.c -O2 -fomit-frame-pointer execution test
FAIL: libffi.call/cls_7_1_byte.c -O2 -fomit-frame-pointer execution test
FAIL: libffi.call/cls_7byte.c -O2 -fomit-frame-pointer execution test
FAIL: libffi.call/cls_8byte.c -O2 -fomit-frame-pointer execution test
FAIL: libffi.call/cls_9byte1.c -O2 -fomit-frame-pointer execution test
FAIL: libffi.call/cls_9byte2.c -O2 -fomit-frame-pointer execution test
FAIL: libffi.call/cls_align_double.c -O2 -fomit-frame-pointer execution test
FAIL: libffi.call/cls_align_float.c -O2 -fomit-frame-pointer execution test
FAIL: libffi.call/cls_align_longdouble.c -O2 -fomit-frame-pointer execution test
FAIL: libffi.call/cls_align_longdouble_split.c -O2 -fomit-frame-pointer execution test
FAIL: libffi.call/cls_align_longdouble_split2.c -O2 -fomit-frame-pointer execution test
FAIL: libffi.call/cls_align_pointer.c -O2 -fomit-frame-pointer execution test
FAIL: libffi.call/cls_align_sint16.c -O2 -fomit-frame-pointer execution test
FAIL: libffi.call/cls_align_sint32.c -O2 -fomit-frame-pointer execution test
FAIL: libffi.call/cls_align_sint64.c -O2 -fomit-frame-pointer execution test
FAIL: libffi.call/cls_align_uint16.c -O2 -fomit-frame-pointer execution test
FAIL: libffi.call/cls_align_uint32.c -O2 -fomit-frame-pointer execution test
FAIL: libffi.call/cls_align_uint64.c -O2 -fomit-frame-pointer execution test
FAIL: libffi.call/cls_dbls_struct.c -O2 -fomit-frame-pointer execution test
FAIL: libffi.call/cls_double.c -O2 -fomit-frame-pointer execution test
FAIL: libffi.call/cls_double_va.c -O2 -fomit-frame-pointer execution test
FAIL: libffi.call/cls_float.c -O2 -fomit-frame-pointer execution test
FAIL: libffi.call/cls_longdouble.c -O2 -fomit-frame-pointer execution test
FAIL: libffi.call/cls_longdouble_va.c -O2 -fomit-frame-pointer execution test
FAIL: libffi.call/cls_multi_schar.c -O2 -fomit-frame-pointer execution test
FAIL: libffi.call/cls_multi_sshort.c -O2 -fomit-frame-pointer execution test
FAIL: libffi.call/cls_multi_sshortchar.c -O2 -fomit-frame-pointer execution test
FAIL: libffi.call/cls_multi_uchar.c -O2 -fomit-frame-pointer execution test
FAIL: libffi.call/cls_multi_ushort.c -O2 -fomit-frame-pointer execution test
FAIL: libffi.call/cls_multi_ushortchar.c -O2 -fomit-frame-pointer execution test
FAIL: libffi.call/cls_pointer.c -O2 -fomit-frame-pointer execution test
FAIL: libffi.call/cls_pointer_stack.c -O2 -fomit-frame-pointer execution test
FAIL: libffi.call/cls_schar.c -O2 -fomit-frame-pointer execution test
FAIL: libffi.call/cls_sint.c -O2 -fomit-frame-pointer execution test
FAIL: libffi.call/cls_sshort.c -O2 -fomit-frame-pointer execution test
FAIL: libffi.call/cls_uchar.c -O2 -fomit-frame-pointer execution test
FAIL: libffi.call/cls_uint.c -O2 -fomit-frame-pointer execution test
FAIL: libffi.call/cls_ulonglong.c -O2 -fomit-frame-pointer execution test
FAIL: libffi.call/cls_ushort.c -O2 -fomit-frame-pointer execution test
FAIL: libffi.call/huge_struct.c -O2 -fomit-frame-pointer execution test
FAIL: libffi.call/nested_struct.c -O2 -fomit-frame-pointer execution test
FAIL: libffi.call/nested_struct1.c -O2 -fomit-frame-pointer execution test
FAIL: libffi.call/nested_struct10.c -O2 -fomit-frame-pointer execution test
FAIL: libffi.call/nested_struct2.c -O2 -fomit-frame-pointer execution test
FAIL: libffi.call/nested_struct3.c -O2 -fomit-frame-pointer execution test
FAIL: libffi.call/nested_struct4.c -O2 -fomit-frame-pointer execution test
FAIL: libffi.call/nested_struct5.c -O2 -fomit-frame-pointer execution test
FAIL: libffi.call/nested_struct6.c -O2 -fomit-frame-pointer execution test
FAIL: libffi.call/nested_struct7.c -O2 -fomit-frame-pointer execution test
FAIL: libffi.call/nested_struct8.c -O2 -fomit-frame-pointer execution test
FAIL: libffi.call/nested_struct9.c -O2 -fomit-frame-pointer execution test
FAIL: libffi.call/problem1.c -O2 -fomit-frame-pointer execution test
FAIL: libffi.call/stret_large.c -O2 -fomit-frame-pointer execution test
FAIL: libffi.call/stret_large2.c -O2 -fomit-frame-pointer execution test
FAIL: libffi.call/stret_medium.c -O2 -fomit-frame-pointer execution test
FAIL: libffi.call/stret_medium2.c -O2 -fomit-frame-pointer execution test
FAIL: libffi.call/testclosure.c -O2 -fomit-frame-pointer execution test
FAIL: libffi.special/unwindtest.cc -shared-libgcc -lstdc++ execution test
FAIL: libffi.special/unwindtest.cc -shared-libgcc -lstdc++ execution test
FAIL: libffi.special/unwindtest.cc -shared-libgcc -lstdc++ execution test
FAIL: libffi.special/unwindtest.cc -shared-libgcc -lstdc++ execution test
=== libffi Summary ===
# of expected passes 821
# of unexpected failures 419
# of unsupported tests 55
=== libgomp tests ===
Running target unix
FAIL: libgomp.c/appendix-a/a.39.1.c execution test
FAIL: libgomp.c/lib-1.c execution test
FAIL: libgomp.c/lock-1.c execution test
FAIL: libgomp.c/lock-2.c execution test
FAIL: libgomp.c/sort-1.c execution test
FAIL: libgomp.c++/tls-init1.C -O execution test
=== libgomp Summary ===
# of expected passes 1107
# of unexpected failures 6
# of unsupported tests 65
=== libitm tests ===
Running target unix
FAIL: libitm.c/cancel.c (test for excess errors)
WARNING: libitm.c/cancel.c compilation failed to produce executable
FAIL: libitm.c/clone-1.c (test for excess errors)
WARNING: libitm.c/clone-1.c compilation failed to produce executable
FAIL: libitm.c/dropref-2.c (test for excess errors)
WARNING: libitm.c/dropref-2.c compilation failed to produce executable
FAIL: libitm.c/dropref.c (test for excess errors)
WARNING: libitm.c/dropref.c compilation failed to produce executable
FAIL: libitm.c/memcpy-1.c (test for excess errors)
WARNING: libitm.c/memcpy-1.c compilation failed to produce executable
FAIL: libitm.c/memset-1.c (test for excess errors)
WARNING: libitm.c/memset-1.c compilation failed to produce executable
FAIL: libitm.c/notx.c (test for excess errors)
WARNING: libitm.c/notx.c compilation failed to produce executable
FAIL: libitm.c/reentrant.c (test for excess errors)
WARNING: libitm.c/reentrant.c compilation failed to produce executable
FAIL: libitm.c/simple-1.c (test for excess errors)
WARNING: libitm.c/simple-1.c compilation failed to produce executable
FAIL: libitm.c/simple-2.c (test for excess errors)
WARNING: libitm.c/simple-2.c compilation failed to produce executable
FAIL: libitm.c/stackundo.c (test for excess errors)
WARNING: libitm.c/stackundo.c compilation failed to produce executable
FAIL: libitm.c/txrelease.c (test for excess errors)
WARNING: libitm.c/txrelease.c compilation failed to produce executable
FAIL: libitm.c++/dropref.C (test for excess errors)
WARNING: libitm.c++/dropref.C compilation failed to produce executable
FAIL: libitm.c++/eh-1.C (test for excess errors)
WARNING: libitm.c++/eh-1.C compilation failed to produce executable
=== libitm Summary ===
# of expected passes 1
# of unexpected failures 14
# of unsupported tests 1
=== libstdc++ tests ===
Running target unix
WARNING: program timed out.
FAIL: 20_util/hash/chi2_quality.cc execution test
FAIL: 20_util/ratio/comparisons/comp2.cc (test for excess errors)
WARNING: 20_util/ratio/comparisons/comp2.cc compilation failed to produce executable
FAIL: 20_util/ratio/cons/cons_overflow_neg.cc (test for errors, line 34)
FAIL: 20_util/ratio/cons/cons_overflow_neg.cc (test for errors, line 40)
FAIL: 20_util/ratio/cons/cons_overflow_neg.cc (test for errors, line 266)
FAIL: 20_util/ratio/cons/cons_overflow_neg.cc (test for errors, line 61)
FAIL: 20_util/ratio/cons/cons_overflow_neg.cc (test for excess errors)
FAIL: 20_util/ratio/operations/ops2.cc (test for excess errors)
WARNING: 20_util/ratio/operations/ops2.cc compilation failed to produce executable
FAIL: 20_util/ratio/operations/ops3.cc (test for excess errors)
WARNING: 20_util/ratio/operations/ops3.cc compilation failed to produce executable
FAIL: 20_util/ratio/operations/ops_overflow_neg.cc (test for errors, line 29)
FAIL: 20_util/ratio/operations/ops_overflow_neg.cc (test for errors, line 435)
FAIL: 20_util/ratio/operations/ops_overflow_neg.cc (test for errors, line 97)
FAIL: 20_util/ratio/operations/ops_overflow_neg.cc (test for errors, line 99)
FAIL: 20_util/ratio/operations/ops_overflow_neg.cc (test for errors, line 101)
FAIL: 20_util/ratio/operations/ops_overflow_neg.cc (test for excess errors)
FAIL: 22_locale/ctype/scan/wchar_t/1.cc execution test
FAIL: 26_numerics/headers/cmath/c99_classification_macros_c.cc (test for excess errors)
FAIL: 27_io/basic_istream/extractors_arithmetic/char/12.cc execution test
FAIL: 27_io/basic_istream/extractors_arithmetic/wchar_t/12.cc execution test
FAIL: ext/random/arcsine_distribution/cons/default.cc (test for excess errors)
WARNING: ext/random/arcsine_distribution/cons/default.cc compilation failed to produce executable
FAIL: ext/random/arcsine_distribution/cons/parms.cc (test for excess errors)
WARNING: ext/random/arcsine_distribution/cons/parms.cc compilation failed to produce executable
FAIL: ext/random/arcsine_distribution/operators/equal.cc (test for excess errors)
WARNING: ext/random/arcsine_distribution/operators/equal.cc compilation failed to produce executable
FAIL: ext/random/arcsine_distribution/operators/inequal.cc (test for excess errors)
WARNING: ext/random/arcsine_distribution/operators/inequal.cc compilation failed to produce executable
FAIL: ext/random/arcsine_distribution/operators/serialize.cc (test for excess errors)
WARNING: ext/random/arcsine_distribution/operators/serialize.cc compilation failed to produce executable
FAIL: ext/random/arcsine_distribution/requirements/explicit_instantiation/1.cc (test for excess errors)
FAIL: ext/random/arcsine_distribution/requirements/typedefs.cc (test for excess errors)
FAIL: ext/random/beta_distribution/cons/default.cc (test for excess errors)
WARNING: ext/random/beta_distribution/cons/default.cc compilation failed to produce executable
FAIL: ext/random/beta_distribution/cons/parms.cc (test for excess errors)
WARNING: ext/random/beta_distribution/cons/parms.cc compilation failed to produce executable
FAIL: ext/random/beta_distribution/operators/equal.cc (test for excess errors)
WARNING: ext/random/beta_distribution/operators/equal.cc compilation failed to produce executable
FAIL: ext/random/beta_distribution/operators/inequal.cc (test for excess errors)
WARNING: ext/random/beta_distribution/operators/inequal.cc compilation failed to produce executable
FAIL: ext/random/beta_distribution/operators/serialize.cc (test for excess errors)
WARNING: ext/random/beta_distribution/operators/serialize.cc compilation failed to produce executable
FAIL: ext/random/beta_distribution/requirements/explicit_instantiation/1.cc (test for excess errors)
FAIL: ext/random/beta_distribution/requirements/typedefs.cc (test for excess errors)
FAIL: ext/random/hoyt_distribution/cons/default.cc (test for excess errors)
WARNING: ext/random/hoyt_distribution/cons/default.cc compilation failed to produce executable
FAIL: ext/random/hoyt_distribution/cons/parms.cc (test for excess errors)
WARNING: ext/random/hoyt_distribution/cons/parms.cc compilation failed to produce executable
FAIL: ext/random/hoyt_distribution/operators/equal.cc (test for excess errors)
WARNING: ext/random/hoyt_distribution/operators/equal.cc compilation failed to produce executable
FAIL: ext/random/hoyt_distribution/operators/inequal.cc (test for excess errors)
WARNING: ext/random/hoyt_distribution/operators/inequal.cc compilation failed to produce executable
FAIL: ext/random/hoyt_distribution/operators/serialize.cc (test for excess errors)
WARNING: ext/random/hoyt_distribution/operators/serialize.cc compilation failed to produce executable
FAIL: ext/random/hoyt_distribution/requirements/explicit_instantiation/1.cc (test for excess errors)
FAIL: ext/random/hoyt_distribution/requirements/typedefs.cc (test for excess errors)
FAIL: ext/random/k_distribution/cons/default.cc (test for excess errors)
WARNING: ext/random/k_distribution/cons/default.cc compilation failed to produce executable
FAIL: ext/random/k_distribution/cons/parms.cc (test for excess errors)
WARNING: ext/random/k_distribution/cons/parms.cc compilation failed to produce executable
FAIL: ext/random/k_distribution/operators/equal.cc (test for excess errors)
WARNING: ext/random/k_distribution/operators/equal.cc compilation failed to produce executable
FAIL: ext/random/k_distribution/operators/inequal.cc (test for excess errors)
WARNING: ext/random/k_distribution/operators/inequal.cc compilation failed to produce executable
FAIL: ext/random/k_distribution/operators/serialize.cc (test for excess errors)
WARNING: ext/random/k_distribution/operators/serialize.cc compilation failed to produce executable
FAIL: ext/random/k_distribution/requirements/explicit_instantiation/1.cc (test for excess errors)
FAIL: ext/random/k_distribution/requirements/typedefs.cc (test for excess errors)
FAIL: ext/random/nakagami_distribution/cons/default.cc (test for excess errors)
WARNING: ext/random/nakagami_distribution/cons/default.cc compilation failed to produce executable
FAIL: ext/random/nakagami_distribution/cons/parms.cc (test for excess errors)
WARNING: ext/random/nakagami_distribution/cons/parms.cc compilation failed to produce executable
FAIL: ext/random/nakagami_distribution/operators/equal.cc (test for excess errors)
WARNING: ext/random/nakagami_distribution/operators/equal.cc compilation failed to produce executable
FAIL: ext/random/nakagami_distribution/operators/inequal.cc (test for excess errors)
WARNING: ext/random/nakagami_distribution/operators/inequal.cc compilation failed to produce executable
FAIL: ext/random/nakagami_distribution/operators/serialize.cc (test for excess errors)
WARNING: ext/random/nakagami_distribution/operators/serialize.cc compilation failed to produce executable
FAIL: ext/random/nakagami_distribution/requirements/explicit_instantiation/1.cc (test for excess errors)
FAIL: ext/random/nakagami_distribution/requirements/typedefs.cc (test for excess errors)
FAIL: ext/random/normal_mv_distribution/cons/default.cc (test for excess errors)
WARNING: ext/random/normal_mv_distribution/cons/default.cc compilation failed to produce executable
FAIL: ext/random/normal_mv_distribution/cons/parms.cc (test for excess errors)
WARNING: ext/random/normal_mv_distribution/cons/parms.cc compilation failed to produce executable
FAIL: ext/random/normal_mv_distribution/operators/equal.cc (test for excess errors)
WARNING: ext/random/normal_mv_distribution/operators/equal.cc compilation failed to produce executable
FAIL: ext/random/normal_mv_distribution/operators/inequal.cc (test for excess errors)
WARNING: ext/random/normal_mv_distribution/operators/inequal.cc compilation failed to produce executable
FAIL: ext/random/normal_mv_distribution/operators/serialize.cc (test for excess errors)
WARNING: ext/random/normal_mv_distribution/operators/serialize.cc compilation failed to produce executable
FAIL: ext/random/normal_mv_distribution/requirements/explicit_instantiation/1.cc (test for excess errors)
FAIL: ext/random/normal_mv_distribution/requirements/typedefs.cc (test for excess errors)
FAIL: ext/random/pareto_distribution/cons/default.cc (test for excess errors)
WARNING: ext/random/pareto_distribution/cons/default.cc compilation failed to produce executable
FAIL: ext/random/pareto_distribution/cons/parms.cc (test for excess errors)
WARNING: ext/random/pareto_distribution/cons/parms.cc compilation failed to produce executable
FAIL: ext/random/pareto_distribution/operators/equal.cc (test for excess errors)
WARNING: ext/random/pareto_distribution/operators/equal.cc compilation failed to produce executable
FAIL: ext/random/pareto_distribution/operators/inequal.cc (test for excess errors)
WARNING: ext/random/pareto_distribution/operators/inequal.cc compilation failed to produce executable
FAIL: ext/random/pareto_distribution/operators/serialize.cc (test for excess errors)
WARNING: ext/random/pareto_distribution/operators/serialize.cc compilation failed to produce executable
FAIL: ext/random/pareto_distribution/requirements/explicit_instantiation/1.cc (test for excess errors)
FAIL: ext/random/pareto_distribution/requirements/typedefs.cc (test for excess errors)
FAIL: ext/random/rice_distribution/cons/default.cc (test for excess errors)
WARNING: ext/random/rice_distribution/cons/default.cc compilation failed to produce executable
FAIL: ext/random/rice_distribution/cons/parms.cc (test for excess errors)
WARNING: ext/random/rice_distribution/cons/parms.cc compilation failed to produce executable
FAIL: ext/random/rice_distribution/operators/equal.cc (test for excess errors)
WARNING: ext/random/rice_distribution/operators/equal.cc compilation failed to produce executable
FAIL: ext/random/rice_distribution/operators/inequal.cc (test for excess errors)
WARNING: ext/random/rice_distribution/operators/inequal.cc compilation failed to produce executable
FAIL: ext/random/rice_distribution/operators/serialize.cc (test for excess errors)
WARNING: ext/random/rice_distribution/operators/serialize.cc compilation failed to produce executable
FAIL: ext/random/rice_distribution/requirements/explicit_instantiation/1.cc (test for excess errors)
FAIL: ext/random/rice_distribution/requirements/typedefs.cc (test for excess errors)
FAIL: ext/random/simd_fast_mersenne_twister_engine/cons/copy.cc (test for excess errors)
WARNING: ext/random/simd_fast_mersenne_twister_engine/cons/copy.cc compilation failed to produce executable
FAIL: ext/random/simd_fast_mersenne_twister_engine/cons/default.cc (test for excess errors)
WARNING: ext/random/simd_fast_mersenne_twister_engine/cons/default.cc compilation failed to produce executable
FAIL: ext/random/simd_fast_mersenne_twister_engine/cons/seed1.cc (test for excess errors)
WARNING: ext/random/simd_fast_mersenne_twister_engine/cons/seed1.cc compilation failed to produce executable
FAIL: ext/random/simd_fast_mersenne_twister_engine/cons/seed2.cc (test for excess errors)
WARNING: ext/random/simd_fast_mersenne_twister_engine/cons/seed2.cc compilation failed to produce executable
FAIL: ext/random/simd_fast_mersenne_twister_engine/cons/seed_seq.cc (test for excess errors)
WARNING: ext/random/simd_fast_mersenne_twister_engine/cons/seed_seq.cc compilation failed to produce executable
FAIL: ext/random/simd_fast_mersenne_twister_engine/operators/equal.cc (test for excess errors)
WARNING: ext/random/simd_fast_mersenne_twister_engine/operators/equal.cc compilation failed to produce executable
FAIL: ext/random/simd_fast_mersenne_twister_engine/operators/inequal.cc (test for excess errors)
WARNING: ext/random/simd_fast_mersenne_twister_engine/operators/inequal.cc compilation failed to produce executable
FAIL: ext/random/simd_fast_mersenne_twister_engine/operators/serialize.cc (test for excess errors)
WARNING: ext/random/simd_fast_mersenne_twister_engine/operators/serialize.cc compilation failed to produce executable
=== libstdc++ Summary ===
# of expected passes 7869
# of unexpected failures 83
# of expected failures 42
# of unsupported tests 656
Compiler version: 4.8.0 20121217 (experimental) [trunk revision 194568] (GCC)
Platform: x86_64-unknown-netbsd5.1
configure flags: --with-system-zlib --with-gnu-ld --with-ld=/home/jwakely/gcc/4.x/bin/ld --with-gnu-as --with-as=/home/jwakely/gcc/4.x/bin/as --enable-libstdcxx-time --enable-languages=c,c++,lto --no-create --no-recursion
More information about the Gcc-testresults
mailing list