Results for 4.8.0 20121214 (experimental) [trunk revision 194499] (GCC) testsuite on i386-pc-solaris2.9
Rainer Orth
ro@CeBiTec.Uni-Bielefeld.DE
Mon Dec 17 11:03:00 GMT 2012
LAST_UPDATED: Fri Dec 14 14:41:49 UTC 2012 (revision 194499)
=== acats tests ===
=== acats Summary ===
# of expected passes 2320
# of unexpected failures 0
Native configuration is i386-pc-solaris2.9
=== g++ tests ===
Running target unix
FAIL: g++.dg/debug/dwarf2/pr54508.C -std=gnu++98 scan-assembler "c\\\\\\\\0"[ \\t]+[#;/!|@]+ DW_AT_name[\\r\\n]+[^\\r\\n]+[\\r\\n]+[^\\r\\n]+[\\r\\n]+[^#;/!|@]+[#;/!|@]+ DW_AT_decl_line[\\r\\n]+[^#;/!|@]+[#;/!|@]+ DW_AT_declaration
FAIL: g++.dg/debug/dwarf2/pr54508.C -std=gnu++98 scan-assembler "s\\\\\\\\0"[ \\t]+[#;/!|@]+ DW_AT_name
FAIL: g++.dg/debug/dwarf2/pr54508.C -std=gnu++98 scan-assembler "f1\\\\\\\\0"[ \\t]+[#;/!|@]+ DW_AT_name
FAIL: g++.dg/debug/dwarf2/pr54508.C -std=gnu++98 scan-assembler "u\\\\\\\\0"[ \\t]+[#;/!|@]+ DW_AT_name[\\r\\n]+[^\\r\\n]+[\\r\\n]+[^\\r\\n]+[\\r\\n]+[^#;/!|@]+[#;/!|@]+ DW_AT_decl_line[\\r\\n]+[^#;/!|@]+[#;/!|@]+ DW_AT_declaration
FAIL: g++.dg/debug/dwarf2/pr54508.C -std=gnu++11 scan-assembler "c\\\\\\\\0"[ \\t]+[#;/!|@]+ DW_AT_name[\\r\\n]+[^\\r\\n]+[\\r\\n]+[^\\r\\n]+[\\r\\n]+[^#;/!|@]+[#;/!|@]+ DW_AT_decl_line[\\r\\n]+[^#;/!|@]+[#;/!|@]+ DW_AT_declaration
FAIL: g++.dg/debug/dwarf2/pr54508.C -std=gnu++11 scan-assembler "s\\\\\\\\0"[ \\t]+[#;/!|@]+ DW_AT_name
FAIL: g++.dg/debug/dwarf2/pr54508.C -std=gnu++11 scan-assembler "f1\\\\\\\\0"[ \\t]+[#;/!|@]+ DW_AT_name
FAIL: g++.dg/debug/dwarf2/pr54508.C -std=gnu++11 scan-assembler "u\\\\\\\\0"[ \\t]+[#;/!|@]+ DW_AT_name[\\r\\n]+[^\\r\\n]+[\\r\\n]+[^\\r\\n]+[\\r\\n]+[^#;/!|@]+[#;/!|@]+ DW_AT_decl_line[\\r\\n]+[^#;/!|@]+[#;/!|@]+ DW_AT_declaration
FAIL: g++.dg/debug/dwarf2/thunk1.C -std=gnu++98 scan-assembler-times LFB3 1
FAIL: g++.dg/debug/dwarf2/thunk1.C -std=gnu++11 scan-assembler-times LFB3 1
=== g++ Summary ===
# of expected passes 50197
# of unexpected failures 10
# of expected failures 295
# of unsupported tests 557
/var/gcc/regression/trunk/9-gcc-gas/build/gcc/testsuite/g++/../../xg++ version 4.8.0 20121214 (experimental) [trunk revision 194499] (GCC)
=== gcc tests ===
Running target unix
FAIL: gcc.dg/lto/20090210 c_lto_20090210_0.o-c_lto_20090210_1.o execute -O2 -flto -flto-partition=none
FAIL: gcc.dg/lto/20090210 c_lto_20090210_0.o-c_lto_20090210_1.o execute -O2 -flto -flto-partition=1to1
FAIL: gcc.dg/lto/20090210 c_lto_20090210_0.o-c_lto_20090210_1.o execute -O2 -flto
FAIL: gcc.dg/lto/pr55525 c_lto_pr55525_0.o-c_lto_pr55525_1.o link, -flto -w
UNRESOLVED: gcc.dg/lto/pr55525 c_lto_pr55525_0.o-c_lto_pr55525_1.o execute -flto -w
FAIL: gcc.dg/torture/tls/run-ld.c -O1 execution test
FAIL: gcc.dg/torture/tls/run-ld.c -O2 execution test
FAIL: gcc.dg/torture/tls/run-ld.c -O3 -fomit-frame-pointer execution test
FAIL: gcc.dg/torture/tls/run-ld.c -O3 -g execution test
FAIL: gcc.dg/torture/tls/run-ld.c -Os execution test
FAIL: gcc.dg/torture/tls/run-ld.c -O1 -fpic execution test
FAIL: gcc.dg/torture/tls/run-ld.c -O2 -fpic execution test
FAIL: gcc.dg/torture/tls/run-ld.c -O3 -fomit-frame-pointer -fpic execution test
FAIL: gcc.dg/torture/tls/run-ld.c -O3 -g -fpic execution test
FAIL: gcc.dg/torture/tls/run-ld.c -Os -fpic execution test
FAIL: gcc.dg/torture/tls/run-ld.c -O1 -fPIC execution test
FAIL: gcc.dg/torture/tls/run-ld.c -O2 -fPIC execution test
FAIL: gcc.dg/torture/tls/run-ld.c -O3 -fomit-frame-pointer -fPIC execution test
FAIL: gcc.dg/torture/tls/run-ld.c -O3 -g -fPIC execution test
FAIL: gcc.dg/torture/tls/run-ld.c -Os -fPIC execution test
FAIL: gcc.dg/torture/tls/run-ld.c -O2 -flto -flto-partition=none execution test
FAIL: gcc.dg/torture/tls/run-ld.c -O2 -flto execution test
FAIL: gcc.dg/torture/tls/thr-init-2.c -O2 -fpic execution test
FAIL: gcc.dg/torture/tls/thr-init-2.c -O3 -fomit-frame-pointer -fpic execution test
FAIL: gcc.dg/torture/tls/thr-init-2.c -O3 -g -fpic execution test
FAIL: gcc.dg/torture/tls/thr-init-2.c -Os -fpic execution test
FAIL: gcc.dg/torture/tls/thr-init-2.c -O2 -fPIC execution test
FAIL: gcc.dg/torture/tls/thr-init-2.c -O3 -fomit-frame-pointer -fPIC execution test
FAIL: gcc.dg/torture/tls/thr-init-2.c -O3 -g -fPIC execution test
FAIL: gcc.dg/torture/tls/thr-init-2.c -Os -fPIC execution test
=== gcc Summary ===
# of expected passes 90237
# of unexpected failures 29
# of expected failures 258
# of unresolved testcases 1
# of unsupported tests 1143
/var/gcc/regression/trunk/9-gcc-gas/build/gcc/xgcc version 4.8.0 20121214 (experimental) [trunk revision 194499] (GCC)
=== gfortran tests ===
Running target unix
XPASS: gfortran.dg/do_1.f90 -O0 execution test
XPASS: gfortran.dg/do_1.f90 -O1 execution test
FAIL: gfortran.dg/quad_2.f90 -O0 execution test
FAIL: gfortran.dg/quad_2.f90 -O1 execution test
FAIL: gfortran.dg/quad_2.f90 -O2 execution test
FAIL: gfortran.dg/quad_2.f90 -O3 -fomit-frame-pointer execution test
FAIL: gfortran.dg/quad_2.f90 -O3 -fomit-frame-pointer -funroll-loops execution test
FAIL: gfortran.dg/quad_2.f90 -O3 -fomit-frame-pointer -funroll-all-loops -finline-functions execution test
FAIL: gfortran.dg/quad_2.f90 -O3 -g execution test
FAIL: gfortran.dg/quad_2.f90 -Os execution test
FAIL: gfortran.dg/quad_3.f90 -O0 execution test
FAIL: gfortran.dg/quad_3.f90 -O1 execution test
FAIL: gfortran.dg/quad_3.f90 -O2 execution test
FAIL: gfortran.dg/quad_3.f90 -O3 -fomit-frame-pointer execution test
FAIL: gfortran.dg/quad_3.f90 -O3 -fomit-frame-pointer -funroll-loops execution test
FAIL: gfortran.dg/quad_3.f90 -O3 -fomit-frame-pointer -funroll-all-loops -finline-functions execution test
FAIL: gfortran.dg/quad_3.f90 -O3 -g execution test
FAIL: gfortran.dg/quad_3.f90 -Os execution test
FAIL: gfortran.dg/lto/pr45586-2 f_lto_pr45586-2_0.o-f_lto_pr45586-2_0.o link, -O0 -flto -flto-partition=none (internal compiler error)
UNRESOLVED: gfortran.dg/lto/pr45586-2 f_lto_pr45586-2_0.o-f_lto_pr45586-2_0.o execute -O0 -flto -flto-partition=none
FAIL: gfortran.dg/lto/pr45586-2 f_lto_pr45586-2_0.o-f_lto_pr45586-2_0.o link, -O0 -flto -flto-partition=1to1 (internal compiler error)
UNRESOLVED: gfortran.dg/lto/pr45586-2 f_lto_pr45586-2_0.o-f_lto_pr45586-2_0.o execute -O0 -flto -flto-partition=1to1
FAIL: gfortran.dg/lto/pr45586-2 f_lto_pr45586-2_0.o-f_lto_pr45586-2_0.o link, -O0 -flto (internal compiler error)
UNRESOLVED: gfortran.dg/lto/pr45586-2 f_lto_pr45586-2_0.o-f_lto_pr45586-2_0.o execute -O0 -flto
FAIL: gfortran.dg/lto/pr45586 f_lto_pr45586_0.o-f_lto_pr45586_0.o link, -O0 -flto -flto-partition=none (internal compiler error)
UNRESOLVED: gfortran.dg/lto/pr45586 f_lto_pr45586_0.o-f_lto_pr45586_0.o execute -O0 -flto -flto-partition=none
FAIL: gfortran.dg/lto/pr45586 f_lto_pr45586_0.o-f_lto_pr45586_0.o link, -O0 -flto -flto-partition=1to1 (internal compiler error)
UNRESOLVED: gfortran.dg/lto/pr45586 f_lto_pr45586_0.o-f_lto_pr45586_0.o execute -O0 -flto -flto-partition=1to1
FAIL: gfortran.dg/lto/pr45586 f_lto_pr45586_0.o-f_lto_pr45586_0.o link, -O0 -flto (internal compiler error)
UNRESOLVED: gfortran.dg/lto/pr45586 f_lto_pr45586_0.o-f_lto_pr45586_0.o execute -O0 -flto
=== gfortran Summary ===
# of expected passes 41992
# of unexpected failures 22
# of unexpected successes 2
# of expected failures 62
# of unresolved testcases 6
# of unsupported tests 365
/var/gcc/regression/trunk/9-gcc-gas/build/gcc/testsuite/gfortran/../../gfortran version 4.8.0 20121214 (experimental) [trunk revision 194499] (GCC)
=== gnat tests ===
Running target unix
=== gnat Summary ===
# of expected passes 1140
# of expected failures 17
# of unsupported tests 6
/var/gcc/regression/trunk/9-gcc-gas/build/gcc/gnatmake version 4.8.0 20121214 (experimental) [trunk revision 194499]
=== go tests ===
Running target unix
=== go Summary ===
# of expected passes 5083
# of expected failures 1
# of untested testcases 5
/var/gcc/regression/trunk/9-gcc-gas/build/gcc/testsuite/go/../../gccgo version 4.8.0 20121214 (experimental) [trunk revision 194499] (GCC)
=== obj-c++ tests ===
Running target unix
=== obj-c++ Summary ===
# of expected passes 1450
# of expected failures 2
# of unsupported tests 86
/var/gcc/regression/trunk/9-gcc-gas/build/gcc/testsuite/obj-c++/../../xg++ version 4.8.0 20121214 (experimental) [trunk revision 194499] (GCC)
=== objc tests ===
Running target unix
=== objc Summary ===
# of expected passes 2988
# of expected failures 6
# of unsupported tests 74
/var/gcc/regression/trunk/9-gcc-gas/build/gcc/xgcc version 4.8.0 20121214 (experimental) [trunk revision 194499] (GCC)
=== boehm-gc tests ===
Running target unix
=== boehm-gc Summary ===
# of expected passes 12
# of unsupported tests 1
=== libatomic tests ===
Running target unix
=== libatomic Summary ===
# of expected passes 44
# of unsupported tests 5
=== libffi tests ===
Running target unix
=== libffi Summary ===
# of expected passes 1659
# of unsupported tests 55
=== libgo tests ===
Running target unix
FAIL: net
FAIL: syscall
FAIL: runtime/pprof
=== libgo Summary ===
# of expected passes 128
# of unexpected failures 3
=== libgomp tests ===
Running target unix
=== libgomp Summary ===
# of expected passes 2975
# of unsupported tests 3
=== libitm tests ===
Running target unix
=== libitm Summary ===
# of expected passes 26
# of expected failures 3
# of unsupported tests 1
=== libjava tests ===
Running target unix
FAIL: Divide_1 output - source compiled test
FAIL: Divide_1 -findirect-dispatch output - source compiled test
FAIL: Divide_1 -O3 output - source compiled test
FAIL: Divide_1 -O3 -findirect-dispatch output - source compiled test
FAIL: sourcelocation output - source compiled test
FAIL: sourcelocation -findirect-dispatch output - source compiled test
FAIL: sourcelocation -O3 output - source compiled test
FAIL: sourcelocation -O3 -findirect-dispatch output - source compiled test
=== libjava Summary ===
# of expected passes 2578
# of unexpected failures 8
=== libstdc++ tests ===
Running target unix
=== libstdc++ Summary ===
# of expected passes 7601
# of expected failures 47
# of unsupported tests 881
Compiler version: 4.8.0 20121214 (experimental) [trunk revision 194499] (GCC)
Platform: i386-pc-solaris2.9
configure flags: --prefix=/vol/gcc --target=i386-pc-solaris2.9 --enable-objc-gc --with-host-libstdcxx='-L/vol/gcc-4.4/lib -Wl,-Bstatic -lstdc++ -Wl,-Bdynamic -lm' --with-boot-ldflags='-static-libstdc++ -static-libgcc -L/vol/gcc-4.4/lib' --with-as=/vol/gcc/bin/gas-2.23.1 --with-gnu-as --with-gmp-include=/vol/gcc/include --with-gmp-lib=/vol/gcc/lib --with-mpfr-include=/vol/gcc/include --with-mpfr-lib=/vol/gcc/lib --with-mpc-include=/vol/gcc/include --with-mpc-lib=/vol/gcc/lib --enable-languages=all,ada,obj-c++,go --with-isl-include=/vol/gcc/include --with-isl-lib=/vol/gcc/lib --with-cloog-include=/vol/gcc/include --with-cloog-lib=/vol/gcc/lib --enable-cloog-backend=isl
BOOT_CFLAGS=-g -O2
More information about the Gcc-testresults
mailing list