Results for 4.8.0 20121211 (experimental) [trunk revision 194420] (GCC) gfortran testsuite on hppa2.0w-hp-hpux11.11
John David Anglin
dave@hiauly3.hia.nrc.ca
Wed Dec 12 14:58:00 GMT 2012
Native configuration is hppa2.0w-hp-hpux11.11
=== gfortran tests ===
Running target unix
XPASS: gfortran.dg/do_1.f90 -O0 execution test
XPASS: gfortran.dg/do_1.f90 -O1 execution test
FAIL: gfortran.dg/pr45636.f90 -O scan-tree-dump-times forwprop2 "memset" 0
FAIL: gfortran.fortran-torture/execute/random_2.f90 execution, -O0
FAIL: gfortran.fortran-torture/execute/random_2.f90 execution, -O1
FAIL: gfortran.fortran-torture/execute/random_2.f90 execution, -O2
FAIL: gfortran.fortran-torture/execute/random_2.f90 execution, -O2 -fomit-frame-pointer -finline-functions
FAIL: gfortran.fortran-torture/execute/random_2.f90 execution, -O2 -fomit-frame-pointer -finline-functions -funroll-loops
FAIL: gfortran.fortran-torture/execute/random_2.f90 execution, -O2 -fbounds-check
FAIL: gfortran.fortran-torture/execute/random_2.f90 execution, -O3 -g
FAIL: gfortran.fortran-torture/execute/random_2.f90 execution, -Os
=== gfortran Summary ===
# of expected passes 40950
# of unexpected failures 9
# of unexpected successes 2
# of expected failures 48
# of unsupported tests 398
/test/gnu/gcc/objdir/gcc/testsuite/gfortran/../../gfortran version 4.8.0 20121211 (experimental) [trunk revision 194420] (GCC)
Compiler version: 4.8.0 20121211 (experimental) [trunk revision 194420] (GCC) gfortran
Platform: hppa2.0w-hp-hpux11.11
configure flags:Test Run By dave on Tue Dec 11 23:44:26 2012
More information about the Gcc-testresults
mailing list