Results for 4.7.3 20121208 (prerelease) [gcc-4_7-branch revision 194316] (GCC) testsuite on hppa64-hp-hpux11.11
John David Anglin
dave@hiauly3.hia.nrc.ca
Sun Dec 9 02:14:00 GMT 2012
Native configuration is hppa64-hp-hpux11.11
=== g++ tests ===
Running target unix
FAIL: g++.dg/cpp0x/nullptr28.C execution test
WARNING: program timed out.
=== g++ Summary ===
# of expected passes 45016
# of unexpected failures 1
# of expected failures 290
# of unsupported tests 898
/mnt/gnu/gcc/objdir-test/gcc/testsuite/g++/../../g++ version 4.7.3 20121208 (prerelease) [gcc-4_7-branch revision 194316] (GCC)
=== gcc tests ===
Running target unix
WARNING: program timed out.
=== gcc Summary ===
# of expected passes 71232
# of expected failures 121
# of unsupported tests 1502
/mnt/gnu/gcc/objdir-test/gcc/xgcc version 4.7.3 20121208 (prerelease) [gcc-4_7-branch revision 194316] (GCC)
=== gfortran tests ===
Running target unix
=== gfortran Summary ===
# of expected passes 39631
# of expected failures 42
# of unsupported tests 375
/mnt/gnu/gcc/objdir-test/gcc/testsuite/gfortran/../../gfortran version 4.7.3 20121208 (prerelease) [gcc-4_7-branch revision 194316] (GCC)
=== obj-c++ tests ===
Running target unix
=== obj-c++ Summary ===
# of expected passes 1442
# of expected failures 10
# of unsupported tests 86
/mnt/gnu/gcc/objdir-test/gcc/testsuite/obj-c++/../../g++ version 4.7.3 20121208 (prerelease) [gcc-4_7-branch revision 194316] (GCC)
=== objc tests ===
Running target unix
=== objc Summary ===
# of expected passes 2992
# of unsupported tests 75
/mnt/gnu/gcc/objdir-test/gcc/xgcc version 4.7.3 20121208 (prerelease) [gcc-4_7-branch revision 194316] (GCC)
=== libgomp tests ===
Running target unix
=== libgomp Summary ===
# of expected passes 2910
# of unsupported tests 10
=== libstdc++ tests ===
Running target unix
=== libstdc++ Summary ===
# of expected passes 7356
# of expected failures 43
# of unsupported tests 804
Compiler version: 4.7.3 20121208 (prerelease) [gcc-4_7-branch revision 194316] (GCC)
Platform: hppa64-hp-hpux11.11
configure flags:Test Run By dave on Sat Dec 8 07:40:21 2012
More information about the Gcc-testresults
mailing list