Results for 4.8.0 20121205 (experimental) (GCC) testsuite on i686-pc-linux-gnu
GCC regression tester
regress@geoffk.org
Wed Dec 5 13:18:00 GMT 2012
This build run by an automatic regression tester.
See <http://glutton.geoffk.org/HEAD/> for more information.
Date: 2012-12-05T10:25:32Z
Revision: 194194
URL: svn://gcc.gnu.org/svn/gcc/trunk
Status: regress-7
Prev-Endtime: 2012-12-05T10:24:09Z
Native configuration is i686-pc-linux-gnu
=== g++ tests ===
Running target unix
FAIL: g++.dg/asan/asan_test.C -O2 AddressSanitizer_FileNameInGlobalReportTest Ident(p[15]) execution test
FAIL: g++.dg/asan/asan_test.C -O2 AddressSanitizer_GlobalStringConstTest Ident(p[15]) execution test
FAIL: g++.dg/asan/asan_test.C -O2 AddressSanitizer_GlobalTest static110[Ident(110)] = 0 execution test
FAIL: g++.dg/asan/asan_test.C -O2 AddressSanitizer_GlobalTest static110[Ident(110+7)] = 0 execution test
FAIL: g++.dg/asan/asan_test.C -O2 AddressSanitizer_GlobalTest func_static15[Ident(15)] = 0 execution test
FAIL: g++.dg/asan/asan_test.C -O2 AddressSanitizer_GlobalTest func_static15[Ident(15 + 9)] = 0 execution test
FAIL: g++.dg/asan/asan_test.C -O2 AddressSanitizer_GlobalTest fs2[Ident(-1)] = 0 execution test
FAIL: g++.dg/asan/asan_test.C -O2 AddressSanitizer_ThreadedTest ThreadedTestSpawn() output pattern test, should match Thread T.*created.*Thread T.*created.*Thread T.*created
FAIL: g++.dg/asan/asan_test.C -O2 AddressSanitizer_StrtolOOBTest Strtol(array + 3, NULL, 0) execution test
FAIL: g++.dg/asan/asan_test.C -O2 AddressSanitizer_StrtolOOBTest Strtol(array - 1, NULL, 0) execution test
FAIL: g++.dg/asan/asan_test.C -O2 AddressSanitizer_StrtolOOBTest Strtol(array, NULL, 0) execution test
FAIL: g++.dg/asan/asan_test.C -O2 AddressSanitizer_StrtolOOBTest Strtol(array, NULL, 36) execution test
FAIL: g++.dg/asan/asan_test.C -O2 AddressSanitizer_StrtolOOBTest Strtol(array, NULL, 0) execution test
FAIL: g++.dg/asan/asan_test.C -O2 AddressSanitizer_StrtolOOBTest Strtol(array, NULL, 0) execution test
FAIL: g++.dg/asan/asan_test.C -O2 AddressSanitizer_StrtolOOBTest Strtol(array, NULL, 0) execution test
FAIL: g++.dg/asan/asan_test.C -O2 AddressSanitizer_StrtollOOBTest Strtol(array + 3, NULL, 0) execution test
FAIL: g++.dg/asan/asan_test.C -O2 AddressSanitizer_StrtollOOBTest Strtol(array - 1, NULL, 0) execution test
FAIL: g++.dg/asan/asan_test.C -O2 AddressSanitizer_StrtollOOBTest Strtol(array, NULL, 0) execution test
FAIL: g++.dg/asan/asan_test.C -O2 AddressSanitizer_StrtollOOBTest Strtol(array, NULL, 36) execution test
FAIL: g++.dg/asan/asan_test.C -O2 AddressSanitizer_StrtollOOBTest Strtol(array, NULL, 0) execution test
FAIL: g++.dg/asan/asan_test.C -O2 AddressSanitizer_StrtollOOBTest Strtol(array, NULL, 0) execution test
FAIL: g++.dg/asan/asan_test.C -O2 AddressSanitizer_StrtollOOBTest Strtol(array, NULL, 0) execution test
FAIL: g++.dg/asan/asan_test.C -O2 AddressSanitizer_AtoiAndFriendsOOBTest Atoi(array + 11) execution test
FAIL: g++.dg/asan/asan_test.C -O2 AddressSanitizer_AtoiAndFriendsOOBTest Atoi(array - 1) execution test
FAIL: g++.dg/asan/asan_test.C -O2 AddressSanitizer_AtoiAndFriendsOOBTest Atoi(array) execution test
FAIL: g++.dg/asan/asan_test.C -O2 AddressSanitizer_AtoiAndFriendsOOBTest Atoi(array) execution test
FAIL: g++.dg/asan/asan_test.C -O2 AddressSanitizer_AtoiAndFriendsOOBTest Atoi(array) execution test
FAIL: g++.dg/asan/asan_test.C -O2 AddressSanitizer_AtoiAndFriendsOOBTest Atoi(array + 9) execution test
FAIL: g++.dg/asan/asan_test.C -O2 AddressSanitizer_AtoiAndFriendsOOBTest Atoi(array + 11) execution test
FAIL: g++.dg/asan/asan_test.C -O2 AddressSanitizer_AtoiAndFriendsOOBTest Atoi(array - 1) execution test
FAIL: g++.dg/asan/asan_test.C -O2 AddressSanitizer_AtoiAndFriendsOOBTest Atoi(array) execution test
FAIL: g++.dg/asan/asan_test.C -O2 AddressSanitizer_AtoiAndFriendsOOBTest Atoi(array) execution test
FAIL: g++.dg/asan/asan_test.C -O2 AddressSanitizer_AtoiAndFriendsOOBTest Atoi(array) execution test
FAIL: g++.dg/asan/asan_test.C -O2 AddressSanitizer_AtoiAndFriendsOOBTest Atoi(array + 9) execution test
FAIL: g++.dg/asan/asan_test.C -O2 AddressSanitizer_AtoiAndFriendsOOBTest Atoi(array + 11) execution test
FAIL: g++.dg/asan/asan_test.C -O2 AddressSanitizer_AtoiAndFriendsOOBTest Atoi(array - 1) execution test
FAIL: g++.dg/asan/asan_test.C -O2 AddressSanitizer_AtoiAndFriendsOOBTest Atoi(array) execution test
FAIL: g++.dg/asan/asan_test.C -O2 AddressSanitizer_AtoiAndFriendsOOBTest Atoi(array) execution test
FAIL: g++.dg/asan/asan_test.C -O2 AddressSanitizer_AtoiAndFriendsOOBTest Atoi(array) execution test
FAIL: g++.dg/asan/asan_test.C -O2 AddressSanitizer_AtoiAndFriendsOOBTest Atoi(array + 9) execution test
FAIL: g++.dg/asan/asan_test.C -O2 AddressSanitizer_ThreadStackReuseTest execution test
FAIL: g++.dg/asan/asan_test.C -O2 AddressSanitizer_SigLongJmpTest execution test
FAIL: g++.dg/asan/asan_test.C -O2 AddressSanitizer_BuiltinLongJmpTest execution test
FAIL: g++.dg/asan/asan_test.C -O2 AddressSanitizer_LongJmpTest execution test
FAIL: g++.dg/asan/asan_test.C -O2 AddressSanitizer_ThreadedMallocStressTest execution test
FAIL: g++.dg/asan/asan_test.C -O2 AddressSanitizer_HugeMallocTest Ident((char*)malloc(size))[-1] = 0 output pattern test, should match is located 1 bytes to the left of 2726297600-byte
FAIL: g++.dg/asan/asan_test.C -O2 AddressSanitizer_SignalTest *c = 0 output pattern test, should match AddressSanitizer: SEGV on unknown address
FAIL: g++.dg/asan/asan_test.C -O2 AddressSanitizer_SignalTest *c = 0 output pattern test, should match AddressSanitizer: SEGV on unknown address
FAIL: g++.dg/asan/asan_test.C -O2 AddressSanitizer_BitFieldPositiveTest x->bf1 = 0 execution test
FAIL: g++.dg/asan/asan_test.C -O2 AddressSanitizer_BitFieldPositiveTest x->bf2 = 0 execution test
FAIL: g++.dg/asan/asan_test.C -O2 AddressSanitizer_BitFieldPositiveTest x->bf3 = 0 execution test
FAIL: g++.dg/asan/asan_test.C -O2 AddressSanitizer_BitFieldPositiveTest x->bf4 = 0 execution test
FAIL: g++.dg/debug/dwarf2/thunk1.C -std=gnu++98 scan-assembler-times LFB3 1
FAIL: g++.dg/debug/dwarf2/thunk1.C -std=gnu++11 scan-assembler-times LFB3 1
FAIL: g++.dg/other/anon5.C -std=gnu++98 (test for excess errors)
FAIL: g++.dg/other/anon5.C -std=gnu++11 (test for excess errors)
=== g++ Summary ===
# of expected passes 51862
# of unexpected failures 56
# of expected failures 288
# of unsupported tests 517
/home/regress/tbox/native/build/gcc/testsuite/g++/../../xg++ version 4.8.0 20121205 (experimental) (GCC)
=== gcc tests ===
Running target unix
FAIL: gcc.dg/debug/dwarf2/asm-line1.c scan-assembler is_stmt 1
FAIL: gcc.dg/attr-weakref-1.c (test for excess errors)
WARNING: gcc.dg/attr-weakref-1.c compilation failed to produce executable
FAIL: gcc.dg/builtin-object-size-8.c execution test
FAIL: gcc.dg/cproj-fails-with-broken-glibc.c execution test
XPASS: gcc.dg/inline_3.c (test for excess errors)
XPASS: gcc.dg/inline_4.c (test for excess errors)
XPASS: gcc.dg/unroll_2.c (test for excess errors)
XPASS: gcc.dg/unroll_3.c (test for excess errors)
XPASS: gcc.dg/unroll_4.c (test for excess errors)
FAIL: gcc.dg/lto/pr55525 c_lto_pr55525_0.o-c_lto_pr55525_1.o link, -flto -w
UNRESOLVED: gcc.dg/lto/pr55525 c_lto_pr55525_0.o-c_lto_pr55525_1.o execute -flto -w
FAIL: gcc.dg/torture/tls/run-le.c -O0 -pie -fpie execution test
FAIL: gcc.dg/torture/tls/run-le.c -O1 -pie -fpie execution test
FAIL: gcc.dg/torture/tls/run-le.c -O2 -pie -fpie execution test
FAIL: gcc.dg/torture/tls/run-le.c -O3 -fomit-frame-pointer -pie -fpie execution test
FAIL: gcc.dg/torture/tls/run-le.c -O3 -g -pie -fpie execution test
FAIL: gcc.dg/torture/tls/run-le.c -Os -pie -fpie execution test
FAIL: gcc.dg/torture/tls/run-le.c -O0 -pie -fPIE execution test
FAIL: gcc.dg/torture/tls/run-le.c -O1 -pie -fPIE execution test
FAIL: gcc.dg/torture/tls/run-le.c -O2 -pie -fPIE execution test
FAIL: gcc.dg/torture/tls/run-le.c -O3 -fomit-frame-pointer -pie -fPIE execution test
FAIL: gcc.dg/torture/tls/run-le.c -O3 -g -pie -fPIE execution test
FAIL: gcc.dg/torture/tls/run-le.c -Os -pie -fPIE execution test
FAIL: gcc.dg/torture/tls/thr-init-1.c -O0 -pie -fpie execution test
FAIL: gcc.dg/torture/tls/thr-init-1.c -O1 -pie -fpie execution test
FAIL: gcc.dg/torture/tls/thr-init-1.c -O2 -pie -fpie execution test
FAIL: gcc.dg/torture/tls/thr-init-1.c -O3 -fomit-frame-pointer -pie -fpie execution test
FAIL: gcc.dg/torture/tls/thr-init-1.c -O3 -g -pie -fpie execution test
FAIL: gcc.dg/torture/tls/thr-init-1.c -Os -pie -fpie execution test
FAIL: gcc.dg/torture/tls/thr-init-1.c -O0 -pie -fPIE execution test
FAIL: gcc.dg/torture/tls/thr-init-1.c -O1 -pie -fPIE execution test
FAIL: gcc.dg/torture/tls/thr-init-1.c -O2 -pie -fPIE execution test
FAIL: gcc.dg/torture/tls/thr-init-1.c -O3 -fomit-frame-pointer -pie -fPIE execution test
FAIL: gcc.dg/torture/tls/thr-init-1.c -O3 -g -pie -fPIE execution test
FAIL: gcc.dg/torture/tls/thr-init-1.c -Os -pie -fPIE execution test
FAIL: gcc.dg/torture/tls/thr-init-2.c -O0 -pie -fpie execution test
FAIL: gcc.dg/torture/tls/thr-init-2.c -O1 -pie -fpie execution test
FAIL: gcc.dg/torture/tls/thr-init-2.c -O2 -pie -fpie execution test
FAIL: gcc.dg/torture/tls/thr-init-2.c -O3 -fomit-frame-pointer -pie -fpie execution test
FAIL: gcc.dg/torture/tls/thr-init-2.c -O3 -g -pie -fpie execution test
FAIL: gcc.dg/torture/tls/thr-init-2.c -Os -pie -fpie execution test
FAIL: gcc.dg/torture/tls/thr-init-2.c -O0 -pie -fPIE execution test
FAIL: gcc.dg/torture/tls/thr-init-2.c -O1 -pie -fPIE execution test
FAIL: gcc.dg/torture/tls/thr-init-2.c -O2 -pie -fPIE execution test
FAIL: gcc.dg/torture/tls/thr-init-2.c -O3 -fomit-frame-pointer -pie -fPIE execution test
FAIL: gcc.dg/torture/tls/thr-init-2.c -O3 -g -pie -fPIE execution test
FAIL: gcc.dg/torture/tls/thr-init-2.c -Os -pie -fPIE execution test
FAIL: gcc.dg/torture/tls/tls-test.c -O0 -pie -fpie execution test
FAIL: gcc.dg/torture/tls/tls-test.c -O1 -pie -fpie execution test
FAIL: gcc.dg/torture/tls/tls-test.c -O2 -pie -fpie execution test
FAIL: gcc.dg/torture/tls/tls-test.c -O3 -fomit-frame-pointer -pie -fpie execution test
FAIL: gcc.dg/torture/tls/tls-test.c -O3 -g -pie -fpie execution test
FAIL: gcc.dg/torture/tls/tls-test.c -Os -pie -fpie execution test
FAIL: gcc.dg/torture/tls/tls-test.c -O0 -pie -fPIE execution test
FAIL: gcc.dg/torture/tls/tls-test.c -O1 -pie -fPIE execution test
FAIL: gcc.dg/torture/tls/tls-test.c -O2 -pie -fPIE execution test
FAIL: gcc.dg/torture/tls/tls-test.c -O3 -fomit-frame-pointer -pie -fPIE execution test
FAIL: gcc.dg/torture/tls/tls-test.c -O3 -g -pie -fPIE execution test
FAIL: gcc.dg/torture/tls/tls-test.c -Os -pie -fPIE execution test
=== gcc Summary ===
# of expected passes 89731
# of unexpected failures 53
# of unexpected successes 5
# of expected failures 253
# of unresolved testcases 1
# of unsupported tests 1796
/home/regress/tbox/native/build/gcc/xgcc version 4.8.0 20121205 (experimental) (GCC)
=== gfortran tests ===
Running target unix
XPASS: gfortran.dg/do_1.f90 -O0 execution test
XPASS: gfortran.dg/do_1.f90 -O1 execution test
FAIL: gfortran.dg/lto/pr45586-2 f_lto_pr45586-2_0.o-f_lto_pr45586-2_0.o link, -O0 -flto -flto-partition=none (internal compiler error)
UNRESOLVED: gfortran.dg/lto/pr45586-2 f_lto_pr45586-2_0.o-f_lto_pr45586-2_0.o execute -O0 -flto -flto-partition=none
FAIL: gfortran.dg/lto/pr45586-2 f_lto_pr45586-2_0.o-f_lto_pr45586-2_0.o link, -O0 -flto -flto-partition=1to1 (internal compiler error)
UNRESOLVED: gfortran.dg/lto/pr45586-2 f_lto_pr45586-2_0.o-f_lto_pr45586-2_0.o execute -O0 -flto -flto-partition=1to1
FAIL: gfortran.dg/lto/pr45586-2 f_lto_pr45586-2_0.o-f_lto_pr45586-2_0.o link, -O0 -flto (internal compiler error)
UNRESOLVED: gfortran.dg/lto/pr45586-2 f_lto_pr45586-2_0.o-f_lto_pr45586-2_0.o execute -O0 -flto
FAIL: gfortran.dg/lto/pr45586 f_lto_pr45586_0.o-f_lto_pr45586_0.o link, -O0 -flto -flto-partition=none (internal compiler error)
UNRESOLVED: gfortran.dg/lto/pr45586 f_lto_pr45586_0.o-f_lto_pr45586_0.o execute -O0 -flto -flto-partition=none
FAIL: gfortran.dg/lto/pr45586 f_lto_pr45586_0.o-f_lto_pr45586_0.o link, -O0 -flto -flto-partition=1to1 (internal compiler error)
UNRESOLVED: gfortran.dg/lto/pr45586 f_lto_pr45586_0.o-f_lto_pr45586_0.o execute -O0 -flto -flto-partition=1to1
FAIL: gfortran.dg/lto/pr45586 f_lto_pr45586_0.o-f_lto_pr45586_0.o link, -O0 -flto (internal compiler error)
UNRESOLVED: gfortran.dg/lto/pr45586 f_lto_pr45586_0.o-f_lto_pr45586_0.o execute -O0 -flto
=== gfortran Summary ===
# of expected passes 42199
# of unexpected failures 6
# of unexpected successes 2
# of expected failures 48
# of unresolved testcases 6
# of unsupported tests 221
/home/regress/tbox/native/build/gcc/testsuite/gfortran/../../gfortran version 4.8.0 20121205 (experimental) (GCC)
=== objc tests ===
Running target unix
=== objc Summary ===
# of expected passes 2988
# of expected failures 6
# of unsupported tests 74
/home/regress/tbox/native/build/gcc/xgcc version 4.8.0 20121205 (experimental) (GCC)
=== boehm-gc tests ===
Running target unix
=== boehm-gc Summary ===
# of expected passes 12
# of unsupported tests 1
=== libatomic tests ===
Running target unix
=== libatomic Summary ===
# of expected passes 44
# of unsupported tests 5
=== libffi tests ===
Running target unix
=== libffi Summary ===
# of expected passes 1659
# of unsupported tests 55
=== libgomp tests ===
Running target unix
=== libgomp Summary ===
# of expected passes 2932
=== libitm tests ===
Running target unix
=== libitm Summary ===
# of expected passes 26
# of expected failures 3
# of unsupported tests 1
=== libjava tests ===
Running target unix
FAIL: sourcelocation output - source compiled test
FAIL: sourcelocation -findirect-dispatch output - source compiled test
FAIL: sourcelocation -O3 output - source compiled test
FAIL: sourcelocation -O3 -findirect-dispatch output - source compiled test
=== libjava Summary ===
# of expected passes 2582
# of unexpected failures 4
=== libmudflap tests ===
Running target unix
FAIL: libmudflap.c/fail17-frag.c (-static) (test for excess errors)
FAIL: libmudflap.c/fail23-frag.c (-static) (test for excess errors)
FAIL: libmudflap.c/fail25-frag.c (-static) (test for excess errors)
FAIL: libmudflap.c/fail4-frag.c (-static) (test for excess errors)
FAIL: libmudflap.c/fail5-frag.c (-static) (test for excess errors)
FAIL: libmudflap.c/fail6-frag.c (-static) (test for excess errors)
FAIL: libmudflap.c/fail7-frag.c (-static) (test for excess errors)
FAIL: libmudflap.c/fail8-frag.c (-static) (test for excess errors)
FAIL: libmudflap.c/fail9-frag.c (-static) (test for excess errors)
FAIL: libmudflap.c/heap-scalestress.c (-static) (test for excess errors)
FAIL: libmudflap.c/hook-allocstuff.c (-static) (test for excess errors)
FAIL: libmudflap.c/pass-stratcliff.c (-static) (test for excess errors)
FAIL: libmudflap.c/pass30-frag.c (-static) (test for excess errors)
FAIL: libmudflap.c/pass30-frag.c (-static) (test for excess errors)
FAIL: libmudflap.c/pass4-frag.c (-static) (test for excess errors)
FAIL: libmudflap.c/pass4-frag.c (-static) (test for excess errors)
FAIL: libmudflap.c/pass45-frag.c (-static) (test for excess errors)
FAIL: libmudflap.c/pass45-frag.c (-static) (test for excess errors)
FAIL: libmudflap.c/pass46-frag.c (-static) (test for excess errors)
FAIL: libmudflap.c/pass46-frag.c (-static) (test for excess errors)
FAIL: libmudflap.c/pass47-frag.c (-static) (test for excess errors)
FAIL: libmudflap.c/pass47-frag.c (-static) (test for excess errors)
FAIL: libmudflap.c/pass49-frag.c (-static) (test for excess errors)
FAIL: libmudflap.c/pass49-frag.c (-static) (test for excess errors)
FAIL: libmudflap.c/pass5-frag.c (-static) (test for excess errors)
FAIL: libmudflap.c/pass5-frag.c (-static) (test for excess errors)
FAIL: libmudflap.c/pass51-frag.c (-static) (test for excess errors)
FAIL: libmudflap.c/pass51-frag.c (-static) (test for excess errors)
FAIL: libmudflap.c/pass52-frag.c (-static) (test for excess errors)
FAIL: libmudflap.c/pass52-frag.c (-static) (test for excess errors)
FAIL: libmudflap.c/pass6-frag.c (-static) (test for excess errors)
FAIL: libmudflap.c/pass6-frag.c (-static) (test for excess errors)
FAIL: libmudflap.c/pass7-frag.c (-static) (test for excess errors)
FAIL: libmudflap.c/pass7-frag.c (-static) (test for excess errors)
FAIL: libmudflap.c/pass8-frag.c (-static) (test for excess errors)
FAIL: libmudflap.c/pass8-frag.c (-static) (test for excess errors)
FAIL: libmudflap.c/pass9-frag.c (-static) (test for excess errors)
FAIL: libmudflap.c/pass9-frag.c (-static) (test for excess errors)
FAIL: libmudflap.c/fail37-frag.c (-O2) crash test
FAIL: libmudflap.c/fail37-frag.c (-O2) output pattern test
FAIL: libmudflap.c/fail37-frag.c (-O3) crash test
FAIL: libmudflap.c/fail37-frag.c (-O3) output pattern test
FAIL: libmudflap.c++/fail24-frag.cxx (-static) (test for excess errors)
FAIL: libmudflap.c++/pass31-frag.cxx (-static) (test for excess errors)
FAIL: libmudflap.c++/pass41-frag.cxx (-static) execution test
FAIL: libmudflap.c++/pass41-frag.cxx ( -O) execution test
FAIL: libmudflap.c++/pass41-frag.cxx (-O2) execution test
FAIL: libmudflap.c++/pass41-frag.cxx (-O3) execution test
FAIL: libmudflap.cth/pass37-frag.c (-static -DSTATIC) (test for excess errors)
FAIL: libmudflap.cth/pass39-frag.c (-static -DSTATIC) (test for excess errors)
FAIL: libmudflap.cth/pass40-frag.c (-static -DSTATIC) (test for excess errors)
FAIL: libmudflap.cth/pass59-frag.c (-static -DSTATIC) (test for excess errors)
=== libmudflap Summary ===
# of expected passes 1854
# of unexpected failures 52
=== libstdc++ tests ===
Running target unix
=== libstdc++ Summary ===
# of expected passes 9150
# of expected failures 43
# of unsupported tests 213
Compiler version: 4.8.0 20121205 (experimental) (GCC)
Platform: i686-pc-linux-gnu
configure flags: --prefix=/home/regress/tbox/objs --target=i686-pc-linux-gnu
More information about the Gcc-testresults
mailing list